51.222.253.19 - - [21/Feb/2023:22:31:20 -0800] "GET /2020/Robin/202006011Robin.JPG HTTP/1.1" 200 124663 "-" "Mozilla/5.0 (compatible; AhrefsBot/7.0; +http://ahrefs.com/robot/)" "nobbycosmic.com"
51.222.253.19 - - [21/Feb/2023:22:31:21 -0800] "GET /2020/Robin/202005231Robin.JPG HTTP/1.1" 200 126556 "-" "Mozilla/5.0 (compatible; AhrefsBot/7.0; +http://ahrefs.com/robot/)" "nobbycosmic.com"
51.222.253.3 - - [21/Feb/2023:22:31:22 -0800] "GET /2020/Robin/202005232Robin.JPG HTTP/1.1" 200 147180 "-" "Mozilla/5.0 (compatible; AhrefsBot/7.0; +http://ahrefs.com/robot/)" "nobbycosmic.com"
51.222.253.9 - - [21/Feb/2023:22:31:24 -0800] "GET /2020/Robin/20200509Robin.JPG HTTP/1.1" 200 102826 "-" "Mozilla/5.0 (compatible; AhrefsBot/7.0; +http://ahrefs.com/robot/)" "nobbycosmic.com"
51.222.253.13 - - [21/Feb/2023:22:31:25 -0800] "GET /2020/Robin/202005275Robin.JPG HTTP/1.1" 200 119060 "-" "Mozilla/5.0 (compatible; AhrefsBot/7.0; +http://ahrefs.com/robot/)" "nobbycosmic.com"
51.222.253.20 - - [21/Feb/2023:22:31:26 -0800] "GET /2020/Robin/202005201Robin.JPG HTTP/1.1" 200 115643 "-" "Mozilla/5.0 (compatible; AhrefsBot/7.0; +http://ahrefs.com/robot/)" "nobbycosmic.com"
51.222.253.15 - - [21/Feb/2023:22:31:28 -0800] "GET /2020/Robin/202005242Robin.JPG HTTP/1.1" 200 110289 "-" "Mozilla/5.0 (compatible; AhrefsBot/7.0; +http://ahrefs.com/robot/)" "nobbycosmic.com"
51.222.253.2 - - [21/Feb/2023:22:31:31 -0800] "GET /2020/Robin/202005065Robin.JPG HTTP/1.1" 200 131099 "-" "Mozilla/5.0 (compatible; AhrefsBot/7.0; +http://ahrefs.com/robot/)" "nobbycosmic.com"
51.222.253.6 - - [21/Feb/2023:22:31:33 -0800] "GET /2020/Robin/202005291Robin.JPG HTTP/1.1" 200 107052 "-" "Mozilla/5.0 (compatible; AhrefsBot/7.0; +http://ahrefs.com/robot/)" "nobbycosmic.com"
51.222.253.15 - - [21/Feb/2023:22:31:35 -0800] "GET /2020/Robin/202005241Robin.JPG HTTP/1.1" 200 121088 "-" "Mozilla/5.0 (compatible; AhrefsBot/7.0; +http://ahrefs.com/robot/)" "nobbycosmic.com"
51.222.253.10 - - [21/Feb/2023:22:49:10 -0800] "GET /2020/DC/ HTTP/1.1" 200 847 "-" "Mozilla/5.0 (compatible; AhrefsBot/7.0; +http://ahrefs.com/robot/)" "nobbycosmic.com"
51.222.253.5 - - [21/Feb/2023:22:58:23 -0800] "GET /2020/Covid/?C=D;O=A HTTP/1.1" 200 1488 "-" "Mozilla/5.0 (compatible; AhrefsBot/7.0; +http://ahrefs.com/robot/)" "nobbycosmic.com"
51.222.253.16 - - [21/Feb/2023:23:02:49 -0800] "GET /2020/Covid/?C=M;O=A HTTP/1.1" 200 1479 "-" "Mozilla/5.0 (compatible; AhrefsBot/7.0; +http://ahrefs.com/robot/)" "nobbycosmic.com"
51.222.253.16 - - [21/Feb/2023:23:07:31 -0800] "GET /2020/Covid/?C=N;O=D HTTP/1.1" 200 1493 "-" "Mozilla/5.0 (compatible; AhrefsBot/7.0; +http://ahrefs.com/robot/)" "nobbycosmic.com"
157.90.209.79 - - [21/Feb/2023:23:08:07 -0800] "GET /robots.txt HTTP/1.1" 200 75 "-" "Mozilla/5.0 (compatible; BLEXBot/1.0; +http://webmeup-crawler.com/)" "nobbycosmic.com"
157.90.209.79 - - [21/Feb/2023:23:08:09 -0800] "GET /robots.txt HTTP/1.1" 200 75 "-" "Mozilla/5.0 (compatible; BLEXBot/1.0; +http://webmeup-crawler.com/)" "nobbycosmic.com"
157.90.209.79 - - [21/Feb/2023:23:08:10 -0800] "GET /BabyTalks/BTList.htm HTTP/1.1" 200 10236 "-" "Mozilla/5.0 (compatible; BLEXBot/1.0; +http://webmeup-crawler.com/)" "nobbycosmic.com"
157.90.209.79 - - [21/Feb/2023:23:08:13 -0800] "GET /TSN/TSNFront.htm HTTP/1.1" 200 2591 "-" "Mozilla/5.0 (compatible; BLEXBot/1.0; +http://webmeup-crawler.com/)" "nobbycosmic.com"
51.222.253.13 - - [21/Feb/2023:23:12:07 -0800] "GET /2020/Covid/?C=S;O=A HTTP/1.1" 200 1533 "-" "Mozilla/5.0 (compatible; AhrefsBot/7.0; +http://ahrefs.com/robot/)" "nobbycosmic.com"
51.222.253.2 - - [21/Feb/2023:23:16:27 -0800] "GET /2022/Quebec2022/?C=D;O=A HTTP/1.1" 200 1169 "-" "Mozilla/5.0 (compatible; AhrefsBot/7.0; +http://ahrefs.com/robot/)" "nobbycosmic.com"
51.222.253.16 - - [21/Feb/2023:23:20:57 -0800] "GET /2022/Quebec2022/?C=M;O=A HTTP/1.1" 200 1169 "-" "Mozilla/5.0 (compatible; AhrefsBot/7.0; +http://ahrefs.com/robot/)" "nobbycosmic.com"
51.222.253.18 - - [21/Feb/2023:23:25:40 -0800] "GET /2022/Quebec2022/?C=N;O=D HTTP/1.1" 200 1159 "-" "Mozilla/5.0 (compatible; AhrefsBot/7.0; +http://ahrefs.com/robot/)" "nobbycosmic.com"
51.222.253.10 - - [21/Feb/2023:23:30:35 -0800] "GET /2022/Quebec2022/?C=S;O=A HTTP/1.1" 200 1194 "-" "Mozilla/5.0 (compatible; AhrefsBot/7.0; +http://ahrefs.com/robot/)" "nobbycosmic.com"
51.222.253.1 - - [21/Feb/2023:23:32:55 -0800] "GET /2020/NY/?C=D;O=D HTTP/1.1" 200 663 "-" "Mozilla/5.0 (compatible; AhrefsBot/7.0; +http://ahrefs.com/robot/)" "nobbycosmic.com"
114.119.148.47 - - [21/Feb/2023:23:34:02 -0800] "GET /NJCA/NY07/Pictures/Takoyaki.jpg HTTP/1.1" 200 108515 "https://nobbycosmic.com/NJCA/NY07/NYP07.htm" "Mozilla/5.0 (Linux; Android 7.0;) AppleWebKit/537.36 (KHTML, like Gecko) Mobile Safari/537.36 (compatible; PetalBot;+https://webmaster.petalsearch.com/site/petalbot)" "nobbycosmic.com"
51.222.253.15 - - [21/Feb/2023:23:35:01 -0800] "GET /2020/NY/?C=M;O=D HTTP/1.1" 200 672 "-" "Mozilla/5.0 (compatible; AhrefsBot/7.0; +http://ahrefs.com/robot/)" "nobbycosmic.com"
51.222.253.10 - - [21/Feb/2023:23:39:05 -0800] "GET /2020/NY/?C=N;O=A HTTP/1.1" 200 664 "-" "Mozilla/5.0 (compatible; AhrefsBot/7.0; +http://ahrefs.com/robot/)" "nobbycosmic.com"
51.222.253.4 - - [21/Feb/2023:23:43:49 -0800] "GET /2020/NY/?C=S;O=D HTTP/1.1" 200 668 "-" "Mozilla/5.0 (compatible; AhrefsBot/7.0; +http://ahrefs.com/robot/)" "nobbycosmic.com"
51.222.253.15 - - [21/Feb/2023:23:52:23 -0800] "GET /Homepage/Layout/?C=D;O=D HTTP/1.1" 200 713 "-" "Mozilla/5.0 (compatible; AhrefsBot/7.0; +http://ahrefs.com/robot/)" "nobbycosmic.com"
51.222.253.1 - - [22/Feb/2023:00:02:25 -0800] "GET /Homepage/Layout/?C=M;O=D HTTP/1.1" 200 711 "-" "Mozilla/5.0 (compatible; AhrefsBot/7.0; +http://ahrefs.com/robot/)" "nobbycosmic.com"
51.222.253.14 - - [22/Feb/2023:00:20:11 -0800] "GET / HTTP/1.1" 200 3079 "-" "Mozilla/5.0 (compatible; AhrefsBot/7.0; +http://ahrefs.com/robot/)" "nobbycosmic.com"
51.222.253.17 - - [22/Feb/2023:00:36:06 -0800] "GET /2020/Animals/ HTTP/1.1" 200 904 "-" "Mozilla/5.0 (compatible; AhrefsBot/7.0; +http://ahrefs.com/robot/)" "nobbycosmic.com"
51.222.253.18 - - [22/Feb/2023:00:51:30 -0800] "GET /2022/?C=S;O=A HTTP/1.1" 200 496 "-" "Mozilla/5.0 (compatible; AhrefsBot/7.0; +http://ahrefs.com/robot/)" "nobbycosmic.com"
54.36.148.79 - - [22/Feb/2023:01:07:01 -0800] "GET /robots.txt HTTP/1.1" 200 75 "-" "Mozilla/5.0 (compatible; AhrefsBot/7.0; +http://ahrefs.com/robot/)" "nobbycosmic.com"
51.222.253.2 - - [22/Feb/2023:01:07:02 -0800] "GET /2020/Family/ HTTP/1.1" 200 852 "-" "Mozilla/5.0 (compatible; AhrefsBot/7.0; +http://ahrefs.com/robot/)" "nobbycosmic.com"
124.241.131.29 - - [22/Feb/2023:01:10:19 -0800] "GET /BabyTalks/BTList.htm HTTP/1.1" 200 10236 "-" "Mozilla/5.0 (Macintosh; Intel Mac OS X 10_12_6) AppleWebKit/605.1.15 (KHTML, like Gecko)" "nobbycosmic.com"
124.241.131.29 - - [22/Feb/2023:01:10:21 -0800] "GET /apple-touch-icon-precomposed.png HTTP/1.1" 404 88 "-" "Safari/12607.3.10 CFNetwork/811.11 Darwin/16.7.0 (x86_64)" "nobbycosmic.com"
124.241.131.29 - - [22/Feb/2023:01:10:21 -0800] "GET /apple-touch-icon.png HTTP/1.1" 404 88 "-" "Safari/12607.3.10 CFNetwork/811.11 Darwin/16.7.0 (x86_64)" "nobbycosmic.com"
124.241.131.29 - - [22/Feb/2023:01:10:21 -0800] "GET /favicon.ico HTTP/1.1" 404 88 "-" "Safari/12607.3.10 CFNetwork/811.11 Darwin/16.7.0 (x86_64)" "nobbycosmic.com"
124.241.131.29 - - [22/Feb/2023:01:10:22 -0800] "GET /apple-touch-icon-precomposed.png HTTP/1.1" 404 88 "-" "Safari/12607.3.10 CFNetwork/811.11 Darwin/16.7.0 (x86_64)" "nobbycosmic.com"
124.241.131.29 - - [22/Feb/2023:01:10:22 -0800] "GET /apple-touch-icon.png HTTP/1.1" 404 88 "-" "Safari/12607.3.10 CFNetwork/811.11 Darwin/16.7.0 (x86_64)" "nobbycosmic.com"
124.241.131.29 - - [22/Feb/2023:01:10:22 -0800] "GET /favicon.ico HTTP/1.1" 404 88 "-" "Safari/12607.3.10 CFNetwork/811.11 Darwin/16.7.0 (x86_64)" "nobbycosmic.com"
124.241.131.29 - - [22/Feb/2023:01:10:23 -0800] "GET /BabyTalks/BTList.htm HTTP/1.1" 200 10236 "-" "Mozilla/5.0 (iPhone; CPU iPhone OS 12_1_3 like Mac OS X) AppleWebKit/605.1.15 (KHTML, like Gecko) Version/12.0 Mobile/15E148 Safari/604.1" "nobbycosmic.com"
124.241.131.29 - - [22/Feb/2023:01:10:23 -0800] "GET /apple-touch-icon-precomposed.png HTTP/1.1" 404 88 "-" "Safari/12607.3.10 CFNetwork/811.11 Darwin/16.7.0 (x86_64)" "nobbycosmic.com"
124.241.131.29 - - [22/Feb/2023:01:10:24 -0800] "GET /apple-touch-icon.png HTTP/1.1" 404 88 "-" "Safari/12607.3.10 CFNetwork/811.11 Darwin/16.7.0 (x86_64)" "nobbycosmic.com"
124.241.131.29 - - [22/Feb/2023:01:10:24 -0800] "GET /favicon.ico HTTP/1.1" 404 88 "-" "Safari/12607.3.10 CFNetwork/811.11 Darwin/16.7.0 (x86_64)" "nobbycosmic.com"
124.241.131.29 - - [22/Feb/2023:01:10:24 -0800] "GET /apple-touch-icon-precomposed.png HTTP/1.1" 404 88 "-" "Safari/12607.3.10 CFNetwork/811.11 Darwin/16.7.0 (x86_64)" "nobbycosmic.com"
124.241.131.29 - - [22/Feb/2023:01:10:24 -0800] "GET /apple-touch-icon.png HTTP/1.1" 404 88 "-" "Safari/12607.3.10 CFNetwork/811.11 Darwin/16.7.0 (x86_64)" "nobbycosmic.com"
124.241.131.29 - - [22/Feb/2023:01:10:25 -0800] "GET /favicon.ico HTTP/1.1" 404 88 "-" "Safari/12607.3.10 CFNetwork/811.11 Darwin/16.7.0 (x86_64)" "nobbycosmic.com"
40.77.167.189 - - [22/Feb/2023:01:15:51 -0800] "GET /Temp/SKK20120614.pdf HTTP/1.1" 404 88 "-" "Mozilla/5.0 AppleWebKit/537.36 (KHTML, like Gecko; compatible; bingbot/2.0; +http://www.bing.com/bingbot.htm) Chrome/103.0.5060.134 Safari/537.36" "nobbycosmic.com"
51.222.253.4 - - [22/Feb/2023:01:21:57 -0800] "GET /2020/Robin/ HTTP/1.1" 200 740 "-" "Mozilla/5.0 (compatible; AhrefsBot/7.0; +http://ahrefs.com/robot/)" "nobbycosmic.com"
114.119.152.230 - - [22/Feb/2023:01:35:44 -0800] "GET /NJCA/AGM08?C=D%3BO%3DA HTTP/1.1" 200 407 "https://nobbycosmic.com/NJCA/AGM08?N=D" "Mozilla/5.0 (Linux; Android 7.0;) AppleWebKit/537.36 (KHTML, like Gecko) Mobile Safari/537.36 (compatible; PetalBot;+https://webmaster.petalsearch.com/site/petalbot)" "nobbycosmic.com"
51.222.253.19 - - [22/Feb/2023:01:37:09 -0800] "GET /2020/Covid/?C=N;O=A HTTP/1.1" 200 1488 "-" "Mozilla/5.0 (compatible; AhrefsBot/7.0; +http://ahrefs.com/robot/)" "nobbycosmic.com"
194.38.20.161 - - [22/Feb/2023:01:43:38 -0800] "GET /administrator/components/com_bt_portfolio/helpers/uploadify/uploadify.css HTTP/1.1" 404 73 "-" "ALittle Client" "nobbycosmic.com"
51.222.253.13 - - [22/Feb/2023:01:45:02 -0800] "GET /2022/Quebec2022/?C=N;O=A HTTP/1.1" 200 1169 "-" "Mozilla/5.0 (compatible; AhrefsBot/7.0; +http://ahrefs.com/robot/)" "nobbycosmic.com"
51.222.253.18 - - [22/Feb/2023:02:00:59 -0800] "GET /Homepage/Layout/?C=S;O=D HTTP/1.1" 200 722 "-" "Mozilla/5.0 (compatible; AhrefsBot/7.0; +http://ahrefs.com/robot/)" "nobbycosmic.com"
114.119.152.233 - - [22/Feb/2023:02:11:13 -0800] "GET /Utagoe/20th/?C=M%3BO%3DA HTTP/1.1" 200 371 "https://nobbycosmic.com/Utagoe/20th/?C=D%3BO%3DA" "Mozilla/5.0 (Linux; Android 7.0;) AppleWebKit/537.36 (KHTML, like Gecko) Mobile Safari/537.36 (compatible; PetalBot;+https://webmaster.petalsearch.com/site/petalbot)" "nobbycosmic.com"
51.222.253.5 - - [22/Feb/2023:02:16:00 -0800] "GET / HTTP/1.1" 200 3079 "-" "Mozilla/5.0 (compatible; AhrefsBot/7.0; +http://ahrefs.com/robot/)" "www.nobbycosmic.com"
51.222.253.13 - - [22/Feb/2023:02:30:03 -0800] "GET /2020/NY/ HTTP/1.1" 200 664 "-" "Mozilla/5.0 (compatible; AhrefsBot/7.0; +http://ahrefs.com/robot/)" "nobbycosmic.com"
51.222.253.13 - - [22/Feb/2023:02:36:51 -0800] "GET /Homepage/Tickets/Add/?C=D;O=A HTTP/1.1" 200 743 "-" "Mozilla/5.0 (compatible; AhrefsBot/7.0; +http://ahrefs.com/robot/)" "nobbycosmic.com"
51.222.253.10 - - [22/Feb/2023:02:43:30 -0800] "GET /Homepage/Tickets/Add/?C=M;O=A HTTP/1.1" 200 738 "-" "Mozilla/5.0 (compatible; AhrefsBot/7.0; +http://ahrefs.com/robot/)" "nobbycosmic.com"
51.222.253.17 - - [22/Feb/2023:02:50:38 -0800] "GET /Homepage/Tickets/Add/?C=N;O=D HTTP/1.1" 200 740 "-" "Mozilla/5.0 (compatible; AhrefsBot/7.0; +http://ahrefs.com/robot/)" "nobbycosmic.com"
95.108.213.222 - - [22/Feb/2023:02:50:41 -0800] "GET /robots.txt HTTP/1.1" 200 61 "-" "Mozilla/5.0 (compatible; YandexBot/3.0; +http://yandex.com/bots)" "nobbycosmic.com"
95.108.213.253 - - [22/Feb/2023:02:50:42 -0800] "GET /Post/JF202211111.pdf HTTP/1.1" 200 23778870 "-" "Mozilla/5.0 (compatible; YandexBot/3.0; +http://yandex.com/bots)" "nobbycosmic.com"
51.222.253.6 - - [22/Feb/2023:02:57:52 -0800] "GET /Homepage/Tickets/Add/?C=S;O=A HTTP/1.1" 200 756 "-" "Mozilla/5.0 (compatible; AhrefsBot/7.0; +http://ahrefs.com/robot/)" "nobbycosmic.com"
51.222.253.1 - - [22/Feb/2023:03:04:56 -0800] "GET /Homepage/Tickets/Add/AddtionalPay.htm HTTP/1.1" 200 1320 "-" "Mozilla/5.0 (compatible; AhrefsBot/7.0; +http://ahrefs.com/robot/)" "nobbycosmic.com"
51.222.253.2 - - [22/Feb/2023:03:04:58 -0800] "GET /Homepage/Tickets/Add/FutsuKyuN10.jpg HTTP/1.1" 200 80304 "-" "Mozilla/5.0 (compatible; AhrefsBot/7.0; +http://ahrefs.com/robot/)" "nobbycosmic.com"
51.222.253.7 - - [22/Feb/2023:03:04:59 -0800] "GET /Homepage/Tickets/Add/FKV02.jpg HTTP/1.1" 200 51877 "-" "Mozilla/5.0 (compatible; AhrefsBot/7.0; +http://ahrefs.com/robot/)" "nobbycosmic.com"
51.222.253.10 - - [22/Feb/2023:03:05:00 -0800] "GET /Homepage/Tickets/Add/AdditionalPay5.jpg HTTP/1.1" 200 313953 "-" "Mozilla/5.0 (compatible; AhrefsBot/7.0; +http://ahrefs.com/robot/)" "nobbycosmic.com"
51.222.253.9 - - [22/Feb/2023:03:05:01 -0800] "GET /Homepage/Tickets/Add/FKV03.jpg HTTP/1.1" 200 39940 "-" "Mozilla/5.0 (compatible; AhrefsBot/7.0; +http://ahrefs.com/robot/)" "nobbycosmic.com"
51.222.253.19 - - [22/Feb/2023:03:05:03 -0800] "GET /Homepage/Tickets/Add/AdditionalPay3.jpg HTTP/1.1" 200 278470 "-" "Mozilla/5.0 (compatible; AhrefsBot/7.0; +http://ahrefs.com/robot/)" "nobbycosmic.com"
51.222.253.20 - - [22/Feb/2023:03:05:04 -0800] "GET /Homepage/Tickets/Add/FutsuKyuN13.jpg HTTP/1.1" 200 58991 "-" "Mozilla/5.0 (compatible; AhrefsBot/7.0; +http://ahrefs.com/robot/)" "nobbycosmic.com"
51.222.253.3 - - [22/Feb/2023:03:05:05 -0800] "GET /Homepage/Tickets/Add/AdditionalPay2.jpg HTTP/1.1" 200 286539 "-" "Mozilla/5.0 (compatible; AhrefsBot/7.0; +http://ahrefs.com/robot/)" "nobbycosmic.com"
51.222.253.5 - - [22/Feb/2023:03:05:07 -0800] "GET /Homepage/Tickets/Add/FutsuKyuN15.jpg HTTP/1.1" 200 44857 "-" "Mozilla/5.0 (compatible; AhrefsBot/7.0; +http://ahrefs.com/robot/)" "nobbycosmic.com"
51.222.253.19 - - [22/Feb/2023:03:05:08 -0800] "GET /Homepage/Tickets/Add/AdditionalPay1T.jpg HTTP/1.1" 200 300796 "-" "Mozilla/5.0 (compatible; AhrefsBot/7.0; +http://ahrefs.com/robot/)" "nobbycosmic.com"
51.222.253.18 - - [22/Feb/2023:03:05:10 -0800] "GET /Homepage/Tickets/Add/Add16.jpg HTTP/1.1" 200 82948 "-" "Mozilla/5.0 (compatible; AhrefsBot/7.0; +http://ahrefs.com/robot/)" "nobbycosmic.com"
51.222.253.9 - - [22/Feb/2023:03:05:11 -0800] "GET /Homepage/Tickets/Add/AdditionalPay7.jpg HTTP/1.1" 200 239497 "-" "Mozilla/5.0 (compatible; AhrefsBot/7.0; +http://ahrefs.com/robot/)" "nobbycosmic.com"
51.222.253.14 - - [22/Feb/2023:03:05:18 -0800] "GET /Homepage/Tickets/Add/Add13.jpg HTTP/1.1" 200 84146 "-" "Mozilla/5.0 (compatible; AhrefsBot/7.0; +http://ahrefs.com/robot/)" "nobbycosmic.com"
51.222.253.8 - - [22/Feb/2023:03:05:19 -0800] "GET /Homepage/Tickets/Add/FutsuKyuN12.jpg HTTP/1.1" 200 64860 "-" "Mozilla/5.0 (compatible; AhrefsBot/7.0; +http://ahrefs.com/robot/)" "nobbycosmic.com"
51.222.253.14 - - [22/Feb/2023:03:05:19 -0800] "GET /Homepage/Tickets/Add/Add14.jpg HTTP/1.1" 200 89349 "-" "Mozilla/5.0 (compatible; AhrefsBot/7.0; +http://ahrefs.com/robot/)" "nobbycosmic.com"
51.222.253.19 - - [22/Feb/2023:03:05:20 -0800] "GET /Homepage/Tickets/Add/FutsuKyuN11.jpg HTTP/1.1" 200 51194 "-" "Mozilla/5.0 (compatible; AhrefsBot/7.0; +http://ahrefs.com/robot/)" "nobbycosmic.com"
51.222.253.17 - - [22/Feb/2023:03:05:21 -0800] "GET /Homepage/Tickets/Add/AdditionalPay8.jpg HTTP/1.1" 200 227172 "-" "Mozilla/5.0 (compatible; AhrefsBot/7.0; +http://ahrefs.com/robot/)" "nobbycosmic.com"
51.222.253.19 - - [22/Feb/2023:03:05:23 -0800] "GET /Homepage/Tickets/Add/AdditionalPay9T.jpg HTTP/1.1" 200 204961 "-" "Mozilla/5.0 (compatible; AhrefsBot/7.0; +http://ahrefs.com/robot/)" "nobbycosmic.com"
51.222.253.2 - - [22/Feb/2023:03:05:24 -0800] "GET /Homepage/Tickets/Add/FKV01.jpg HTTP/1.1" 200 56312 "-" "Mozilla/5.0 (compatible; AhrefsBot/7.0; +http://ahrefs.com/robot/)" "nobbycosmic.com"
51.222.253.1 - - [22/Feb/2023:03:05:25 -0800] "GET /Homepage/Tickets/Add/Add15.jpg HTTP/1.1" 200 85791 "-" "Mozilla/5.0 (compatible; AhrefsBot/7.0; +http://ahrefs.com/robot/)" "nobbycosmic.com"
51.222.253.2 - - [22/Feb/2023:03:05:26 -0800] "GET /Homepage/Tickets/Add/AdditionalPay6.jpg HTTP/1.1" 200 258527 "-" "Mozilla/5.0 (compatible; AhrefsBot/7.0; +http://ahrefs.com/robot/)" "nobbycosmic.com"
51.222.253.11 - - [22/Feb/2023:03:05:28 -0800] "GET /Homepage/Tickets/Add/AdditionalPay10.jpg HTTP/1.1" 200 228883 "-" "Mozilla/5.0 (compatible; AhrefsBot/7.0; +http://ahrefs.com/robot/)" "nobbycosmic.com"
51.222.253.4 - - [22/Feb/2023:03:05:30 -0800] "GET /Homepage/Tickets/Add/Add12.jpg HTTP/1.1" 200 78625 "-" "Mozilla/5.0 (compatible; AhrefsBot/7.0; +http://ahrefs.com/robot/)" "nobbycosmic.com"
51.222.253.5 - - [22/Feb/2023:03:05:32 -0800] "GET /Homepage/Tickets/Add/FutsuKyuV1.jpg HTTP/1.1" 200 90777 "-" "Mozilla/5.0 (compatible; AhrefsBot/7.0; +http://ahrefs.com/robot/)" "nobbycosmic.com"
51.222.253.7 - - [22/Feb/2023:03:05:33 -0800] "GET /Homepage/Tickets/Add/AdditionalPay4T.jpg HTTP/1.1" 200 288426 "-" "Mozilla/5.0 (compatible; AhrefsBot/7.0; +http://ahrefs.com/robot/)" "nobbycosmic.com"
149.5.224.242 - - [22/Feb/2023:03:09:36 -0800] "GET /Temp/Shinsedai1.png HTTP/1.1" 404 73 "-" "-" "nobbycosmic.com"
51.222.253.14 - - [22/Feb/2023:03:11:37 -0800] "GET /2020/Family/?C=D;O=A HTTP/1.1" 200 852 "-" "Mozilla/5.0 (compatible; AhrefsBot/7.0; +http://ahrefs.com/robot/)" "nobbycosmic.com"
51.222.253.6 - - [22/Feb/2023:03:18:32 -0800] "GET /2020/Family/?C=M;O=A HTTP/1.1" 200 852 "-" "Mozilla/5.0 (compatible; AhrefsBot/7.0; +http://ahrefs.com/robot/)" "nobbycosmic.com"
51.222.253.13 - - [22/Feb/2023:03:21:54 -0800] "GET /2020/Family/?C=N;O=D HTTP/1.1" 200 845 "-" "Mozilla/5.0 (compatible; AhrefsBot/7.0; +http://ahrefs.com/robot/)" "nobbycosmic.com"
51.222.253.4 - - [22/Feb/2023:03:23:48 -0800] "GET /2020/Family/?C=S;O=A HTTP/1.1" 200 867 "-" "Mozilla/5.0 (compatible; AhrefsBot/7.0; +http://ahrefs.com/robot/)" "nobbycosmic.com"
51.222.253.17 - - [22/Feb/2023:03:25:18 -0800] "GET /2020/Family/Family2020.htm HTTP/1.1" 200 1182 "-" "Mozilla/5.0 (compatible; AhrefsBot/7.0; +http://ahrefs.com/robot/)" "nobbycosmic.com"
51.222.253.13 - - [22/Feb/2023:03:26:57 -0800] "GET /2020/Animals/?C=D;O=A HTTP/1.1" 200 904 "-" "Mozilla/5.0 (compatible; AhrefsBot/7.0; +http://ahrefs.com/robot/)" "nobbycosmic.com"
51.222.253.1 - - [22/Feb/2023:03:28:33 -0800] "GET /2020/Animals/?C=M;O=A HTTP/1.1" 200 900 "-" "Mozilla/5.0 (compatible; AhrefsBot/7.0; +http://ahrefs.com/robot/)" "nobbycosmic.com"
40.77.167.189 - - [22/Feb/2023:03:29:53 -0800] "GET /Temp/JF20160826.pdf HTTP/1.1" 404 88 "-" "Mozilla/5.0 AppleWebKit/537.36 (KHTML, like Gecko; compatible; bingbot/2.0; +http://www.bing.com/bingbot.htm) Chrome/103.0.5060.134 Safari/537.36" "nobbycosmic.com"
51.222.253.9 - - [22/Feb/2023:03:30:06 -0800] "GET /2020/Animals/?C=N;O=D HTTP/1.1" 200 902 "-" "Mozilla/5.0 (compatible; AhrefsBot/7.0; +http://ahrefs.com/robot/)" "nobbycosmic.com"
51.222.253.9 - - [22/Feb/2023:03:31:36 -0800] "GET /2020/Animals/?C=S;O=A HTTP/1.1" 200 929 "-" "Mozilla/5.0 (compatible; AhrefsBot/7.0; +http://ahrefs.com/robot/)" "nobbycosmic.com"
51.222.253.2 - - [22/Feb/2023:03:33:05 -0800] "GET /2020/Animals/Animals2020.htm HTTP/1.1" 200 1436 "-" "Mozilla/5.0 (compatible; AhrefsBot/7.0; +http://ahrefs.com/robot/)" "nobbycosmic.com"
51.222.253.18 - - [22/Feb/2023:03:34:35 -0800] "GET /2021/GetTogether/0828Caty/?C=D;O=D HTTP/1.1" 200 610 "-" "Mozilla/5.0 (compatible; AhrefsBot/7.0; +http://ahrefs.com/robot/)" "nobbycosmic.com"
51.222.253.7 - - [22/Feb/2023:03:36:11 -0800] "GET /2021/GetTogether/0828Caty/?C=M;O=D HTTP/1.1" 200 611 "-" "Mozilla/5.0 (compatible; AhrefsBot/7.0; +http://ahrefs.com/robot/)" "nobbycosmic.com"
51.222.253.1 - - [22/Feb/2023:03:39:37 -0800] "GET /2021/GetTogether/0828Caty/?C=S;O=D HTTP/1.1" 200 616 "-" "Mozilla/5.0 (compatible; AhrefsBot/7.0; +http://ahrefs.com/robot/)" "nobbycosmic.com"
51.222.253.6 - - [22/Feb/2023:03:43:18 -0800] "GET /Homepage/Tickets/FKV/?C=D;O=D HTTP/1.1" 200 722 "-" "Mozilla/5.0 (compatible; AhrefsBot/7.0; +http://ahrefs.com/robot/)" "nobbycosmic.com"
51.222.253.15 - - [22/Feb/2023:03:46:57 -0800] "GET /Homepage/Tickets/FKV/?C=M;O=D HTTP/1.1" 200 720 "-" "Mozilla/5.0 (compatible; AhrefsBot/7.0; +http://ahrefs.com/robot/)" "nobbycosmic.com"
52.167.144.94 - - [22/Feb/2023:03:49:33 -0800] "GET /Utagoe/2017Summer/ HTTP/1.1" 200 489 "-" "Mozilla/5.0 AppleWebKit/537.36 (KHTML, like Gecko; compatible; bingbot/2.0; +http://www.bing.com/bingbot.htm) Chrome/103.0.5060.134 Safari/537.36" "nobbycosmic.com"
51.222.253.7 - - [22/Feb/2023:03:54:26 -0800] "GET /Homepage/Tickets/FKV/?C=S;O=D HTTP/1.1" 200 717 "-" "Mozilla/5.0 (compatible; AhrefsBot/7.0; +http://ahrefs.com/robot/)" "nobbycosmic.com"
51.222.253.10 - - [22/Feb/2023:04:01:53 -0800] "GET /Homepage/Tickets/?C=D;O=A HTTP/1.1" 200 937 "-" "Mozilla/5.0 (compatible; AhrefsBot/7.0; +http://ahrefs.com/robot/)" "nobbycosmic.com"
51.222.253.10 - - [22/Feb/2023:04:09:40 -0800] "GET /Homepage/Tickets/?C=M;O=A HTTP/1.1" 200 946 "-" "Mozilla/5.0 (compatible; AhrefsBot/7.0; +http://ahrefs.com/robot/)" "nobbycosmic.com"
51.222.253.18 - - [22/Feb/2023:04:16:15 -0800] "GET /Homepage/Tickets/?C=N;O=D HTTP/1.1" 200 920 "-" "Mozilla/5.0 (compatible; AhrefsBot/7.0; +http://ahrefs.com/robot/)" "nobbycosmic.com"
51.222.253.20 - - [22/Feb/2023:04:22:00 -0800] "GET /2020/Winery/ HTTP/1.1" 200 553 "-" "Mozilla/5.0 (compatible; AhrefsBot/7.0; +http://ahrefs.com/robot/)" "nobbycosmic.com"
40.77.167.250 - - [22/Feb/2023:04:24:54 -0800] "GET /Utagoe/2013Summer/2013Utagoe081.jpg HTTP/1.1" 200 53239 "-" "Mozilla/5.0 AppleWebKit/537.36 (KHTML, like Gecko; compatible; bingbot/2.0; +http://www.bing.com/bingbot.htm) Chrome/103.0.5060.134 Safari/537.36" "www.nobbycosmic.com"
51.222.253.20 - - [22/Feb/2023:04:27:43 -0800] "GET /Homepage/Tickets/Add/?C=N;O=A HTTP/1.1" 200 743 "-" "Mozilla/5.0 (compatible; AhrefsBot/7.0; +http://ahrefs.com/robot/)" "nobbycosmic.com"
51.222.253.16 - - [22/Feb/2023:04:33:55 -0800] "GET /2020/Family/?C=N;O=A HTTP/1.1" 200 852 "-" "Mozilla/5.0 (compatible; AhrefsBot/7.0; +http://ahrefs.com/robot/)" "nobbycosmic.com"
51.222.253.5 - - [22/Feb/2023:04:39:58 -0800] "GET /2020/Animals/?C=N;O=A HTTP/1.1" 200 904 "-" "Mozilla/5.0 (compatible; AhrefsBot/7.0; +http://ahrefs.com/robot/)" "nobbycosmic.com"
64.145.93.108 - - [22/Feb/2023:04:46:30 -0800] "POST / HTTP/1.1" 200 3079 "-" "Mozilla/5.0 (Linux; U; Android 4.4.2; en-US; HM NOTE 1W Build/KOT49H) AppleWebKit/534.30 (KHTML, like Gecko) Version/4.0 UCBrowser/11.0.5.850 U3/0.8.0 Mobile Safari/534.30" "nobbycosmic.com"
64.145.93.109 - - [22/Feb/2023:04:46:33 -0800] "GET /vendor/phpunit/phpunit/src/Util/PHP/eval-stdin.php HTTP/1.1" 404 88 "-" "python-requests/2.28.2" "nobbycosmic.com"
51.222.253.20 - - [22/Feb/2023:04:53:28 -0800] "GET /Homepage/Tickets/?C=S;O=A HTTP/1.1" 200 937 "-" "Mozilla/5.0 (compatible; AhrefsBot/7.0; +http://ahrefs.com/robot/)" "nobbycosmic.com"
35.185.241.102 - - [22/Feb/2023:05:17:45 -0800] "GET / HTTP/1.1" 200 10547 "-" "Mozilla/5.0 (Windows NT 6.1; WOW64; Trident/7.0; rv:11.0) like Gecko" "nobbycosmic.com"
51.222.253.4 - - [22/Feb/2023:05:21:10 -0800] "GET /Homepage/Tickets/Chika/ HTTP/1.1" 200 1076 "-" "Mozilla/5.0 (compatible; AhrefsBot/7.0; +http://ahrefs.com/robot/)" "nobbycosmic.com"
93.158.90.135 - - [22/Feb/2023:05:24:20 -0800] "GET /robots.txt HTTP/1.1" 200 75 "http://nobbycosmic.com/robots.txt" "Mozilla/5.0 (Linux; Android 7.1.2; 17MB150WB Build/NZH54D; wv) AppleWebKit/537.36 (KHTML, like Gecko) Version/4.0 Chrome/72.0.3626.121 Safari/537.36" "nobbycosmic.com"
93.158.90.156 - - [22/Feb/2023:05:24:22 -0800] "GET /humans.txt HTTP/1.1" 404 88 "http://nobbycosmic.com/humans.txt" "Mozilla/5.0 (Linux; Android 7.1.2; 17MB150WB Build/NZH54D; wv) AppleWebKit/537.36 (KHTML, like Gecko) Version/4.0 Chrome/72.0.3626.121 Safari/537.36" "nobbycosmic.com"
93.158.90.166 - - [22/Feb/2023:05:24:23 -0800] "GET /ads.txt HTTP/1.1" 404 88 "http://nobbycosmic.com/ads.txt" "Mozilla/5.0 (Linux; Android 7.1.2; 17MB150WB Build/NZH54D; wv) AppleWebKit/537.36 (KHTML, like Gecko) Version/4.0 Chrome/72.0.3626.121 Safari/537.36" "nobbycosmic.com"
93.158.90.166 - - [22/Feb/2023:05:24:24 -0800] "GET / HTTP/1.1" 200 3079 "http://nobbycosmic.com/" "Mozilla/5.0 (Linux; Android 7.1.2; 17MB150WB Build/NZH54D; wv) AppleWebKit/537.36 (KHTML, like Gecko) Version/4.0 Chrome/72.0.3626.121 Safari/537.36" "nobbycosmic.com"
40.77.167.250 - - [22/Feb/2023:05:27:22 -0800] "GET /NJCA/NY06/Daifuku4.jpg HTTP/1.1" 200 112803 "-" "Mozilla/5.0 AppleWebKit/537.36 (KHTML, like Gecko; compatible; bingbot/2.0; +http://www.bing.com/bingbot.htm) Chrome/103.0.5060.134 Safari/537.36" "www.nobbycosmic.com"
50.216.82.25 - - [22/Feb/2023:05:35:00 -0800] "GET /BabyTalks/BTList.htm HTTP/1.1" 200 10236 "-" "Mozilla/5.0 (iPhone; CPU iPhone OS 15_7_3 like Mac OS X) AppleWebKit/605.1.15 (KHTML, like Gecko) Version/15.6.4 Mobile/15E148 Safari/604.1" "nobbycosmic.com"
50.216.82.25 - - [22/Feb/2023:05:35:02 -0800] "GET /apple-touch-icon-120x120-precomposed.png HTTP/1.1" 404 88 "-" "MobileSafari/8613.7.1.0.1 CFNetwork/1335.0.3.1 Darwin/21.6.0" "nobbycosmic.com"
50.216.82.25 - - [22/Feb/2023:05:35:02 -0800] "GET /apple-touch-icon-120x120.png HTTP/1.1" 404 88 "-" "MobileSafari/8613.7.1.0.1 CFNetwork/1335.0.3.1 Darwin/21.6.0" "nobbycosmic.com"
50.216.82.25 - - [22/Feb/2023:05:35:02 -0800] "GET /apple-touch-icon-precomposed.png HTTP/1.1" 404 88 "-" "MobileSafari/8613.7.1.0.1 CFNetwork/1335.0.3.1 Darwin/21.6.0" "nobbycosmic.com"
50.216.82.25 - - [22/Feb/2023:05:35:02 -0800] "GET /apple-touch-icon.png HTTP/1.1" 404 88 "-" "MobileSafari/8613.7.1.0.1 CFNetwork/1335.0.3.1 Darwin/21.6.0" "nobbycosmic.com"
50.216.82.25 - - [22/Feb/2023:05:35:02 -0800] "GET /favicon.ico HTTP/1.1" 404 88 "-" "MobileSafari/8613.7.1.0.1 CFNetwork/1335.0.3.1 Darwin/21.6.0" "nobbycosmic.com"
50.216.82.25 - - [22/Feb/2023:05:35:03 -0800] "GET /apple-touch-icon-120x120-precomposed.png HTTP/1.1" 404 88 "-" "MobileSafari/8613.7.1.0.1 CFNetwork/1335.0.3.1 Darwin/21.6.0" "nobbycosmic.com"
50.216.82.25 - - [22/Feb/2023:05:35:03 -0800] "GET /apple-touch-icon-120x120.png HTTP/1.1" 404 88 "-" "MobileSafari/8613.7.1.0.1 CFNetwork/1335.0.3.1 Darwin/21.6.0" "nobbycosmic.com"
50.216.82.25 - - [22/Feb/2023:05:35:03 -0800] "GET /apple-touch-icon-precomposed.png HTTP/1.1" 404 88 "-" "MobileSafari/8613.7.1.0.1 CFNetwork/1335.0.3.1 Darwin/21.6.0" "nobbycosmic.com"
50.216.82.25 - - [22/Feb/2023:05:35:03 -0800] "GET /apple-touch-icon.png HTTP/1.1" 404 88 "-" "MobileSafari/8613.7.1.0.1 CFNetwork/1335.0.3.1 Darwin/21.6.0" "nobbycosmic.com"
50.216.82.25 - - [22/Feb/2023:05:35:04 -0800] "GET /favicon.ico HTTP/1.1" 404 88 "-" "MobileSafari/8613.7.1.0.1 CFNetwork/1335.0.3.1 Darwin/21.6.0" "nobbycosmic.com"
99.237.122.202 - - [22/Feb/2023:05:50:04 -0800] "GET /BabyTalks/BTList.htm HTTP/1.1" 200 10236 "-" "Mozilla/5.0 (Linux; Android 11; moto g fast) AppleWebKit/537.36 (KHTML, like Gecko) Chrome/110.0.0.0 Mobile Safari/537.36" "nobbycosmic.com"
99.237.122.202 - - [22/Feb/2023:05:50:04 -0800] "GET /BabyTalks/BTFBanner1.jpg HTTP/1.1" 200 9524 "https://nobbycosmic.com/BabyTalks/BTList.htm" "Mozilla/5.0 (Linux; Android 11; moto g fast) AppleWebKit/537.36 (KHTML, like Gecko) Chrome/110.0.0.0 Mobile Safari/537.36" "nobbycosmic.com"
99.237.122.202 - - [22/Feb/2023:05:50:04 -0800] "GET /BabyTalks/hiyoko.gif HTTP/1.1" 200 10361 "https://nobbycosmic.com/BabyTalks/BTList.htm" "Mozilla/5.0 (Linux; Android 11; moto g fast) AppleWebKit/537.36 (KHTML, like Gecko) Chrome/110.0.0.0 Mobile Safari/537.36" "nobbycosmic.com"
99.237.122.202 - - [22/Feb/2023:05:50:04 -0800] "GET /BabyTalks/SakuraMark2.jpg HTTP/1.1" 200 933 "https://nobbycosmic.com/BabyTalks/BTList.htm" "Mozilla/5.0 (Linux; Android 11; moto g fast) AppleWebKit/537.36 (KHTML, like Gecko) Chrome/110.0.0.0 Mobile Safari/537.36" "nobbycosmic.com"
99.237.122.202 - - [22/Feb/2023:05:50:04 -0800] "GET /BabyTalks/Group.jpg HTTP/1.1" 200 54379 "https://nobbycosmic.com/BabyTalks/BTList.htm" "Mozilla/5.0 (Linux; Android 11; moto g fast) AppleWebKit/537.36 (KHTML, like Gecko) Chrome/110.0.0.0 Mobile Safari/537.36" "nobbycosmic.com"
99.237.122.202 - - [22/Feb/2023:05:50:04 -0800] "GET /BabyTalks/BTFBanner2.jpg HTTP/1.1" 200 4273 "https://nobbycosmic.com/BabyTalks/BTList.htm" "Mozilla/5.0 (Linux; Android 11; moto g fast) AppleWebKit/537.36 (KHTML, like Gecko) Chrome/110.0.0.0 Mobile Safari/537.36" "nobbycosmic.com"
99.237.122.202 - - [22/Feb/2023:05:50:04 -0800] "GET /BabyTalks/blue_next.gif HTTP/1.1" 200 138 "https://nobbycosmic.com/BabyTalks/BTList.htm" "Mozilla/5.0 (Linux; Android 11; moto g fast) AppleWebKit/537.36 (KHTML, like Gecko) Chrome/110.0.0.0 Mobile Safari/537.36" "nobbycosmic.com"
99.237.122.202 - - [22/Feb/2023:05:50:04 -0800] "GET /BabyTalks/FTFMemberDistChart.jpg HTTP/1.1" 200 57507 "https://nobbycosmic.com/BabyTalks/BTList.htm" "Mozilla/5.0 (Linux; Android 11; moto g fast) AppleWebKit/537.36 (KHTML, like Gecko) Chrome/110.0.0.0 Mobile Safari/537.36" "nobbycosmic.com"
99.237.122.202 - - [22/Feb/2023:05:50:05 -0800] "GET /favicon.ico HTTP/1.1" 404 88 "https://nobbycosmic.com/BabyTalks/BTList.htm" "Mozilla/5.0 (Linux; Android 11; moto g fast) AppleWebKit/537.36 (KHTML, like Gecko) Chrome/110.0.0.0 Mobile Safari/537.36" "nobbycosmic.com"
99.237.122.202 - - [22/Feb/2023:05:53:41 -0800] "GET /BabyTalks/FTFMember/Content.htm HTTP/1.1" 401 90 "https://nobbycosmic.com/BabyTalks/BTList.htm" "Mozilla/5.0 (Linux; Android 11; moto g fast) AppleWebKit/537.36 (KHTML, like Gecko) Chrome/110.0.0.0 Mobile Safari/537.36" "nobbycosmic.com"
99.237.122.202 - FTF [22/Feb/2023:05:53:49 -0800] "GET /BabyTalks/FTFMember/Content.htm HTTP/1.1" 200 6689 "https://nobbycosmic.com/BabyTalks/BTList.htm" "Mozilla/5.0 (Linux; Android 11; moto g fast) AppleWebKit/537.36 (KHTML, like Gecko) Chrome/110.0.0.0 Mobile Safari/537.36" "nobbycosmic.com"
99.237.122.202 - FTF [22/Feb/2023:05:53:49 -0800] "GET /BabyTalks/FTFMember/hiyoko.gif HTTP/1.1" 200 10361 "https://nobbycosmic.com/BabyTalks/FTFMember/Content.htm" "Mozilla/5.0 (Linux; Android 11; moto g fast) AppleWebKit/537.36 (KHTML, like Gecko) Chrome/110.0.0.0 Mobile Safari/537.36" "nobbycosmic.com"
99.237.122.202 - FTF [22/Feb/2023:05:54:02 -0800] "GET /BabyTalks/FTFMember/Natural.htm HTTP/1.1" 200 1140 "https://nobbycosmic.com/BabyTalks/FTFMember/Content.htm" "Mozilla/5.0 (Linux; Android 11; moto g fast) AppleWebKit/537.36 (KHTML, like Gecko) Chrome/110.0.0.0 Mobile Safari/537.36" "nobbycosmic.com"
99.237.122.202 - FTF [22/Feb/2023:05:55:08 -0800] "GET /BabyTalks/FTFMember/IK6.htm HTTP/1.1" 200 2100 "https://nobbycosmic.com/BabyTalks/FTFMember/Content.htm" "Mozilla/5.0 (Linux; Android 11; moto g fast) AppleWebKit/537.36 (KHTML, like Gecko) Chrome/110.0.0.0 Mobile Safari/537.36" "nobbycosmic.com"
99.237.122.202 - FTF [22/Feb/2023:05:58:47 -0800] "GET /BabyTalks/FTFMember/RESP.htm HTTP/1.1" 200 4163 "https://nobbycosmic.com/BabyTalks/FTFMember/Content.htm" "Mozilla/5.0 (Linux; Android 11; moto g fast) AppleWebKit/537.36 (KHTML, like Gecko) Chrome/110.0.0.0 Mobile Safari/537.36" "nobbycosmic.com"
167.94.138.119 - - [22/Feb/2023:06:04:33 -0800] "GET / HTTP/1.1" 200 3079 "-" "Mozilla/5.0 (compatible; CensysInspect/1.1; +https://about.censys.io/)" "www.nobbycosmic.com"
167.94.138.119 - - [22/Feb/2023:06:04:34 -0800] "GET /favicon.ico HTTP/1.1" 404 88 "-" "Mozilla/5.0 (compatible; CensysInspect/1.1; +https://about.censys.io/)" "www.nobbycosmic.com"
99.237.122.202 - FTF [22/Feb/2023:06:09:11 -0800] "GET /BabyTalks/FTFMember/Japanese.htm HTTP/1.1" 200 24231 "https://nobbycosmic.com/BabyTalks/FTFMember/Content.htm" "Mozilla/5.0 (Linux; Android 11; moto g fast) AppleWebKit/537.36 (KHTML, like Gecko) Chrome/110.0.0.0 Mobile Safari/537.36" "nobbycosmic.com"
35.185.241.102 - - [22/Feb/2023:06:19:46 -0800] "GET / HTTP/1.1" 200 10547 "-" "Mozilla/5.0 (Windows NT 6.1; WOW64; Trident/7.0; rv:11.0) like Gecko" "nobbycosmic.com"
157.55.39.18 - - [22/Feb/2023:06:21:35 -0800] "GET /Post/JF202101082.pdf HTTP/1.1" 404 88 "-" "Mozilla/5.0 AppleWebKit/537.36 (KHTML, like Gecko; compatible; bingbot/2.0; +http://www.bing.com/bingbot.htm) Chrome/103.0.5060.134 Safari/537.36" "www.nobbycosmic.com"
99.237.122.202 - FTF [22/Feb/2023:06:26:24 -0800] "GET /BabyTalks/FTFMember/School3.htm HTTP/1.1" 200 5225 "https://nobbycosmic.com/BabyTalks/FTFMember/Content.htm" "Mozilla/5.0 (Linux; Android 11; moto g fast) AppleWebKit/537.36 (KHTML, like Gecko) Chrome/110.0.0.0 Mobile Safari/537.36" "nobbycosmic.com"
51.222.253.20 - - [22/Feb/2023:06:42:34 -0800] "GET /assets/?C=D;O=A HTTP/1.1" 200 351 "-" "Mozilla/5.0 (compatible; AhrefsBot/7.0; +http://ahrefs.com/robot/)" "nobbycosmic.com"
99.237.122.202 - FTF [22/Feb/2023:06:44:09 -0800] "GET /BabyTalks/FTFMember/Lawyer.htm HTTP/1.1" 200 1003 "https://nobbycosmic.com/BabyTalks/FTFMember/Content.htm" "Mozilla/5.0 (Linux; Android 11; moto g fast) AppleWebKit/537.36 (KHTML, like Gecko) Chrome/110.0.0.0 Mobile Safari/537.36" "nobbycosmic.com"
99.237.122.202 - FTF [22/Feb/2023:06:44:27 -0800] "GET /BabyTalks/FTFMember/Mail.htm HTTP/1.1" 200 1348 "https://nobbycosmic.com/BabyTalks/FTFMember/Content.htm" "Mozilla/5.0 (Linux; Android 11; moto g fast) AppleWebKit/537.36 (KHTML, like Gecko) Chrome/110.0.0.0 Mobile Safari/537.36" "nobbycosmic.com"
99.237.122.202 - FTF [22/Feb/2023:06:45:16 -0800] "GET /BabyTalks/FTFMember/Hashika.htm HTTP/1.1" 200 2439 "https://nobbycosmic.com/BabyTalks/FTFMember/Content.htm" "Mozilla/5.0 (Linux; Android 11; moto g fast) AppleWebKit/537.36 (KHTML, like Gecko) Chrome/110.0.0.0 Mobile Safari/537.36" "nobbycosmic.com"
99.237.122.202 - FTF [22/Feb/2023:06:48:16 -0800] "GET /BabyTalks/FTFMember/Checkup2.htm HTTP/1.1" 200 5297 "https://nobbycosmic.com/BabyTalks/FTFMember/Content.htm" "Mozilla/5.0 (Linux; Android 11; moto g fast) AppleWebKit/537.36 (KHTML, like Gecko) Chrome/110.0.0.0 Mobile Safari/537.36" "nobbycosmic.com"
87.250.224.222 - - [22/Feb/2023:06:50:40 -0800] "GET /robots.txt HTTP/1.1" 200 61 "-" "Mozilla/5.0 (compatible; YandexBot/3.0; +http://yandex.com/bots)" "nobbycosmic.com"
40.77.167.189 - - [22/Feb/2023:06:53:52 -0800] "GET /Post/JF20191202.pdf HTTP/1.1" 404 88 "-" "Mozilla/5.0 AppleWebKit/537.36 (KHTML, like Gecko; compatible; bingbot/2.0; +http://www.bing.com/bingbot.htm) Chrome/103.0.5060.134 Safari/537.36" "nobbycosmic.com"
51.222.253.2 - - [22/Feb/2023:06:57:11 -0800] "GET /assets/?C=M;O=A HTTP/1.1" 200 351 "-" "Mozilla/5.0 (compatible; AhrefsBot/7.0; +http://ahrefs.com/robot/)" "nobbycosmic.com"
76.66.141.7 - - [22/Feb/2023:07:01:08 -0800] "GET /BabyTalks/BTList.htm HTTP/1.1" 200 10236 "-" "Mozilla/5.0 (Linux; Android 12; SC-03L) AppleWebKit/537.36 (KHTML, like Gecko) SamsungBrowser/20.0 Chrome/106.0.5249.126 Mobile Safari/537.36" "nobbycosmic.com"
76.66.141.7 - - [22/Feb/2023:07:01:08 -0800] "GET /BabyTalks/BTFBanner1.jpg HTTP/1.1" 200 9524 "https://nobbycosmic.com/BabyTalks/BTList.htm" "Mozilla/5.0 (Linux; Android 12; SC-03L) AppleWebKit/537.36 (KHTML, like Gecko) SamsungBrowser/20.0 Chrome/106.0.5249.126 Mobile Safari/537.36" "nobbycosmic.com"
76.66.141.7 - - [22/Feb/2023:07:01:08 -0800] "GET /BabyTalks/hiyoko.gif HTTP/1.1" 200 10361 "https://nobbycosmic.com/BabyTalks/BTList.htm" "Mozilla/5.0 (Linux; Android 12; SC-03L) AppleWebKit/537.36 (KHTML, like Gecko) SamsungBrowser/20.0 Chrome/106.0.5249.126 Mobile Safari/537.36" "nobbycosmic.com"
76.66.141.7 - - [22/Feb/2023:07:01:08 -0800] "GET /BabyTalks/blue_next.gif HTTP/1.1" 200 138 "https://nobbycosmic.com/BabyTalks/BTList.htm" "Mozilla/5.0 (Linux; Android 12; SC-03L) AppleWebKit/537.36 (KHTML, like Gecko) SamsungBrowser/20.0 Chrome/106.0.5249.126 Mobile Safari/537.36" "nobbycosmic.com"
76.66.141.7 - - [22/Feb/2023:07:01:08 -0800] "GET /BabyTalks/Group.jpg HTTP/1.1" 200 54379 "https://nobbycosmic.com/BabyTalks/BTList.htm" "Mozilla/5.0 (Linux; Android 12; SC-03L) AppleWebKit/537.36 (KHTML, like Gecko) SamsungBrowser/20.0 Chrome/106.0.5249.126 Mobile Safari/537.36" "nobbycosmic.com"
76.66.141.7 - - [22/Feb/2023:07:01:08 -0800] "GET /BabyTalks/BTFBanner2.jpg HTTP/1.1" 200 4273 "https://nobbycosmic.com/BabyTalks/BTList.htm" "Mozilla/5.0 (Linux; Android 12; SC-03L) AppleWebKit/537.36 (KHTML, like Gecko) SamsungBrowser/20.0 Chrome/106.0.5249.126 Mobile Safari/537.36" "nobbycosmic.com"
76.66.141.7 - - [22/Feb/2023:07:01:08 -0800] "GET /BabyTalks/FTFMemberDistChart.jpg HTTP/1.1" 200 57507 "https://nobbycosmic.com/BabyTalks/BTList.htm" "Mozilla/5.0 (Linux; Android 12; SC-03L) AppleWebKit/537.36 (KHTML, like Gecko) SamsungBrowser/20.0 Chrome/106.0.5249.126 Mobile Safari/537.36" "nobbycosmic.com"
76.66.141.7 - - [22/Feb/2023:07:01:08 -0800] "GET /BabyTalks/SakuraMark2.jpg HTTP/1.1" 200 933 "https://nobbycosmic.com/BabyTalks/BTList.htm" "Mozilla/5.0 (Linux; Android 12; SC-03L) AppleWebKit/537.36 (KHTML, like Gecko) SamsungBrowser/20.0 Chrome/106.0.5249.126 Mobile Safari/537.36" "nobbycosmic.com"
76.66.141.7 - - [22/Feb/2023:07:01:08 -0800] "GET /favicon.ico HTTP/1.1" 404 88 "https://nobbycosmic.com/BabyTalks/BTList.htm" "Mozilla/5.0 (Linux; Android 12; SC-03L) AppleWebKit/537.36 (KHTML, like Gecko) SamsungBrowser/20.0 Chrome/106.0.5249.126 Mobile Safari/537.36" "nobbycosmic.com"
157.55.39.18 - - [22/Feb/2023:07:01:58 -0800] "GET /NJCA/Document/NJCAKimonoRentalForm.xlsx HTTP/1.1" 200 35461 "-" "Mozilla/5.0 AppleWebKit/537.36 (KHTML, like Gecko; compatible; bingbot/2.0; +http://www.bing.com/bingbot.htm) Chrome/103.0.5060.134 Safari/537.36" "nobbycosmic.com"
51.222.253.8 - - [22/Feb/2023:07:13:20 -0800] "GET /assets/?C=S;O=A HTTP/1.1" 200 351 "-" "Mozilla/5.0 (compatible; AhrefsBot/7.0; +http://ahrefs.com/robot/)" "nobbycosmic.com"
207.46.13.213 - - [22/Feb/2023:07:25:49 -0800] "GET /Post/JF20190502.pdf HTTP/1.1" 404 88 "-" "Mozilla/5.0 AppleWebKit/537.36 (KHTML, like Gecko; compatible; bingbot/2.0; +http://www.bing.com/bingbot.htm) Chrome/103.0.5060.134 Safari/537.36" "nobbycosmic.com"
51.222.253.6 - - [22/Feb/2023:07:28:06 -0800] "GET /Homepage/Tickets/?C=N;O=A HTTP/1.1" 200 937 "-" "Mozilla/5.0 (compatible; AhrefsBot/7.0; +http://ahrefs.com/robot/)" "nobbycosmic.com"
51.222.253.3 - - [22/Feb/2023:07:43:44 -0800] "GET /Homepage/Tickets/ChikaM/ HTTP/1.1" 200 542 "-" "Mozilla/5.0 (compatible; AhrefsBot/7.0; +http://ahrefs.com/robot/)" "nobbycosmic.com"
76.69.30.91 - - [22/Feb/2023:07:48:05 -0800] "GET /BabyTalks/BTFLeaf.pdf HTTP/1.1" 200 187997 "-" "Dalvik/2.1.0 (Linux; U; Android 10; SM-G965W Build/QP1A.190711.020)" "nobbycosmic.com"
76.69.30.91 - - [22/Feb/2023:07:48:44 -0800] "GET /BabyTalks/BTList.htm HTTP/1.1" 200 10236 "http://www.e-maple.net/" "Mozilla/5.0 (Linux; Android 10; SM-G965W) AppleWebKit/537.36 (KHTML, like Gecko) Chrome/110.0.0.0 Mobile Safari/537.36" "nobbycosmic.com"
76.69.30.91 - - [22/Feb/2023:07:48:44 -0800] "GET /BabyTalks/hiyoko.gif HTTP/1.1" 200 10361 "https://nobbycosmic.com/BabyTalks/BTList.htm" "Mozilla/5.0 (Linux; Android 10; SM-G965W) AppleWebKit/537.36 (KHTML, like Gecko) Chrome/110.0.0.0 Mobile Safari/537.36" "nobbycosmic.com"
76.69.30.91 - - [22/Feb/2023:07:48:44 -0800] "GET /BabyTalks/BTFBanner1.jpg HTTP/1.1" 200 9524 "https://nobbycosmic.com/BabyTalks/BTList.htm" "Mozilla/5.0 (Linux; Android 10; SM-G965W) AppleWebKit/537.36 (KHTML, like Gecko) Chrome/110.0.0.0 Mobile Safari/537.36" "nobbycosmic.com"
76.69.30.91 - - [22/Feb/2023:07:48:44 -0800] "GET /BabyTalks/Group.jpg HTTP/1.1" 200 54379 "https://nobbycosmic.com/BabyTalks/BTList.htm" "Mozilla/5.0 (Linux; Android 10; SM-G965W) AppleWebKit/537.36 (KHTML, like Gecko) Chrome/110.0.0.0 Mobile Safari/537.36" "nobbycosmic.com"
76.69.30.91 - - [22/Feb/2023:07:48:44 -0800] "GET /BabyTalks/blue_next.gif HTTP/1.1" 200 138 "https://nobbycosmic.com/BabyTalks/BTList.htm" "Mozilla/5.0 (Linux; Android 10; SM-G965W) AppleWebKit/537.36 (KHTML, like Gecko) Chrome/110.0.0.0 Mobile Safari/537.36" "nobbycosmic.com"
76.69.30.91 - - [22/Feb/2023:07:48:44 -0800] "GET /BabyTalks/SakuraMark2.jpg HTTP/1.1" 200 933 "https://nobbycosmic.com/BabyTalks/BTList.htm" "Mozilla/5.0 (Linux; Android 10; SM-G965W) AppleWebKit/537.36 (KHTML, like Gecko) Chrome/110.0.0.0 Mobile Safari/537.36" "nobbycosmic.com"
76.69.30.91 - - [22/Feb/2023:07:48:44 -0800] "GET /BabyTalks/FTFMemberDistChart.jpg HTTP/1.1" 200 57507 "https://nobbycosmic.com/BabyTalks/BTList.htm" "Mozilla/5.0 (Linux; Android 10; SM-G965W) AppleWebKit/537.36 (KHTML, like Gecko) Chrome/110.0.0.0 Mobile Safari/537.36" "nobbycosmic.com"
76.69.30.91 - - [22/Feb/2023:07:48:44 -0800] "GET /BabyTalks/BTFBanner2.jpg HTTP/1.1" 200 4273 "https://nobbycosmic.com/BabyTalks/BTList.htm" "Mozilla/5.0 (Linux; Android 10; SM-G965W) AppleWebKit/537.36 (KHTML, like Gecko) Chrome/110.0.0.0 Mobile Safari/537.36" "nobbycosmic.com"
76.69.30.91 - - [22/Feb/2023:07:48:44 -0800] "GET /favicon.ico HTTP/1.1" 404 88 "https://nobbycosmic.com/BabyTalks/BTList.htm" "Mozilla/5.0 (Linux; Android 10; SM-G965W) AppleWebKit/537.36 (KHTML, like Gecko) Chrome/110.0.0.0 Mobile Safari/537.36" "nobbycosmic.com"
76.69.30.91 - - [22/Feb/2023:07:48:59 -0800] "GET /BabyTalks/FTFMember/Content.htm HTTP/1.1" 401 90 "https://nobbycosmic.com/BabyTalks/BTList.htm" "Mozilla/5.0 (Linux; Android 10; SM-G965W) AppleWebKit/537.36 (KHTML, like Gecko) Chrome/110.0.0.0 Mobile Safari/537.36" "nobbycosmic.com"
76.69.30.91 - FTF [22/Feb/2023:07:49:01 -0800] "GET /BabyTalks/FTFMember/Content.htm HTTP/1.1" 200 6689 "https://nobbycosmic.com/BabyTalks/BTList.htm" "Mozilla/5.0 (Linux; Android 10; SM-G965W) AppleWebKit/537.36 (KHTML, like Gecko) Chrome/110.0.0.0 Mobile Safari/537.36" "nobbycosmic.com"
76.69.30.91 - FTF [22/Feb/2023:07:49:01 -0800] "GET /BabyTalks/FTFMember/hiyoko.gif HTTP/1.1" 200 10361 "https://nobbycosmic.com/BabyTalks/FTFMember/Content.htm" "Mozilla/5.0 (Linux; Android 10; SM-G965W) AppleWebKit/537.36 (KHTML, like Gecko) Chrome/110.0.0.0 Mobile Safari/537.36" "nobbycosmic.com"
81.28.6.217 - - [22/Feb/2023:07:49:47 -0800] "GET /vendor/phpunit/phpunit/phpunit.xsd HTTP/1.1" 404 88 "-" "Mozilla/5.0 (X11; Linux x86_64; rv:52.0) Gecko/20100101 Firefox/52.0" "nobbycosmic.com"
35.245.188.175 - - [22/Feb/2023:07:51:13 -0800] "GET / HTTP/1.1" 200 10547 "-" "Mozilla/5.0 (Windows NT 6.1; WOW64; Trident/7.0; rv:11.0) like Gecko" "nobbycosmic.com"
51.222.253.19 - - [22/Feb/2023:08:12:40 -0800] "GET /2021/?C=N;O=D HTTP/1.1" 200 437 "-" "Mozilla/5.0 (compatible; AhrefsBot/7.0; +http://ahrefs.com/robot/)" "nobbycosmic.com"
40.77.167.189 - - [22/Feb/2023:08:21:20 -0800] "GET /JCCC/JCCCMap.pdf HTTP/1.1" 404 88 "-" "Mozilla/5.0 AppleWebKit/537.36 (KHTML, like Gecko; compatible; bingbot/2.0; +http://www.bing.com/bingbot.htm) Chrome/103.0.5060.134 Safari/537.36" "www.nobbycosmic.com"
36.40.72.66 - - [22/Feb/2023:08:37:43 -0800] "GET / HTTP/1.1" 200 3079 "http://nobbycosmic.com" "Mozilla/5.0 (iPhone; CPU iPhone OS 13_2_3 like Mac OS X) AppleWebKit/605.1.15 (KHTML, like Gecko) Version/13.0.3 Mobile/15E148 Safari/604.1" "nobbycosmic.com"
40.77.167.250 - - [22/Feb/2023:08:38:08 -0800] "GET /Utagoe/Ueno2009/Tomoshibi200910.jpg HTTP/1.1" 200 71655 "-" "Mozilla/5.0 AppleWebKit/537.36 (KHTML, like Gecko; compatible; bingbot/2.0; +http://www.bing.com/bingbot.htm) Chrome/103.0.5060.134 Safari/537.36" "nobbycosmic.com"
52.167.144.94 - - [22/Feb/2023:08:39:00 -0800] "GET /Utagoe/Ueno2009/2009_0425hankuta090034.JPG HTTP/1.1" 200 48358 "-" "Mozilla/5.0 AppleWebKit/537.36 (KHTML, like Gecko; compatible; bingbot/2.0; +http://www.bing.com/bingbot.htm) Chrome/103.0.5060.134 Safari/537.36" "nobbycosmic.com"
52.167.144.94 - - [22/Feb/2023:08:43:50 -0800] "GET /JCCC/Minacooking.pdf HTTP/1.1" 404 88 "-" "Mozilla/5.0 AppleWebKit/537.36 (KHTML, like Gecko; compatible; bingbot/2.0; +http://www.bing.com/bingbot.htm) Chrome/103.0.5060.134 Safari/537.36" "nobbycosmic.com"
51.222.253.7 - - [22/Feb/2023:08:44:17 -0800] "GET /2023/?C=M;O=D HTTP/1.1" 200 368 "-" "Mozilla/5.0 (compatible; AhrefsBot/7.0; +http://ahrefs.com/robot/)" "nobbycosmic.com"
51.222.253.15 - - [22/Feb/2023:08:59:49 -0800] "GET /Homepage/?C=N;O=D HTTP/1.1" 200 468 "-" "Mozilla/5.0 (compatible; AhrefsBot/7.0; +http://ahrefs.com/robot/)" "nobbycosmic.com"
35.185.241.102 - - [22/Feb/2023:09:13:38 -0800] "GET / HTTP/1.1" 200 10547 "-" "Mozilla/5.0 (Windows NT 6.1; WOW64; Trident/7.0; rv:11.0) like Gecko" "nobbycosmic.com"
52.167.144.59 - - [22/Feb/2023:09:19:36 -0800] "GET /robots.txt HTTP/1.1" 200 75 "-" "Mozilla/5.0 AppleWebKit/537.36 (KHTML, like Gecko; compatible; bingbot/2.0; +http://www.bing.com/bingbot.htm) Chrome/103.0.5060.134 Safari/537.36" "nobbycosmic.com"
51.222.253.14 - - [22/Feb/2023:09:21:17 -0800] "GET /Homepage/Tickets/ChikaM/?C=D;O=A HTTP/1.1" 200 542 "-" "Mozilla/5.0 (compatible; AhrefsBot/7.0; +http://ahrefs.com/robot/)" "nobbycosmic.com"
51.222.253.13 - - [22/Feb/2023:09:24:58 -0800] "GET /Homepage/Tickets/ChikaM/?C=M;O=A HTTP/1.1" 200 544 "-" "Mozilla/5.0 (compatible; AhrefsBot/7.0; +http://ahrefs.com/robot/)" "nobbycosmic.com"
51.222.253.2 - - [22/Feb/2023:09:28:39 -0800] "GET /Homepage/Tickets/ChikaM/?C=N;O=D HTTP/1.1" 200 537 "-" "Mozilla/5.0 (compatible; AhrefsBot/7.0; +http://ahrefs.com/robot/)" "nobbycosmic.com"
51.222.253.8 - - [22/Feb/2023:09:32:25 -0800] "GET /Homepage/Tickets/ChikaM/?C=S;O=A HTTP/1.1" 200 546 "-" "Mozilla/5.0 (compatible; AhrefsBot/7.0; +http://ahrefs.com/robot/)" "nobbycosmic.com"
51.222.253.11 - - [22/Feb/2023:09:36:08 -0800] "GET /Homepage/Tickets/ChikaM/ChikaM.htm HTTP/1.1" 200 971 "-" "Mozilla/5.0 (compatible; AhrefsBot/7.0; +http://ahrefs.com/robot/)" "nobbycosmic.com"
51.222.253.13 - - [22/Feb/2023:09:36:10 -0800] "GET /Homepage/Tickets/ChikaM/ChikaM13.jpg HTTP/1.1" 200 95679 "-" "Mozilla/5.0 (compatible; AhrefsBot/7.0; +http://ahrefs.com/robot/)" "nobbycosmic.com"
51.222.253.2 - - [22/Feb/2023:09:36:11 -0800] "GET /Homepage/Tickets/ChikaM/ChikaM11.jpg HTTP/1.1" 200 77155 "-" "Mozilla/5.0 (compatible; AhrefsBot/7.0; +http://ahrefs.com/robot/)" "nobbycosmic.com"
51.222.253.7 - - [22/Feb/2023:09:36:12 -0800] "GET /Homepage/Tickets/ChikaM/ChikaM1.jpg HTTP/1.1" 200 63777 "-" "Mozilla/5.0 (compatible; AhrefsBot/7.0; +http://ahrefs.com/robot/)" "nobbycosmic.com"
66.249.68.73 - - [22/Feb/2023:09:36:12 -0800] "GET /favicon.ico HTTP/1.1" 404 88 "-" "Googlebot-Image/1.0" "nobbycosmic.com"
51.222.253.14 - - [22/Feb/2023:09:36:13 -0800] "GET /Homepage/Tickets/ChikaM/ChikaM12.jpg HTTP/1.1" 200 79396 "-" "Mozilla/5.0 (compatible; AhrefsBot/7.0; +http://ahrefs.com/robot/)" "nobbycosmic.com"
51.222.253.1 - - [22/Feb/2023:09:36:14 -0800] "GET /Homepage/Tickets/ChikaM/ChikaM4.jpg HTTP/1.1" 200 83963 "-" "Mozilla/5.0 (compatible; AhrefsBot/7.0; +http://ahrefs.com/robot/)" "nobbycosmic.com"
51.222.253.14 - - [22/Feb/2023:09:36:15 -0800] "GET /Homepage/Tickets/ChikaM/ChikaM5.jpg HTTP/1.1" 200 70451 "-" "Mozilla/5.0 (compatible; AhrefsBot/7.0; +http://ahrefs.com/robot/)" "nobbycosmic.com"
51.222.253.15 - - [22/Feb/2023:09:36:16 -0800] "GET /Homepage/Tickets/ChikaM/ChikaM3.jpg HTTP/1.1" 200 71707 "-" "Mozilla/5.0 (compatible; AhrefsBot/7.0; +http://ahrefs.com/robot/)" "nobbycosmic.com"
51.222.253.8 - - [22/Feb/2023:09:36:17 -0800] "GET /Homepage/Tickets/ChikaM/ChikaM9.jpg HTTP/1.1" 200 73684 "-" "Mozilla/5.0 (compatible; AhrefsBot/7.0; +http://ahrefs.com/robot/)" "nobbycosmic.com"
51.222.253.19 - - [22/Feb/2023:09:36:17 -0800] "GET /Homepage/Tickets/ChikaM/ChikaM8.jpg HTTP/1.1" 200 75615 "-" "Mozilla/5.0 (compatible; AhrefsBot/7.0; +http://ahrefs.com/robot/)" "nobbycosmic.com"
51.222.253.16 - - [22/Feb/2023:09:36:18 -0800] "GET /Homepage/Tickets/ChikaM/ChikaM7.jpg HTTP/1.1" 200 75945 "-" "Mozilla/5.0 (compatible; AhrefsBot/7.0; +http://ahrefs.com/robot/)" "nobbycosmic.com"
51.222.253.2 - - [22/Feb/2023:09:36:19 -0800] "GET /Homepage/Tickets/ChikaM/ChikaM6.jpg HTTP/1.1" 200 70792 "-" "Mozilla/5.0 (compatible; AhrefsBot/7.0; +http://ahrefs.com/robot/)" "nobbycosmic.com"
51.222.253.7 - - [22/Feb/2023:09:36:20 -0800] "GET /Homepage/Tickets/ChikaM/ChikaM2.jpg HTTP/1.1" 200 63135 "-" "Mozilla/5.0 (compatible; AhrefsBot/7.0; +http://ahrefs.com/robot/)" "nobbycosmic.com"
51.222.253.9 - - [22/Feb/2023:09:36:21 -0800] "GET /Homepage/Tickets/ChikaM/ChikaM10.jpg HTTP/1.1" 200 78353 "-" "Mozilla/5.0 (compatible; AhrefsBot/7.0; +http://ahrefs.com/robot/)" "nobbycosmic.com"
51.222.253.12 - - [22/Feb/2023:09:39:55 -0800] "GET /Homepage/Tickets/Futu/ HTTP/1.1" 200 327 "-" "Mozilla/5.0 (compatible; AhrefsBot/7.0; +http://ahrefs.com/robot/)" "nobbycosmic.com"
51.222.253.15 - - [22/Feb/2023:09:43:48 -0800] "GET /Homepage/Tickets/Green/ HTTP/1.1" 200 445 "-" "Mozilla/5.0 (compatible; AhrefsBot/7.0; +http://ahrefs.com/robot/)" "nobbycosmic.com"
51.222.253.11 - - [22/Feb/2023:09:45:49 -0800] "GET /Homepage/Tickets/Hokkaido/ HTTP/1.1" 200 701 "-" "Mozilla/5.0 (compatible; AhrefsBot/7.0; +http://ahrefs.com/robot/)" "nobbycosmic.com"
51.222.253.18 - - [22/Feb/2023:09:47:46 -0800] "GET /Homepage/Tickets/JRtoPR/ HTTP/1.1" 200 545 "-" "Mozilla/5.0 (compatible; AhrefsBot/7.0; +http://ahrefs.com/robot/)" "nobbycosmic.com"
51.222.253.2 - - [22/Feb/2023:09:49:51 -0800] "GET /Homepage/Tickets/Kansai/ HTTP/1.1" 200 796 "-" "Mozilla/5.0 (compatible; AhrefsBot/7.0; +http://ahrefs.com/robot/)" "nobbycosmic.com"
51.222.253.13 - - [22/Feb/2023:09:51:39 -0800] "GET /Homepage/Tickets/KansaiJR/ HTTP/1.1" 200 752 "-" "Mozilla/5.0 (compatible; AhrefsBot/7.0; +http://ahrefs.com/robot/)" "nobbycosmic.com"
51.222.253.8 - - [22/Feb/2023:09:53:25 -0800] "GET /Homepage/Tickets/Kanto/ HTTP/1.1" 200 639 "-" "Mozilla/5.0 (compatible; AhrefsBot/7.0; +http://ahrefs.com/robot/)" "nobbycosmic.com"
