207.46.13.180 - - [10/Feb/2023:22:48:43 -0800] "GET /NJCA/Document/NJCATaskList.doc HTTP/1.1" 200 25088 "-" "Mozilla/5.0 AppleWebKit/537.36 (KHTML, like Gecko; compatible; bingbot/2.0; +http://www.bing.com/bingbot.htm) Chrome/103.0.5060.134 Safari/537.36" "nobbycosmic.com"
51.222.253.9 - - [10/Feb/2023:23:11:42 -0800] "GET /2021/GetTogether/NobbyBirthday/?C=S;O=A HTTP/1.1" 200 468 "-" "Mozilla/5.0 (compatible; AhrefsBot/7.0; +http://ahrefs.com/robot/)" "nobbycosmic.com"
40.77.167.182 - - [10/Feb/2023:23:35:29 -0800] "GET /Post/JF20190905.pdf HTTP/1.1" 404 88 "-" "Mozilla/5.0 AppleWebKit/537.36 (KHTML, like Gecko; compatible; bingbot/2.0; +http://www.bing.com/bingbot.htm) Chrome/103.0.5060.134 Safari/537.36" "nobbycosmic.com"
51.222.253.20 - - [10/Feb/2023:23:41:29 -0800] "GET / HTTP/1.1" 200 3079 "-" "Mozilla/5.0 (compatible; AhrefsBot/7.0; +http://ahrefs.com/robot/)" "www.nobbycosmic.com"
51.222.253.3 - - [11/Feb/2023:00:10:01 -0800] "GET /2021/GetTogether/1121Marlene/?C=D;O=D HTTP/1.1" 200 468 "-" "Mozilla/5.0 (compatible; AhrefsBot/7.0; +http://ahrefs.com/robot/)" "nobbycosmic.com"
51.222.253.4 - - [11/Feb/2023:00:39:46 -0800] "GET /2021/GetTogether/1121Marlene/?C=M;O=D HTTP/1.1" 200 468 "-" "Mozilla/5.0 (compatible; AhrefsBot/7.0; +http://ahrefs.com/robot/)" "nobbycosmic.com"
220.181.108.80 - - [11/Feb/2023:00:41:06 -0800] "GET /NJCA/NY12/NJCANewYearLeafletE.pdf HTTP/1.1" 304 - "-" "Mozilla/5.0 (compatible; Baiduspider/2.0; +http://www.baidu.com/search/spider.html)" "nobbycosmic.com"
220.181.51.113 - - [11/Feb/2023:00:41:08 -0800] "GET /robots.txt HTTP/1.1" 200 75 "-" "Mozilla/5.0 (Windows NT 10.0; WOW64) AppleWebKit/537.36 (KHTML, like Gecko) Chrome/48.0.2564.116 Safari/537.36" "nobbycosmic.com"
116.179.33.141 - - [11/Feb/2023:00:41:22 -0800] "GET /robots.txt HTTP/1.1" 200 75 "-" "Mozilla/5.0 (Windows NT 10.0; WOW64) AppleWebKit/537.36 (KHTML, like Gecko) Chrome/48.0.2564.116 Safari/537.36" "nobbycosmic.com"
5.255.253.154 - - [11/Feb/2023:01:02:00 -0800] "GET /robots.txt HTTP/1.1" 200 61 "-" "Mozilla/5.0 (compatible; YandexBot/3.0; +http://yandex.com/bots)" "nobbycosmic.com"
5.255.253.154 - - [11/Feb/2023:01:02:01 -0800] "GET /Post/JSS202112101.pdf HTTP/1.1" 404 88 "-" "Mozilla/5.0 (compatible; YandexBot/3.0; +http://yandex.com/bots)" "nobbycosmic.com"
194.38.20.161 - - [11/Feb/2023:01:22:47 -0800] "GET /index.php?option=com_collector&view=filelist&tmpl=component&folder=&type=1 HTTP/1.1" 404 73 "-" "ALittle Client" "nobbycosmic.com"
114.119.146.29 - - [11/Feb/2023:02:00:47 -0800] "GET /NJCA/Document/NJCAKimonoRentalForm.xlsx HTTP/1.1" 200 35461 "https://nobbycosmic.com/NJCA/Document" "Mozilla/5.0 (Linux; Android 7.0;) AppleWebKit/537.36 (KHTML, like Gecko) Mobile Safari/537.36 (compatible; PetalBot;+https://webmaster.petalsearch.com/site/petalbot)" "nobbycosmic.com"
114.119.152.33 - - [11/Feb/2023:02:01:48 -0800] "GET /NJCA/AGM10/NJCAAGM10.doc HTTP/1.1" 200 1831424 "https://nobbycosmic.com/NJCA/AGM10/?C=M%3BO%3DA" "Mozilla/5.0 (Linux; Android 7.0;) AppleWebKit/537.36 (KHTML, like Gecko) Mobile Safari/537.36 (compatible; PetalBot;+https://webmaster.petalsearch.com/site/petalbot)" "nobbycosmic.com"
185.191.171.7 - - [11/Feb/2023:02:10:46 -0800] "GET /robots.txt HTTP/1.1" 200 75 "-" "Mozilla/5.0 (compatible; SemrushBot/7~bl; +http://www.semrush.com/bot.html)" "nobbycosmic.com"
185.191.171.42 - - [11/Feb/2023:02:10:46 -0800] "GET /NJCA/NY10/NYP10.htm HTTP/1.1" 200 1305 "-" "Mozilla/5.0 (compatible; SemrushBot/7~bl; +http://www.semrush.com/bot.html)" "nobbycosmic.com"
51.222.253.3 - - [11/Feb/2023:02:57:44 -0800] "GET / HTTP/1.1" 200 3079 "-" "Mozilla/5.0 (compatible; AhrefsBot/7.0; +http://ahrefs.com/robot/)" "nobbycosmic.com"
114.119.156.131 - - [11/Feb/2023:03:09:03 -0800] "GET /NJCA/BBQ11/?C=D%3BO%3DA HTTP/1.1" 200 1906 "https://nobbycosmic.com/NJCA/BBQ11?C=N%3BO%3DD" "Mozilla/5.0 (Linux; Android 7.0;) AppleWebKit/537.36 (KHTML, like Gecko) Mobile Safari/537.36 (compatible; PetalBot;+https://webmaster.petalsearch.com/site/petalbot)" "nobbycosmic.com"
24.212.195.78 - - [11/Feb/2023:03:31:13 -0800] "GET /BabyTalks/BTFLeaf.pdf HTTP/1.1" 200 187997 "https://www.google.com/" "Mozilla/5.0 (Linux; Android 10; CLT-L04) AppleWebKit/537.36 (KHTML, like Gecko) Chrome/110.0.0.0 Mobile Safari/537.36" "nobbycosmic.com"
114.119.153.246 - - [11/Feb/2023:03:55:22 -0800] "GET /NJCA/BBQ11/BBQVolunteers1.jpg HTTP/1.1" 200 48732 "https://nobbycosmic.com/NJCA/BBQ11/BBQPicture2011.htm" "Mozilla/5.0 (Linux; Android 7.0;) AppleWebKit/537.36 (KHTML, like Gecko) Mobile Safari/537.36 (compatible; PetalBot;+https://webmaster.petalsearch.com/site/petalbot)" "nobbycosmic.com"
5.255.253.154 - - [11/Feb/2023:03:55:45 -0800] "GET /robots.txt HTTP/1.1" 200 61 "-" "Mozilla/5.0 (compatible; YandexBot/3.0; +http://yandex.com/bots)" "nobbycosmic.com"
5.255.231.116 - - [11/Feb/2023:03:55:49 -0800] "GET /Post/JCCC202211111.pdf HTTP/1.1" 200 1183285 "-" "Mozilla/5.0 (compatible; YandexBot/3.0; +http://yandex.com/bots)" "nobbycosmic.com"
52.167.144.54 - - [11/Feb/2023:03:59:09 -0800] "GET /robots.txt HTTP/1.1" 200 75 "-" "Mozilla/5.0 AppleWebKit/537.36 (KHTML, like Gecko; compatible; bingbot/2.0; +http://www.bing.com/bingbot.htm) Chrome/103.0.5060.134 Safari/537.36" "nobbycosmic.com"
114.119.158.34 - - [11/Feb/2023:04:08:38 -0800] "GET /BabyTalks/FTFMember/Events/Picnic2005/Picnic2005Picture.htm HTTP/1.1" 401 90 "http://nobbycosmic.com/BabyTalks/BTList.htm" "Mozilla/5.0 (Linux; Android 7.0;) AppleWebKit/537.36 (KHTML, like Gecko) Mobile Safari/537.36 (compatible; PetalBot;+https://webmaster.petalsearch.com/site/petalbot)" "nobbycosmic.com"
51.222.253.3 - - [11/Feb/2023:04:10:26 -0800] "GET /2021/GetTogether/1121Marlene/?C=S;O=D HTTP/1.1" 200 471 "-" "Mozilla/5.0 (compatible; AhrefsBot/7.0; +http://ahrefs.com/robot/)" "nobbycosmic.com"
17.241.75.107 - - [11/Feb/2023:04:14:53 -0800] "GET /robots.txt HTTP/1.1" 200 75 "-" "Mozilla/5.0 (Macintosh; Intel Mac OS X 10_15_5) AppleWebKit/605.1.15 (KHTML, like Gecko) Version/13.1.1 Safari/605.1.15 (Applebot/0.1; +http://www.apple.com/go/applebot)" "nobbycosmic.com"
17.241.75.107 - - [11/Feb/2023:04:14:53 -0800] "GET /BabyTalks/BTList.htm HTTP/1.1" 200 10236 "-" "Mozilla/5.0 (Macintosh; Intel Mac OS X 10_15_5) AppleWebKit/605.1.15 (KHTML, like Gecko) Version/13.1.1 Safari/605.1.15 (Applebot/0.1; +http://www.apple.com/go/applebot)" "nobbycosmic.com"
35.245.82.188 - - [11/Feb/2023:04:22:44 -0800] "GET /BabyTalks/BTList.htm HTTP/1.1" 200 28320 "-" "Mozilla/5.0 (Windows NT 6.1; WOW64; Trident/7.0; rv:11.0) like Gecko" "nobbycosmic.com"
207.46.13.57 - - [11/Feb/2023:04:27:04 -0800] "GET /Post/JSS202107071.pdf HTTP/1.1" 404 88 "-" "Mozilla/5.0 AppleWebKit/537.36 (KHTML, like Gecko; compatible; bingbot/2.0; +http://www.bing.com/bingbot.htm) Chrome/103.0.5060.134 Safari/537.36" "www.nobbycosmic.com"
52.167.144.55 - - [11/Feb/2023:04:27:36 -0800] "GET /robots.txt HTTP/1.1" 200 75 "-" "Mozilla/5.0 AppleWebKit/537.36 (KHTML, like Gecko; compatible; bingbot/2.0; +http://www.bing.com/bingbot.htm) Chrome/103.0.5060.134 Safari/537.36" "nobbycosmic.com"
40.77.167.182 - - [11/Feb/2023:04:27:49 -0800] "GET /NJCA/NY11/NYMap2011J.pdf HTTP/1.1" 200 126874 "-" "Mozilla/5.0 AppleWebKit/537.36 (KHTML, like Gecko; compatible; bingbot/2.0; +http://www.bing.com/bingbot.htm) Chrome/103.0.5060.134 Safari/537.36" "nobbycosmic.com"
114.119.138.188 - - [11/Feb/2023:04:38:00 -0800] "GET /NJCA/JCCC/JCCCNJCABooking.pdf HTTP/1.1" 200 76441 "https://nobbycosmic.com/NJCA/JCCC?C=M%3BO%3DA" "Mozilla/5.0 (Linux; Android 7.0;) AppleWebKit/537.36 (KHTML, like Gecko) Mobile Safari/537.36 (compatible; PetalBot;+https://webmaster.petalsearch.com/site/petalbot)" "nobbycosmic.com"
51.222.253.12 - - [11/Feb/2023:04:41:41 -0800] "GET /2021/GetTogether/NobbyBirthday/?C=D;O=D HTTP/1.1" 200 466 "-" "Mozilla/5.0 (compatible; AhrefsBot/7.0; +http://ahrefs.com/robot/)" "nobbycosmic.com"
194.169.160.62 - - [11/Feb/2023:04:49:07 -0800] "GET / HTTP/1.1" 200 3079 "https://t.me/s/redditv" "Mozilla/5.0 (Windows NT 10.0; Win64; x64) AppleWebKit/537.36 (KHTML, like Gecko) Chrome/109.0.0.0 Safari/537.36" "nobbycosmic.com"
114.119.146.29 - - [11/Feb/2023:04:58:07 -0800] "GET /robots.txt HTTP/1.1" 200 75 "-" "Mozilla/5.0 (compatible;PetalBot;+https://webmaster.petalsearch.com/site/petalbot)" "nobbycosmic.com"
51.222.253.18 - - [11/Feb/2023:04:58:13 -0800] "GET /2021/GetTogether/NobbyBirthday/?C=M;O=D HTTP/1.1" 200 467 "-" "Mozilla/5.0 (compatible; AhrefsBot/7.0; +http://ahrefs.com/robot/)" "nobbycosmic.com"
40.77.167.253 - - [11/Feb/2023:05:03:15 -0800] "GET /Post/JF20201001.pdf HTTP/1.1" 404 88 "-" "Mozilla/5.0 AppleWebKit/537.36 (KHTML, like Gecko; compatible; bingbot/2.0; +http://www.bing.com/bingbot.htm) Chrome/103.0.5060.134 Safari/537.36" "nobbycosmic.com"
101.68.211.2 - - [11/Feb/2023:05:04:04 -0800] "GET / HTTP/1.1" 200 10547 "-" "Mozilla/5.0 (Macintosh; Intel Mac OS X 10.11; rv:47.0) Gecko/20100101 Firefox/47.0" "nobbycosmic.com"
101.68.211.2 - - [11/Feb/2023:05:07:12 -0800] "GET / HTTP/1.1" 200 10547 "-" "Mozilla/5.0 (Macintosh; Intel Mac OS X 10.11; rv:47.0) Gecko/20100101 Firefox/47.0" "nobbycosmic.com"
114.119.156.131 - - [11/Feb/2023:05:16:15 -0800] "GET /NJCA/Volunteer?D=A HTTP/1.1" 200 427 "https://nobbycosmic.com/NJCA/Volunteer?D=D" "Mozilla/5.0 (Linux; Android 7.0;) AppleWebKit/537.36 (KHTML, like Gecko) Mobile Safari/537.36 (compatible; PetalBot;+https://webmaster.petalsearch.com/site/petalbot)" "nobbycosmic.com"
51.222.253.10 - - [11/Feb/2023:05:30:25 -0800] "GET /2021/GetTogether/NobbyBirthday/?C=N;O=A HTTP/1.1" 200 470 "-" "Mozilla/5.0 (compatible; AhrefsBot/7.0; +http://ahrefs.com/robot/)" "nobbycosmic.com"
51.222.253.2 - - [11/Feb/2023:05:45:24 -0800] "GET /2021/GetTogether/NobbyBirthday/?C=S;O=D HTTP/1.1" 200 468 "-" "Mozilla/5.0 (compatible; AhrefsBot/7.0; +http://ahrefs.com/robot/)" "nobbycosmic.com"
52.167.144.86 - - [11/Feb/2023:05:49:24 -0800] "GET /Temp/JF20130205.pdf HTTP/1.1" 404 88 "-" "Mozilla/5.0 AppleWebKit/537.36 (KHTML, like Gecko; compatible; bingbot/2.0; +http://www.bing.com/bingbot.htm) Chrome/103.0.5060.134 Safari/537.36" "nobbycosmic.com"
51.222.253.10 - - [11/Feb/2023:06:00:08 -0800] "GET /BabyTalks/FTFTest.htm HTTP/1.1" 200 1342 "-" "Mozilla/5.0 (compatible; AhrefsBot/7.0; +http://ahrefs.com/robot/)" "nobbycosmic.com"
54.36.148.98 - - [11/Feb/2023:06:16:10 -0800] "GET /robots.txt HTTP/1.1" 200 75 "-" "Mozilla/5.0 (compatible; AhrefsBot/7.0; +http://ahrefs.com/robot/)" "nobbycosmic.com"
51.222.253.16 - - [11/Feb/2023:06:16:12 -0800] "GET /BabyTalks/PictureReduce.htm HTTP/1.1" 200 1514 "-" "Mozilla/5.0 (compatible; AhrefsBot/7.0; +http://ahrefs.com/robot/)" "nobbycosmic.com"
51.222.253.20 - - [11/Feb/2023:06:30:32 -0800] "GET /BabyTalks/Pictures/ HTTP/1.1" 200 589 "-" "Mozilla/5.0 (compatible; AhrefsBot/7.0; +http://ahrefs.com/robot/)" "nobbycosmic.com"
182.16.184.203 - - [11/Feb/2023:06:58:20 -0800] "GET / HTTP/1.1" 200 3079 "-" "Mozilla/5.0 (Windows NT 10.0; Win64; x64) AppleWebKit/537.36 (KHTML, like Gecko) Chrome/85.0.4183.121 Safari/537.36" "nobbycosmic.com"
51.222.253.20 - - [11/Feb/2023:06:58:39 -0800] "GET /BabyTalks/SPF/ HTTP/1.1" 200 503 "-" "Mozilla/5.0 (compatible; AhrefsBot/7.0; +http://ahrefs.com/robot/)" "nobbycosmic.com"
182.16.184.203 - - [11/Feb/2023:06:59:16 -0800] "GET /contact_us HTTP/1.1" 200 6327 "-" "Mozilla/5.0 (Windows NT 10.0; Win64; x64) AppleWebKit/537.36 (KHTML, like Gecko) Chrome/85.0.4183.121 Safari/537.36" "nobbycosmic.com"
207.46.13.180 - - [11/Feb/2023:07:03:49 -0800] "GET /Post/JF202203311.pdf HTTP/1.1" 304 - "-" "Mozilla/5.0 AppleWebKit/537.36 (KHTML, like Gecko; compatible; bingbot/2.0; +http://www.bing.com/bingbot.htm) Chrome/103.0.5060.134 Safari/537.36" "nobbycosmic.com"
52.213.85.1 - - [11/Feb/2023:07:04:26 -0800] "GET /robots.txt HTTP/1.1" 200 75 "-" "webprosbot/2.0 (+mailto:abuse-6337@webpros.com)" "nobbycosmic.com"
52.213.85.1 - - [11/Feb/2023:07:04:27 -0800] "GET / HTTP/1.1" 200 3079 "-" "webprosbot/2.0 (+mailto:abuse-6337@webpros.com)" "nobbycosmic.com"
51.222.253.8 - - [11/Feb/2023:07:22:20 -0800] "GET /Card/?C=D;O=A HTTP/1.1" 200 594 "-" "Mozilla/5.0 (compatible; AhrefsBot/7.0; +http://ahrefs.com/robot/)" "nobbycosmic.com"
51.222.253.2 - - [11/Feb/2023:07:43:05 -0800] "GET /BabyTalks/SPF/?C=D;O=A HTTP/1.1" 200 503 "-" "Mozilla/5.0 (compatible; AhrefsBot/7.0; +http://ahrefs.com/robot/)" "nobbycosmic.com"
52.167.144.86 - - [11/Feb/2023:07:43:25 -0800] "GET /Utagoe/2013Summer/2013Utagoe081.jpg HTTP/1.1" 200 53239 "-" "Mozilla/5.0 AppleWebKit/537.36 (KHTML, like Gecko; compatible; bingbot/2.0; +http://www.bing.com/bingbot.htm) Chrome/103.0.5060.134 Safari/537.36" "www.nobbycosmic.com"
207.46.13.57 - - [11/Feb/2023:07:52:22 -0800] "GET /Post/Ikeda20200807.pdf HTTP/1.1" 404 88 "-" "Mozilla/5.0 AppleWebKit/537.36 (KHTML, like Gecko; compatible; bingbot/2.0; +http://www.bing.com/bingbot.htm) Chrome/103.0.5060.134 Safari/537.36" "www.nobbycosmic.com"
51.222.253.5 - - [11/Feb/2023:08:05:29 -0800] "GET /BabyTalks/SPF/?C=M;O=A HTTP/1.1" 200 500 "-" "Mozilla/5.0 (compatible; AhrefsBot/7.0; +http://ahrefs.com/robot/)" "nobbycosmic.com"
51.222.253.5 - - [11/Feb/2023:08:28:08 -0800] "GET /BabyTalks/SPF/?C=N;O=D HTTP/1.1" 200 500 "-" "Mozilla/5.0 (compatible; AhrefsBot/7.0; +http://ahrefs.com/robot/)" "nobbycosmic.com"
52.167.144.86 - - [11/Feb/2023:08:32:21 -0800] "GET /Utagoe/Ueno2009/Tomoshibi200910.jpg HTTP/1.1" 200 71655 "-" "Mozilla/5.0 AppleWebKit/537.36 (KHTML, like Gecko; compatible; bingbot/2.0; +http://www.bing.com/bingbot.htm) Chrome/103.0.5060.134 Safari/537.36" "nobbycosmic.com"
51.222.253.9 - - [11/Feb/2023:08:39:59 -0800] "GET /BabyTalks/SPF/?C=S;O=A HTTP/1.1" 200 504 "-" "Mozilla/5.0 (compatible; AhrefsBot/7.0; +http://ahrefs.com/robot/)" "nobbycosmic.com"
51.222.253.12 - - [11/Feb/2023:08:51:57 -0800] "GET /BabyTalks/SPF/SPFBasic.htm HTTP/1.1" 200 1100 "-" "Mozilla/5.0 (compatible; AhrefsBot/7.0; +http://ahrefs.com/robot/)" "nobbycosmic.com"
207.46.13.25 - - [11/Feb/2023:08:54:18 -0800] "GET /Post/JF202012102.pdf HTTP/1.1" 404 88 "-" "Mozilla/5.0 AppleWebKit/537.36 (KHTML, like Gecko; compatible; bingbot/2.0; +http://www.bing.com/bingbot.htm) Chrome/103.0.5060.134 Safari/537.36" "www.nobbycosmic.com"
51.222.253.13 - - [11/Feb/2023:08:57:46 -0800] "GET /BabyTalks/SPF/SPFBasic0.htm HTTP/1.1" 200 1199 "-" "Mozilla/5.0 (compatible; AhrefsBot/7.0; +http://ahrefs.com/robot/)" "nobbycosmic.com"
51.222.253.15 - - [11/Feb/2023:09:03:41 -0800] "GET /BabyTalks/SPF/SPFBasic00.htm HTTP/1.1" 200 1631 "-" "Mozilla/5.0 (compatible; AhrefsBot/7.0; +http://ahrefs.com/robot/)" "nobbycosmic.com"
51.222.253.17 - - [11/Feb/2023:09:09:34 -0800] "GET /BabyTalks/SPF/SPFBasic1.htm HTTP/1.1" 200 3014 "-" "Mozilla/5.0 (compatible; AhrefsBot/7.0; +http://ahrefs.com/robot/)" "nobbycosmic.com"
51.222.253.4 - - [11/Feb/2023:09:15:25 -0800] "GET /BabyTalks/SPF/SPFBasic2.htm HTTP/1.1" 200 2902 "-" "Mozilla/5.0 (compatible; AhrefsBot/7.0; +http://ahrefs.com/robot/)" "nobbycosmic.com"
51.222.253.9 - - [11/Feb/2023:09:21:24 -0800] "GET /BabyTalks/SPF/SPFBasic3.htm HTTP/1.1" 200 3125 "-" "Mozilla/5.0 (compatible; AhrefsBot/7.0; +http://ahrefs.com/robot/)" "nobbycosmic.com"
51.222.253.17 - - [11/Feb/2023:09:27:13 -0800] "GET /BabyTalks/SPF/SPFBasic4.htm HTTP/1.1" 200 1697 "-" "Mozilla/5.0 (compatible; AhrefsBot/7.0; +http://ahrefs.com/robot/)" "nobbycosmic.com"
51.222.253.7 - - [11/Feb/2023:09:32:36 -0800] "GET /BabyTalks/SPF/?C=N;O=A HTTP/1.1" 200 503 "-" "Mozilla/5.0 (compatible; AhrefsBot/7.0; +http://ahrefs.com/robot/)" "nobbycosmic.com"
51.222.253.8 - - [11/Feb/2023:09:37:52 -0800] "GET /BabyTalks/SPF/SPFBasic5.htm HTTP/1.1" 200 1863 "-" "Mozilla/5.0 (compatible; AhrefsBot/7.0; +http://ahrefs.com/robot/)" "nobbycosmic.com"
51.222.253.4 - - [11/Feb/2023:09:49:16 -0800] "GET /BabyTalks/SPF/SPFBasic6.htm HTTP/1.1" 200 2595 "-" "Mozilla/5.0 (compatible; AhrefsBot/7.0; +http://ahrefs.com/robot/)" "nobbycosmic.com"
40.77.167.182 - - [11/Feb/2023:09:52:48 -0800] "GET /Utagoe/?C=D;O=A HTTP/1.1" 200 3340 "-" "Mozilla/5.0 AppleWebKit/537.36 (KHTML, like Gecko; compatible; bingbot/2.0; +http://www.bing.com/bingbot.htm) Chrome/103.0.5060.134 Safari/537.36" "www.nobbycosmic.com"
51.222.253.20 - - [11/Feb/2023:10:00:45 -0800] "GET /BabyTalks/SPF/SPFBasic7.htm HTTP/1.1" 200 3226 "-" "Mozilla/5.0 (compatible; AhrefsBot/7.0; +http://ahrefs.com/robot/)" "nobbycosmic.com"
51.222.253.1 - - [11/Feb/2023:10:12:26 -0800] "GET /BabyTalks/SPF/SPFInfo1.htm HTTP/1.1" 200 1605 "-" "Mozilla/5.0 (compatible; AhrefsBot/7.0; +http://ahrefs.com/robot/)" "nobbycosmic.com"
51.222.253.15 - - [11/Feb/2023:10:21:41 -0800] "GET /BabyTalks/SPF/?C=D;O=D HTTP/1.1" 200 500 "-" "Mozilla/5.0 (compatible; AhrefsBot/7.0; +http://ahrefs.com/robot/)" "nobbycosmic.com"
51.222.253.12 - - [11/Feb/2023:10:26:29 -0800] "GET /BabyTalks/SPF/?C=M;O=D HTTP/1.1" 200 499 "-" "Mozilla/5.0 (compatible; AhrefsBot/7.0; +http://ahrefs.com/robot/)" "nobbycosmic.com"
51.222.253.4 - - [11/Feb/2023:10:35:30 -0800] "GET /BabyTalks/SPF/?C=S;O=D HTTP/1.1" 200 502 "-" "Mozilla/5.0 (compatible; AhrefsBot/7.0; +http://ahrefs.com/robot/)" "nobbycosmic.com"
51.222.253.17 - - [11/Feb/2023:10:45:44 -0800] "GET /BabyTalks/Pictures/?C=D;O=A HTTP/1.1" 200 589 "-" "Mozilla/5.0 (compatible; AhrefsBot/7.0; +http://ahrefs.com/robot/)" "nobbycosmic.com"
51.222.253.5 - - [11/Feb/2023:10:56:01 -0800] "GET /BabyTalks/Pictures/?C=M;O=A HTTP/1.1" 200 588 "-" "Mozilla/5.0 (compatible; AhrefsBot/7.0; +http://ahrefs.com/robot/)" "nobbycosmic.com"
51.222.253.18 - - [11/Feb/2023:11:06:18 -0800] "GET /BabyTalks/Pictures/?C=N;O=D HTTP/1.1" 200 588 "-" "Mozilla/5.0 (compatible; AhrefsBot/7.0; +http://ahrefs.com/robot/)" "nobbycosmic.com"
51.222.253.13 - - [11/Feb/2023:11:16:29 -0800] "GET /BabyTalks/Pictures/?C=S;O=A HTTP/1.1" 200 590 "-" "Mozilla/5.0 (compatible; AhrefsBot/7.0; +http://ahrefs.com/robot/)" "nobbycosmic.com"
51.222.253.2 - - [11/Feb/2023:11:21:23 -0800] "GET /Card/?C=M;O=A HTTP/1.1" 200 596 "-" "Mozilla/5.0 (compatible; AhrefsBot/7.0; +http://ahrefs.com/robot/)" "nobbycosmic.com"
52.167.144.86 - - [11/Feb/2023:11:25:39 -0800] "GET /Post/JF20190321.pdf HTTP/1.1" 404 88 "-" "Mozilla/5.0 AppleWebKit/537.36 (KHTML, like Gecko; compatible; bingbot/2.0; +http://www.bing.com/bingbot.htm) Chrome/103.0.5060.134 Safari/537.36" "www.nobbycosmic.com"
51.222.253.17 - - [11/Feb/2023:11:26:02 -0800] "GET /Card/?C=N;O=D HTTP/1.1" 200 605 "-" "Mozilla/5.0 (compatible; AhrefsBot/7.0; +http://ahrefs.com/robot/)" "nobbycosmic.com"
51.222.253.3 - - [11/Feb/2023:11:35:29 -0800] "GET /Card/Card00/ HTTP/1.1" 200 434 "-" "Mozilla/5.0 (compatible; AhrefsBot/7.0; +http://ahrefs.com/robot/)" "nobbycosmic.com"
51.222.253.13 - - [11/Feb/2023:11:39:34 -0800] "GET /BabyTalks/Pictures/?C=N;O=A HTTP/1.1" 200 589 "-" "Mozilla/5.0 (compatible; AhrefsBot/7.0; +http://ahrefs.com/robot/)" "nobbycosmic.com"
51.222.253.6 - - [11/Feb/2023:11:43:42 -0800] "GET /BabyTalks/Pictures/?C=D;O=D HTTP/1.1" 200 588 "-" "Mozilla/5.0 (compatible; AhrefsBot/7.0; +http://ahrefs.com/robot/)" "nobbycosmic.com"
51.222.253.17 - - [11/Feb/2023:11:48:01 -0800] "GET /BabyTalks/Pictures/?C=M;O=D HTTP/1.1" 200 587 "-" "Mozilla/5.0 (compatible; AhrefsBot/7.0; +http://ahrefs.com/robot/)" "nobbycosmic.com"
51.222.253.7 - - [11/Feb/2023:11:57:12 -0800] "GET /Card/Card01/ HTTP/1.1" 200 449 "-" "Mozilla/5.0 (compatible; AhrefsBot/7.0; +http://ahrefs.com/robot/)" "nobbycosmic.com"
51.222.253.13 - - [11/Feb/2023:12:06:35 -0800] "GET /Card/Card02/ HTTP/1.1" 200 460 "-" "Mozilla/5.0 (compatible; AhrefsBot/7.0; +http://ahrefs.com/robot/)" "nobbycosmic.com"
51.222.253.5 - - [11/Feb/2023:12:16:43 -0800] "GET /Card/Card03/ HTTP/1.1" 200 446 "-" "Mozilla/5.0 (compatible; AhrefsBot/7.0; +http://ahrefs.com/robot/)" "nobbycosmic.com"
51.222.253.16 - - [11/Feb/2023:12:28:06 -0800] "GET /Card/Card04/ HTTP/1.1" 200 450 "-" "Mozilla/5.0 (compatible; AhrefsBot/7.0; +http://ahrefs.com/robot/)" "nobbycosmic.com"
51.222.253.20 - - [11/Feb/2023:12:37:54 -0800] "GET /Card/Card05/ HTTP/1.1" 200 453 "-" "Mozilla/5.0 (compatible; AhrefsBot/7.0; +http://ahrefs.com/robot/)" "nobbycosmic.com"
51.222.253.12 - - [11/Feb/2023:12:48:25 -0800] "GET /Card/Card06/ HTTP/1.1" 200 452 "-" "Mozilla/5.0 (compatible; AhrefsBot/7.0; +http://ahrefs.com/robot/)" "nobbycosmic.com"
95.163.255.111 - - [11/Feb/2023:12:57:20 -0800] "GET /robots.txt HTTP/1.1" 200 61 "-" "Mozilla/5.0 (compatible; Linux x86_64; Mail.RU_Bot/Robots/2.0; +https://help.mail.ru/webmaster/indexing/robots)" "www.nobbycosmic.com"
95.163.255.121 - - [11/Feb/2023:12:57:24 -0800] "GET / HTTP/1.1" 200 3079 "-" "Mozilla/5.0 (compatible; Linux x86_64; Mail.RU_Bot/Robots/2.0; +https://help.mail.ru/webmaster/indexing/robots)" "www.nobbycosmic.com"
51.222.253.16 - - [11/Feb/2023:12:57:59 -0800] "GET /Card/Card07/ HTTP/1.1" 200 443 "-" "Mozilla/5.0 (compatible; AhrefsBot/7.0; +http://ahrefs.com/robot/)" "nobbycosmic.com"
51.222.253.7 - - [11/Feb/2023:13:07:14 -0800] "GET /Card/Card08/ HTTP/1.1" 200 455 "-" "Mozilla/5.0 (compatible; AhrefsBot/7.0; +http://ahrefs.com/robot/)" "nobbycosmic.com"
51.222.253.16 - - [11/Feb/2023:13:15:48 -0800] "GET /Card/Card09/ HTTP/1.1" 200 447 "-" "Mozilla/5.0 (compatible; AhrefsBot/7.0; +http://ahrefs.com/robot/)" "nobbycosmic.com"
51.222.253.17 - - [11/Feb/2023:13:20:22 -0800] "GET /Card/Card10/ HTTP/1.1" 200 472 "-" "Mozilla/5.0 (compatible; AhrefsBot/7.0; +http://ahrefs.com/robot/)" "nobbycosmic.com"
51.222.253.18 - - [11/Feb/2023:13:22:36 -0800] "GET /Card/Card11/ HTTP/1.1" 200 453 "-" "Mozilla/5.0 (compatible; AhrefsBot/7.0; +http://ahrefs.com/robot/)" "nobbycosmic.com"
51.222.253.15 - - [11/Feb/2023:13:25:00 -0800] "GET /Card/Card12/ HTTP/1.1" 200 498 "-" "Mozilla/5.0 (compatible; AhrefsBot/7.0; +http://ahrefs.com/robot/)" "nobbycosmic.com"
51.222.253.19 - - [11/Feb/2023:13:27:33 -0800] "GET /Card/Card13/ HTTP/1.1" 200 537 "-" "Mozilla/5.0 (compatible; AhrefsBot/7.0; +http://ahrefs.com/robot/)" "nobbycosmic.com"
51.222.253.14 - - [11/Feb/2023:13:29:50 -0800] "GET /Card/Card14/ HTTP/1.1" 200 523 "-" "Mozilla/5.0 (compatible; AhrefsBot/7.0; +http://ahrefs.com/robot/)" "nobbycosmic.com"
51.222.253.10 - - [11/Feb/2023:13:31:45 -0800] "GET /Card/Card15/ HTTP/1.1" 200 516 "-" "Mozilla/5.0 (compatible; AhrefsBot/7.0; +http://ahrefs.com/robot/)" "nobbycosmic.com"
51.222.253.13 - - [11/Feb/2023:13:33:58 -0800] "GET /Card/Card16/ HTTP/1.1" 200 492 "-" "Mozilla/5.0 (compatible; AhrefsBot/7.0; +http://ahrefs.com/robot/)" "nobbycosmic.com"
51.222.253.12 - - [11/Feb/2023:13:36:20 -0800] "GET /Card/Card17/ HTTP/1.1" 200 490 "-" "Mozilla/5.0 (compatible; AhrefsBot/7.0; +http://ahrefs.com/robot/)" "nobbycosmic.com"
54.187.113.65 - - [11/Feb/2023:13:37:13 -0800] "GET / HTTP/1.1" 200 3079 "-" "Mozilla/5.0 (X11; Linux x86_64) AppleWebKit/537.36 (KHTML, like Gecko) Chrome/83.0.4103.97 Safari/537.36" "nobbycosmic.com"
18.236.102.70 - - [11/Feb/2023:13:37:35 -0800] "GET /favicon.ico HTTP/1.1" 404 88 "http://nobbycosmic.com/favicon.ico" "Mozilla/5.0 (X11; Linux x86_64) AppleWebKit/537.36 (KHTML, like Gecko) Chrome/83.0.4103.97 Safari/537.36" "nobbycosmic.com"
18.236.102.70 - - [11/Feb/2023:13:37:40 -0800] "GET / HTTP/1.1" 200 3079 "http://nobbycosmic.com" "Mozilla/5.0 (X11; Linux x86_64) AppleWebKit/537.36 (KHTML, like Gecko) Chrome/83.0.4103.97 Safari/537.36" "nobbycosmic.com"
51.222.253.17 - - [11/Feb/2023:13:38:43 -0800] "GET /Card/Card18/ HTTP/1.1" 200 546 "-" "Mozilla/5.0 (compatible; AhrefsBot/7.0; +http://ahrefs.com/robot/)" "nobbycosmic.com"
35.88.197.238 - - [11/Feb/2023:13:40:20 -0800] "GET / HTTP/1.1" 200 3079 "-" "Mozilla/5.0 (X11; Linux x86_64) AppleWebKit/537.36 (KHTML, like Gecko) Chrome/83.0.4103.97 Safari/537.36" "nobbycosmic.com"
51.222.253.7 - - [11/Feb/2023:13:41:02 -0800] "GET /Card/Card19/ HTTP/1.1" 200 531 "-" "Mozilla/5.0 (compatible; AhrefsBot/7.0; +http://ahrefs.com/robot/)" "nobbycosmic.com"
51.222.253.5 - - [11/Feb/2023:13:43:28 -0800] "GET /Card/Card2020/ HTTP/1.1" 200 502 "-" "Mozilla/5.0 (compatible; AhrefsBot/7.0; +http://ahrefs.com/robot/)" "nobbycosmic.com"
51.222.253.13 - - [11/Feb/2023:13:46:07 -0800] "GET /Card/Card21/ HTTP/1.1" 200 496 "-" "Mozilla/5.0 (compatible; AhrefsBot/7.0; +http://ahrefs.com/robot/)" "nobbycosmic.com"
34.220.88.213 - - [11/Feb/2023:13:46:31 -0800] "GET / HTTP/1.1" 200 3079 "-" "Mozilla/5.0 (X11; Linux x86_64) AppleWebKit/537.36 (KHTML, like Gecko) Chrome/83.0.4103.97 Safari/537.36" "nobbycosmic.com"
34.220.73.106 - - [11/Feb/2023:13:47:51 -0800] "GET /favicon.ico HTTP/1.1" 404 88 "-" "Mozilla/5.0 (X11; Linux x86_64) AppleWebKit/537.36 (KHTML, like Gecko) Chrome/83.0.4103.97 Safari/537.36" "nobbycosmic.com"
34.220.73.106 - - [11/Feb/2023:13:47:54 -0800] "GET / HTTP/1.1" 200 3079 "-" "Mozilla/5.0 (X11; Linux x86_64) AppleWebKit/537.36 (KHTML, like Gecko) Chrome/83.0.4103.97 Safari/537.36" "nobbycosmic.com"
51.222.253.9 - - [11/Feb/2023:13:48:38 -0800] "GET /Card/Card22/ HTTP/1.1" 200 447 "-" "Mozilla/5.0 (compatible; AhrefsBot/7.0; +http://ahrefs.com/robot/)" "nobbycosmic.com"
51.222.253.3 - - [11/Feb/2023:13:50:56 -0800] "GET /Card/Card98/ HTTP/1.1" 200 440 "-" "Mozilla/5.0 (compatible; AhrefsBot/7.0; +http://ahrefs.com/robot/)" "nobbycosmic.com"
51.222.253.17 - - [11/Feb/2023:13:53:24 -0800] "GET /Card/?C=S;O=A HTTP/1.1" 200 595 "-" "Mozilla/5.0 (compatible; AhrefsBot/7.0; +http://ahrefs.com/robot/)" "nobbycosmic.com"
51.222.253.5 - - [11/Feb/2023:13:55:30 -0800] "GET /Card/Card00/?C=D;O=A HTTP/1.1" 200 434 "-" "Mozilla/5.0 (compatible; AhrefsBot/7.0; +http://ahrefs.com/robot/)" "nobbycosmic.com"
51.222.253.18 - - [11/Feb/2023:13:57:22 -0800] "GET /Card/Card00/?C=M;O=A HTTP/1.1" 200 435 "-" "Mozilla/5.0 (compatible; AhrefsBot/7.0; +http://ahrefs.com/robot/)" "nobbycosmic.com"
51.222.253.1 - - [11/Feb/2023:13:59:35 -0800] "GET /Card/Card00/?C=N;O=D HTTP/1.1" 200 433 "-" "Mozilla/5.0 (compatible; AhrefsBot/7.0; +http://ahrefs.com/robot/)" "nobbycosmic.com"
51.222.253.6 - - [11/Feb/2023:14:01:42 -0800] "GET /Card/Card00/?C=S;O=A HTTP/1.1" 200 434 "-" "Mozilla/5.0 (compatible; AhrefsBot/7.0; +http://ahrefs.com/robot/)" "nobbycosmic.com"
51.222.253.13 - - [11/Feb/2023:14:03:34 -0800] "GET /Card/Card00/Card00.htm HTTP/1.1" 200 809 "-" "Mozilla/5.0 (compatible; AhrefsBot/7.0; +http://ahrefs.com/robot/)" "nobbycosmic.com"
51.222.253.14 - - [11/Feb/2023:14:03:37 -0800] "GET /Card/Card00/JCCC0.jpg HTTP/1.1" 200 29466 "-" "Mozilla/5.0 (compatible; AhrefsBot/7.0; +http://ahrefs.com/robot/)" "nobbycosmic.com"
51.222.253.20 - - [11/Feb/2023:14:03:38 -0800] "GET /Card/Card00/Card00.jpg HTTP/1.1" 200 22054 "-" "Mozilla/5.0 (compatible; AhrefsBot/7.0; +http://ahrefs.com/robot/)" "nobbycosmic.com"
51.222.253.3 - - [11/Feb/2023:14:03:40 -0800] "GET /Card/Card00/Cherry0.jpg HTTP/1.1" 200 28274 "-" "Mozilla/5.0 (compatible; AhrefsBot/7.0; +http://ahrefs.com/robot/)" "nobbycosmic.com"
114.119.152.233 - - [11/Feb/2023:14:04:07 -0800] "GET /NJCA/BBQ99/?C=D%3BO%3DA HTTP/1.1" 200 644 "https://nobbycosmic.com/NJCA/BBQ99" "Mozilla/5.0 (Linux; Android 7.0;) AppleWebKit/537.36 (KHTML, like Gecko) Mobile Safari/537.36 (compatible; PetalBot;+https://webmaster.petalsearch.com/site/petalbot)" "nobbycosmic.com"
51.222.253.4 - - [11/Feb/2023:14:05:38 -0800] "GET /Card/Card01/?C=M;O=A HTTP/1.1" 200 451 "-" "Mozilla/5.0 (compatible; AhrefsBot/7.0; +http://ahrefs.com/robot/)" "nobbycosmic.com"
51.222.253.11 - - [11/Feb/2023:14:07:36 -0800] "GET /Card/Card01/Card01.htm HTTP/1.1" 200 787 "-" "Mozilla/5.0 (compatible; AhrefsBot/7.0; +http://ahrefs.com/robot/)" "nobbycosmic.com"
51.222.253.15 - - [11/Feb/2023:14:07:48 -0800] "GET /Card/Card01/NBColour21.jpg HTTP/1.1" 200 25064 "-" "Mozilla/5.0 (compatible; AhrefsBot/7.0; +http://ahrefs.com/robot/)" "nobbycosmic.com"
51.222.253.2 - - [11/Feb/2023:14:07:49 -0800] "GET /Card/Card01/Card01Web.jpg HTTP/1.1" 200 30626 "-" "Mozilla/5.0 (compatible; AhrefsBot/7.0; +http://ahrefs.com/robot/)" "nobbycosmic.com"
51.222.253.15 - - [11/Feb/2023:14:07:50 -0800] "GET /Card/Card01/QBRestaurant1.jpg HTTP/1.1" 200 21001 "-" "Mozilla/5.0 (compatible; AhrefsBot/7.0; +http://ahrefs.com/robot/)" "nobbycosmic.com"
51.222.253.8 - - [11/Feb/2023:14:09:26 -0800] "GET /Card/Card03/?C=D;O=A HTTP/1.1" 200 446 "-" "Mozilla/5.0 (compatible; AhrefsBot/7.0; +http://ahrefs.com/robot/)" "nobbycosmic.com"
51.222.253.13 - - [11/Feb/2023:14:11:27 -0800] "GET /Card/Card03/?C=M;O=A HTTP/1.1" 200 441 "-" "Mozilla/5.0 (compatible; AhrefsBot/7.0; +http://ahrefs.com/robot/)" "nobbycosmic.com"
51.222.253.2 - - [11/Feb/2023:14:13:09 -0800] "GET /Card/Card03/?C=N;O=D HTTP/1.1" 200 440 "-" "Mozilla/5.0 (compatible; AhrefsBot/7.0; +http://ahrefs.com/robot/)" "nobbycosmic.com"
51.222.253.7 - - [11/Feb/2023:14:15:09 -0800] "GET /Card/Card03/?C=S;O=A HTTP/1.1" 200 438 "-" "Mozilla/5.0 (compatible; AhrefsBot/7.0; +http://ahrefs.com/robot/)" "nobbycosmic.com"
51.222.253.16 - - [11/Feb/2023:14:17:23 -0800] "GET /Card/Card03/Card03.htm HTTP/1.1" 200 740 "-" "Mozilla/5.0 (compatible; AhrefsBot/7.0; +http://ahrefs.com/robot/)" "nobbycosmic.com"
51.222.253.12 - - [11/Feb/2023:14:17:27 -0800] "GET /Card/Card03/Kimono02.jpg HTTP/1.1" 200 30580 "-" "Mozilla/5.0 (compatible; AhrefsBot/7.0; +http://ahrefs.com/robot/)" "nobbycosmic.com"
51.222.253.8 - - [11/Feb/2023:14:17:27 -0800] "GET /Card/Card03/Card03.jpg HTTP/1.1" 200 14015 "-" "Mozilla/5.0 (compatible; AhrefsBot/7.0; +http://ahrefs.com/robot/)" "nobbycosmic.com"
51.222.253.5 - - [11/Feb/2023:14:17:28 -0800] "GET /Card/Card03/Bouchon.jpg HTTP/1.1" 200 26109 "-" "Mozilla/5.0 (compatible; AhrefsBot/7.0; +http://ahrefs.com/robot/)" "nobbycosmic.com"
51.222.253.5 - - [11/Feb/2023:14:19:36 -0800] "GET /Card/Card04/?C=D;O=A HTTP/1.1" 200 450 "-" "Mozilla/5.0 (compatible; AhrefsBot/7.0; +http://ahrefs.com/robot/)" "nobbycosmic.com"
51.222.253.13 - - [11/Feb/2023:14:21:44 -0800] "GET /Card/Card04/?C=M;O=A HTTP/1.1" 200 446 "-" "Mozilla/5.0 (compatible; AhrefsBot/7.0; +http://ahrefs.com/robot/)" "nobbycosmic.com"
51.222.253.9 - - [11/Feb/2023:14:23:59 -0800] "GET /Card/Card04/?C=N;O=D HTTP/1.1" 200 446 "-" "Mozilla/5.0 (compatible; AhrefsBot/7.0; +http://ahrefs.com/robot/)" "nobbycosmic.com"
51.222.253.19 - - [11/Feb/2023:14:26:20 -0800] "GET /Card/Card04/Card04.htm HTTP/1.1" 200 721 "-" "Mozilla/5.0 (compatible; AhrefsBot/7.0; +http://ahrefs.com/robot/)" "nobbycosmic.com"
51.222.253.6 - - [11/Feb/2023:14:26:27 -0800] "GET /Card/Card04/Bistro.jpg HTTP/1.1" 200 16829 "-" "Mozilla/5.0 (compatible; AhrefsBot/7.0; +http://ahrefs.com/robot/)" "nobbycosmic.com"
51.222.253.6 - - [11/Feb/2023:14:26:27 -0800] "GET /Card/Card04/PleiadesXmas04.jpg HTTP/1.1" 200 17366 "-" "Mozilla/5.0 (compatible; AhrefsBot/7.0; +http://ahrefs.com/robot/)" "nobbycosmic.com"
51.222.253.3 - - [11/Feb/2023:14:26:28 -0800] "GET /Card/Card04/Koara.jpg HTTP/1.1" 200 27678 "-" "Mozilla/5.0 (compatible; AhrefsBot/7.0; +http://ahrefs.com/robot/)" "nobbycosmic.com"
51.222.253.20 - - [11/Feb/2023:14:28:51 -0800] "GET /Card/Card05/?C=M;O=A HTTP/1.1" 200 455 "-" "Mozilla/5.0 (compatible; AhrefsBot/7.0; +http://ahrefs.com/robot/)" "nobbycosmic.com"
51.222.253.14 - - [11/Feb/2023:14:30:43 -0800] "GET /Card/Card05/?C=N;O=D HTTP/1.1" 200 452 "-" "Mozilla/5.0 (compatible; AhrefsBot/7.0; +http://ahrefs.com/robot/)" "nobbycosmic.com"
51.222.253.19 - - [11/Feb/2023:14:32:58 -0800] "GET /Card/Card05/?C=S;O=A HTTP/1.1" 200 455 "-" "Mozilla/5.0 (compatible; AhrefsBot/7.0; +http://ahrefs.com/robot/)" "nobbycosmic.com"
51.222.253.10 - - [11/Feb/2023:14:35:08 -0800] "GET /Card/Card05/Card05.htm HTTP/1.1" 200 875 "-" "Mozilla/5.0 (compatible; AhrefsBot/7.0; +http://ahrefs.com/robot/)" "nobbycosmic.com"
51.222.253.13 - - [11/Feb/2023:14:35:12 -0800] "GET /Card/Card05/Card05Illust1.jpg HTTP/1.1" 200 118869 "-" "Mozilla/5.0 (compatible; AhrefsBot/7.0; +http://ahrefs.com/robot/)" "nobbycosmic.com"
51.222.253.2 - - [11/Feb/2023:14:35:14 -0800] "GET /Card/Card05/Tea0510TogetherT.jpg HTTP/1.1" 200 118363 "-" "Mozilla/5.0 (compatible; AhrefsBot/7.0; +http://ahrefs.com/robot/)" "nobbycosmic.com"
51.222.253.2 - - [11/Feb/2023:14:35:15 -0800] "GET /Card/Card05/Nishimura05101.jpg HTTP/1.1" 200 198582 "-" "Mozilla/5.0 (compatible; AhrefsBot/7.0; +http://ahrefs.com/robot/)" "nobbycosmic.com"
51.222.253.13 - - [11/Feb/2023:14:37:29 -0800] "GET /Card/Card06/?C=D;O=A HTTP/1.1" 200 452 "-" "Mozilla/5.0 (compatible; AhrefsBot/7.0; +http://ahrefs.com/robot/)" "nobbycosmic.com"
51.222.253.2 - - [11/Feb/2023:14:39:34 -0800] "GET /Card/Card06/?C=N;O=D HTTP/1.1" 200 448 "-" "Mozilla/5.0 (compatible; AhrefsBot/7.0; +http://ahrefs.com/robot/)" "nobbycosmic.com"
51.222.253.5 - - [11/Feb/2023:14:41:36 -0800] "GET /Card/Card06/?C=S;O=A HTTP/1.1" 200 448 "-" "Mozilla/5.0 (compatible; AhrefsBot/7.0; +http://ahrefs.com/robot/)" "nobbycosmic.com"
51.222.253.17 - - [11/Feb/2023:14:43:55 -0800] "GET /Card/Card06/Card06.htm HTTP/1.1" 200 812 "-" "Mozilla/5.0 (compatible; AhrefsBot/7.0; +http://ahrefs.com/robot/)" "nobbycosmic.com"
51.222.253.17 - - [11/Feb/2023:14:44:00 -0800] "GET /Card/Card06/Akane1.jpg HTTP/1.1" 200 167009 "-" "Mozilla/5.0 (compatible; AhrefsBot/7.0; +http://ahrefs.com/robot/)" "nobbycosmic.com"
51.222.253.13 - - [11/Feb/2023:14:44:02 -0800] "GET /Card/Card06/Card06Illust.jpg HTTP/1.1" 200 163713 "-" "Mozilla/5.0 (compatible; AhrefsBot/7.0; +http://ahrefs.com/robot/)" "nobbycosmic.com"
51.222.253.18 - - [11/Feb/2023:14:44:03 -0800] "GET /Card/Card06/CabotTrail4.jpg HTTP/1.1" 200 151278 "-" "Mozilla/5.0 (compatible; AhrefsBot/7.0; +http://ahrefs.com/robot/)" "nobbycosmic.com"
51.222.253.18 - - [11/Feb/2023:14:46:03 -0800] "GET /Card/Card07/?C=D;O=A HTTP/1.1" 200 443 "-" "Mozilla/5.0 (compatible; AhrefsBot/7.0; +http://ahrefs.com/robot/)" "nobbycosmic.com"
51.222.253.14 - - [11/Feb/2023:14:47:56 -0800] "GET /Card/Card07/?C=M;O=A HTTP/1.1" 200 442 "-" "Mozilla/5.0 (compatible; AhrefsBot/7.0; +http://ahrefs.com/robot/)" "nobbycosmic.com"
51.222.253.18 - - [11/Feb/2023:14:50:01 -0800] "GET /Card/Card07/?C=S;O=A HTTP/1.1" 200 441 "-" "Mozilla/5.0 (compatible; AhrefsBot/7.0; +http://ahrefs.com/robot/)" "nobbycosmic.com"
114.119.135.172 - - [11/Feb/2023:14:51:36 -0800] "GET /NJCA/AGM10?N=A HTTP/1.1" 200 432 "https://nobbycosmic.com/NJCA/AGM10?D=D" "Mozilla/5.0 (Linux; Android 7.0;) AppleWebKit/537.36 (KHTML, like Gecko) Mobile Safari/537.36 (compatible; PetalBot;+https://webmaster.petalsearch.com/site/petalbot)" "nobbycosmic.com"
51.222.253.5 - - [11/Feb/2023:14:52:12 -0800] "GET /Card/Card07/Card07.htm HTTP/1.1" 200 868 "-" "Mozilla/5.0 (compatible; AhrefsBot/7.0; +http://ahrefs.com/robot/)" "nobbycosmic.com"
51.222.253.5 - - [11/Feb/2023:14:52:16 -0800] "GET /Card/Card07/Wine2007.jpg HTTP/1.1" 200 9087 "-" "Mozilla/5.0 (compatible; AhrefsBot/7.0; +http://ahrefs.com/robot/)" "nobbycosmic.com"
51.222.253.2 - - [11/Feb/2023:14:52:18 -0800] "GET /Card/Card07/Card2007.jpg HTTP/1.1" 200 17967 "-" "Mozilla/5.0 (compatible; AhrefsBot/7.0; +http://ahrefs.com/robot/)" "nobbycosmic.com"
51.222.253.4 - - [11/Feb/2023:14:52:19 -0800] "GET /Card/Card07/BD4.jpg HTTP/1.1" 200 104361 "-" "Mozilla/5.0 (compatible; AhrefsBot/7.0; +http://ahrefs.com/robot/)" "nobbycosmic.com"
51.222.253.9 - - [11/Feb/2023:14:54:19 -0800] "GET /Card/Card08/?C=D;O=A HTTP/1.1" 200 455 "-" "Mozilla/5.0 (compatible; AhrefsBot/7.0; +http://ahrefs.com/robot/)" "nobbycosmic.com"
51.222.253.10 - - [11/Feb/2023:14:56:26 -0800] "GET /Card/Card08/?C=M;O=A HTTP/1.1" 200 454 "-" "Mozilla/5.0 (compatible; AhrefsBot/7.0; +http://ahrefs.com/robot/)" "nobbycosmic.com"
51.222.253.5 - - [11/Feb/2023:14:58:38 -0800] "GET /Card/Card08/?C=S;O=A HTTP/1.1" 200 452 "-" "Mozilla/5.0 (compatible; AhrefsBot/7.0; +http://ahrefs.com/robot/)" "nobbycosmic.com"
51.222.253.3 - - [11/Feb/2023:15:01:09 -0800] "GET /Card/Card08/Card08.htm HTTP/1.1" 200 790 "-" "Mozilla/5.0 (compatible; AhrefsBot/7.0; +http://ahrefs.com/robot/)" "nobbycosmic.com"
51.222.253.11 - - [11/Feb/2023:15:01:12 -0800] "GET /Card/Card08/Card2008.jpg HTTP/1.1" 200 11736 "-" "Mozilla/5.0 (compatible; AhrefsBot/7.0; +http://ahrefs.com/robot/)" "nobbycosmic.com"
51.222.253.14 - - [11/Feb/2023:15:01:13 -0800] "GET /Card/Card08/Sumiyoshiya.JPG HTTP/1.1" 200 14411 "-" "Mozilla/5.0 (compatible; AhrefsBot/7.0; +http://ahrefs.com/robot/)" "nobbycosmic.com"
51.222.253.1 - - [11/Feb/2023:15:01:14 -0800] "GET /Card/Card08/Buffet21.jpg HTTP/1.1" 200 150438 "-" "Mozilla/5.0 (compatible; AhrefsBot/7.0; +http://ahrefs.com/robot/)" "nobbycosmic.com"
51.222.253.16 - - [11/Feb/2023:15:03:22 -0800] "GET /Card/Card09/?C=D;O=A HTTP/1.1" 200 447 "-" "Mozilla/5.0 (compatible; AhrefsBot/7.0; +http://ahrefs.com/robot/)" "nobbycosmic.com"
114.119.147.113 - - [11/Feb/2023:15:04:17 -0800] "GET /Utagoe/15/Utagoe2015Questionnaire.pdf HTTP/1.1" 200 41861 "https://nobbycosmic.com/Utagoe/15/" "Mozilla/5.0 (Linux; Android 7.0;) AppleWebKit/537.36 (KHTML, like Gecko) Mobile Safari/537.36 (compatible; PetalBot;+https://webmaster.petalsearch.com/site/petalbot)" "nobbycosmic.com"
51.222.253.14 - - [11/Feb/2023:15:05:38 -0800] "GET /Card/Card09/?C=N;O=D HTTP/1.1" 200 445 "-" "Mozilla/5.0 (compatible; AhrefsBot/7.0; +http://ahrefs.com/robot/)" "nobbycosmic.com"
51.222.253.17 - - [11/Feb/2023:15:07:36 -0800] "GET /Card/Card09/Card09.htm HTTP/1.1" 200 711 "-" "Mozilla/5.0 (compatible; AhrefsBot/7.0; +http://ahrefs.com/robot/)" "nobbycosmic.com"
51.222.253.4 - - [11/Feb/2023:15:07:49 -0800] "GET /Card/Card09/SnowFlake0.jpg HTTP/1.1" 200 30648 "-" "Mozilla/5.0 (compatible; AhrefsBot/7.0; +http://ahrefs.com/robot/)" "nobbycosmic.com"
51.222.253.4 - - [11/Feb/2023:15:07:50 -0800] "GET /Card/Card09/Momiji.jpg HTTP/1.1" 200 22177 "-" "Mozilla/5.0 (compatible; AhrefsBot/7.0; +http://ahrefs.com/robot/)" "nobbycosmic.com"
51.222.253.10 - - [11/Feb/2023:15:07:52 -0800] "GET /Card/Card09/ValYuka.jpg HTTP/1.1" 200 45130 "-" "Mozilla/5.0 (compatible; AhrefsBot/7.0; +http://ahrefs.com/robot/)" "nobbycosmic.com"
51.222.253.10 - - [11/Feb/2023:15:10:02 -0800] "GET /Card/Card11/?C=D;O=A HTTP/1.1" 200 453 "-" "Mozilla/5.0 (compatible; AhrefsBot/7.0; +http://ahrefs.com/robot/)" "nobbycosmic.com"
51.222.253.17 - - [11/Feb/2023:15:12:23 -0800] "GET /Card/Card11/?C=N;O=D HTTP/1.1" 200 450 "-" "Mozilla/5.0 (compatible; AhrefsBot/7.0; +http://ahrefs.com/robot/)" "nobbycosmic.com"
51.222.253.4 - - [11/Feb/2023:15:14:53 -0800] "GET /Card/Card11/?C=S;O=A HTTP/1.1" 200 448 "-" "Mozilla/5.0 (compatible; AhrefsBot/7.0; +http://ahrefs.com/robot/)" "nobbycosmic.com"
51.222.253.12 - - [11/Feb/2023:15:17:19 -0800] "GET /Card/Card11/Card11.htm HTTP/1.1" 200 797 "-" "Mozilla/5.0 (compatible; AhrefsBot/7.0; +http://ahrefs.com/robot/)" "nobbycosmic.com"
51.222.253.9 - - [11/Feb/2023:15:17:21 -0800] "GET /Card/Card11/Top2.jpg HTTP/1.1" 200 85273 "-" "Mozilla/5.0 (compatible; AhrefsBot/7.0; +http://ahrefs.com/robot/)" "nobbycosmic.com"
51.222.253.14 - - [11/Feb/2023:15:17:23 -0800] "GET /Card/Card11/ECard2011.JPG HTTP/1.1" 200 17563 "-" "Mozilla/5.0 (compatible; AhrefsBot/7.0; +http://ahrefs.com/robot/)" "nobbycosmic.com"
51.222.253.1 - - [11/Feb/2023:15:17:24 -0800] "GET /Card/Card11/1Arubabeach6.jpg HTTP/1.1" 200 17702 "-" "Mozilla/5.0 (compatible; AhrefsBot/7.0; +http://ahrefs.com/robot/)" "nobbycosmic.com"
51.222.253.18 - - [11/Feb/2023:15:19:30 -0800] "GET /Card/Card10/Ecard2010.htm HTTP/1.1" 200 885 "-" "Mozilla/5.0 (compatible; AhrefsBot/7.0; +http://ahrefs.com/robot/)" "nobbycosmic.com"
51.222.253.3 - - [11/Feb/2023:15:19:37 -0800] "GET /Card/Card10/2010Ecard2.jpg HTTP/1.1" 200 26451 "-" "Mozilla/5.0 (compatible; AhrefsBot/7.0; +http://ahrefs.com/robot/)" "nobbycosmic.com"
51.222.253.19 - - [11/Feb/2023:15:19:38 -0800] "GET /Card/Card10/David11181.JPG HTTP/1.1" 200 28044 "-" "Mozilla/5.0 (compatible; AhrefsBot/7.0; +http://ahrefs.com/robot/)" "nobbycosmic.com"
51.222.253.6 - - [11/Feb/2023:15:19:39 -0800] "GET /Card/Card10/MarigotBay1.jpg HTTP/1.1" 200 38815 "-" "Mozilla/5.0 (compatible; AhrefsBot/7.0; +http://ahrefs.com/robot/)" "nobbycosmic.com"
51.222.253.5 - - [11/Feb/2023:15:19:40 -0800] "GET /Card/Card10/ECard2010.JPG HTTP/1.1" 200 15320 "-" "Mozilla/5.0 (compatible; AhrefsBot/7.0; +http://ahrefs.com/robot/)" "nobbycosmic.com"
51.222.253.12 - - [11/Feb/2023:15:21:57 -0800] "GET /Card/Card15/Ecard2015.htm HTTP/1.1" 200 972 "-" "Mozilla/5.0 (compatible; AhrefsBot/7.0; +http://ahrefs.com/robot/)" "nobbycosmic.com"
51.222.253.7 - - [11/Feb/2023:15:22:03 -0800] "GET /Card/Card15/Winery2015card.jpg HTTP/1.1" 200 58446 "-" "Mozilla/5.0 (compatible; AhrefsBot/7.0; +http://ahrefs.com/robot/)" "nobbycosmic.com"
51.222.253.12 - - [11/Feb/2023:15:22:05 -0800] "GET /Card/Card15/Card15Pic.jpg HTTP/1.1" 200 30891 "-" "Mozilla/5.0 (compatible; AhrefsBot/7.0; +http://ahrefs.com/robot/)" "nobbycosmic.com"
51.222.253.19 - - [11/Feb/2023:15:22:06 -0800] "GET /Card/Card15/BlueEarthLogo3.jpg HTTP/1.1" 200 5844 "-" "Mozilla/5.0 (compatible; AhrefsBot/7.0; +http://ahrefs.com/robot/)" "nobbycosmic.com"
51.222.253.1 - - [11/Feb/2023:15:22:07 -0800] "GET /Card/Card15/thomas6.jpg HTTP/1.1" 200 135527 "-" "Mozilla/5.0 (compatible; AhrefsBot/7.0; +http://ahrefs.com/robot/)" "nobbycosmic.com"
51.222.253.19 - - [11/Feb/2023:15:24:09 -0800] "GET /Card/Card13/Ecard2013.htm HTTP/1.1" 200 1453 "-" "Mozilla/5.0 (compatible; AhrefsBot/7.0; +http://ahrefs.com/robot/)" "nobbycosmic.com"
54.36.148.5 - - [11/Feb/2023:15:24:33 -0800] "GET /robots.txt HTTP/1.1" 200 75 "-" "Mozilla/5.0 (compatible; AhrefsBot/7.0; +http://ahrefs.com/robot/)" "nobbycosmic.com"
51.222.253.7 - - [11/Feb/2023:15:24:34 -0800] "GET /Card/Card13/Book3CoverJPGFront.JPG HTTP/1.1" 200 13512 "-" "Mozilla/5.0 (compatible; AhrefsBot/7.0; +http://ahrefs.com/robot/)" "nobbycosmic.com"
51.222.253.11 - - [11/Feb/2023:15:24:35 -0800] "GET /Card/Card13/Card13.jpg HTTP/1.1" 200 39955 "-" "Mozilla/5.0 (compatible; AhrefsBot/7.0; +http://ahrefs.com/robot/)" "nobbycosmic.com"
51.222.253.14 - - [11/Feb/2023:15:24:36 -0800] "GET /Card/Card13/Book3BlueEarthLogoSmall.jpg HTTP/1.1" 200 9657 "-" "Mozilla/5.0 (compatible; AhrefsBot/7.0; +http://ahrefs.com/robot/)" "nobbycosmic.com"
51.222.253.3 - - [11/Feb/2023:15:24:37 -0800] "GET /Card/Card13/Treadwell2013EC.jpg HTTP/1.1" 200 43983 "-" "Mozilla/5.0 (compatible; AhrefsBot/7.0; +http://ahrefs.com/robot/)" "nobbycosmic.com"
51.222.253.8 - - [11/Feb/2023:15:24:38 -0800] "GET /Card/Card13/NJCAToy201303C.jpg HTTP/1.1" 200 48626 "-" "Mozilla/5.0 (compatible; AhrefsBot/7.0; +http://ahrefs.com/robot/)" "nobbycosmic.com"
51.222.253.2 - - [11/Feb/2023:15:26:32 -0800] "GET /BabyTalks/Pictures/?C=S;O=D HTTP/1.1" 200 587 "-" "Mozilla/5.0 (compatible; AhrefsBot/7.0; +http://ahrefs.com/robot/)" "nobbycosmic.com"
51.222.253.13 - - [11/Feb/2023:15:28:44 -0800] "GET /Card/Card99/ HTTP/1.1" 200 455 "-" "Mozilla/5.0 (compatible; AhrefsBot/7.0; +http://ahrefs.com/robot/)" "nobbycosmic.com"
51.222.253.14 - - [11/Feb/2023:15:30:42 -0800] "GET /2021/Animals/2021RabbitParadise/ HTTP/1.1" 200 661 "-" "Mozilla/5.0 (compatible; AhrefsBot/7.0; +http://ahrefs.com/robot/)" "nobbycosmic.com"
51.222.253.19 - - [11/Feb/2023:15:32:40 -0800] "GET /2021/Animals/?C=D;O=A HTTP/1.1" 200 774 "-" "Mozilla/5.0 (compatible; AhrefsBot/7.0; +http://ahrefs.com/robot/)" "nobbycosmic.com"
51.222.253.20 - - [11/Feb/2023:15:34:55 -0800] "GET /2021/Animals/?C=M;O=A HTTP/1.1" 200 775 "-" "Mozilla/5.0 (compatible; AhrefsBot/7.0; +http://ahrefs.com/robot/)" "nobbycosmic.com"
207.46.13.180 - - [11/Feb/2023:15:35:17 -0800] "GET /cosmic/webpage/cosmicwebpagec.htm HTTP/1.1" 404 88 "-" "Mozilla/5.0 AppleWebKit/537.36 (KHTML, like Gecko; compatible; bingbot/2.0; +http://www.bing.com/bingbot.htm) Chrome/103.0.5060.134 Safari/537.36" "nobbycosmic.com"
51.222.253.6 - - [11/Feb/2023:15:37:10 -0800] "GET /2021/Animals/?C=N;O=D HTTP/1.1" 200 778 "-" "Mozilla/5.0 (compatible; AhrefsBot/7.0; +http://ahrefs.com/robot/)" "nobbycosmic.com"
51.222.253.6 - - [11/Feb/2023:15:39:17 -0800] "GET /2021/Animals/?C=S;O=A HTTP/1.1" 200 783 "-" "Mozilla/5.0 (compatible; AhrefsBot/7.0; +http://ahrefs.com/robot/)" "nobbycosmic.com"
51.222.253.18 - - [11/Feb/2023:15:41:27 -0800] "GET /2021/Animals/Animals2021.htm HTTP/1.1" 200 1559 "-" "Mozilla/5.0 (compatible; AhrefsBot/7.0; +http://ahrefs.com/robot/)" "nobbycosmic.com"
51.222.253.8 - - [11/Feb/2023:15:41:35 -0800] "GET /2021/Animals/202106081Bird.JPG HTTP/1.1" 200 125030 "-" "Mozilla/5.0 (compatible; AhrefsBot/7.0; +http://ahrefs.com/robot/)" "nobbycosmic.com"
51.222.253.4 - - [11/Feb/2023:15:41:37 -0800] "GET /2021/Animals/202104091Bird.JPG HTTP/1.1" 200 109450 "-" "Mozilla/5.0 (compatible; AhrefsBot/7.0; +http://ahrefs.com/robot/)" "nobbycosmic.com"
51.222.253.14 - - [11/Feb/2023:15:41:38 -0800] "GET /2021/Animals/202107032Bird.JPG HTTP/1.1" 200 87321 "-" "Mozilla/5.0 (compatible; AhrefsBot/7.0; +http://ahrefs.com/robot/)" "nobbycosmic.com"
51.222.253.18 - - [11/Feb/2023:15:41:39 -0800] "GET /2021/Animals/202106071Bird3.JPG HTTP/1.1" 200 82599 "-" "Mozilla/5.0 (compatible; AhrefsBot/7.0; +http://ahrefs.com/robot/)" "nobbycosmic.com"
51.222.253.4 - - [11/Feb/2023:15:41:40 -0800] "GET /2021/Animals/202106233Bird.jpg HTTP/1.1" 200 155953 "-" "Mozilla/5.0 (compatible; AhrefsBot/7.0; +http://ahrefs.com/robot/)" "nobbycosmic.com"
51.222.253.4 - - [11/Feb/2023:15:41:42 -0800] "GET /2021/Animals/202106023Robin.jpg HTTP/1.1" 200 181940 "-" "Mozilla/5.0 (compatible; AhrefsBot/7.0; +http://ahrefs.com/robot/)" "nobbycosmic.com"
51.222.253.15 - - [11/Feb/2023:15:41:43 -0800] "GET /2021/Animals/202105241Robin.JPG HTTP/1.1" 200 100200 "-" "Mozilla/5.0 (compatible; AhrefsBot/7.0; +http://ahrefs.com/robot/)" "nobbycosmic.com"
51.222.253.13 - - [11/Feb/2023:15:41:44 -0800] "GET /2021/Animals/202105171Woodpecker3.JPG HTTP/1.1" 200 75438 "-" "Mozilla/5.0 (compatible; AhrefsBot/7.0; +http://ahrefs.com/robot/)" "nobbycosmic.com"
51.222.253.20 - - [11/Feb/2023:15:41:45 -0800] "GET /2021/Animals/202106271Birds.JPG HTTP/1.1" 200 135839 "-" "Mozilla/5.0 (compatible; AhrefsBot/7.0; +http://ahrefs.com/robot/)" "nobbycosmic.com"
51.222.253.12 - - [11/Feb/2023:15:41:46 -0800] "GET /2021/Animals/202105181Robin.JPG HTTP/1.1" 200 114242 "-" "Mozilla/5.0 (compatible; AhrefsBot/7.0; +http://ahrefs.com/robot/)" "nobbycosmic.com"
51.222.253.18 - - [11/Feb/2023:15:41:47 -0800] "GET /2021/Animals/202107191Ducks.JPG HTTP/1.1" 200 123107 "-" "Mozilla/5.0 (compatible; AhrefsBot/7.0; +http://ahrefs.com/robot/)" "nobbycosmic.com"
51.222.253.19 - - [11/Feb/2023:15:41:50 -0800] "GET /2021/Animals/202107191Bird.JPG HTTP/1.1" 200 105738 "-" "Mozilla/5.0 (compatible; AhrefsBot/7.0; +http://ahrefs.com/robot/)" "nobbycosmic.com"
51.222.253.16 - - [11/Feb/2023:15:41:53 -0800] "GET /2021/Animals/202106292Duck.JPG HTTP/1.1" 200 138000 "-" "Mozilla/5.0 (compatible; AhrefsBot/7.0; +http://ahrefs.com/robot/)" "nobbycosmic.com"
51.222.253.12 - - [11/Feb/2023:15:42:05 -0800] "GET /2021/Animals/202107031Bird.JPG HTTP/1.1" 200 131933 "-" "Mozilla/5.0 (compatible; AhrefsBot/7.0; +http://ahrefs.com/robot/)" "nobbycosmic.com"
51.222.253.20 - - [11/Feb/2023:15:42:08 -0800] "GET /2021/Animals/202104181Bird.JPG HTTP/1.1" 200 111714 "-" "Mozilla/5.0 (compatible; AhrefsBot/7.0; +http://ahrefs.com/robot/)" "nobbycosmic.com"
51.222.253.4 - - [11/Feb/2023:15:42:09 -0800] "GET /2021/Animals/202107061Heron.JPG HTTP/1.1" 200 115401 "-" "Mozilla/5.0 (compatible; AhrefsBot/7.0; +http://ahrefs.com/robot/)" "nobbycosmic.com"
51.222.253.3 - - [11/Feb/2023:15:42:10 -0800] "GET /2021/Animals/202106273Bird.JPG HTTP/1.1" 200 123328 "-" "Mozilla/5.0 (compatible; AhrefsBot/7.0; +http://ahrefs.com/robot/)" "nobbycosmic.com"
51.222.253.5 - - [11/Feb/2023:15:42:12 -0800] "GET /2021/Animals/202104052Woodpecker3.JPG HTTP/1.1" 200 66765 "-" "Mozilla/5.0 (compatible; AhrefsBot/7.0; +http://ahrefs.com/robot/)" "nobbycosmic.com"
51.222.253.2 - - [11/Feb/2023:15:42:13 -0800] "GET /2021/Animals/202104061Bird.JPG HTTP/1.1" 200 129769 "-" "Mozilla/5.0 (compatible; AhrefsBot/7.0; +http://ahrefs.com/robot/)" "nobbycosmic.com"
114.119.158.182 - - [11/Feb/2023:15:53:13 -0800] "GET /robots.txt HTTP/1.1" 200 75 "-" "Mozilla/5.0 (compatible;PetalBot;+https://webmaster.petalsearch.com/site/petalbot)" "www.nobbycosmic.com"
54.36.148.52 - - [11/Feb/2023:15:55:24 -0800] "GET /robots.txt HTTP/1.1" 200 75 "-" "Mozilla/5.0 (compatible; AhrefsBot/7.0; +http://ahrefs.com/robot/)" "www.nobbycosmic.com"
51.222.253.5 - - [11/Feb/2023:15:55:25 -0800] "GET / HTTP/1.1" 200 3079 "-" "Mozilla/5.0 (compatible; AhrefsBot/7.0; +http://ahrefs.com/robot/)" "www.nobbycosmic.com"
51.222.253.14 - - [11/Feb/2023:15:57:57 -0800] "GET /Card/Card04/?C=S;O=A HTTP/1.1" 200 446 "-" "Mozilla/5.0 (compatible; AhrefsBot/7.0; +http://ahrefs.com/robot/)" "nobbycosmic.com"
51.222.253.17 - - [11/Feb/2023:16:00:09 -0800] "GET /Card/Card05/?C=D;O=A HTTP/1.1" 200 453 "-" "Mozilla/5.0 (compatible; AhrefsBot/7.0; +http://ahrefs.com/robot/)" "nobbycosmic.com"
51.222.253.2 - - [11/Feb/2023:16:02:51 -0800] "GET /Card/Card06/?C=M;O=A HTTP/1.1" 200 447 "-" "Mozilla/5.0 (compatible; AhrefsBot/7.0; +http://ahrefs.com/robot/)" "nobbycosmic.com"
51.222.253.16 - - [11/Feb/2023:16:05:02 -0800] "GET /Card/Card11/?C=M;O=A HTTP/1.1" 200 450 "-" "Mozilla/5.0 (compatible; AhrefsBot/7.0; +http://ahrefs.com/robot/)" "nobbycosmic.com"
51.222.253.15 - - [11/Feb/2023:16:07:26 -0800] "GET /Card/Card00/?C=N;O=A HTTP/1.1" 200 434 "-" "Mozilla/5.0 (compatible; AhrefsBot/7.0; +http://ahrefs.com/robot/)" "nobbycosmic.com"
114.119.134.182 - - [11/Feb/2023:16:09:23 -0800] "GET /NJCA/NY09/NY2009ProgramE.pdf HTTP/1.1" 200 50871 "https://nobbycosmic.com/NJCA/NY09/?C=M%3BO%3DA" "Mozilla/5.0 (Linux; Android 7.0;) AppleWebKit/537.36 (KHTML, like Gecko) Mobile Safari/537.36 (compatible; PetalBot;+https://webmaster.petalsearch.com/site/petalbot)" "nobbycosmic.com"
51.222.253.2 - - [11/Feb/2023:16:09:58 -0800] "GET /Card/Card03/?C=N;O=A HTTP/1.1" 200 446 "-" "Mozilla/5.0 (compatible; AhrefsBot/7.0; +http://ahrefs.com/robot/)" "nobbycosmic.com"
