104.158.151.138 - FTF [03/Feb/2023:13:33:06 -0800] "GET /BabyTalks/FTFMember/hiyoko.gif HTTP/1.1" 200 10361 "https://nobbycosmic.com/BabyTalks/FTFMember/Content.htm" "Mozilla/5.0 (Windows NT 10.0; Win64; x64) AppleWebKit/537.36 (KHTML, like Gecko) Chrome/109.0.0.0 Safari/537.36" "nobbycosmic.com"
104.158.151.138 - FTF [03/Feb/2023:13:33:18 -0800] "GET /BabyTalks/FTFMember/COVID.htm HTTP/1.1" 200 25815 "https://nobbycosmic.com/BabyTalks/FTFMember/Content.htm" "Mozilla/5.0 (Windows NT 10.0; Win64; x64) AppleWebKit/537.36 (KHTML, like Gecko) Chrome/109.0.0.0 Safari/537.36" "nobbycosmic.com"
35.155.143.61 - - [03/Feb/2023:13:44:17 -0800] "GET / HTTP/1.1" 200 412 "-" "Mozilla/5.0 (X11; Linux x86_64) AppleWebKit/537.36 (KHTML, like Gecko) Chrome/83.0.4103.97 Safari/537.36" "nobbycosmic.com"
54.218.198.161 - - [03/Feb/2023:13:44:17 -0800] "GET / HTTP/1.1" 200 412 "-" "Mozilla/5.0 (X11; Linux x86_64) AppleWebKit/537.36 (KHTML, like Gecko) Chrome/83.0.4103.97 Safari/537.36" "nobbycosmic.com"
18.246.71.246 - - [03/Feb/2023:13:44:30 -0800] "GET /favicon.ico HTTP/1.1" 404 88 "-" "Mozilla/5.0 (X11; Linux x86_64) AppleWebKit/537.36 (KHTML, like Gecko) Chrome/83.0.4103.97 Safari/537.36" "nobbycosmic.com"
18.246.71.246 - - [03/Feb/2023:13:44:31 -0800] "GET / HTTP/1.1" 200 412 "-" "Mozilla/5.0 (X11; Linux x86_64) AppleWebKit/537.36 (KHTML, like Gecko) Chrome/83.0.4103.97 Safari/537.36" "nobbycosmic.com"
35.91.195.79 - - [03/Feb/2023:13:44:38 -0800] "GET /favicon.ico HTTP/1.1" 404 88 "http://nobbycosmic.com/favicon.ico" "Mozilla/5.0 (X11; Linux x86_64) AppleWebKit/537.36 (KHTML, like Gecko) Chrome/83.0.4103.97 Safari/537.36" "nobbycosmic.com"
35.91.195.79 - - [03/Feb/2023:13:44:41 -0800] "GET / HTTP/1.1" 200 412 "http://nobbycosmic.com" "Mozilla/5.0 (X11; Linux x86_64) AppleWebKit/537.36 (KHTML, like Gecko) Chrome/83.0.4103.97 Safari/537.36" "nobbycosmic.com"
114.119.155.111 - - [03/Feb/2023:13:59:05 -0800] "GET /Card/Card15?C=N%3BO%3DD HTTP/1.1" 301 1427 "https://nobbycosmic.com/Card/Card15?C=D%3BO%3DA" "Mozilla/5.0 (Linux; Android 7.0;) AppleWebKit/537.36 (KHTML, like Gecko) Mobile Safari/537.36 (compatible; PetalBot;+https://webmaster.petalsearch.com/site/petalbot)" "nobbycosmic.com"
114.119.155.111 - - [03/Feb/2023:13:59:19 -0800] "GET /Card/Card15/?C=N%3BO%3DD HTTP/1.1" 200 516 "https://nobbycosmic.com/Card/Card15?C=D%3BO%3DA" "Mozilla/5.0 (Linux; Android 7.0;) AppleWebKit/537.36 (KHTML, like Gecko) Mobile Safari/537.36 (compatible; PetalBot;+https://webmaster.petalsearch.com/site/petalbot)" "nobbycosmic.com"
99.239.193.251 - - [03/Feb/2023:14:25:13 -0800] "GET /NJCA/AGM09/NJCAAGM09.pdf HTTP/1.1" 200 631514 "https://www.google.com/" "Mozilla/5.0 (Macintosh; Intel Mac OS X 10_15_7) AppleWebKit/537.36 (KHTML, like Gecko) Chrome/109.0.0.0 Safari/537.36" "nobbycosmic.com"
99.239.193.251 - - [03/Feb/2023:14:25:13 -0800] "GET /favicon.ico HTTP/1.1" 404 88 "https://nobbycosmic.com/NJCA/AGM09/NJCAAGM09.pdf" "Mozilla/5.0 (Macintosh; Intel Mac OS X 10_15_7) AppleWebKit/537.36 (KHTML, like Gecko) Chrome/109.0.0.0 Safari/537.36" "nobbycosmic.com"
17.241.227.133 - - [03/Feb/2023:14:46:18 -0800] "GET /robots.txt HTTP/1.1" 200 75 "-" "Mozilla/5.0 (Macintosh; Intel Mac OS X 10_15_5) AppleWebKit/605.1.15 (KHTML, like Gecko) Version/13.1.1 Safari/605.1.15 (Applebot/0.1; +http://www.apple.com/go/applebot)" "nobbycosmic.com"
17.241.227.133 - - [03/Feb/2023:14:46:18 -0800] "GET /Utagoe/Utagoe.htm HTTP/1.1" 200 3929 "-" "Mozilla/5.0 (Macintosh; Intel Mac OS X 10_15_5) AppleWebKit/605.1.15 (KHTML, like Gecko) Version/13.1.1 Safari/605.1.15 (Applebot/0.1; +http://www.apple.com/go/applebot)" "nobbycosmic.com"
184.145.10.235 - - [03/Feb/2023:14:50:00 -0800] "GET /BabyTalks/BTFLeaf.pdf HTTP/1.1" 200 187997 "https://www.google.ca/" "Mozilla/5.0 (Macintosh; Intel Mac OS X 10_15_6) AppleWebKit/605.1.15 (KHTML, like Gecko) Version/15.6.1 Safari/605.1.15" "nobbycosmic.com"
184.145.10.235 - - [03/Feb/2023:14:50:21 -0800] "GET /BabyTalks/BTList.htm HTTP/1.1" 200 10239 "-" "Mozilla/5.0 (Macintosh; Intel Mac OS X 10_15_6) AppleWebKit/605.1.15 (KHTML, like Gecko) Version/15.6.1 Safari/605.1.15" "nobbycosmic.com"
184.145.10.235 - - [03/Feb/2023:14:51:07 -0800] "GET /BabyTalks/FTFMember/MemberLists/FTFMemberListABC.htm HTTP/1.1" 401 90 "https://nobbycosmic.com/BabyTalks/BTList.htm" "Mozilla/5.0 (Macintosh; Intel Mac OS X 10_15_6) AppleWebKit/605.1.15 (KHTML, like Gecko) Version/15.6.1 Safari/605.1.15" "nobbycosmic.com"
149.5.224.210 - - [03/Feb/2023:15:12:38 -0800] "GET /Temp/Yakudo-web.jpg HTTP/1.1" 404 73 "-" "-" "nobbycosmic.com"
114.119.156.152 - - [03/Feb/2023:15:15:18 -0800] "GET /Utagoe/Utagoe.htm HTTP/1.1" 200 3929 "http://www.nobbycosmic.com/Utagoe/Vanc1.htm" "Mozilla/5.0 (Linux; Android 7.0;) AppleWebKit/537.36 (KHTML, like Gecko) Mobile Safari/537.36 (compatible; PetalBot;+https://webmaster.petalsearch.com/site/petalbot)" "www.nobbycosmic.com"
23.229.104.2 - - [03/Feb/2023:15:20:37 -0800] "GET / HTTP/1.1" 200 412 "-" "Mozilla/5.0 (Windows NT 10.0; Win64; x64) AppleWebKit/537.36 (KHTML, like Gecko) Chrome/108.0.0.0 Safari/537.36" "nobbycosmic.com"
23.229.104.2 - - [03/Feb/2023:15:20:39 -0800] "GET /robots.txt HTTP/1.1" 200 75 "-" "Mozilla/5.0 (Windows NT 10.0; Win64; x64) AppleWebKit/537.36 (KHTML, like Gecko) Chrome/108.0.0.0 Safari/537.36" "nobbycosmic.com"
23.229.104.2 - - [03/Feb/2023:15:20:40 -0800] "GET /ads.txt HTTP/1.1" 404 88 "-" "Mozilla/5.0 (Windows NT 10.0; Win64; x64) AppleWebKit/537.36 (KHTML, like Gecko) Chrome/108.0.0.0 Safari/537.36" "nobbycosmic.com"
23.229.104.2 - - [03/Feb/2023:15:20:42 -0800] "GET / HTTP/1.1" 200 412 "-" "Mozilla/5.0 (Windows NT 10.0; Win64; x64) AppleWebKit/537.36 (KHTML, like Gecko) Chrome/108.0.0.0 Safari/537.36" "nobbycosmic.com"
114.119.144.38 - - [03/Feb/2023:15:27:27 -0800] "GET /Card/Card17?C=S%3BO%3DA HTTP/1.1" 301 1427 "https://nobbycosmic.com/Card/Card17?C=M%3BO%3DA" "Mozilla/5.0 (Linux; Android 7.0;) AppleWebKit/537.36 (KHTML, like Gecko) Mobile Safari/537.36 (compatible; PetalBot;+https://webmaster.petalsearch.com/site/petalbot)" "nobbycosmic.com"
114.119.144.38 - - [03/Feb/2023:15:27:43 -0800] "GET /Card/Card17/?C=S%3BO%3DA HTTP/1.1" 200 490 "https://nobbycosmic.com/Card/Card17?C=M%3BO%3DA" "Mozilla/5.0 (Linux; Android 7.0;) AppleWebKit/537.36 (KHTML, like Gecko) Mobile Safari/537.36 (compatible; PetalBot;+https://webmaster.petalsearch.com/site/petalbot)" "nobbycosmic.com"
114.119.159.183 - - [03/Feb/2023:16:16:52 -0800] "GET /NJCA/NY11/Udon2011.pdf HTTP/1.1" 200 40950 "https://nobbycosmic.com/NJCA/NY11?C=S%3BO%3DA" "Mozilla/5.0 (Linux; Android 7.0;) AppleWebKit/537.36 (KHTML, like Gecko) Mobile Safari/537.36 (compatible; PetalBot;+https://webmaster.petalsearch.com/site/petalbot)" "nobbycosmic.com"
114.119.137.125 - - [03/Feb/2023:16:17:53 -0800] "GET /NJCA/BBQ09/BBQStr9V.htm HTTP/1.1" 200 10199 "https://nobbycosmic.com/NJCA/BBQ09?C=N%3BO%3DD" "Mozilla/5.0 (Linux; Android 7.0;) AppleWebKit/537.36 (KHTML, like Gecko) Mobile Safari/537.36 (compatible; PetalBot;+https://webmaster.petalsearch.com/site/petalbot)" "nobbycosmic.com"
138.246.253.24 - - [03/Feb/2023:16:20:29 -0800] "GET /robots.txt HTTP/1.1" 200 61 "-" "Mozilla/5.0 (Windows NT 10.0; Win64; x64) AppleWebKit/537.36 (KHTML, like Gecko) Chrome/103.0.5060.134 Safari/537.36" "www.nobbycosmic.com"
194.26.192.245 - - [03/Feb/2023:16:20:54 -0800] "GET /wp-content/themes/seotheme/db.php?u HTTP/1.1" 404 88 "www.google.com" "Mozlila/5.0 (Linux; Android 7.0; SM-G892A Bulid/NRD90M; wv) AppleWebKit/537.36 (KHTML, like Gecko) Version/4.0 Chrome/60.0.3112.107 Moblie Safari/537.36" "nobbycosmic.com"
194.26.192.245 - - [03/Feb/2023:16:20:55 -0800] "GET /wp-content/themes/seotheme/db.php?u HTTP/1.1" 404 88 "www.google.com" "Mozlila/5.0 (Linux; Android 7.0; SM-G892A Bulid/NRD90M; wv) AppleWebKit/537.36 (KHTML, like Gecko) Version/4.0 Chrome/60.0.3112.107 Moblie Safari/537.36" "nobbycosmic.com"
114.119.156.67 - - [03/Feb/2023:16:43:24 -0800] "GET /NJCA/NY07/BoothApplication07.doc HTTP/1.1" 200 34816 "https://nobbycosmic.com/NJCA/NY07/?C=M%3BO%3DA" "Mozilla/5.0 (Linux; Android 7.0;) AppleWebKit/537.36 (KHTML, like Gecko) Mobile Safari/537.36 (compatible; PetalBot;+https://webmaster.petalsearch.com/site/petalbot)" "nobbycosmic.com"
114.119.138.32 - - [03/Feb/2023:16:56:44 -0800] "GET /NJCA/JCCC/BarallHirokoRoomBooking.pdf HTTP/1.1" 200 129908 "https://nobbycosmic.com/NJCA/JCCC?C=M%3BO%3DA" "Mozilla/5.0 (Linux; Android 7.0;) AppleWebKit/537.36 (KHTML, like Gecko) Mobile Safari/537.36 (compatible; PetalBot;+https://webmaster.petalsearch.com/site/petalbot)" "nobbycosmic.com"
195.191.219.132 - - [03/Feb/2023:17:05:01 -0800] "GET /robots.txt HTTP/1.1" 200 61 "-" "Mozilla/5.0 (compatible; MJ12bot/v1.4.8; http://mj12bot.com/)" "nobbycosmic.com"
195.191.219.132 - - [03/Feb/2023:17:05:04 -0800] "GET / HTTP/1.1" 200 412 "-" "Mozilla/5.0 (compatible; MJ12bot/v1.4.8; http://mj12bot.com/)" "nobbycosmic.com"
195.191.219.132 - - [03/Feb/2023:17:05:06 -0800] "GET / HTTP/1.1" 200 412 "-" "Mozilla/5.0 (compatible; MJ12bot/v1.4.8; http://mj12bot.com/)" "nobbycosmic.com"
195.191.219.132 - - [03/Feb/2023:17:05:08 -0800] "GET /robots.txt HTTP/1.1" 200 61 "-" "Mozilla/5.0 (compatible; MJ12bot/v1.4.8; http://mj12bot.com/)" "www.nobbycosmic.com"
195.191.219.132 - - [03/Feb/2023:17:05:12 -0800] "GET / HTTP/1.1" 200 412 "-" "Mozilla/5.0 (compatible; MJ12bot/v1.4.8; http://mj12bot.com/)" "www.nobbycosmic.com"
35.185.241.102 - - [03/Feb/2023:17:07:40 -0800] "GET / HTTP/1.1" 200 780 "-" "Mozilla/5.0 (Windows NT 6.1; WOW64; Trident/7.0; rv:11.0) like Gecko" "nobbycosmic.com"
35.185.241.102 - - [03/Feb/2023:17:07:40 -0800] "GET / HTTP/1.1" 200 780 "-" "Mozilla/5.0 (Windows NT 6.1; WOW64; Trident/7.0; rv:11.0) like Gecko" "nobbycosmic.com"
114.119.140.206 - - [03/Feb/2023:17:18:29 -0800] "GET /NJCA/Document HTTP/1.1" 301 1415 "https://nobbycosmic.com/NJCA?M=A" "Mozilla/5.0 (Linux; Android 7.0;) AppleWebKit/537.36 (KHTML, like Gecko) Mobile Safari/537.36 (compatible; PetalBot;+https://webmaster.petalsearch.com/site/petalbot)" "nobbycosmic.com"
114.119.140.206 - - [03/Feb/2023:17:18:29 -0800] "GET /NJCA/Document/ HTTP/1.1" 200 1525 "https://nobbycosmic.com/NJCA?M=A" "Mozilla/5.0 (Linux; Android 7.0;) AppleWebKit/537.36 (KHTML, like Gecko) Mobile Safari/537.36 (compatible; PetalBot;+https://webmaster.petalsearch.com/site/petalbot)" "nobbycosmic.com"
114.119.137.139 - - [03/Feb/2023:17:19:48 -0800] "GET /Card/Card19/googlef6465b701097bf56%20(3).html HTTP/1.1" 200 70 "https://nobbycosmic.com/Card/Card19" "Mozilla/5.0 (Linux; Android 7.0;) AppleWebKit/537.36 (KHTML, like Gecko) Mobile Safari/537.36 (compatible; PetalBot;+https://webmaster.petalsearch.com/site/petalbot)" "nobbycosmic.com"
114.119.158.172 - - [03/Feb/2023:17:20:44 -0800] "GET /NJCA/NY08/Y2008JP.pdf HTTP/1.1" 200 1566303 "https://nobbycosmic.com/NJCA/NY08/?C=N%3BO%3DD" "Mozilla/5.0 (Linux; Android 7.0;) AppleWebKit/537.36 (KHTML, like Gecko) Mobile Safari/537.36 (compatible; PetalBot;+https://webmaster.petalsearch.com/site/petalbot)" "nobbycosmic.com"
114.119.158.167 - - [03/Feb/2023:17:21:58 -0800] "GET /Card/Card13 HTTP/1.1" 301 1414 "https://nobbycosmic.com/Card?C=D%3BO%3DA" "Mozilla/5.0 (Linux; Android 7.0;) AppleWebKit/537.36 (KHTML, like Gecko) Mobile Safari/537.36 (compatible; PetalBot;+https://webmaster.petalsearch.com/site/petalbot)" "nobbycosmic.com"
114.119.158.167 - - [03/Feb/2023:17:21:59 -0800] "GET /Card/Card13/ HTTP/1.1" 200 537 "https://nobbycosmic.com/Card?C=D%3BO%3DA" "Mozilla/5.0 (Linux; Android 7.0;) AppleWebKit/537.36 (KHTML, like Gecko) Mobile Safari/537.36 (compatible; PetalBot;+https://webmaster.petalsearch.com/site/petalbot)" "nobbycosmic.com"
184.164.16.28 - - [03/Feb/2023:17:31:01 -0800] "GET /BabyTalks/FTFMember/MemberLists/FTFMemberListABC.htm HTTP/1.1" 401 90 "-" "Mozilla/5.0 (Windows NT 10.0; Win64; x64) AppleWebKit/537.36 (KHTML, like Gecko) Chrome/109.0.0.0 Safari/537.36" "nobbycosmic.com"
184.164.16.28 - FTF [03/Feb/2023:17:31:12 -0800] "GET /BabyTalks/FTFMember/MemberLists/FTFMemberListABC.htm HTTP/1.1" 200 65209 "-" "Mozilla/5.0 (Windows NT 10.0; Win64; x64) AppleWebKit/537.36 (KHTML, like Gecko) Chrome/109.0.0.0 Safari/537.36" "nobbycosmic.com"
35.245.82.188 - - [03/Feb/2023:17:31:13 -0800] "GET / HTTP/1.1" 200 780 "-" "Mozilla/5.0 (Windows NT 6.1; WOW64; Trident/7.0; rv:11.0) like Gecko" "nobbycosmic.com"
184.164.16.28 - - [03/Feb/2023:17:31:14 -0800] "GET /favicon.ico HTTP/1.1" 404 88 "https://nobbycosmic.com/BabyTalks/FTFMember/MemberLists/FTFMemberListABC.htm" "Mozilla/5.0 (Windows NT 10.0; Win64; x64) AppleWebKit/537.36 (KHTML, like Gecko) Chrome/109.0.0.0 Safari/537.36" "nobbycosmic.com"
184.164.16.28 - FTF [03/Feb/2023:17:34:26 -0800] "GET /BabyTalks/FTFMember/MemberLists/FTFMemberListPCD.htm HTTP/1.1" 200 64050 "-" "Mozilla/5.0 (Windows NT 10.0; Win64; x64) AppleWebKit/537.36 (KHTML, like Gecko) Chrome/109.0.0.0 Safari/537.36" "nobbycosmic.com"
35.185.241.102 - - [03/Feb/2023:17:34:27 -0800] "GET / HTTP/1.1" 200 780 "-" "Mozilla/5.0 (Windows NT 6.1; WOW64; Trident/7.0; rv:11.0) like Gecko" "nobbycosmic.com"
184.164.16.28 - - [03/Feb/2023:17:38:05 -0800] "GET /BabyTalks/BTList.htm HTTP/1.1" 200 10236 "-" "Mozilla/5.0 (Windows NT 10.0; Win64; x64) AppleWebKit/537.36 (KHTML, like Gecko) Chrome/109.0.0.0 Safari/537.36" "nobbycosmic.com"
35.185.241.102 - - [03/Feb/2023:17:38:06 -0800] "GET / HTTP/1.1" 200 780 "-" "Mozilla/5.0 (Windows NT 6.1; WOW64; Trident/7.0; rv:11.0) like Gecko" "nobbycosmic.com"
114.119.154.14 - - [03/Feb/2023:17:39:34 -0800] "GET /NJCA/BBQ08/Pictures/Game2.JPG HTTP/1.1" 200 66230 "https://nobbycosmic.com/NJCA/BBQ08/BBQPicture2008.htm" "Mozilla/5.0 (Linux; Android 7.0;) AppleWebKit/537.36 (KHTML, like Gecko) Mobile Safari/537.36 (compatible; PetalBot;+https://webmaster.petalsearch.com/site/petalbot)" "nobbycosmic.com"
114.119.158.118 - - [03/Feb/2023:17:40:39 -0800] "GET /NJCA/AGM11?N=D HTTP/1.1" 301 1422 "https://nobbycosmic.com/NJCA/AGM11?N=A" "Mozilla/5.0 (Linux; Android 7.0;) AppleWebKit/537.36 (KHTML, like Gecko) Mobile Safari/537.36 (compatible; PetalBot;+https://webmaster.petalsearch.com/site/petalbot)" "nobbycosmic.com"
114.119.158.118 - - [03/Feb/2023:17:40:44 -0800] "GET /NJCA/AGM11/?N=D HTTP/1.1" 200 371 "https://nobbycosmic.com/NJCA/AGM11?N=A" "Mozilla/5.0 (Linux; Android 7.0;) AppleWebKit/537.36 (KHTML, like Gecko) Mobile Safari/537.36 (compatible; PetalBot;+https://webmaster.petalsearch.com/site/petalbot)" "nobbycosmic.com"
114.119.138.172 - - [03/Feb/2023:17:50:48 -0800] "GET /NJCA/BBQ07/BBQMAP2007.pdf HTTP/1.1" 200 124530 "https://nobbycosmic.com/NJCA/BBQ07" "Mozilla/5.0 (Linux; Android 7.0;) AppleWebKit/537.36 (KHTML, like Gecko) Mobile Safari/537.36 (compatible; PetalBot;+https://webmaster.petalsearch.com/site/petalbot)" "nobbycosmic.com"
184.164.16.28 - - [03/Feb/2023:17:53:20 -0800] "GET /favicon.ico HTTP/1.1" 404 88 "https://nobbycosmic.com/Post/JF202302031.pdf" "Mozilla/5.0 (Windows NT 10.0; Win64; x64) AppleWebKit/537.36 (KHTML, like Gecko) Chrome/109.0.0.0 Safari/537.36 Edg/109.0.1518.78" "nobbycosmic.com"
184.164.16.28 - - [03/Feb/2023:17:53:20 -0800] "GET /Post/JF202302031.pdf HTTP/1.1" 200 14956762 "https://torontonikkeiforum.forumotion.com/" "Mozilla/5.0 (Windows NT 10.0; Win64; x64) AppleWebKit/537.36 (KHTML, like Gecko) Chrome/109.0.0.0 Safari/537.36 Edg/109.0.1518.78" "nobbycosmic.com"
184.164.16.28 - - [03/Feb/2023:17:56:59 -0800] "GET /Post/JCCC202302031.pdf HTTP/1.1" 200 2576552 "https://torontonikkeiforum.forumotion.com/" "Mozilla/5.0 (Windows NT 10.0; Win64; x64) AppleWebKit/537.36 (KHTML, like Gecko) Chrome/109.0.0.0 Safari/537.36 Edg/109.0.1518.78" "nobbycosmic.com"
184.164.16.28 - - [03/Feb/2023:18:02:58 -0800] "GET /Post/JSS202301311.pdf HTTP/1.1" 304 - "https://torontonikkeiforum.forumotion.com/" "Mozilla/5.0 (Windows NT 10.0; Win64; x64) AppleWebKit/537.36 (KHTML, like Gecko) Chrome/109.0.0.0 Safari/537.36 Edg/109.0.1518.78" "nobbycosmic.com"
5.255.253.182 - - [03/Feb/2023:18:21:52 -0800] "GET /robots.txt HTTP/1.1" 200 61 "-" "Mozilla/5.0 (compatible; YandexBot/3.0; +http://yandex.com/bots)" "www.nobbycosmic.com"
87.250.224.155 - - [03/Feb/2023:18:22:03 -0800] "GET /robots.txt HTTP/1.1" 200 61 "-" "Mozilla/5.0 (compatible; YandexBot/3.0; +http://yandex.com/bots)" "www.nobbycosmic.com"
213.180.203.87 - - [03/Feb/2023:18:22:07 -0800] "GET /NJCA/NY10/Picture2/Ent4.JPG HTTP/1.1" 200 16671 "-" "Mozilla/5.0 (compatible; YandexImages/3.0; +http://yandex.com/bots)" "www.nobbycosmic.com"
35.245.82.188 - - [03/Feb/2023:18:22:13 -0800] "GET / HTTP/1.1" 200 780 "-" "Mozilla/5.0 (Windows NT 6.1; WOW64; Trident/7.0; rv:11.0) like Gecko" "nobbycosmic.com"
184.164.16.28 - - [03/Feb/2023:18:26:45 -0800] "GET /2023/2023JCCCNY/20230122JCCCNY.htm HTTP/1.1" 304 - "-" "Mozilla/5.0 (Windows NT 10.0; Win64; x64) AppleWebKit/537.36 (KHTML, like Gecko) Chrome/109.0.0.0 Safari/537.36" "nobbycosmic.com"
184.164.16.28 - - [03/Feb/2023:18:26:45 -0800] "GET /2023/2023JCCCNY/2023012203JCCCNY.JPG HTTP/1.1" 304 - "https://nobbycosmic.com/2023/2023JCCCNY/20230122JCCCNY.htm" "Mozilla/5.0 (Windows NT 10.0; Win64; x64) AppleWebKit/537.36 (KHTML, like Gecko) Chrome/109.0.0.0 Safari/537.36" "nobbycosmic.com"
184.164.16.28 - - [03/Feb/2023:18:26:45 -0800] "GET /2023/2023JCCCNY/2023012202JCCCNY.JPG HTTP/1.1" 304 - "https://nobbycosmic.com/2023/2023JCCCNY/20230122JCCCNY.htm" "Mozilla/5.0 (Windows NT 10.0; Win64; x64) AppleWebKit/537.36 (KHTML, like Gecko) Chrome/109.0.0.0 Safari/537.36" "nobbycosmic.com"
184.164.16.28 - - [03/Feb/2023:18:26:45 -0800] "GET /2023/2023JCCCNY/2023012201JCCCNY.JPG HTTP/1.1" 304 - "https://nobbycosmic.com/2023/2023JCCCNY/20230122JCCCNY.htm" "Mozilla/5.0 (Windows NT 10.0; Win64; x64) AppleWebKit/537.36 (KHTML, like Gecko) Chrome/109.0.0.0 Safari/537.36" "nobbycosmic.com"
184.164.16.28 - - [03/Feb/2023:18:26:45 -0800] "GET /2023/2023JCCCNY/2023012204JCCCNY.JPG HTTP/1.1" 304 - "https://nobbycosmic.com/2023/2023JCCCNY/20230122JCCCNY.htm" "Mozilla/5.0 (Windows NT 10.0; Win64; x64) AppleWebKit/537.36 (KHTML, like Gecko) Chrome/109.0.0.0 Safari/537.36" "nobbycosmic.com"
184.164.16.28 - - [03/Feb/2023:18:26:45 -0800] "GET /2023/2023JCCCNY/2023012206JCCCNY.JPG HTTP/1.1" 304 - "https://nobbycosmic.com/2023/2023JCCCNY/20230122JCCCNY.htm" "Mozilla/5.0 (Windows NT 10.0; Win64; x64) AppleWebKit/537.36 (KHTML, like Gecko) Chrome/109.0.0.0 Safari/537.36" "nobbycosmic.com"
184.164.16.28 - - [03/Feb/2023:18:26:45 -0800] "GET /2023/2023JCCCNY/2023012207JCCCNY.JPG HTTP/1.1" 304 - "https://nobbycosmic.com/2023/2023JCCCNY/20230122JCCCNY.htm" "Mozilla/5.0 (Windows NT 10.0; Win64; x64) AppleWebKit/537.36 (KHTML, like Gecko) Chrome/109.0.0.0 Safari/537.36" "nobbycosmic.com"
184.164.16.28 - - [03/Feb/2023:18:26:45 -0800] "GET /2023/2023JCCCNY/2023012205JCCCNY.JPG HTTP/1.1" 304 - "https://nobbycosmic.com/2023/2023JCCCNY/20230122JCCCNY.htm" "Mozilla/5.0 (Windows NT 10.0; Win64; x64) AppleWebKit/537.36 (KHTML, like Gecko) Chrome/109.0.0.0 Safari/537.36" "nobbycosmic.com"
184.164.16.28 - - [03/Feb/2023:18:26:45 -0800] "GET /2023/2023JCCCNY/2023012208JCCCNY.JPG HTTP/1.1" 304 - "https://nobbycosmic.com/2023/2023JCCCNY/20230122JCCCNY.htm" "Mozilla/5.0 (Windows NT 10.0; Win64; x64) AppleWebKit/537.36 (KHTML, like Gecko) Chrome/109.0.0.0 Safari/537.36" "nobbycosmic.com"
184.164.16.28 - - [03/Feb/2023:18:26:45 -0800] "GET /2023/2023JCCCNY/2023012210JCCCNY.JPG HTTP/1.1" 304 - "https://nobbycosmic.com/2023/2023JCCCNY/20230122JCCCNY.htm" "Mozilla/5.0 (Windows NT 10.0; Win64; x64) AppleWebKit/537.36 (KHTML, like Gecko) Chrome/109.0.0.0 Safari/537.36" "nobbycosmic.com"
184.164.16.28 - - [03/Feb/2023:18:26:45 -0800] "GET /2023/2023JCCCNY/2023012209JCCCNY.JPG HTTP/1.1" 304 - "https://nobbycosmic.com/2023/2023JCCCNY/20230122JCCCNY.htm" "Mozilla/5.0 (Windows NT 10.0; Win64; x64) AppleWebKit/537.36 (KHTML, like Gecko) Chrome/109.0.0.0 Safari/537.36" "nobbycosmic.com"
184.164.16.28 - - [03/Feb/2023:18:26:45 -0800] "GET /2023/2023JCCCNY/2023012212JCCCNY.JPG HTTP/1.1" 304 - "https://nobbycosmic.com/2023/2023JCCCNY/20230122JCCCNY.htm" "Mozilla/5.0 (Windows NT 10.0; Win64; x64) AppleWebKit/537.36 (KHTML, like Gecko) Chrome/109.0.0.0 Safari/537.36" "nobbycosmic.com"
184.164.16.28 - - [03/Feb/2023:18:26:45 -0800] "GET /2023/2023JCCCNY/2023012213JCCCNY.JPG HTTP/1.1" 304 - "https://nobbycosmic.com/2023/2023JCCCNY/20230122JCCCNY.htm" "Mozilla/5.0 (Windows NT 10.0; Win64; x64) AppleWebKit/537.36 (KHTML, like Gecko) Chrome/109.0.0.0 Safari/537.36" "nobbycosmic.com"
184.164.16.28 - - [03/Feb/2023:18:26:45 -0800] "GET /2023/2023JCCCNY/2023012211JCCCNY.JPG HTTP/1.1" 304 - "https://nobbycosmic.com/2023/2023JCCCNY/20230122JCCCNY.htm" "Mozilla/5.0 (Windows NT 10.0; Win64; x64) AppleWebKit/537.36 (KHTML, like Gecko) Chrome/109.0.0.0 Safari/537.36" "nobbycosmic.com"
184.164.16.28 - - [03/Feb/2023:18:26:45 -0800] "GET /2023/2023JCCCNY/2023012214JCCCNY.JPG HTTP/1.1" 304 - "https://nobbycosmic.com/2023/2023JCCCNY/20230122JCCCNY.htm" "Mozilla/5.0 (Windows NT 10.0; Win64; x64) AppleWebKit/537.36 (KHTML, like Gecko) Chrome/109.0.0.0 Safari/537.36" "nobbycosmic.com"
184.164.16.28 - - [03/Feb/2023:18:26:45 -0800] "GET /2023/2023JCCCNY/2023012215JCCCNY.JPG HTTP/1.1" 304 - "https://nobbycosmic.com/2023/2023JCCCNY/20230122JCCCNY.htm" "Mozilla/5.0 (Windows NT 10.0; Win64; x64) AppleWebKit/537.36 (KHTML, like Gecko) Chrome/109.0.0.0 Safari/537.36" "nobbycosmic.com"
184.164.16.28 - - [03/Feb/2023:18:26:45 -0800] "GET /2023/2023JCCCNY/2023012216JCCCNY.JPG HTTP/1.1" 304 - "https://nobbycosmic.com/2023/2023JCCCNY/20230122JCCCNY.htm" "Mozilla/5.0 (Windows NT 10.0; Win64; x64) AppleWebKit/537.36 (KHTML, like Gecko) Chrome/109.0.0.0 Safari/537.36" "nobbycosmic.com"
184.164.16.28 - - [03/Feb/2023:18:26:45 -0800] "GET /2023/2023JCCCNY/2023012218JCCCNY.JPG HTTP/1.1" 304 - "https://nobbycosmic.com/2023/2023JCCCNY/20230122JCCCNY.htm" "Mozilla/5.0 (Windows NT 10.0; Win64; x64) AppleWebKit/537.36 (KHTML, like Gecko) Chrome/109.0.0.0 Safari/537.36" "nobbycosmic.com"
184.164.16.28 - - [03/Feb/2023:18:26:45 -0800] "GET /2023/2023JCCCNY/2023JCCCNY01.JPG HTTP/1.1" 304 - "https://nobbycosmic.com/2023/2023JCCCNY/20230122JCCCNY.htm" "Mozilla/5.0 (Windows NT 10.0; Win64; x64) AppleWebKit/537.36 (KHTML, like Gecko) Chrome/109.0.0.0 Safari/537.36" "nobbycosmic.com"
184.164.16.28 - - [03/Feb/2023:18:26:45 -0800] "GET /2023/2023JCCCNY/2023012217JCCCNY.JPG HTTP/1.1" 304 - "https://nobbycosmic.com/2023/2023JCCCNY/20230122JCCCNY.htm" "Mozilla/5.0 (Windows NT 10.0; Win64; x64) AppleWebKit/537.36 (KHTML, like Gecko) Chrome/109.0.0.0 Safari/537.36" "nobbycosmic.com"
184.164.16.28 - - [03/Feb/2023:18:26:45 -0800] "GET /2023/2023JCCCNY/2023012219JCCCNY.JPG HTTP/1.1" 304 - "https://nobbycosmic.com/2023/2023JCCCNY/20230122JCCCNY.htm" "Mozilla/5.0 (Windows NT 10.0; Win64; x64) AppleWebKit/537.36 (KHTML, like Gecko) Chrome/109.0.0.0 Safari/537.36" "nobbycosmic.com"
35.185.241.102 - - [03/Feb/2023:18:26:46 -0800] "GET / HTTP/1.1" 200 780 "-" "Mozilla/5.0 (Windows NT 6.1; WOW64; Trident/7.0; rv:11.0) like Gecko" "nobbycosmic.com"
149.5.224.177 - - [03/Feb/2023:18:32:12 -0800] "GET /Temp/JF2010091.jpg HTTP/1.1" 404 73 "-" "-" "nobbycosmic.com"
157.55.39.5 - - [03/Feb/2023:18:33:42 -0800] "GET /NJCA/NY06/Kimono6.jpg HTTP/1.1" 200 69927 "-" "Mozilla/5.0 AppleWebKit/537.36 (KHTML, like Gecko; compatible; bingbot/2.0; +http://www.bing.com/bingbot.htm) Chrome/103.0.5060.134 Safari/537.36" "nobbycosmic.com"
42.83.147.34 - - [03/Feb/2023:18:59:00 -0800] "GET / HTTP/1.1" 200 412 "-" "Mozilla/5.0 (Windows NT 6.1; Win64; x64) AppleWebKit/537.36 (KHTML, like Gecko)Chrome/74.0.3729.169 Safari/537.36" "nobbycosmic.com"
17.241.227.253 - - [03/Feb/2023:20:37:03 -0800] "GET /Utagoe/Guitar1.JPG HTTP/1.1" 200 95557 "-" "Mozilla/5.0 (Macintosh; Intel Mac OS X 10_15_5) AppleWebKit/605.1.15 (KHTML, like Gecko) Version/13.1.1 Safari/605.1.15 (Applebot/0.1; +http://www.apple.com/go/applebot)" "nobbycosmic.com"
114.119.149.145 - - [03/Feb/2023:20:53:44 -0800] "GET /NJCA/Volunteer?C=D%3BO%3DA HTTP/1.1" 301 1432 "https://nobbycosmic.com/NJCA/Volunteer?N=A" "Mozilla/5.0 (Linux; Android 7.0;) AppleWebKit/537.36 (KHTML, like Gecko) Mobile Safari/537.36 (compatible; PetalBot;+https://webmaster.petalsearch.com/site/petalbot)" "nobbycosmic.com"
114.119.149.145 - - [03/Feb/2023:20:53:49 -0800] "GET /NJCA/Volunteer/?C=D%3BO%3DA HTTP/1.1" 200 427 "https://nobbycosmic.com/NJCA/Volunteer?N=A" "Mozilla/5.0 (Linux; Android 7.0;) AppleWebKit/537.36 (KHTML, like Gecko) Mobile Safari/537.36 (compatible; PetalBot;+https://webmaster.petalsearch.com/site/petalbot)" "nobbycosmic.com"
146.75.207.17 - - [03/Feb/2023:20:55:42 -0800] "GET / HTTP/1.1" 200 412 "-" "Mozilla/5.0 (iPhone; CPU iPhone OS 16_2 like Mac OS X) AppleWebKit/605.1.15 (KHTML, like Gecko) Version/16.2 Mobile/15E148 Safari/604.1" "nobbycosmic.com"
52.167.144.86 - - [03/Feb/2023:21:04:10 -0800] "GET /Post/JCCC202301081.pdf HTTP/1.1" 200 2953968 "-" "Mozilla/5.0 AppleWebKit/537.36 (KHTML, like Gecko; compatible; bingbot/2.0; +http://www.bing.com/bingbot.htm) Chrome/103.0.5060.134 Safari/537.36" "nobbycosmic.com"
114.119.138.98 - - [03/Feb/2023:21:06:24 -0800] "GET /NJCA/Document/HBRRules.doc HTTP/1.1" 200 34304 "https://nobbycosmic.com/NJCA/Document" "Mozilla/5.0 (Linux; Android 7.0;) AppleWebKit/537.36 (KHTML, like Gecko) Mobile Safari/537.36 (compatible; PetalBot;+https://webmaster.petalsearch.com/site/petalbot)" "nobbycosmic.com"
51.222.253.11 - - [03/Feb/2023:21:32:56 -0800] "GET /robots.txt HTTP/1.1" 200 75 "-" "Mozilla/5.0 (compatible; AhrefsBot/7.0; +http://ahrefs.com/robot/)" "www.nobbycosmic.com"
51.222.253.8 - - [03/Feb/2023:21:32:58 -0800] "GET / HTTP/1.1" 200 412 "-" "Mozilla/5.0 (compatible; AhrefsBot/7.0; +http://ahrefs.com/robot/)" "www.nobbycosmic.com"
119.105.80.101 - - [03/Feb/2023:21:47:30 -0800] "GET /BabyTalks/BTList.htm HTTP/1.1" 200 10236 "-" "Mozilla/5.0 (iPhone; CPU iPhone OS 16_1 like Mac OS X) AppleWebKit/605.1.15 (KHTML, like Gecko) Mobile/15E148 Safari Line/13.0.1" "nobbycosmic.com"
119.105.80.101 - - [03/Feb/2023:21:47:30 -0800] "GET /BabyTalks/BTFBanner2.jpg HTTP/1.1" 200 4273 "https://nobbycosmic.com/BabyTalks/BTList.htm" "Mozilla/5.0 (iPhone; CPU iPhone OS 16_1 like Mac OS X) AppleWebKit/605.1.15 (KHTML, like Gecko) Mobile/15E148 Safari Line/13.0.1" "nobbycosmic.com"
119.105.80.101 - - [03/Feb/2023:21:47:30 -0800] "GET /BabyTalks/BTFBanner1.jpg HTTP/1.1" 200 9524 "https://nobbycosmic.com/BabyTalks/BTList.htm" "Mozilla/5.0 (iPhone; CPU iPhone OS 16_1 like Mac OS X) AppleWebKit/605.1.15 (KHTML, like Gecko) Mobile/15E148 Safari Line/13.0.1" "nobbycosmic.com"
119.105.80.101 - - [03/Feb/2023:21:47:30 -0800] "GET /BabyTalks/Group.jpg HTTP/1.1" 200 54379 "https://nobbycosmic.com/BabyTalks/BTList.htm" "Mozilla/5.0 (iPhone; CPU iPhone OS 16_1 like Mac OS X) AppleWebKit/605.1.15 (KHTML, like Gecko) Mobile/15E148 Safari Line/13.0.1" "nobbycosmic.com"
119.105.80.101 - - [03/Feb/2023:21:47:30 -0800] "GET /BabyTalks/hiyoko.gif HTTP/1.1" 200 10361 "https://nobbycosmic.com/BabyTalks/BTList.htm" "Mozilla/5.0 (iPhone; CPU iPhone OS 16_1 like Mac OS X) AppleWebKit/605.1.15 (KHTML, like Gecko) Mobile/15E148 Safari Line/13.0.1" "nobbycosmic.com"
119.105.80.101 - - [03/Feb/2023:21:47:37 -0800] "GET /BabyTalks/SakuraMark2.jpg HTTP/1.1" 200 933 "https://nobbycosmic.com/BabyTalks/BTList.htm" "Mozilla/5.0 (iPhone; CPU iPhone OS 16_1 like Mac OS X) AppleWebKit/605.1.15 (KHTML, like Gecko) Mobile/15E148 Safari Line/13.0.1" "nobbycosmic.com"
119.105.80.101 - - [03/Feb/2023:21:47:37 -0800] "GET /BabyTalks/blue_next.gif HTTP/1.1" 200 138 "https://nobbycosmic.com/BabyTalks/BTList.htm" "Mozilla/5.0 (iPhone; CPU iPhone OS 16_1 like Mac OS X) AppleWebKit/605.1.15 (KHTML, like Gecko) Mobile/15E148 Safari Line/13.0.1" "nobbycosmic.com"
119.105.80.101 - - [03/Feb/2023:21:47:37 -0800] "GET /BabyTalks/FTFMemberDistChart.jpg HTTP/1.1" 200 57507 "https://nobbycosmic.com/BabyTalks/BTList.htm" "Mozilla/5.0 (iPhone; CPU iPhone OS 16_1 like Mac OS X) AppleWebKit/605.1.15 (KHTML, like Gecko) Mobile/15E148 Safari Line/13.0.1" "nobbycosmic.com"
52.167.144.86 - - [03/Feb/2023:22:02:06 -0800] "GET /Post/JF20191219.pdf HTTP/1.1" 404 88 "-" "Mozilla/5.0 AppleWebKit/537.36 (KHTML, like Gecko; compatible; bingbot/2.0; +http://www.bing.com/bingbot.htm) Chrome/103.0.5060.134 Safari/537.36" "nobbycosmic.com"
70.26.22.104 - - [03/Feb/2023:22:37:41 -0800] "GET /BabyTalks/BTList.htm HTTP/1.1" 200 10236 "https://mmblog910.com/" "Mozilla/5.0 (Windows NT 10.0; Win64; x64) AppleWebKit/537.36 (KHTML, like Gecko) Chrome/109.0.0.0 Safari/537.36" "nobbycosmic.com"
70.26.22.104 - - [03/Feb/2023:22:37:41 -0800] "GET /BabyTalks/hiyoko.gif HTTP/1.1" 200 10361 "https://nobbycosmic.com/BabyTalks/BTList.htm" "Mozilla/5.0 (Windows NT 10.0; Win64; x64) AppleWebKit/537.36 (KHTML, like Gecko) Chrome/109.0.0.0 Safari/537.36" "nobbycosmic.com"
70.26.22.104 - - [03/Feb/2023:22:37:41 -0800] "GET /BabyTalks/BTFBanner1.jpg HTTP/1.1" 200 9524 "https://nobbycosmic.com/BabyTalks/BTList.htm" "Mozilla/5.0 (Windows NT 10.0; Win64; x64) AppleWebKit/537.36 (KHTML, like Gecko) Chrome/109.0.0.0 Safari/537.36" "nobbycosmic.com"
70.26.22.104 - - [03/Feb/2023:22:37:41 -0800] "GET /BabyTalks/BTFBanner2.jpg HTTP/1.1" 200 4273 "https://nobbycosmic.com/BabyTalks/BTList.htm" "Mozilla/5.0 (Windows NT 10.0; Win64; x64) AppleWebKit/537.36 (KHTML, like Gecko) Chrome/109.0.0.0 Safari/537.36" "nobbycosmic.com"
70.26.22.104 - - [03/Feb/2023:22:37:41 -0800] "GET /BabyTalks/Group.jpg HTTP/1.1" 200 54379 "https://nobbycosmic.com/BabyTalks/BTList.htm" "Mozilla/5.0 (Windows NT 10.0; Win64; x64) AppleWebKit/537.36 (KHTML, like Gecko) Chrome/109.0.0.0 Safari/537.36" "nobbycosmic.com"
70.26.22.104 - - [03/Feb/2023:22:37:41 -0800] "GET /BabyTalks/blue_next.gif HTTP/1.1" 200 138 "https://nobbycosmic.com/BabyTalks/BTList.htm" "Mozilla/5.0 (Windows NT 10.0; Win64; x64) AppleWebKit/537.36 (KHTML, like Gecko) Chrome/109.0.0.0 Safari/537.36" "nobbycosmic.com"
70.26.22.104 - - [03/Feb/2023:22:37:41 -0800] "GET /BabyTalks/SakuraMark2.jpg HTTP/1.1" 200 933 "https://nobbycosmic.com/BabyTalks/BTList.htm" "Mozilla/5.0 (Windows NT 10.0; Win64; x64) AppleWebKit/537.36 (KHTML, like Gecko) Chrome/109.0.0.0 Safari/537.36" "nobbycosmic.com"
70.26.22.104 - - [03/Feb/2023:22:37:41 -0800] "GET /BabyTalks/FTFMemberDistChart.jpg HTTP/1.1" 200 57507 "https://nobbycosmic.com/BabyTalks/BTList.htm" "Mozilla/5.0 (Windows NT 10.0; Win64; x64) AppleWebKit/537.36 (KHTML, like Gecko) Chrome/109.0.0.0 Safari/537.36" "nobbycosmic.com"
35.245.188.175 - - [03/Feb/2023:22:37:42 -0800] "GET / HTTP/1.1" 200 780 "-" "Mozilla/5.0 (Windows NT 6.1; WOW64; Trident/7.0; rv:11.0) like Gecko" "nobbycosmic.com"
70.26.22.104 - - [03/Feb/2023:22:37:43 -0800] "GET /favicon.ico HTTP/1.1" 404 88 "https://nobbycosmic.com/BabyTalks/BTList.htm" "Mozilla/5.0 (Windows NT 10.0; Win64; x64) AppleWebKit/537.36 (KHTML, like Gecko) Chrome/109.0.0.0 Safari/537.36" "nobbycosmic.com"
70.26.22.104 - - [03/Feb/2023:22:42:47 -0800] "GET /BabyTalks/FTFMember/Events/NY12/PicturePages/NYP12.htm HTTP/1.1" 401 90 "-" "Mozilla/5.0 (Windows NT 10.0; Win64; x64) AppleWebKit/537.36 (KHTML, like Gecko) Chrome/109.0.0.0 Safari/537.36" "nobbycosmic.com"
70.26.22.104 - FTF [03/Feb/2023:22:42:50 -0800] "GET /BabyTalks/FTFMember/Events/NY12/PicturePages/NYP12.htm HTTP/1.1" 200 1294 "-" "Mozilla/5.0 (Windows NT 10.0; Win64; x64) AppleWebKit/537.36 (KHTML, like Gecko) Chrome/109.0.0.0 Safari/537.36" "nobbycosmic.com"
70.26.22.104 - FTF [03/Feb/2023:22:42:51 -0800] "GET /BabyTalks/FTFMember/Events/NY12/PicturePages/Prep2.JPG HTTP/1.1" 200 47271 "https://nobbycosmic.com/BabyTalks/FTFMember/Events/NY12/PicturePages/NYP12.htm" "Mozilla/5.0 (Windows NT 10.0; Win64; x64) AppleWebKit/537.36 (KHTML, like Gecko) Chrome/109.0.0.0 Safari/537.36" "nobbycosmic.com"
70.26.22.104 - FTF [03/Feb/2023:22:42:51 -0800] "GET /BabyTalks/FTFMember/Events/NY12/PicturePages/Prep1.JPG HTTP/1.1" 200 56454 "https://nobbycosmic.com/BabyTalks/FTFMember/Events/NY12/PicturePages/NYP12.htm" "Mozilla/5.0 (Windows NT 10.0; Win64; x64) AppleWebKit/537.36 (KHTML, like Gecko) Chrome/109.0.0.0 Safari/537.36" "nobbycosmic.com"
70.26.22.104 - - [03/Feb/2023:22:42:51 -0800] "GET /Temp/ArrowN.JPG HTTP/1.1" 200 1141 "https://nobbycosmic.com/BabyTalks/FTFMember/Events/NY12/PicturePages/NYP12.htm" "Mozilla/5.0 (Windows NT 10.0; Win64; x64) AppleWebKit/537.36 (KHTML, like Gecko) Chrome/109.0.0.0 Safari/537.36" "nobbycosmic.com"
70.26.22.104 - FTF [03/Feb/2023:22:42:51 -0800] "GET /BabyTalks/FTFMember/Events/NY12/PicturePages/Prep3.JPG HTTP/1.1" 200 34567 "https://nobbycosmic.com/BabyTalks/FTFMember/Events/NY12/PicturePages/NYP12.htm" "Mozilla/5.0 (Windows NT 10.0; Win64; x64) AppleWebKit/537.36 (KHTML, like Gecko) Chrome/109.0.0.0 Safari/537.36" "nobbycosmic.com"
70.26.22.104 - FTF [03/Feb/2023:22:42:51 -0800] "GET /BabyTalks/FTFMember/Events/NY12/PicturePages/Mochi1.JPG HTTP/1.1" 200 90025 "https://nobbycosmic.com/BabyTalks/FTFMember/Events/NY12/PicturePages/NYP12.htm" "Mozilla/5.0 (Windows NT 10.0; Win64; x64) AppleWebKit/537.36 (KHTML, like Gecko) Chrome/109.0.0.0 Safari/537.36" "nobbycosmic.com"
70.26.22.104 - FTF [03/Feb/2023:22:42:51 -0800] "GET /BabyTalks/FTFMember/Events/NY12/PicturePages/Udon1.JPG HTTP/1.1" 200 49501 "https://nobbycosmic.com/BabyTalks/FTFMember/Events/NY12/PicturePages/NYP12.htm" "Mozilla/5.0 (Windows NT 10.0; Win64; x64) AppleWebKit/537.36 (KHTML, like Gecko) Chrome/109.0.0.0 Safari/537.36" "nobbycosmic.com"
70.26.22.104 - FTF [03/Feb/2023:22:42:51 -0800] "GET /BabyTalks/FTFMember/Events/NY12/PicturePages/KimonoPrep1.JPG HTTP/1.1" 200 47960 "https://nobbycosmic.com/BabyTalks/FTFMember/Events/NY12/PicturePages/NYP12.htm" "Mozilla/5.0 (Windows NT 10.0; Win64; x64) AppleWebKit/537.36 (KHTML, like Gecko) Chrome/109.0.0.0 Safari/537.36" "nobbycosmic.com"
70.26.22.104 - FTF [03/Feb/2023:22:42:51 -0800] "GET /BabyTalks/FTFMember/Events/NY12/PicturePages/Mochi3.JPG HTTP/1.1" 200 81207 "https://nobbycosmic.com/BabyTalks/FTFMember/Events/NY12/PicturePages/NYP12.htm" "Mozilla/5.0 (Windows NT 10.0; Win64; x64) AppleWebKit/537.36 (KHTML, like Gecko) Chrome/109.0.0.0 Safari/537.36" "nobbycosmic.com"
70.26.22.104 - FTF [03/Feb/2023:22:42:51 -0800] "GET /BabyTalks/FTFMember/Events/NY12/PicturePages/Mochi4.JPG HTTP/1.1" 200 51134 "https://nobbycosmic.com/BabyTalks/FTFMember/Events/NY12/PicturePages/NYP12.htm" "Mozilla/5.0 (Windows NT 10.0; Win64; x64) AppleWebKit/537.36 (KHTML, like Gecko) Chrome/109.0.0.0 Safari/537.36" "nobbycosmic.com"
70.26.22.104 - FTF [03/Feb/2023:22:42:51 -0800] "GET /BabyTalks/FTFMember/Events/NY12/PicturePages/Onigiri1.JPG HTTP/1.1" 200 83676 "https://nobbycosmic.com/BabyTalks/FTFMember/Events/NY12/PicturePages/NYP12.htm" "Mozilla/5.0 (Windows NT 10.0; Win64; x64) AppleWebKit/537.36 (KHTML, like Gecko) Chrome/109.0.0.0 Safari/537.36" "nobbycosmic.com"
70.26.22.104 - FTF [03/Feb/2023:22:42:51 -0800] "GET /BabyTalks/FTFMember/Events/NY12/PicturePages/KimonoPrep2.JPG HTTP/1.1" 200 39734 "https://nobbycosmic.com/BabyTalks/FTFMember/Events/NY12/PicturePages/NYP12.htm" "Mozilla/5.0 (Windows NT 10.0; Win64; x64) AppleWebKit/537.36 (KHTML, like Gecko) Chrome/109.0.0.0 Safari/537.36" "nobbycosmic.com"
70.26.22.104 - FTF [03/Feb/2023:22:42:51 -0800] "GET /BabyTalks/FTFMember/Events/NY12/PicturePages/Onigiri2.JPG HTTP/1.1" 200 72278 "https://nobbycosmic.com/BabyTalks/FTFMember/Events/NY12/PicturePages/NYP12.htm" "Mozilla/5.0 (Windows NT 10.0; Win64; x64) AppleWebKit/537.36 (KHTML, like Gecko) Chrome/109.0.0.0 Safari/537.36" "nobbycosmic.com"
70.26.22.104 - FTF [03/Feb/2023:22:42:51 -0800] "GET /BabyTalks/FTFMember/Events/NY12/PicturePages/Mochi2.JPG HTTP/1.1" 200 82679 "https://nobbycosmic.com/BabyTalks/FTFMember/Events/NY12/PicturePages/NYP12.htm" "Mozilla/5.0 (Windows NT 10.0; Win64; x64) AppleWebKit/537.36 (KHTML, like Gecko) Chrome/109.0.0.0 Safari/537.36" "nobbycosmic.com"
70.26.22.104 - FTF [03/Feb/2023:22:42:51 -0800] "GET /BabyTalks/FTFMember/Events/NY12/PicturePages/Udon2.JPG HTTP/1.1" 200 78826 "https://nobbycosmic.com/BabyTalks/FTFMember/Events/NY12/PicturePages/NYP12.htm" "Mozilla/5.0 (Windows NT 10.0; Win64; x64) AppleWebKit/537.36 (KHTML, like Gecko) Chrome/109.0.0.0 Safari/537.36" "nobbycosmic.com"
35.245.82.188 - - [03/Feb/2023:22:42:51 -0800] "GET /BabyTalks/FTFMember/Events/NY12/PicturePages/NYP12.htm HTTP/1.1" 401 76 "-" "Mozilla/5.0 (Windows NT 6.1; WOW64; Trident/7.0; rv:11.0) like Gecko" "nobbycosmic.com"
35.245.82.188 - - [03/Feb/2023:22:42:51 -0800] "GET / HTTP/1.1" 200 780 "-" "Mozilla/5.0 (Windows NT 6.1; WOW64; Trident/7.0; rv:11.0) like Gecko" "nobbycosmic.com"
35.245.188.175 - - [03/Feb/2023:22:43:13 -0800] "GET / HTTP/1.1" 200 780 "-" "Mozilla/5.0 (Windows NT 6.1; WOW64; Trident/7.0; rv:11.0) like Gecko" "nobbycosmic.com"
70.26.22.104 - - [03/Feb/2023:22:43:34 -0800] "GET /BTF/P2010/P2010.htm HTTP/1.1" 404 88 "-" "Mozilla/5.0 (Windows NT 10.0; Win64; x64) AppleWebKit/537.36 (KHTML, like Gecko) Chrome/109.0.0.0 Safari/537.36" "nobbycosmic.com"
35.245.188.175 - - [03/Feb/2023:22:43:35 -0800] "GET /BTF/P2010/P2010.htm HTTP/1.1" 404 73 "-" "Mozilla/5.0 (Windows NT 6.1; WOW64; Trident/7.0; rv:11.0) like Gecko" "nobbycosmic.com"
70.26.22.104 - - [03/Feb/2023:22:43:45 -0800] "GET /BabyTalks/FTFMember/Events/Picnic2007/Picnic2007Picture.htm HTTP/1.1" 401 90 "-" "Mozilla/5.0 (Windows NT 10.0; Win64; x64) AppleWebKit/537.36 (KHTML, like Gecko) Chrome/109.0.0.0 Safari/537.36" "nobbycosmic.com"
70.26.22.104 - FTF [03/Feb/2023:22:43:46 -0800] "GET /BabyTalks/FTFMember/Events/Picnic2007/Picnic2007Picture.htm HTTP/1.1" 200 2002 "-" "Mozilla/5.0 (Windows NT 10.0; Win64; x64) AppleWebKit/537.36 (KHTML, like Gecko) Chrome/109.0.0.0 Safari/537.36" "nobbycosmic.com"
70.26.22.104 - FTF [03/Feb/2023:22:43:46 -0800] "GET /BabyTalks/FTFMember/Events/Picnic2007/Saikoro02.jpg HTTP/1.1" 200 22315 "https://nobbycosmic.com/BabyTalks/FTFMember/Events/Picnic2007/Picnic2007Picture.htm" "Mozilla/5.0 (Windows NT 10.0; Win64; x64) AppleWebKit/537.36 (KHTML, like Gecko) Chrome/109.0.0.0 Safari/537.36" "nobbycosmic.com"
70.26.22.104 - FTF [03/Feb/2023:22:43:46 -0800] "GET /BabyTalks/FTFMember/Events/Picnic2007/Group01.jpg HTTP/1.1" 200 253099 "https://nobbycosmic.com/BabyTalks/FTFMember/Events/Picnic2007/Picnic2007Picture.htm" "Mozilla/5.0 (Windows NT 10.0; Win64; x64) AppleWebKit/537.36 (KHTML, like Gecko) Chrome/109.0.0.0 Safari/537.36" "nobbycosmic.com"
70.26.22.104 - FTF [03/Feb/2023:22:43:46 -0800] "GET /BabyTalks/FTFMember/Events/Picnic2007/Uta01.jpg HTTP/1.1" 200 177761 "https://nobbycosmic.com/BabyTalks/FTFMember/Events/Picnic2007/Picnic2007Picture.htm" "Mozilla/5.0 (Windows NT 10.0; Win64; x64) AppleWebKit/537.36 (KHTML, like Gecko) Chrome/109.0.0.0 Safari/537.36" "nobbycosmic.com"
70.26.22.104 - FTF [03/Feb/2023:22:43:46 -0800] "GET /BabyTalks/FTFMember/Events/Picnic2007/Uta06.jpg HTTP/1.1" 200 117341 "https://nobbycosmic.com/BabyTalks/FTFMember/Events/Picnic2007/Picnic2007Picture.htm" "Mozilla/5.0 (Windows NT 10.0; Win64; x64) AppleWebKit/537.36 (KHTML, like Gecko) Chrome/109.0.0.0 Safari/537.36" "nobbycosmic.com"
70.26.22.104 - FTF [03/Feb/2023:22:43:46 -0800] "GET /BabyTalks/FTFMember/Events/Picnic2007/Start01.jpg HTTP/1.1" 200 206271 "https://nobbycosmic.com/BabyTalks/FTFMember/Events/Picnic2007/Picnic2007Picture.htm" "Mozilla/5.0 (Windows NT 10.0; Win64; x64) AppleWebKit/537.36 (KHTML, like Gecko) Chrome/109.0.0.0 Safari/537.36" "nobbycosmic.com"
70.26.22.104 - FTF [03/Feb/2023:22:43:46 -0800] "GET /BabyTalks/FTFMember/Events/Picnic2007/Uta07.jpg HTTP/1.1" 200 163115 "https://nobbycosmic.com/BabyTalks/FTFMember/Events/Picnic2007/Picnic2007Picture.htm" "Mozilla/5.0 (Windows NT 10.0; Win64; x64) AppleWebKit/537.36 (KHTML, like Gecko) Chrome/109.0.0.0 Safari/537.36" "nobbycosmic.com"
70.26.22.104 - FTF [03/Feb/2023:22:43:46 -0800] "GET /BabyTalks/FTFMember/Events/Picnic2007/Start02.jpg HTTP/1.1" 200 214801 "https://nobbycosmic.com/BabyTalks/FTFMember/Events/Picnic2007/Picnic2007Picture.htm" "Mozilla/5.0 (Windows NT 10.0; Win64; x64) AppleWebKit/537.36 (KHTML, like Gecko) Chrome/109.0.0.0 Safari/537.36" "nobbycosmic.com"
70.26.22.104 - FTF [03/Feb/2023:22:43:46 -0800] "GET /BabyTalks/FTFMember/Events/Picnic2007/Uta08.jpg HTTP/1.1" 200 21634 "https://nobbycosmic.com/BabyTalks/FTFMember/Events/Picnic2007/Picnic2007Picture.htm" "Mozilla/5.0 (Windows NT 10.0; Win64; x64) AppleWebKit/537.36 (KHTML, like Gecko) Chrome/109.0.0.0 Safari/537.36" "nobbycosmic.com"
70.26.22.104 - FTF [03/Feb/2023:22:43:46 -0800] "GET /BabyTalks/FTFMember/Events/Picnic2007/Lunch04.jpg HTTP/1.1" 200 174374 "https://nobbycosmic.com/BabyTalks/FTFMember/Events/Picnic2007/Picnic2007Picture.htm" "Mozilla/5.0 (Windows NT 10.0; Win64; x64) AppleWebKit/537.36 (KHTML, like Gecko) Chrome/109.0.0.0 Safari/537.36" "nobbycosmic.com"
70.26.22.104 - FTF [03/Feb/2023:22:43:46 -0800] "GET /BabyTalks/FTFMember/Events/Picnic2007/Family04.jpg HTTP/1.1" 200 124221 "https://nobbycosmic.com/BabyTalks/FTFMember/Events/Picnic2007/Picnic2007Picture.htm" "Mozilla/5.0 (Windows NT 10.0; Win64; x64) AppleWebKit/537.36 (KHTML, like Gecko) Chrome/109.0.0.0 Safari/537.36" "nobbycosmic.com"
70.26.22.104 - FTF [03/Feb/2023:22:43:46 -0800] "GET /BabyTalks/FTFMember/Events/Picnic2007/Lunch01.jpg HTTP/1.1" 200 146600 "https://nobbycosmic.com/BabyTalks/FTFMember/Events/Picnic2007/Picnic2007Picture.htm" "Mozilla/5.0 (Windows NT 10.0; Win64; x64) AppleWebKit/537.36 (KHTML, like Gecko) Chrome/109.0.0.0 Safari/537.36" "nobbycosmic.com"
70.26.22.104 - FTF [03/Feb/2023:22:43:46 -0800] "GET /BabyTalks/FTFMember/Events/Picnic2007/Family02.jpg HTTP/1.1" 200 190849 "https://nobbycosmic.com/BabyTalks/FTFMember/Events/Picnic2007/Picnic2007Picture.htm" "Mozilla/5.0 (Windows NT 10.0; Win64; x64) AppleWebKit/537.36 (KHTML, like Gecko) Chrome/109.0.0.0 Safari/537.36" "nobbycosmic.com"
70.26.22.104 - FTF [03/Feb/2023:22:43:46 -0800] "GET /BabyTalks/FTFMember/Events/Picnic2007/Lunch02.jpg HTTP/1.1" 200 172031 "https://nobbycosmic.com/BabyTalks/FTFMember/Events/Picnic2007/Picnic2007Picture.htm" "Mozilla/5.0 (Windows NT 10.0; Win64; x64) AppleWebKit/537.36 (KHTML, like Gecko) Chrome/109.0.0.0 Safari/537.36" "nobbycosmic.com"
70.26.22.104 - FTF [03/Feb/2023:22:43:46 -0800] "GET /BabyTalks/FTFMember/Events/Picnic2007/Lunch05.jpg HTTP/1.1" 200 162838 "https://nobbycosmic.com/BabyTalks/FTFMember/Events/Picnic2007/Picnic2007Picture.htm" "Mozilla/5.0 (Windows NT 10.0; Win64; x64) AppleWebKit/537.36 (KHTML, like Gecko) Chrome/109.0.0.0 Safari/537.36" "nobbycosmic.com"
70.26.22.104 - FTF [03/Feb/2023:22:43:46 -0800] "GET /BabyTalks/FTFMember/Events/Picnic2007/Family01.jpg HTTP/1.1" 200 169628 "https://nobbycosmic.com/BabyTalks/FTFMember/Events/Picnic2007/Picnic2007Picture.htm" "Mozilla/5.0 (Windows NT 10.0; Win64; x64) AppleWebKit/537.36 (KHTML, like Gecko) Chrome/109.0.0.0 Safari/537.36" "nobbycosmic.com"
70.26.22.104 - FTF [03/Feb/2023:22:43:46 -0800] "GET /BabyTalks/FTFMember/Events/Picnic2007/Family06.jpg HTTP/1.1" 200 72721 "https://nobbycosmic.com/BabyTalks/FTFMember/Events/Picnic2007/Picnic2007Picture.htm" "Mozilla/5.0 (Windows NT 10.0; Win64; x64) AppleWebKit/537.36 (KHTML, like Gecko) Chrome/109.0.0.0 Safari/537.36" "nobbycosmic.com"
70.26.22.104 - FTF [03/Feb/2023:22:43:46 -0800] "GET /BabyTalks/FTFMember/Events/Picnic2007/Family05.jpg HTTP/1.1" 200 100385 "https://nobbycosmic.com/BabyTalks/FTFMember/Events/Picnic2007/Picnic2007Picture.htm" "Mozilla/5.0 (Windows NT 10.0; Win64; x64) AppleWebKit/537.36 (KHTML, like Gecko) Chrome/109.0.0.0 Safari/537.36" "nobbycosmic.com"
70.26.22.104 - FTF [03/Feb/2023:22:43:46 -0800] "GET /BabyTalks/FTFMember/Events/Picnic2007/Uta03.jpg HTTP/1.1" 200 174369 "https://nobbycosmic.com/BabyTalks/FTFMember/Events/Picnic2007/Picnic2007Picture.htm" "Mozilla/5.0 (Windows NT 10.0; Win64; x64) AppleWebKit/537.36 (KHTML, like Gecko) Chrome/109.0.0.0 Safari/537.36" "nobbycosmic.com"
70.26.22.104 - FTF [03/Feb/2023:22:43:46 -0800] "GET /BabyTalks/FTFMember/Events/Picnic2007/Uta04.jpg HTTP/1.1" 200 194954 "https://nobbycosmic.com/BabyTalks/FTFMember/Events/Picnic2007/Picnic2007Picture.htm" "Mozilla/5.0 (Windows NT 10.0; Win64; x64) AppleWebKit/537.36 (KHTML, like Gecko) Chrome/109.0.0.0 Safari/537.36" "nobbycosmic.com"
35.245.188.175 - - [03/Feb/2023:22:43:46 -0800] "GET /BabyTalks/FTFMember/Events/Picnic2007/Picnic2007Picture.htm HTTP/1.1" 401 76 "-" "Mozilla/5.0 (Windows NT 6.1; WOW64; Trident/7.0; rv:11.0) like Gecko" "nobbycosmic.com"
70.26.22.104 - FTF [03/Feb/2023:22:44:01 -0800] "GET /BabyTalks/FTFMember/Events/Picnic2007/Water01.jpg HTTP/1.1" 200 89373 "https://nobbycosmic.com/BabyTalks/FTFMember/Events/Picnic2007/Picnic2007Picture.htm" "Mozilla/5.0 (Windows NT 10.0; Win64; x64) AppleWebKit/537.36 (KHTML, like Gecko) Chrome/109.0.0.0 Safari/537.36" "nobbycosmic.com"
70.26.22.104 - FTF [03/Feb/2023:22:44:01 -0800] "GET /BabyTalks/FTFMember/Events/Picnic2007/Saikoro06.jpg HTTP/1.1" 200 174643 "https://nobbycosmic.com/BabyTalks/FTFMember/Events/Picnic2007/Picnic2007Picture.htm" "Mozilla/5.0 (Windows NT 10.0; Win64; x64) AppleWebKit/537.36 (KHTML, like Gecko) Chrome/109.0.0.0 Safari/537.36" "nobbycosmic.com"
70.26.22.104 - FTF [03/Feb/2023:22:44:01 -0800] "GET /BabyTalks/FTFMember/Events/Picnic2007/Potluck01.jpg HTTP/1.1" 200 143466 "https://nobbycosmic.com/BabyTalks/FTFMember/Events/Picnic2007/Picnic2007Picture.htm" "Mozilla/5.0 (Windows NT 10.0; Win64; x64) AppleWebKit/537.36 (KHTML, like Gecko) Chrome/109.0.0.0 Safari/537.36" "nobbycosmic.com"
70.26.22.104 - FTF [03/Feb/2023:22:44:01 -0800] "GET /BabyTalks/FTFMember/Events/Picnic2007/Saikoro03.jpg HTTP/1.1" 200 191014 "https://nobbycosmic.com/BabyTalks/FTFMember/Events/Picnic2007/Picnic2007Picture.htm" "Mozilla/5.0 (Windows NT 10.0; Win64; x64) AppleWebKit/537.36 (KHTML, like Gecko) Chrome/109.0.0.0 Safari/537.36" "nobbycosmic.com"
70.26.22.104 - FTF [03/Feb/2023:22:44:01 -0800] "GET /BabyTalks/FTFMember/Events/Picnic2007/Prize02.jpg HTTP/1.1" 200 159421 "https://nobbycosmic.com/BabyTalks/FTFMember/Events/Picnic2007/Picnic2007Picture.htm" "Mozilla/5.0 (Windows NT 10.0; Win64; x64) AppleWebKit/537.36 (KHTML, like Gecko) Chrome/109.0.0.0 Safari/537.36" "nobbycosmic.com"
70.26.22.104 - FTF [03/Feb/2023:22:44:01 -0800] "GET /BabyTalks/FTFMember/Events/Picnic2007/Child02.jpg HTTP/1.1" 200 151979 "https://nobbycosmic.com/BabyTalks/FTFMember/Events/Picnic2007/Picnic2007Picture.htm" "Mozilla/5.0 (Windows NT 10.0; Win64; x64) AppleWebKit/537.36 (KHTML, like Gecko) Chrome/109.0.0.0 Safari/537.36" "nobbycosmic.com"
70.26.22.104 - FTF [03/Feb/2023:22:44:01 -0800] "GET /BabyTalks/FTFMember/Events/Picnic2007/Balloon01.jpg HTTP/1.1" 200 152537 "https://nobbycosmic.com/BabyTalks/FTFMember/Events/Picnic2007/Picnic2007Picture.htm" "Mozilla/5.0 (Windows NT 10.0; Win64; x64) AppleWebKit/537.36 (KHTML, like Gecko) Chrome/109.0.0.0 Safari/537.36" "nobbycosmic.com"
70.26.22.104 - FTF [03/Feb/2023:22:44:01 -0800] "GET /BabyTalks/FTFMember/Events/Picnic2007/Saikoro05.jpg HTTP/1.1" 200 151578 "https://nobbycosmic.com/BabyTalks/FTFMember/Events/Picnic2007/Picnic2007Picture.htm" "Mozilla/5.0 (Windows NT 10.0; Win64; x64) AppleWebKit/537.36 (KHTML, like Gecko) Chrome/109.0.0.0 Safari/537.36" "nobbycosmic.com"
70.26.22.104 - FTF [03/Feb/2023:22:44:01 -0800] "GET /BabyTalks/FTFMember/Events/Picnic2007/Child05.jpg HTTP/1.1" 200 153177 "https://nobbycosmic.com/BabyTalks/FTFMember/Events/Picnic2007/Picnic2007Picture.htm" "Mozilla/5.0 (Windows NT 10.0; Win64; x64) AppleWebKit/537.36 (KHTML, like Gecko) Chrome/109.0.0.0 Safari/537.36" "nobbycosmic.com"
70.26.22.104 - FTF [03/Feb/2023:22:44:01 -0800] "GET /BabyTalks/FTFMember/Events/Picnic2007/Saikoro04.jpg HTTP/1.1" 200 148715 "https://nobbycosmic.com/BabyTalks/FTFMember/Events/Picnic2007/Picnic2007Picture.htm" "Mozilla/5.0 (Windows NT 10.0; Win64; x64) AppleWebKit/537.36 (KHTML, like Gecko) Chrome/109.0.0.0 Safari/537.36" "nobbycosmic.com"
70.26.22.104 - FTF [03/Feb/2023:22:44:01 -0800] "GET /BabyTalks/FTFMember/Events/Picnic2007/Child03.jpg HTTP/1.1" 200 178967 "https://nobbycosmic.com/BabyTalks/FTFMember/Events/Picnic2007/Picnic2007Picture.htm" "Mozilla/5.0 (Windows NT 10.0; Win64; x64) AppleWebKit/537.36 (KHTML, like Gecko) Chrome/109.0.0.0 Safari/537.36" "nobbycosmic.com"
70.26.22.104 - FTF [03/Feb/2023:22:44:01 -0800] "GET /BabyTalks/FTFMember/Events/Picnic2007/Prize01.jpg HTTP/1.1" 200 166281 "https://nobbycosmic.com/BabyTalks/FTFMember/Events/Picnic2007/Picnic2007Picture.htm" "Mozilla/5.0 (Windows NT 10.0; Win64; x64) AppleWebKit/537.36 (KHTML, like Gecko) Chrome/109.0.0.0 Safari/537.36" "nobbycosmic.com"
70.26.22.104 - FTF [03/Feb/2023:22:44:01 -0800] "GET /BabyTalks/FTFMember/Events/Picnic2007/Family03.jpg HTTP/1.1" 200 158200 "https://nobbycosmic.com/BabyTalks/FTFMember/Events/Picnic2007/Picnic2007Picture.htm" "Mozilla/5.0 (Windows NT 10.0; Win64; x64) AppleWebKit/537.36 (KHTML, like Gecko) Chrome/109.0.0.0 Safari/537.36" "nobbycosmic.com"
35.185.241.102 - - [03/Feb/2023:22:45:15 -0800] "GET / HTTP/1.1" 200 780 "-" "Mozilla/5.0 (Windows NT 6.1; WOW64; Trident/7.0; rv:11.0) like Gecko" "nobbycosmic.com"
70.26.22.104 - - [03/Feb/2023:22:45:23 -0800] "GET /BTF/P2010/P2010.htm HTTP/1.1" 404 88 "-" "Mozilla/5.0 (Windows NT 10.0; Win64; x64) AppleWebKit/537.36 (KHTML, like Gecko) Chrome/109.0.0.0 Safari/537.36" "nobbycosmic.com"
35.185.241.102 - - [03/Feb/2023:22:45:23 -0800] "GET /BTF/P2010/P2010.htm HTTP/1.1" 404 73 "-" "Mozilla/5.0 (Windows NT 6.1; WOW64; Trident/7.0; rv:11.0) like Gecko" "nobbycosmic.com"
70.26.22.104 - - [03/Feb/2023:22:45:39 -0800] "GET /BabyTalks/FTFMember/Events/P2009/Picnic2009.htm HTTP/1.1" 401 90 "-" "Mozilla/5.0 (Windows NT 10.0; Win64; x64) AppleWebKit/537.36 (KHTML, like Gecko) Chrome/109.0.0.0 Safari/537.36" "nobbycosmic.com"
70.26.22.104 - FTF [03/Feb/2023:22:45:39 -0800] "GET /BabyTalks/FTFMember/Events/P2009/Picnic2009.htm HTTP/1.1" 200 2072 "-" "Mozilla/5.0 (Windows NT 10.0; Win64; x64) AppleWebKit/537.36 (KHTML, like Gecko) Chrome/109.0.0.0 Safari/537.36" "nobbycosmic.com"
