51.222.253.17 - - [12/Feb/2023:10:05:12 -0800] "GET /Card/Card01/?C=N;O=A HTTP/1.1" 200 449 "-" "Mozilla/5.0 (compatible; AhrefsBot/7.0; +http://ahrefs.com/robot/)" "nobbycosmic.com"
51.222.253.7 - - [12/Feb/2023:10:17:19 -0800] "GET /Card/Card01/?C=S;O=D HTTP/1.1" 200 449 "-" "Mozilla/5.0 (compatible; AhrefsBot/7.0; +http://ahrefs.com/robot/)" "nobbycosmic.com"
114.119.139.26 - - [12/Feb/2023:10:37:30 -0800] "GET /robots.txt HTTP/1.1" 200 75 "-" "Mozilla/5.0 (compatible;PetalBot;+https://webmaster.petalsearch.com/site/petalbot)" "www.nobbycosmic.com"
51.222.253.14 - - [12/Feb/2023:10:39:53 -0800] "GET /Card/Card03/?C=D;O=D HTTP/1.1" 200 440 "-" "Mozilla/5.0 (compatible; AhrefsBot/7.0; +http://ahrefs.com/robot/)" "nobbycosmic.com"
207.46.13.25 - - [12/Feb/2023:10:45:35 -0800] "GET /Temp/JF20150830.pdf HTTP/1.1" 404 88 "-" "Mozilla/5.0 AppleWebKit/537.36 (KHTML, like Gecko; compatible; bingbot/2.0; +http://www.bing.com/bingbot.htm) Chrome/103.0.5060.134 Safari/537.36" "nobbycosmic.com"
40.77.167.253 - - [12/Feb/2023:10:56:02 -0800] "GET /Utagoe/2013Spring/Utagoe2013051A.jpg HTTP/1.1" 200 50959 "-" "Mozilla/5.0 AppleWebKit/537.36 (KHTML, like Gecko; compatible; bingbot/2.0; +http://www.bing.com/bingbot.htm) Chrome/103.0.5060.134 Safari/537.36" "nobbycosmic.com"
51.222.253.15 - - [12/Feb/2023:10:56:22 -0800] "GET /Card/Card03/?C=M;O=D HTTP/1.1" 200 441 "-" "Mozilla/5.0 (compatible; AhrefsBot/7.0; +http://ahrefs.com/robot/)" "nobbycosmic.com"
51.222.253.9 - - [12/Feb/2023:11:22:12 -0800] "GET /Card/Card98/?C=N;O=A HTTP/1.1" 200 440 "-" "Mozilla/5.0 (compatible; AhrefsBot/7.0; +http://ahrefs.com/robot/)" "nobbycosmic.com"
66.249.69.201 - - [12/Feb/2023:11:47:53 -0800] "GET /Temp/Music/Brazil1.pdf HTTP/1.1" 404 88 "-" "Mozilla/5.0 (Windows NT 10.0; Win64; x64)AppleWebKit/537.36 (KHTML, like Gecko) Chrome/91.0.4472.101 Safari/537.36 (compatible; GoogleOther)" "nobbycosmic.com"
194.38.20.161 - - [12/Feb/2023:11:58:06 -0800] "GET /modules/mod_ppc_simple_spotlight/elements/upload_file.php HTTP/1.1" 404 73 "-" "ALittle Client" "nobbycosmic.com"
51.222.253.1 - - [12/Feb/2023:12:05:05 -0800] "GET /Card/Card02/?C=N;O=A HTTP/1.1" 200 460 "-" "Mozilla/5.0 (compatible; AhrefsBot/7.0; +http://ahrefs.com/robot/)" "nobbycosmic.com"
114.119.137.101 - - [12/Feb/2023:12:11:49 -0800] "GET /JCCC/Archive/?C=S%3BO%3DA HTTP/1.1" 200 440 "https://nobbycosmic.com/JCCC/Archive/?C=D%3BO%3DA" "Mozilla/5.0 (Linux; Android 7.0;) AppleWebKit/537.36 (KHTML, like Gecko) Mobile Safari/537.36 (compatible; PetalBot;+https://webmaster.petalsearch.com/site/petalbot)" "nobbycosmic.com"
192.252.165.63 - - [12/Feb/2023:12:53:54 -0800] "GET /BabyTalks/BTFLeaf.pdf HTTP/1.1" 200 187997 "https://www.google.com/" "Mozilla/5.0 (iPhone; CPU iPhone OS 16_1_1 like Mac OS X) AppleWebKit/605.1.15 (KHTML, like Gecko) Version/16.1 Mobile/15E148 Safari/604.1" "nobbycosmic.com"
192.252.165.63 - - [12/Feb/2023:12:53:56 -0800] "GET /favicon.ico HTTP/1.1" 404 88 "https://nobbycosmic.com/BabyTalks/BTFLeaf.pdf" "Mozilla/5.0 (iPhone; CPU iPhone OS 16_1_1 like Mac OS X) AppleWebKit/605.1.15 (KHTML, like Gecko) Version/16.1 Mobile/15E148 Safari/604.1" "nobbycosmic.com"
40.77.167.253 - - [12/Feb/2023:12:59:33 -0800] "GET /Post/JF20190802.pdf HTTP/1.1" 404 88 "-" "Mozilla/5.0 AppleWebKit/537.36 (KHTML, like Gecko; compatible; bingbot/2.0; +http://www.bing.com/bingbot.htm) Chrome/103.0.5060.134 Safari/537.36" "nobbycosmic.com"
66.249.91.105 - - [12/Feb/2023:13:07:05 -0800] "GET /Card/Card19/googlef6465b701097bf56.html HTTP/1.1" 200 70 "-" "Mozilla/5.0 (compatible; Google-Site-Verification/1.0)" "nobbycosmic.com"
66.249.91.105 - - [12/Feb/2023:13:07:05 -0800] "GET /Card/Card19/googleb3e9bcff24c7247b.html HTTP/1.1" 404 88 "-" "Mozilla/5.0 (compatible; Google-Site-Verification/1.0)" "nobbycosmic.com"
35.185.241.102 - - [12/Feb/2023:13:18:33 -0800] "GET / HTTP/1.1" 200 10547 "-" "Mozilla/5.0 (Windows NT 6.1; WOW64; Trident/7.0; rv:11.0) like Gecko" "nobbycosmic.com"
35.162.83.216 - - [12/Feb/2023:13:35:37 -0800] "GET / HTTP/1.1" 200 3079 "-" "Mozilla/5.0 (X11; Linux x86_64) AppleWebKit/537.36 (KHTML, like Gecko) Chrome/83.0.4103.97 Safari/537.36" "nobbycosmic.com"
52.38.203.197 - - [12/Feb/2023:13:35:38 -0800] "GET / HTTP/1.1" 200 3079 "-" "Mozilla/5.0 (X11; Linux x86_64) AppleWebKit/537.36 (KHTML, like Gecko) Chrome/83.0.4103.97 Safari/537.36" "nobbycosmic.com"
18.236.79.109 - - [12/Feb/2023:13:35:42 -0800] "GET /favicon.ico HTTP/1.1" 404 88 "-" "Mozilla/5.0 (X11; Linux x86_64) AppleWebKit/537.36 (KHTML, like Gecko) Chrome/83.0.4103.97 Safari/537.36" "nobbycosmic.com"
18.236.79.109 - - [12/Feb/2023:13:35:43 -0800] "GET / HTTP/1.1" 200 3079 "-" "Mozilla/5.0 (X11; Linux x86_64) AppleWebKit/537.36 (KHTML, like Gecko) Chrome/83.0.4103.97 Safari/537.36" "nobbycosmic.com"
54.244.179.180 - - [12/Feb/2023:13:35:58 -0800] "GET /favicon.ico HTTP/1.1" 404 88 "http://nobbycosmic.com/favicon.ico" "Mozilla/5.0 (X11; Linux x86_64) AppleWebKit/537.36 (KHTML, like Gecko) Chrome/83.0.4103.97 Safari/537.36" "nobbycosmic.com"
54.244.179.180 - - [12/Feb/2023:13:35:58 -0800] "GET / HTTP/1.1" 200 3079 "http://nobbycosmic.com" "Mozilla/5.0 (X11; Linux x86_64) AppleWebKit/537.36 (KHTML, like Gecko) Chrome/83.0.4103.97 Safari/537.36" "nobbycosmic.com"
51.222.253.15 - - [12/Feb/2023:13:38:55 -0800] "GET /Card/Card10/?C=N;O=A HTTP/1.1" 200 472 "-" "Mozilla/5.0 (compatible; AhrefsBot/7.0; +http://ahrefs.com/robot/)" "nobbycosmic.com"
207.46.13.180 - - [12/Feb/2023:13:46:40 -0800] "GET /JCCC/Shinsedai2010E.pdf HTTP/1.1" 404 88 "-" "Mozilla/5.0 AppleWebKit/537.36 (KHTML, like Gecko; compatible; bingbot/2.0; +http://www.bing.com/bingbot.htm) Chrome/103.0.5060.134 Safari/537.36" "nobbycosmic.com"
35.245.188.175 - - [12/Feb/2023:14:16:17 -0800] "GET /Utagoe/Member/utalist.htm HTTP/1.1" 401 76 "-" "Mozilla/5.0 (Windows NT 6.1; WOW64; Trident/7.0; rv:11.0) like Gecko" "nobbycosmic.com"
35.245.188.175 - - [12/Feb/2023:14:16:17 -0800] "GET /Utagoe/Utagoe.htm HTTP/1.1" 200 14213 "-" "Mozilla/5.0 (Windows NT 6.1; WOW64; Trident/7.0; rv:11.0) like Gecko" "nobbycosmic.com"
35.245.188.175 - - [12/Feb/2023:14:16:22 -0800] "GET / HTTP/1.1" 200 10547 "-" "Mozilla/5.0 (Windows NT 6.1; WOW64; Trident/7.0; rv:11.0) like Gecko" "nobbycosmic.com"
35.245.82.188 - - [12/Feb/2023:14:16:22 -0800] "GET / HTTP/1.1" 200 10547 "-" "Mozilla/5.0 (Windows NT 6.1; WOW64; Trident/7.0; rv:11.0) like Gecko" "nobbycosmic.com"
96.55.61.171 - - [12/Feb/2023:14:22:31 -0800] "GET /Utagoe/Vanc1.htm HTTP/1.1" 200 2508 "https://www.google.ca/" "Mozilla/5.0 (Windows NT 10.0; Win64; x64) AppleWebKit/537.36 (KHTML, like Gecko) Chrome/110.0.0.0 Safari/537.36 Edg/110.0.1587.41" "nobbycosmic.com"
96.55.61.171 - - [12/Feb/2023:14:22:31 -0800] "GET /Utagoe/Pictures/V003.jpg HTTP/1.1" 200 13376 "https://nobbycosmic.com/Utagoe/Vanc1.htm" "Mozilla/5.0 (Windows NT 10.0; Win64; x64) AppleWebKit/537.36 (KHTML, like Gecko) Chrome/110.0.0.0 Safari/537.36 Edg/110.0.1587.41" "nobbycosmic.com"
96.55.61.171 - - [12/Feb/2023:14:22:31 -0800] "GET /Utagoe/Pictures/V07011.jpg HTTP/1.1" 200 17627 "https://nobbycosmic.com/Utagoe/Vanc1.htm" "Mozilla/5.0 (Windows NT 10.0; Win64; x64) AppleWebKit/537.36 (KHTML, like Gecko) Chrome/110.0.0.0 Safari/537.36 Edg/110.0.1587.41" "nobbycosmic.com"
96.55.61.171 - - [12/Feb/2023:14:22:31 -0800] "GET /Utagoe/Pictures/V0412.jpg HTTP/1.1" 200 79440 "https://nobbycosmic.com/Utagoe/Vanc1.htm" "Mozilla/5.0 (Windows NT 10.0; Win64; x64) AppleWebKit/537.36 (KHTML, like Gecko) Chrome/110.0.0.0 Safari/537.36 Edg/110.0.1587.41" "nobbycosmic.com"
96.55.61.171 - - [12/Feb/2023:14:22:31 -0800] "GET /Utagoe/Pictures/V07012.jpg HTTP/1.1" 200 22984 "https://nobbycosmic.com/Utagoe/Vanc1.htm" "Mozilla/5.0 (Windows NT 10.0; Win64; x64) AppleWebKit/537.36 (KHTML, like Gecko) Chrome/110.0.0.0 Safari/537.36 Edg/110.0.1587.41" "nobbycosmic.com"
96.55.61.171 - - [12/Feb/2023:14:22:31 -0800] "GET /Utagoe/Pictures/V005.jpg HTTP/1.1" 200 25058 "https://nobbycosmic.com/Utagoe/Vanc1.htm" "Mozilla/5.0 (Windows NT 10.0; Win64; x64) AppleWebKit/537.36 (KHTML, like Gecko) Chrome/110.0.0.0 Safari/537.36 Edg/110.0.1587.41" "nobbycosmic.com"
96.55.61.171 - - [12/Feb/2023:14:22:31 -0800] "GET /Utagoe/Pictures/V09062.jpg HTTP/1.1" 200 19672 "https://nobbycosmic.com/Utagoe/Vanc1.htm" "Mozilla/5.0 (Windows NT 10.0; Win64; x64) AppleWebKit/537.36 (KHTML, like Gecko) Chrome/110.0.0.0 Safari/537.36 Edg/110.0.1587.41" "nobbycosmic.com"
96.55.61.171 - - [12/Feb/2023:14:22:31 -0800] "GET /Utagoe/Pictures/V09061.jpg HTTP/1.1" 200 20071 "https://nobbycosmic.com/Utagoe/Vanc1.htm" "Mozilla/5.0 (Windows NT 10.0; Win64; x64) AppleWebKit/537.36 (KHTML, like Gecko) Chrome/110.0.0.0 Safari/537.36 Edg/110.0.1587.41" "nobbycosmic.com"
96.55.61.171 - - [12/Feb/2023:14:22:31 -0800] "GET /Utagoe/Pictures/V004.jpg HTTP/1.1" 200 14687 "https://nobbycosmic.com/Utagoe/Vanc1.htm" "Mozilla/5.0 (Windows NT 10.0; Win64; x64) AppleWebKit/537.36 (KHTML, like Gecko) Chrome/110.0.0.0 Safari/537.36 Edg/110.0.1587.41" "nobbycosmic.com"
96.55.61.171 - - [12/Feb/2023:14:22:31 -0800] "GET /favicon.ico HTTP/1.1" 404 88 "https://nobbycosmic.com/Utagoe/Vanc1.htm" "Mozilla/5.0 (Windows NT 10.0; Win64; x64) AppleWebKit/537.36 (KHTML, like Gecko) Chrome/110.0.0.0 Safari/537.36 Edg/110.0.1587.41" "nobbycosmic.com"
96.55.61.171 - - [12/Feb/2023:14:23:13 -0800] "GET /Utagoe/Pictures/V09061.jpg HTTP/1.1" 200 20071 "https://www.google.ca/" "Mozilla/5.0 (Windows NT 10.0; Win64; x64) AppleWebKit/537.36 (KHTML, like Gecko) Chrome/110.0.0.0 Safari/537.36 Edg/110.0.1587.41" "nobbycosmic.com"
188.165.241.181 - - [12/Feb/2023:14:41:54 -0800] "GET /robots.txt HTTP/1.1" 200 61 "-" "Mozilla/5.0 (compatible; MJ12bot/v1.4.8; http://mj12bot.com/)" "nobbycosmic.com"
188.165.241.181 - - [12/Feb/2023:14:41:58 -0800] "GET /Utagoe/Wakamono/%E5%A1%ABtagoe.htm%22 HTTP/1.1" 404 88 "-" "Mozilla/5.0 (compatible; MJ12bot/v1.4.8; http://mj12bot.com/)" "nobbycosmic.com"
188.165.241.181 - - [12/Feb/2023:14:42:00 -0800] "GET /Utagoe/Wakamono/%E5%A1%ABtagoe.htm%22 HTTP/1.1" 404 88 "-" "Mozilla/5.0 (compatible; MJ12bot/v1.4.8; http://mj12bot.com/)" "nobbycosmic.com"
188.165.241.181 - - [12/Feb/2023:14:42:03 -0800] "GET /Utagoe/%E2%80%9CUtagoe.htm%22 HTTP/1.1" 404 88 "-" "Mozilla/5.0 (compatible; MJ12bot/v1.4.8; http://mj12bot.com/)" "nobbycosmic.com"
188.165.241.181 - - [12/Feb/2023:14:42:07 -0800] "GET /Utagoe/%E5%A1%ABtagoe.htm%22 HTTP/1.1" 404 88 "-" "Mozilla/5.0 (compatible; MJ12bot/v1.4.8; http://mj12bot.com/)" "nobbycosmic.com"
188.165.241.181 - - [12/Feb/2023:14:42:10 -0800] "GET /Utagoe/%E5%A1%ABtagoe.htm%22 HTTP/1.1" 404 88 "-" "Mozilla/5.0 (compatible; MJ12bot/v1.4.8; http://mj12bot.com/)" "nobbycosmic.com"
76.68.73.134 - - [12/Feb/2023:14:44:24 -0800] "GET /TSN/TSNMember/TSNMember1.htm HTTP/1.1" 401 90 "android-app://com.google.android.gm/" "Mozilla/5.0 (X11; Linux x86_64) AppleWebKit/537.36 (KHTML, like Gecko) Chrome/110.0.0.0 Safari/537.36" "nobbycosmic.com"
76.68.73.134 - TSN [12/Feb/2023:14:44:46 -0800] "GET /TSN/TSNMember/TSNMember1.htm HTTP/1.1" 200 2618 "android-app://com.google.android.gm/" "Mozilla/5.0 (X11; Linux x86_64) AppleWebKit/537.36 (KHTML, like Gecko) Chrome/110.0.0.0 Safari/537.36" "nobbycosmic.com"
76.68.73.134 - - [12/Feb/2023:14:44:47 -0800] "GET /favicon.ico HTTP/1.1" 404 88 "https://nobbycosmic.com/TSN/TSNMember/TSNMember1.htm" "Mozilla/5.0 (X11; Linux x86_64) AppleWebKit/537.36 (KHTML, like Gecko) Chrome/110.0.0.0 Safari/537.36" "nobbycosmic.com"
87.250.224.81 - - [12/Feb/2023:15:10:25 -0800] "GET /robots.txt HTTP/1.1" 200 61 "-" "Mozilla/5.0 (compatible; YandexBot/3.0; +http://yandex.com/bots)" "www.nobbycosmic.com"
87.250.224.18 - - [12/Feb/2023:15:10:29 -0800] "GET / HTTP/1.1" 200 3079 "-" "Mozilla/5.0 (compatible; YandexBot/3.0; +http://yandex.com/bots)" "www.nobbycosmic.com"
207.46.13.180 - - [12/Feb/2023:15:11:29 -0800] "GET /cosmic/webpage/cosmicwebpagec.htm HTTP/1.1" 404 88 "-" "Mozilla/5.0 AppleWebKit/537.36 (KHTML, like Gecko; compatible; bingbot/2.0; +http://www.bing.com/bingbot.htm) Chrome/103.0.5060.134 Safari/537.36" "nobbycosmic.com"
87.250.224.136 - - [12/Feb/2023:15:11:55 -0800] "GET /robots.txt HTTP/1.1" 200 61 "-" "Mozilla/5.0 (compatible; YandexBot/3.0; +http://yandex.com/bots)" "nobbycosmic.com"
5.255.231.116 - - [12/Feb/2023:15:12:00 -0800] "GET / HTTP/1.1" 200 3079 "-" "Mozilla/5.0 (compatible; YandexBot/3.0; +http://yandex.com/bots)" "nobbycosmic.com"
52.167.144.86 - - [12/Feb/2023:15:18:05 -0800] "GET /Post/JF202212171.pdf HTTP/1.1" 304 - "-" "Mozilla/5.0 AppleWebKit/537.36 (KHTML, like Gecko; compatible; bingbot/2.0; +http://www.bing.com/bingbot.htm) Chrome/103.0.5060.134 Safari/537.36" "nobbycosmic.com"
51.222.253.3 - - [12/Feb/2023:15:27:05 -0800] "GET /Card/Card16/?C=N;O=A HTTP/1.1" 200 492 "-" "Mozilla/5.0 (compatible; AhrefsBot/7.0; +http://ahrefs.com/robot/)" "nobbycosmic.com"
52.167.144.54 - - [12/Feb/2023:16:32:08 -0800] "GET /robots.txt HTTP/1.1" 200 75 "-" "Mozilla/5.0 AppleWebKit/537.36 (KHTML, like Gecko; compatible; bingbot/2.0; +http://www.bing.com/bingbot.htm) Chrome/103.0.5060.134 Safari/537.36" "nobbycosmic.com"
184.164.3.241 - - [12/Feb/2023:16:44:36 -0800] "GET /Utagoe/2023Winter/Utagoe202302.htm HTTP/1.1" 200 2245 "-" "Mozilla/5.0 (Windows NT 10.0; Win64; x64) AppleWebKit/537.36 (KHTML, like Gecko) Chrome/110.0.0.0 Safari/537.36" "nobbycosmic.com"
184.164.3.241 - - [12/Feb/2023:16:44:36 -0800] "GET /Utagoe/2023Winter/202302112.JPG HTTP/1.1" 200 118754 "https://nobbycosmic.com/Utagoe/2023Winter/Utagoe202302.htm" "Mozilla/5.0 (Windows NT 10.0; Win64; x64) AppleWebKit/537.36 (KHTML, like Gecko) Chrome/110.0.0.0 Safari/537.36" "nobbycosmic.com"
184.164.3.241 - - [12/Feb/2023:16:44:36 -0800] "GET /Utagoe/2023Winter/202302111.JPG HTTP/1.1" 200 75544 "https://nobbycosmic.com/Utagoe/2023Winter/Utagoe202302.htm" "Mozilla/5.0 (Windows NT 10.0; Win64; x64) AppleWebKit/537.36 (KHTML, like Gecko) Chrome/110.0.0.0 Safari/537.36" "nobbycosmic.com"
184.164.3.241 - - [12/Feb/2023:16:44:36 -0800] "GET /Utagoe/2023Winter/202302113.JPG HTTP/1.1" 200 118691 "https://nobbycosmic.com/Utagoe/2023Winter/Utagoe202302.htm" "Mozilla/5.0 (Windows NT 10.0; Win64; x64) AppleWebKit/537.36 (KHTML, like Gecko) Chrome/110.0.0.0 Safari/537.36" "nobbycosmic.com"
184.164.3.241 - - [12/Feb/2023:16:44:36 -0800] "GET /Utagoe/2023Winter/202302114.JPG HTTP/1.1" 200 122157 "https://nobbycosmic.com/Utagoe/2023Winter/Utagoe202302.htm" "Mozilla/5.0 (Windows NT 10.0; Win64; x64) AppleWebKit/537.36 (KHTML, like Gecko) Chrome/110.0.0.0 Safari/537.36" "nobbycosmic.com"
184.164.3.241 - - [12/Feb/2023:16:44:36 -0800] "GET /Utagoe/2023Winter/202302116.JPG HTTP/1.1" 200 100312 "https://nobbycosmic.com/Utagoe/2023Winter/Utagoe202302.htm" "Mozilla/5.0 (Windows NT 10.0; Win64; x64) AppleWebKit/537.36 (KHTML, like Gecko) Chrome/110.0.0.0 Safari/537.36" "nobbycosmic.com"
184.164.3.241 - - [12/Feb/2023:16:44:36 -0800] "GET /Utagoe/2023Winter/202302117.JPG HTTP/1.1" 200 118684 "https://nobbycosmic.com/Utagoe/2023Winter/Utagoe202302.htm" "Mozilla/5.0 (Windows NT 10.0; Win64; x64) AppleWebKit/537.36 (KHTML, like Gecko) Chrome/110.0.0.0 Safari/537.36" "nobbycosmic.com"
184.164.3.241 - - [12/Feb/2023:16:44:36 -0800] "GET /Utagoe/2023Winter/202302118.JPG HTTP/1.1" 200 112254 "https://nobbycosmic.com/Utagoe/2023Winter/Utagoe202302.htm" "Mozilla/5.0 (Windows NT 10.0; Win64; x64) AppleWebKit/537.36 (KHTML, like Gecko) Chrome/110.0.0.0 Safari/537.36" "nobbycosmic.com"
35.185.241.102 - - [12/Feb/2023:16:44:36 -0800] "GET / HTTP/1.1" 200 10547 "-" "Mozilla/5.0 (Windows NT 6.1; WOW64; Trident/7.0; rv:11.0) like Gecko" "nobbycosmic.com"
184.164.3.241 - - [12/Feb/2023:16:50:32 -0800] "GET /Utagoe/Utagoe.htm HTTP/1.1" 200 3929 "-" "Mozilla/5.0 (Windows NT 10.0; Win64; x64) AppleWebKit/537.36 (KHTML, like Gecko) Chrome/110.0.0.0 Safari/537.36" "nobbycosmic.com"
184.164.3.241 - - [12/Feb/2023:16:50:32 -0800] "GET /Utagoe/utagoe2.jpg HTTP/1.1" 200 16544 "https://nobbycosmic.com/Utagoe/Utagoe.htm" "Mozilla/5.0 (Windows NT 10.0; Win64; x64) AppleWebKit/537.36 (KHTML, like Gecko) Chrome/110.0.0.0 Safari/537.36" "nobbycosmic.com"
35.185.241.102 - - [12/Feb/2023:16:50:33 -0800] "GET /Utagoe/Utagoe.htm HTTP/1.1" 200 14213 "-" "Mozilla/5.0 (Windows NT 6.1; WOW64; Trident/7.0; rv:11.0) like Gecko" "nobbycosmic.com"
35.185.241.102 - - [12/Feb/2023:16:50:33 -0800] "GET / HTTP/1.1" 200 10547 "-" "Mozilla/5.0 (Windows NT 6.1; WOW64; Trident/7.0; rv:11.0) like Gecko" "nobbycosmic.com"
184.164.3.241 - - [12/Feb/2023:16:58:44 -0800] "GET /Utagoe/Utagoe.htm HTTP/1.1" 200 3663 "-" "Mozilla/5.0 (Windows NT 10.0; Win64; x64) AppleWebKit/537.36 (KHTML, like Gecko) Chrome/110.0.0.0 Safari/537.36" "nobbycosmic.com"
35.245.82.188 - - [12/Feb/2023:16:58:44 -0800] "GET / HTTP/1.1" 200 10547 "-" "Mozilla/5.0 (Windows NT 6.1; WOW64; Trident/7.0; rv:11.0) like Gecko" "nobbycosmic.com"
184.164.3.241 - - [12/Feb/2023:17:00:54 -0800] "GET /Utagoe/2023Winter/Utagoe202302.htm HTTP/1.1" 304 - "-" "Mozilla/5.0 (Windows NT 10.0; Win64; x64) AppleWebKit/537.36 (KHTML, like Gecko) Chrome/110.0.0.0 Safari/537.36" "nobbycosmic.com"
35.185.241.102 - - [12/Feb/2023:17:00:54 -0800] "GET /Utagoe/2023Winter/Utagoe202302.htm HTTP/1.1" 200 4742 "-" "Mozilla/5.0 (Windows NT 6.1; WOW64; Trident/7.0; rv:11.0) like Gecko" "nobbycosmic.com"
184.164.3.241 - - [12/Feb/2023:17:02:17 -0800] "GET /Utagoe/Utagoe.htm HTTP/1.1" 200 3658 "-" "Mozilla/5.0 (Windows NT 10.0; Win64; x64) AppleWebKit/537.36 (KHTML, like Gecko) Chrome/110.0.0.0 Safari/537.36" "nobbycosmic.com"
35.185.241.102 - - [12/Feb/2023:17:02:17 -0800] "GET / HTTP/1.1" 200 10547 "-" "Mozilla/5.0 (Windows NT 6.1; WOW64; Trident/7.0; rv:11.0) like Gecko" "nobbycosmic.com"
184.164.3.241 - - [12/Feb/2023:17:04:53 -0800] "GET /Utagoe/2023Winter/Utagoe202302.htm HTTP/1.1" 200 2241 "-" "Mozilla/5.0 (Windows NT 10.0; Win64; x64) AppleWebKit/537.36 (KHTML, like Gecko) Chrome/110.0.0.0 Safari/537.36" "nobbycosmic.com"
35.245.82.188 - - [12/Feb/2023:17:04:54 -0800] "GET / HTTP/1.1" 200 10547 "-" "Mozilla/5.0 (Windows NT 6.1; WOW64; Trident/7.0; rv:11.0) like Gecko" "nobbycosmic.com"
199.68.126.88 - - [12/Feb/2023:17:05:50 -0800] "GET /BabyTalks/BTFLeaf.pdf HTTP/1.1" 200 187997 "https://www.google.ca/" "Mozilla/5.0 (iPhone; CPU iPhone OS 15_6 like Mac OS X) AppleWebKit/605.1.15 (KHTML, like Gecko) Version/15.6 Mobile/15E148 Safari/604.1" "nobbycosmic.com"
199.68.126.88 - - [12/Feb/2023:17:05:51 -0800] "GET /favicon.ico HTTP/1.1" 404 88 "https://nobbycosmic.com/BabyTalks/BTFLeaf.pdf" "Mozilla/5.0 (iPhone; CPU iPhone OS 15_6 like Mac OS X) AppleWebKit/605.1.15 (KHTML, like Gecko) Version/15.6 Mobile/15E148 Safari/604.1" "nobbycosmic.com"
199.68.126.88 - - [12/Feb/2023:17:11:12 -0800] "GET /BabyTalks/BTList.htm HTTP/1.1" 200 10236 "-" "Mozilla/5.0 (iPhone; CPU iPhone OS 15_6 like Mac OS X) AppleWebKit/605.1.15 (KHTML, like Gecko) Version/15.6 Mobile/15E148 Safari/604.1" "nobbycosmic.com"
199.68.126.88 - - [12/Feb/2023:17:11:13 -0800] "GET /BabyTalks/BTFBanner1.jpg HTTP/1.1" 200 9524 "https://nobbycosmic.com/BabyTalks/BTList.htm" "Mozilla/5.0 (iPhone; CPU iPhone OS 15_6 like Mac OS X) AppleWebKit/605.1.15 (KHTML, like Gecko) Version/15.6 Mobile/15E148 Safari/604.1" "nobbycosmic.com"
199.68.126.88 - - [12/Feb/2023:17:11:13 -0800] "GET /BabyTalks/hiyoko.gif HTTP/1.1" 200 10361 "https://nobbycosmic.com/BabyTalks/BTList.htm" "Mozilla/5.0 (iPhone; CPU iPhone OS 15_6 like Mac OS X) AppleWebKit/605.1.15 (KHTML, like Gecko) Version/15.6 Mobile/15E148 Safari/604.1" "nobbycosmic.com"
199.68.126.88 - - [12/Feb/2023:17:11:13 -0800] "GET /BabyTalks/BTFBanner2.jpg HTTP/1.1" 200 4273 "https://nobbycosmic.com/BabyTalks/BTList.htm" "Mozilla/5.0 (iPhone; CPU iPhone OS 15_6 like Mac OS X) AppleWebKit/605.1.15 (KHTML, like Gecko) Version/15.6 Mobile/15E148 Safari/604.1" "nobbycosmic.com"
199.68.126.88 - - [12/Feb/2023:17:11:13 -0800] "GET /BabyTalks/Group.jpg HTTP/1.1" 200 54379 "https://nobbycosmic.com/BabyTalks/BTList.htm" "Mozilla/5.0 (iPhone; CPU iPhone OS 15_6 like Mac OS X) AppleWebKit/605.1.15 (KHTML, like Gecko) Version/15.6 Mobile/15E148 Safari/604.1" "nobbycosmic.com"
199.68.126.88 - - [12/Feb/2023:17:11:13 -0800] "GET /BabyTalks/blue_next.gif HTTP/1.1" 200 138 "https://nobbycosmic.com/BabyTalks/BTList.htm" "Mozilla/5.0 (iPhone; CPU iPhone OS 15_6 like Mac OS X) AppleWebKit/605.1.15 (KHTML, like Gecko) Version/15.6 Mobile/15E148 Safari/604.1" "nobbycosmic.com"
199.68.126.88 - - [12/Feb/2023:17:11:13 -0800] "GET /BabyTalks/SakuraMark2.jpg HTTP/1.1" 200 933 "https://nobbycosmic.com/BabyTalks/BTList.htm" "Mozilla/5.0 (iPhone; CPU iPhone OS 15_6 like Mac OS X) AppleWebKit/605.1.15 (KHTML, like Gecko) Version/15.6 Mobile/15E148 Safari/604.1" "nobbycosmic.com"
199.68.126.88 - - [12/Feb/2023:17:11:13 -0800] "GET /BabyTalks/FTFMemberDistChart.jpg HTTP/1.1" 200 57507 "https://nobbycosmic.com/BabyTalks/BTList.htm" "Mozilla/5.0 (iPhone; CPU iPhone OS 15_6 like Mac OS X) AppleWebKit/605.1.15 (KHTML, like Gecko) Version/15.6 Mobile/15E148 Safari/604.1" "nobbycosmic.com"
199.68.126.88 - - [12/Feb/2023:17:11:26 -0800] "GET /BabyTalks/FTFMember/MemberLists/FTFMemberListABC.htm HTTP/1.1" 401 90 "https://nobbycosmic.com/BabyTalks/BTList.htm" "Mozilla/5.0 (iPhone; CPU iPhone OS 15_6 like Mac OS X) AppleWebKit/605.1.15 (KHTML, like Gecko) Version/15.6 Mobile/15E148 Safari/604.1" "nobbycosmic.com"
199.68.126.88 - FTF [12/Feb/2023:17:11:42 -0800] "GET /BabyTalks/FTFMember/MemberLists/FTFMemberListABC.htm HTTP/1.1" 401 90 "https://nobbycosmic.com/BabyTalks/BTList.htm" "Mozilla/5.0 (iPhone; CPU iPhone OS 15_6 like Mac OS X) AppleWebKit/605.1.15 (KHTML, like Gecko) Version/15.6 Mobile/15E148 Safari/604.1" "nobbycosmic.com"
199.68.126.88 - FTF [12/Feb/2023:17:12:22 -0800] "GET /BabyTalks/FTFMember/MemberLists/FTFMemberListABC.htm HTTP/1.1" 200 64999 "https://nobbycosmic.com/BabyTalks/BTList.htm" "Mozilla/5.0 (iPhone; CPU iPhone OS 15_6 like Mac OS X) AppleWebKit/605.1.15 (KHTML, like Gecko) Version/15.6 Mobile/15E148 Safari/604.1" "nobbycosmic.com"
114.119.134.195 - - [12/Feb/2023:17:17:53 -0800] "GET /Utagoe/Shinjuku2007?C=S%3BO%3DA HTTP/1.1" 200 1199 "https://nobbycosmic.com/Utagoe/Shinjuku2007?C=N%3BO%3DD" "Mozilla/5.0 (Linux; Android 7.0;) AppleWebKit/537.36 (KHTML, like Gecko) Mobile Safari/537.36 (compatible; PetalBot;+https://webmaster.petalsearch.com/site/petalbot)" "nobbycosmic.com"
114.119.128.37 - - [12/Feb/2023:17:19:52 -0800] "GET /NJCA/Document/AvisonInfo.pdf HTTP/1.1" 200 146957 "https://nobbycosmic.com/NJCA/Document" "Mozilla/5.0 (Linux; Android 7.0;) AppleWebKit/537.36 (KHTML, like Gecko) Mobile Safari/537.36 (compatible; PetalBot;+https://webmaster.petalsearch.com/site/petalbot)" "nobbycosmic.com"
184.164.3.241 - - [12/Feb/2023:17:24:09 -0800] "GET /Utagoe/Utagoe.htm HTTP/1.1" 304 - "-" "Mozilla/5.0 (Windows NT 10.0; Win64; x64) AppleWebKit/537.36 (KHTML, like Gecko) Chrome/110.0.0.0 Safari/537.36" "nobbycosmic.com"
35.245.188.175 - - [12/Feb/2023:17:24:10 -0800] "GET /Utagoe/Utagoe.htm HTTP/1.1" 200 13500 "-" "Mozilla/5.0 (Windows NT 6.1; WOW64; Trident/7.0; rv:11.0) like Gecko" "nobbycosmic.com"
35.245.188.175 - - [12/Feb/2023:17:24:10 -0800] "GET / HTTP/1.1" 200 10547 "-" "Mozilla/5.0 (Windows NT 6.1; WOW64; Trident/7.0; rv:11.0) like Gecko" "nobbycosmic.com"
184.164.3.241 - - [12/Feb/2023:17:26:39 -0800] "GET /Utagoe/Utagoe.htm HTTP/1.1" 200 3651 "-" "Mozilla/5.0 (Windows NT 10.0; Win64; x64) AppleWebKit/537.36 (KHTML, like Gecko) Chrome/110.0.0.0 Safari/537.36" "nobbycosmic.com"
35.185.241.102 - - [12/Feb/2023:17:26:39 -0800] "GET / HTTP/1.1" 200 10547 "-" "Mozilla/5.0 (Windows NT 6.1; WOW64; Trident/7.0; rv:11.0) like Gecko" "nobbycosmic.com"
184.164.3.241 - - [12/Feb/2023:17:27:18 -0800] "GET /Utagoe/2005May/0505.htm HTTP/1.1" 200 3622 "-" "Mozilla/5.0 (Windows NT 10.0; Win64; x64) AppleWebKit/537.36 (KHTML, like Gecko) Chrome/110.0.0.0 Safari/537.36" "nobbycosmic.com"
184.164.3.241 - - [12/Feb/2023:17:27:18 -0800] "GET /Utagoe/2005May/2005MayIntro.jpg HTTP/1.1" 200 20592 "https://nobbycosmic.com/Utagoe/2005May/0505.htm" "Mozilla/5.0 (Windows NT 10.0; Win64; x64) AppleWebKit/537.36 (KHTML, like Gecko) Chrome/110.0.0.0 Safari/537.36" "nobbycosmic.com"
184.164.3.241 - - [12/Feb/2023:17:27:18 -0800] "GET /Utagoe/2005May/2005MayMaruki.jpg HTTP/1.1" 200 6471 "https://nobbycosmic.com/Utagoe/2005May/0505.htm" "Mozilla/5.0 (Windows NT 10.0; Win64; x64) AppleWebKit/537.36 (KHTML, like Gecko) Chrome/110.0.0.0 Safari/537.36" "nobbycosmic.com"
184.164.3.241 - - [12/Feb/2023:17:27:18 -0800] "GET /Utagoe/2005May/2005MaySinging.jpg HTTP/1.1" 200 11650 "https://nobbycosmic.com/Utagoe/2005May/0505.htm" "Mozilla/5.0 (Windows NT 10.0; Win64; x64) AppleWebKit/537.36 (KHTML, like Gecko) Chrome/110.0.0.0 Safari/537.36" "nobbycosmic.com"
184.164.3.241 - - [12/Feb/2023:17:27:18 -0800] "GET /Utagoe/2005May/2005MayCake.jpg HTTP/1.1" 200 15337 "https://nobbycosmic.com/Utagoe/2005May/0505.htm" "Mozilla/5.0 (Windows NT 10.0; Win64; x64) AppleWebKit/537.36 (KHTML, like Gecko) Chrome/110.0.0.0 Safari/537.36" "nobbycosmic.com"
184.164.3.241 - - [12/Feb/2023:17:27:18 -0800] "GET /Utagoe/2005May/2005MayIromoto.jpg HTTP/1.1" 200 17424 "https://nobbycosmic.com/Utagoe/2005May/0505.htm" "Mozilla/5.0 (Windows NT 10.0; Win64; x64) AppleWebKit/537.36 (KHTML, like Gecko) Chrome/110.0.0.0 Safari/537.36" "nobbycosmic.com"
184.164.3.241 - - [12/Feb/2023:17:27:18 -0800] "GET /Utagoe/2005May/2005MayCut.jpg HTTP/1.1" 200 16876 "https://nobbycosmic.com/Utagoe/2005May/0505.htm" "Mozilla/5.0 (Windows NT 10.0; Win64; x64) AppleWebKit/537.36 (KHTML, like Gecko) Chrome/110.0.0.0 Safari/537.36" "nobbycosmic.com"
184.164.3.241 - - [12/Feb/2023:17:27:18 -0800] "GET /Utagoe/2005May/2005MayBlow.jpg HTTP/1.1" 200 17601 "https://nobbycosmic.com/Utagoe/2005May/0505.htm" "Mozilla/5.0 (Windows NT 10.0; Win64; x64) AppleWebKit/537.36 (KHTML, like Gecko) Chrome/110.0.0.0 Safari/537.36" "nobbycosmic.com"
184.164.3.241 - - [12/Feb/2023:17:27:18 -0800] "GET /Utagoe/2005May/2005MayAll.jpg HTTP/1.1" 200 19274 "https://nobbycosmic.com/Utagoe/2005May/0505.htm" "Mozilla/5.0 (Windows NT 10.0; Win64; x64) AppleWebKit/537.36 (KHTML, like Gecko) Chrome/110.0.0.0 Safari/537.36" "nobbycosmic.com"
35.185.241.102 - - [12/Feb/2023:17:27:18 -0800] "GET /Utagoe/2005May/0505.htm HTTP/1.1" 200 6474 "-" "Mozilla/5.0 (Windows NT 6.1; WOW64; Trident/7.0; rv:11.0) like Gecko" "nobbycosmic.com"
35.245.82.188 - - [12/Feb/2023:17:27:19 -0800] "GET / HTTP/1.1" 200 10547 "-" "Mozilla/5.0 (Windows NT 6.1; WOW64; Trident/7.0; rv:11.0) like Gecko" "nobbycosmic.com"
184.164.3.241 - - [12/Feb/2023:17:40:06 -0800] "GET /Utagoe/2023Winter/Utagoe202302.htm HTTP/1.1" 200 2311 "-" "Mozilla/5.0 (Windows NT 10.0; Win64; x64) AppleWebKit/537.36 (KHTML, like Gecko) Chrome/110.0.0.0 Safari/537.36" "nobbycosmic.com"
184.164.3.241 - - [12/Feb/2023:17:40:06 -0800] "GET /Utagoe/2023Winter/202302111.JPG HTTP/1.1" 304 - "https://nobbycosmic.com/Utagoe/2023Winter/Utagoe202302.htm" "Mozilla/5.0 (Windows NT 10.0; Win64; x64) AppleWebKit/537.36 (KHTML, like Gecko) Chrome/110.0.0.0 Safari/537.36" "nobbycosmic.com"
184.164.3.241 - - [12/Feb/2023:17:40:06 -0800] "GET /Utagoe/2023Winter/202302112.JPG HTTP/1.1" 304 - "https://nobbycosmic.com/Utagoe/2023Winter/Utagoe202302.htm" "Mozilla/5.0 (Windows NT 10.0; Win64; x64) AppleWebKit/537.36 (KHTML, like Gecko) Chrome/110.0.0.0 Safari/537.36" "nobbycosmic.com"
184.164.3.241 - - [12/Feb/2023:17:40:06 -0800] "GET /Utagoe/2023Winter/202302113.JPG HTTP/1.1" 304 - "https://nobbycosmic.com/Utagoe/2023Winter/Utagoe202302.htm" "Mozilla/5.0 (Windows NT 10.0; Win64; x64) AppleWebKit/537.36 (KHTML, like Gecko) Chrome/110.0.0.0 Safari/537.36" "nobbycosmic.com"
184.164.3.241 - - [12/Feb/2023:17:40:06 -0800] "GET /Utagoe/2023Winter/202302116.JPG HTTP/1.1" 304 - "https://nobbycosmic.com/Utagoe/2023Winter/Utagoe202302.htm" "Mozilla/5.0 (Windows NT 10.0; Win64; x64) AppleWebKit/537.36 (KHTML, like Gecko) Chrome/110.0.0.0 Safari/537.36" "nobbycosmic.com"
184.164.3.241 - - [12/Feb/2023:17:40:06 -0800] "GET /Utagoe/2023Winter/202302114.JPG HTTP/1.1" 304 - "https://nobbycosmic.com/Utagoe/2023Winter/Utagoe202302.htm" "Mozilla/5.0 (Windows NT 10.0; Win64; x64) AppleWebKit/537.36 (KHTML, like Gecko) Chrome/110.0.0.0 Safari/537.36" "nobbycosmic.com"
184.164.3.241 - - [12/Feb/2023:17:40:06 -0800] "GET /Utagoe/2023Winter/202302115.JPG HTTP/1.1" 200 118714 "https://nobbycosmic.com/Utagoe/2023Winter/Utagoe202302.htm" "Mozilla/5.0 (Windows NT 10.0; Win64; x64) AppleWebKit/537.36 (KHTML, like Gecko) Chrome/110.0.0.0 Safari/537.36" "nobbycosmic.com"
184.164.3.241 - - [12/Feb/2023:17:40:06 -0800] "GET /Utagoe/2023Winter/202302117.JPG HTTP/1.1" 304 - "https://nobbycosmic.com/Utagoe/2023Winter/Utagoe202302.htm" "Mozilla/5.0 (Windows NT 10.0; Win64; x64) AppleWebKit/537.36 (KHTML, like Gecko) Chrome/110.0.0.0 Safari/537.36" "nobbycosmic.com"
184.164.3.241 - - [12/Feb/2023:17:40:06 -0800] "GET /Utagoe/2023Winter/202302118.JPG HTTP/1.1" 304 - "https://nobbycosmic.com/Utagoe/2023Winter/Utagoe202302.htm" "Mozilla/5.0 (Windows NT 10.0; Win64; x64) AppleWebKit/537.36 (KHTML, like Gecko) Chrome/110.0.0.0 Safari/537.36" "nobbycosmic.com"
35.245.188.175 - - [12/Feb/2023:17:40:07 -0800] "GET /Utagoe/2023Winter/Utagoe202302.htm HTTP/1.1" 200 4949 "-" "Mozilla/5.0 (Windows NT 6.1; WOW64; Trident/7.0; rv:11.0) like Gecko" "nobbycosmic.com"
184.164.3.241 - - [12/Feb/2023:17:50:17 -0800] "GET /Utagoe/2023Winter/Utagoe202302.htm HTTP/1.1" 200 2349 "-" "Mozilla/5.0 (Windows NT 10.0; Win64; x64) AppleWebKit/537.36 (KHTML, like Gecko) Chrome/110.0.0.0 Safari/537.36" "nobbycosmic.com"
184.164.3.241 - - [12/Feb/2023:17:50:18 -0800] "GET /Utagoe/2023Winter/202302119.JPG HTTP/1.1" 200 90247 "https://nobbycosmic.com/Utagoe/2023Winter/Utagoe202302.htm" "Mozilla/5.0 (Windows NT 10.0; Win64; x64) AppleWebKit/537.36 (KHTML, like Gecko) Chrome/110.0.0.0 Safari/537.36" "nobbycosmic.com"
35.185.241.102 - - [12/Feb/2023:17:50:18 -0800] "GET / HTTP/1.1" 200 10547 "-" "Mozilla/5.0 (Windows NT 6.1; WOW64; Trident/7.0; rv:11.0) like Gecko" "nobbycosmic.com"
70.48.72.146 - - [12/Feb/2023:17:51:52 -0800] "GET /BabyTalks/BTList.htm HTTP/1.1" 200 10236 "-" "Mozilla/5.0 (Linux; Android 13; SAMSUNG SM-G781W) AppleWebKit/537.36 (KHTML, like Gecko) SamsungBrowser/19.0 Chrome/102.0.5005.125 Mobile Safari/537.36" "nobbycosmic.com"
70.48.72.146 - - [12/Feb/2023:17:51:52 -0800] "GET /BabyTalks/BTFBanner2.jpg HTTP/1.1" 304 - "https://nobbycosmic.com/BabyTalks/BTList.htm" "Mozilla/5.0 (Linux; Android 13; SAMSUNG SM-G781W) AppleWebKit/537.36 (KHTML, like Gecko) SamsungBrowser/19.0 Chrome/102.0.5005.125 Mobile Safari/537.36" "nobbycosmic.com"
70.48.72.146 - - [12/Feb/2023:17:51:52 -0800] "GET /BabyTalks/SakuraMark2.jpg HTTP/1.1" 304 - "https://nobbycosmic.com/BabyTalks/BTList.htm" "Mozilla/5.0 (Linux; Android 13; SAMSUNG SM-G781W) AppleWebKit/537.36 (KHTML, like Gecko) SamsungBrowser/19.0 Chrome/102.0.5005.125 Mobile Safari/537.36" "nobbycosmic.com"
70.48.72.146 - - [12/Feb/2023:17:51:52 -0800] "GET /BabyTalks/FTFMemberDistChart.jpg HTTP/1.1" 304 - "https://nobbycosmic.com/BabyTalks/BTList.htm" "Mozilla/5.0 (Linux; Android 13; SAMSUNG SM-G781W) AppleWebKit/537.36 (KHTML, like Gecko) SamsungBrowser/19.0 Chrome/102.0.5005.125 Mobile Safari/537.36" "nobbycosmic.com"
70.48.72.146 - - [12/Feb/2023:17:51:52 -0800] "GET /BabyTalks/BTFBanner1.jpg HTTP/1.1" 304 - "https://nobbycosmic.com/BabyTalks/BTList.htm" "Mozilla/5.0 (Linux; Android 13; SAMSUNG SM-G781W) AppleWebKit/537.36 (KHTML, like Gecko) SamsungBrowser/19.0 Chrome/102.0.5005.125 Mobile Safari/537.36" "nobbycosmic.com"
70.48.72.146 - - [12/Feb/2023:17:51:52 -0800] "GET /BabyTalks/Group.jpg HTTP/1.1" 304 - "https://nobbycosmic.com/BabyTalks/BTList.htm" "Mozilla/5.0 (Linux; Android 13; SAMSUNG SM-G781W) AppleWebKit/537.36 (KHTML, like Gecko) SamsungBrowser/19.0 Chrome/102.0.5005.125 Mobile Safari/537.36" "nobbycosmic.com"
70.48.72.146 - - [12/Feb/2023:17:51:52 -0800] "GET /BabyTalks/blue_next.gif HTTP/1.1" 304 - "https://nobbycosmic.com/BabyTalks/BTList.htm" "Mozilla/5.0 (Linux; Android 13; SAMSUNG SM-G781W) AppleWebKit/537.36 (KHTML, like Gecko) SamsungBrowser/19.0 Chrome/102.0.5005.125 Mobile Safari/537.36" "nobbycosmic.com"
70.48.72.146 - - [12/Feb/2023:17:51:52 -0800] "GET /BabyTalks/hiyoko.gif HTTP/1.1" 304 - "https://nobbycosmic.com/BabyTalks/BTList.htm" "Mozilla/5.0 (Linux; Android 13; SAMSUNG SM-G781W) AppleWebKit/537.36 (KHTML, like Gecko) SamsungBrowser/19.0 Chrome/102.0.5005.125 Mobile Safari/537.36" "nobbycosmic.com"
70.48.72.146 - - [12/Feb/2023:17:51:52 -0800] "GET /favicon.ico HTTP/1.1" 404 88 "https://nobbycosmic.com/BabyTalks/BTList.htm" "Mozilla/5.0 (Linux; Android 13; SAMSUNG SM-G781W) AppleWebKit/537.36 (KHTML, like Gecko) SamsungBrowser/19.0 Chrome/102.0.5005.125 Mobile Safari/537.36" "nobbycosmic.com"
70.48.72.146 - - [12/Feb/2023:17:52:49 -0800] "GET /BabyTalks/FTFMember/Content.htm HTTP/1.1" 401 90 "https://nobbycosmic.com/BabyTalks/BTList.htm" "Mozilla/5.0 (Linux; Android 13; SAMSUNG SM-G781W) AppleWebKit/537.36 (KHTML, like Gecko) SamsungBrowser/19.0 Chrome/102.0.5005.125 Mobile Safari/537.36" "nobbycosmic.com"
70.48.72.146 - - [12/Feb/2023:17:52:56 -0800] "GET /BabyTalks/FTFMember/Content.htm HTTP/1.1" 401 90 "https://nobbycosmic.com/BabyTalks/BTList.htm" "Mozilla/5.0 (Linux; Android 13; SAMSUNG SM-G781W) AppleWebKit/537.36 (KHTML, like Gecko) SamsungBrowser/19.0 Chrome/102.0.5005.125 Mobile Safari/537.36" "nobbycosmic.com"
70.48.72.146 - - [12/Feb/2023:17:53:09 -0800] "GET /BabyTalks/BTList.htm HTTP/1.1" 200 10236 "-" "Mozilla/5.0 (Windows NT 6.1; WOW64) AppleWebKit/537.36 (KHTML, like Gecko) Chrome/51.0.2704.103 Safari/537.36" "nobbycosmic.com"
69.171.251.2 - - [12/Feb/2023:17:53:37 -0800] "GET /BabyTalks/BTList.htm HTTP/1.1" 206 10236 "-" "facebookexternalhit/1.1 (+http://www.facebook.com/externalhit_uatext.php)" "nobbycosmic.com"
69.171.251.10 - - [12/Feb/2023:17:53:37 -0800] "GET /BabyTalks/BTList.htm HTTP/1.1" 206 10236 "-" "facebookexternalhit/1.1 (+http://www.facebook.com/externalhit_uatext.php)" "nobbycosmic.com"
69.171.251.23 - - [12/Feb/2023:17:53:38 -0800] "GET /BabyTalks/hiyoko.gif HTTP/1.1" 200 10361 "-" "facebookexternalhit/1.1 (+http://www.facebook.com/externalhit_uatext.php)" "nobbycosmic.com"
69.171.251.2 - - [12/Feb/2023:17:53:39 -0800] "GET /SakuraMark2.jpg HTTP/1.1" 404 88 "-" "facebookexternalhit/1.1 (+http://www.facebook.com/externalhit_uatext.php)" "nobbycosmic.com"
69.171.251.8 - - [12/Feb/2023:17:53:39 -0800] "GET /Group.jpg HTTP/1.1" 404 88 "-" "facebookexternalhit/1.1 (+http://www.facebook.com/externalhit_uatext.php)" "nobbycosmic.com"
69.171.251.13 - - [12/Feb/2023:17:53:39 -0800] "GET /BTFBanner2.jpg HTTP/1.1" 404 88 "-" "facebookexternalhit/1.1 (+http://www.facebook.com/externalhit_uatext.php)" "nobbycosmic.com"
69.171.251.7 - - [12/Feb/2023:17:53:40 -0800] "GET /FTFMemberDistChart.jpg HTTP/1.1" 404 88 "-" "facebookexternalhit/1.1 (+http://www.facebook.com/externalhit_uatext.php)" "nobbycosmic.com"
69.171.251.20 - - [12/Feb/2023:17:53:41 -0800] "GET /BabyTalks/blue_next.gif HTTP/1.1" 200 138 "-" "facebookexternalhit/1.1 (+http://www.facebook.com/externalhit_uatext.php)" "nobbycosmic.com"
184.164.3.241 - - [12/Feb/2023:17:54:30 -0800] "GET /Utagoe/2023Winter/Utagoe202302.htm HTTP/1.1" 200 2359 "-" "Mozilla/5.0 (Windows NT 10.0; Win64; x64) AppleWebKit/537.36 (KHTML, like Gecko) Chrome/110.0.0.0 Safari/537.36" "nobbycosmic.com"
184.164.3.241 - - [12/Feb/2023:17:54:30 -0800] "GET /Utagoe/2023Winter/202302119.JPG HTTP/1.1" 304 - "https://nobbycosmic.com/Utagoe/2023Winter/Utagoe202302.htm" "Mozilla/5.0 (Windows NT 10.0; Win64; x64) AppleWebKit/537.36 (KHTML, like Gecko) Chrome/110.0.0.0 Safari/537.36" "nobbycosmic.com"
35.245.188.175 - - [12/Feb/2023:17:54:30 -0800] "GET / HTTP/1.1" 200 10547 "-" "Mozilla/5.0 (Windows NT 6.1; WOW64; Trident/7.0; rv:11.0) like Gecko" "nobbycosmic.com"
114.119.150.166 - - [12/Feb/2023:18:18:13 -0800] "GET /NJCA/NY12/NY2012ProgramE.pdf HTTP/1.1" 200 48066 "https://nobbycosmic.com/NJCA/NY12/?C=N%3BO%3DD" "Mozilla/5.0 (Linux; Android 7.0;) AppleWebKit/537.36 (KHTML, like Gecko) Mobile Safari/537.36 (compatible; PetalBot;+https://webmaster.petalsearch.com/site/petalbot)" "nobbycosmic.com"
114.119.136.8 - - [12/Feb/2023:18:20:20 -0800] "GET /NJCA/NJCAByLaws.doc HTTP/1.1" 200 83456 "https://nobbycosmic.com/NJCA/Transfer?C=N%3BO%3DD" "Mozilla/5.0 (Linux; Android 7.0;) AppleWebKit/537.36 (KHTML, like Gecko) Mobile Safari/537.36 (compatible; PetalBot;+https://webmaster.petalsearch.com/site/petalbot)" "nobbycosmic.com"
40.77.167.182 - - [12/Feb/2023:18:22:49 -0800] "GET /contact_us HTTP/1.1" 200 6327 "-" "Mozilla/5.0 AppleWebKit/537.36 (KHTML, like Gecko; compatible; bingbot/2.0; +http://www.bing.com/bingbot.htm) Chrome/103.0.5060.134 Safari/537.36" "nobbycosmic.com"
114.119.152.161 - - [12/Feb/2023:18:22:56 -0800] "GET /robots.txt HTTP/1.1" 200 75 "-" "Mozilla/5.0 (compatible;PetalBot;+https://webmaster.petalsearch.com/site/petalbot)" "nobbycosmic.com"
199.68.126.88 - - [12/Feb/2023:18:31:57 -0800] "GET /BabyTalks/FTFMember/MemberLists/FTFMemberListABC.htm HTTP/1.1" 401 90 "https://nobbycosmic.com/BabyTalks/BTList.htm" "Mozilla/5.0 (iPhone; CPU iPhone OS 15_6 like Mac OS X) AppleWebKit/605.1.15 (KHTML, like Gecko) Version/15.6 Mobile/15E148 Safari/604.1" "nobbycosmic.com"
51.222.253.9 - - [12/Feb/2023:18:50:33 -0800] "GET /Card/Card17/?C=N;O=A HTTP/1.1" 200 490 "-" "Mozilla/5.0 (compatible; AhrefsBot/7.0; +http://ahrefs.com/robot/)" "nobbycosmic.com"
62.204.41.199 - - [12/Feb/2023:18:55:54 -0800] "GET / HTTP/1.1" 200 10547 "https://nobbycosmic.com/" "Mozilla/5.0 (Windows NT 10.0; Win64; x64) AppleWebKit/537.36 (KHTML, like Gecko) Chrome/90.0.4430.72 Safari/537.36" "nobbycosmic.com"
62.204.41.199 - - [12/Feb/2023:18:55:55 -0800] "GET /contact_us HTTP/1.1" 200 23340 "https://nobbycosmic.com/contact_us" "Mozilla/5.0 (Windows NT 10.0; Win64; x64) AppleWebKit/537.36 (KHTML, like Gecko) Chrome/90.0.4430.72 Safari/537.36" "nobbycosmic.com"
114.119.153.121 - - [12/Feb/2023:19:11:41 -0800] "GET /NJCA/BBQ98/ HTTP/1.1" 200 635 "https://nobbycosmic.com/NJCA?C=N%3BO%3DD" "Mozilla/5.0 (Linux; Android 7.0;) AppleWebKit/537.36 (KHTML, like Gecko) Mobile Safari/537.36 (compatible; PetalBot;+https://webmaster.petalsearch.com/site/petalbot)" "nobbycosmic.com"
114.119.132.116 - - [12/Feb/2023:19:14:12 -0800] "GET /Card/Card00 HTTP/1.1" 200 434 "https://nobbycosmic.com/Card?C=D%3BO%3DA" "Mozilla/5.0 (Linux; Android 7.0;) AppleWebKit/537.36 (KHTML, like Gecko) Mobile Safari/537.36 (compatible; PetalBot;+https://webmaster.petalsearch.com/site/petalbot)" "nobbycosmic.com"
66.249.69.201 - - [12/Feb/2023:20:47:38 -0800] "GET /Temp/POSTER-photo-EnglishPhotos2.pdf HTTP/1.1" 404 88 "-" "Mozilla/5.0 (Windows NT 10.0; Win64; x64)AppleWebKit/537.36 (KHTML, like Gecko) Chrome/91.0.4472.101 Safari/537.36 (compatible; GoogleOther)" "nobbycosmic.com"
207.46.13.109 - - [12/Feb/2023:21:12:42 -0800] "GET /Utagoe/0905.htm HTTP/1.1" 200 3026 "-" "Mozilla/5.0 AppleWebKit/537.36 (KHTML, like Gecko; compatible; bingbot/2.0; +http://www.bing.com/bingbot.htm) Chrome/103.0.5060.134 Safari/537.36" "nobbycosmic.com"
184.175.28.17 - - [12/Feb/2023:21:14:50 -0800] "GET /BabyTalks/BTList.htm HTTP/1.1" 200 10236 "-" "Mozilla/5.0 (Windows NT 10.0; Win64; x64; rv:109.0) Gecko/20100101 Firefox/109.0" "nobbycosmic.com"
184.175.28.17 - - [12/Feb/2023:21:14:50 -0800] "GET /BabyTalks/BTFBanner1.jpg HTTP/1.1" 200 9524 "https://nobbycosmic.com/BabyTalks/BTList.htm" "Mozilla/5.0 (Windows NT 10.0; Win64; x64; rv:109.0) Gecko/20100101 Firefox/109.0" "nobbycosmic.com"
184.175.28.17 - - [12/Feb/2023:21:14:50 -0800] "GET /BabyTalks/BTFBanner2.jpg HTTP/1.1" 200 4273 "https://nobbycosmic.com/BabyTalks/BTList.htm" "Mozilla/5.0 (Windows NT 10.0; Win64; x64; rv:109.0) Gecko/20100101 Firefox/109.0" "nobbycosmic.com"
184.175.28.17 - - [12/Feb/2023:21:14:50 -0800] "GET /BabyTalks/SakuraMark2.jpg HTTP/1.1" 200 933 "https://nobbycosmic.com/BabyTalks/BTList.htm" "Mozilla/5.0 (Windows NT 10.0; Win64; x64; rv:109.0) Gecko/20100101 Firefox/109.0" "nobbycosmic.com"
184.175.28.17 - - [12/Feb/2023:21:14:50 -0800] "GET /BabyTalks/hiyoko.gif HTTP/1.1" 200 10361 "https://nobbycosmic.com/BabyTalks/BTList.htm" "Mozilla/5.0 (Windows NT 10.0; Win64; x64; rv:109.0) Gecko/20100101 Firefox/109.0" "nobbycosmic.com"
184.175.28.17 - - [12/Feb/2023:21:14:50 -0800] "GET /BabyTalks/blue_next.gif HTTP/1.1" 200 138 "https://nobbycosmic.com/BabyTalks/BTList.htm" "Mozilla/5.0 (Windows NT 10.0; Win64; x64; rv:109.0) Gecko/20100101 Firefox/109.0" "nobbycosmic.com"
184.175.28.17 - - [12/Feb/2023:21:14:50 -0800] "GET /BabyTalks/Group.jpg HTTP/1.1" 200 54379 "https://nobbycosmic.com/BabyTalks/BTList.htm" "Mozilla/5.0 (Windows NT 10.0; Win64; x64; rv:109.0) Gecko/20100101 Firefox/109.0" "nobbycosmic.com"
184.175.28.17 - - [12/Feb/2023:21:14:50 -0800] "GET /BabyTalks/FTFMemberDistChart.jpg HTTP/1.1" 200 57507 "https://nobbycosmic.com/BabyTalks/BTList.htm" "Mozilla/5.0 (Windows NT 10.0; Win64; x64; rv:109.0) Gecko/20100101 Firefox/109.0" "nobbycosmic.com"
184.175.28.17 - - [12/Feb/2023:21:14:50 -0800] "GET /favicon.ico HTTP/1.1" 404 88 "https://nobbycosmic.com/BabyTalks/BTList.htm" "Mozilla/5.0 (Windows NT 10.0; Win64; x64; rv:109.0) Gecko/20100101 Firefox/109.0" "nobbycosmic.com"
184.175.28.17 - - [12/Feb/2023:21:15:20 -0800] "GET /BabyTalks/FTFMember/Content.htm HTTP/1.1" 401 90 "https://nobbycosmic.com/BabyTalks/BTList.htm" "Mozilla/5.0 (Windows NT 10.0; Win64; x64; rv:109.0) Gecko/20100101 Firefox/109.0" "nobbycosmic.com"
184.175.28.17 - FTF [12/Feb/2023:21:15:29 -0800] "GET /BabyTalks/FTFMember/Content.htm HTTP/1.1" 200 6689 "https://nobbycosmic.com/BabyTalks/BTList.htm" "Mozilla/5.0 (Windows NT 10.0; Win64; x64; rv:109.0) Gecko/20100101 Firefox/109.0" "nobbycosmic.com"
184.175.28.17 - FTF [12/Feb/2023:21:15:29 -0800] "GET /BabyTalks/FTFMember/hiyoko.gif HTTP/1.1" 200 10361 "https://nobbycosmic.com/BabyTalks/FTFMember/Content.htm" "Mozilla/5.0 (Windows NT 10.0; Win64; x64; rv:109.0) Gecko/20100101 Firefox/109.0" "nobbycosmic.com"
184.175.28.17 - FTF [12/Feb/2023:21:16:28 -0800] "GET /BabyTalks/FTFMember/FromJapan.htm HTTP/1.1" 200 2032 "https://nobbycosmic.com/BabyTalks/FTFMember/Content.htm" "Mozilla/5.0 (Windows NT 10.0; Win64; x64; rv:109.0) Gecko/20100101 Firefox/109.0" "nobbycosmic.com"
184.175.28.17 - FTF [12/Feb/2023:21:17:22 -0800] "GET /BabyTalks/FTFMember/Money.htm HTTP/1.1" 200 4073 "https://nobbycosmic.com/BabyTalks/FTFMember/Content.htm" "Mozilla/5.0 (Windows NT 10.0; Win64; x64; rv:109.0) Gecko/20100101 Firefox/109.0" "nobbycosmic.com"
114.119.157.108 - - [12/Feb/2023:21:24:54 -0800] "GET /NJCA/Temp?C=D%3BO%3DA HTTP/1.1" 200 404 "https://nobbycosmic.com/NJCA/Temp?M=D" "Mozilla/5.0 (Linux; Android 7.0;) AppleWebKit/537.36 (KHTML, like Gecko) Mobile Safari/537.36 (compatible; PetalBot;+https://webmaster.petalsearch.com/site/petalbot)" "nobbycosmic.com"
119.26.125.76 - - [12/Feb/2023:21:26:51 -0800] "GET /NJCA/AGM10/NJCAAGM10.pdf HTTP/1.1" 200 706944 "-" "Dalvik/2.1.0 (Linux; U; Android 11; A002SO Build/58.1.D.6.129)" "nobbycosmic.com"
51.222.253.14 - - [12/Feb/2023:21:55:03 -0800] "GET /robots.txt HTTP/1.1" 200 75 "-" "Mozilla/5.0 (compatible; AhrefsBot/7.0; +http://ahrefs.com/robot/)" "nobbycosmic.com"
51.222.253.15 - - [12/Feb/2023:21:55:05 -0800] "GET / HTTP/1.1" 200 3079 "-" "Mozilla/5.0 (compatible; AhrefsBot/7.0; +http://ahrefs.com/robot/)" "nobbycosmic.com"
193.235.141.19 - - [12/Feb/2023:22:07:46 -0800] "GET / HTTP/1.1" 200 3079 "-" "Mozilla/5.0 (Windows NT 10.0; Win64; x64) AppleWebKit/537.36 (KHTML, like Gecko) Chrome/105.0.0.0 Safari/537.36" "nobbycosmic.com"
193.235.141.19 - - [12/Feb/2023:22:07:47 -0800] "GET /favicon.ico HTTP/1.1" 404 88 "-" "Mozilla/5.0 (Windows NT 10.0; Win64; x64) AppleWebKit/537.36 (KHTML, like Gecko) Chrome/105.0.0.0 Safari/537.36" "nobbycosmic.com"
52.167.144.86 - - [12/Feb/2023:22:28:16 -0800] "GET /Post/JF20190516.pdf HTTP/1.1" 404 88 "-" "Mozilla/5.0 AppleWebKit/537.36 (KHTML, like Gecko; compatible; bingbot/2.0; +http://www.bing.com/bingbot.htm) Chrome/103.0.5060.134 Safari/537.36" "www.nobbycosmic.com"
20.27.20.16 - - [12/Feb/2023:22:55:26 -0800] "GET /TSN/TSNMember/TSNMember1.htm HTTP/1.1" 401 76 "-" "Mozilla/5.0 (Windows NT 10.0; Win64; x64) AppleWebKit/537.36 (KHTML, like Gecko) Chrome/96.0.4664.55 Safari/537.36 Edge/96.0.1054.34" "nobbycosmic.com"
124.241.131.29 - - [12/Feb/2023:22:58:51 -0800] "GET /BabyTalks/BTList.htm HTTP/1.1" 200 10236 "-" "Mozilla/5.0 (Macintosh; Intel Mac OS X 10_12_6) AppleWebKit/605.1.15 (KHTML, like Gecko)" "nobbycosmic.com"
124.241.131.29 - - [12/Feb/2023:22:58:53 -0800] "GET /apple-touch-icon-precomposed.png HTTP/1.1" 404 88 "-" "Safari/12607.3.10 CFNetwork/811.11 Darwin/16.7.0 (x86_64)" "nobbycosmic.com"
124.241.131.29 - - [12/Feb/2023:22:58:53 -0800] "GET /apple-touch-icon.png HTTP/1.1" 404 88 "-" "Safari/12607.3.10 CFNetwork/811.11 Darwin/16.7.0 (x86_64)" "nobbycosmic.com"
124.241.131.29 - - [12/Feb/2023:22:58:54 -0800] "GET /favicon.ico HTTP/1.1" 404 88 "-" "Safari/12607.3.10 CFNetwork/811.11 Darwin/16.7.0 (x86_64)" "nobbycosmic.com"
124.241.131.29 - - [12/Feb/2023:22:58:54 -0800] "GET /apple-touch-icon-precomposed.png HTTP/1.1" 404 88 "-" "Safari/12607.3.10 CFNetwork/811.11 Darwin/16.7.0 (x86_64)" "nobbycosmic.com"
124.241.131.29 - - [12/Feb/2023:22:58:54 -0800] "GET /apple-touch-icon.png HTTP/1.1" 404 88 "-" "Safari/12607.3.10 CFNetwork/811.11 Darwin/16.7.0 (x86_64)" "nobbycosmic.com"
124.241.131.29 - - [12/Feb/2023:22:58:54 -0800] "GET /favicon.ico HTTP/1.1" 404 88 "-" "Safari/12607.3.10 CFNetwork/811.11 Darwin/16.7.0 (x86_64)" "nobbycosmic.com"
124.241.131.29 - - [12/Feb/2023:22:58:55 -0800] "GET /BabyTalks/BTList.htm HTTP/1.1" 200 10236 "-" "Mozilla/5.0 (iPhone; CPU iPhone OS 12_1_3 like Mac OS X) AppleWebKit/605.1.15 (KHTML, like Gecko) Version/12.0 Mobile/15E148 Safari/604.1" "nobbycosmic.com"
124.241.131.29 - - [12/Feb/2023:22:58:56 -0800] "GET /apple-touch-icon-precomposed.png HTTP/1.1" 404 88 "-" "Safari/12607.3.10 CFNetwork/811.11 Darwin/16.7.0 (x86_64)" "nobbycosmic.com"
124.241.131.29 - - [12/Feb/2023:22:58:56 -0800] "GET /apple-touch-icon.png HTTP/1.1" 404 88 "-" "Safari/12607.3.10 CFNetwork/811.11 Darwin/16.7.0 (x86_64)" "nobbycosmic.com"
124.241.131.29 - - [12/Feb/2023:22:58:56 -0800] "GET /favicon.ico HTTP/1.1" 404 88 "-" "Safari/12607.3.10 CFNetwork/811.11 Darwin/16.7.0 (x86_64)" "nobbycosmic.com"
124.241.131.29 - - [12/Feb/2023:22:58:57 -0800] "GET /apple-touch-icon-precomposed.png HTTP/1.1" 404 88 "-" "Safari/12607.3.10 CFNetwork/811.11 Darwin/16.7.0 (x86_64)" "nobbycosmic.com"
124.241.131.29 - - [12/Feb/2023:22:58:58 -0800] "GET /apple-touch-icon.png HTTP/1.1" 404 88 "-" "Safari/12607.3.10 CFNetwork/811.11 Darwin/16.7.0 (x86_64)" "nobbycosmic.com"
124.241.131.29 - - [12/Feb/2023:22:58:58 -0800] "GET /favicon.ico HTTP/1.1" 404 88 "-" "Safari/12607.3.10 CFNetwork/811.11 Darwin/16.7.0 (x86_64)" "nobbycosmic.com"
114.119.137.101 - - [12/Feb/2023:23:03:01 -0800] "GET /NJCA/NY10/NY2010ProgramE.doc HTTP/1.1" 200 35328 "https://nobbycosmic.com/NJCA/NY10" "Mozilla/5.0 (Linux; Android 7.0;) AppleWebKit/537.36 (KHTML, like Gecko) Mobile Safari/537.36 (compatible; PetalBot;+https://webmaster.petalsearch.com/site/petalbot)" "nobbycosmic.com"
40.77.167.253 - - [12/Feb/2023:23:28:52 -0800] "GET /Post/JF202112102.pdf HTTP/1.1" 404 88 "-" "Mozilla/5.0 AppleWebKit/537.36 (KHTML, like Gecko; compatible; bingbot/2.0; +http://www.bing.com/bingbot.htm) Chrome/103.0.5060.134 Safari/537.36" "nobbycosmic.com"
126.182.167.91 - - [12/Feb/2023:23:36:03 -0800] "GET /BabyTalks/BTList.htm HTTP/1.1" 200 10236 "-" "Mozilla/5.0 (iPhone; CPU iPhone OS 16_1_1 like Mac OS X) AppleWebKit/605.1.15 (KHTML, like Gecko) Mobile/15E148 Instagram 269.0.0.13.76 (iPhone12,3; iOS 16_1_1; ja_JP; ja-JP; scale=3.00; 1125x2436; 443842272) NW/3" "nobbycosmic.com"
126.182.167.91 - - [12/Feb/2023:23:36:03 -0800] "GET /BabyTalks/FTFMemberDistChart.jpg HTTP/1.1" 200 57507 "https://nobbycosmic.com/BabyTalks/BTList.htm" "Mozilla/5.0 (iPhone; CPU iPhone OS 16_1_1 like Mac OS X) AppleWebKit/605.1.15 (KHTML, like Gecko) Mobile/15E148 Instagram 269.0.0.13.76 (iPhone12,3; iOS 16_1_1; ja_JP; ja-JP; scale=3.00; 1125x2436; 443842272)" "nobbycosmic.com"
126.182.167.91 - - [12/Feb/2023:23:36:03 -0800] "GET /BabyTalks/Group.jpg HTTP/1.1" 200 54379 "https://nobbycosmic.com/BabyTalks/BTList.htm" "Mozilla/5.0 (iPhone; CPU iPhone OS 16_1_1 like Mac OS X) AppleWebKit/605.1.15 (KHTML, like Gecko) Mobile/15E148 Instagram 269.0.0.13.76 (iPhone12,3; iOS 16_1_1; ja_JP; ja-JP; scale=3.00; 1125x2436; 443842272)" "nobbycosmic.com"
126.182.167.91 - - [12/Feb/2023:23:36:03 -0800] "GET /BabyTalks/SakuraMark2.jpg HTTP/1.1" 200 933 "https://nobbycosmic.com/BabyTalks/BTList.htm" "Mozilla/5.0 (iPhone; CPU iPhone OS 16_1_1 like Mac OS X) AppleWebKit/605.1.15 (KHTML, like Gecko) Mobile/15E148 Instagram 269.0.0.13.76 (iPhone12,3; iOS 16_1_1; ja_JP; ja-JP; scale=3.00; 1125x2436; 443842272)" "nobbycosmic.com"
126.182.167.91 - - [12/Feb/2023:23:36:03 -0800] "GET /BabyTalks/BTFBanner2.jpg HTTP/1.1" 200 4273 "https://nobbycosmic.com/BabyTalks/BTList.htm" "Mozilla/5.0 (iPhone; CPU iPhone OS 16_1_1 like Mac OS X) AppleWebKit/605.1.15 (KHTML, like Gecko) Mobile/15E148 Instagram 269.0.0.13.76 (iPhone12,3; iOS 16_1_1; ja_JP; ja-JP; scale=3.00; 1125x2436; 443842272)" "nobbycosmic.com"
126.182.167.91 - - [12/Feb/2023:23:36:03 -0800] "GET /BabyTalks/BTFBanner1.jpg HTTP/1.1" 200 9524 "https://nobbycosmic.com/BabyTalks/BTList.htm" "Mozilla/5.0 (iPhone; CPU iPhone OS 16_1_1 like Mac OS X) AppleWebKit/605.1.15 (KHTML, like Gecko) Mobile/15E148 Instagram 269.0.0.13.76 (iPhone12,3; iOS 16_1_1; ja_JP; ja-JP; scale=3.00; 1125x2436; 443842272)" "nobbycosmic.com"
