207.204.229.19 - - [06/Feb/2023:03:40:05 -0800] "GET /site/wp-includes/wlwmanifest.xml HTTP/1.1" 404 73 "-" "Mozilla/5.0 (Windows NT 10.0; Win64; x64) AppleWebKit/537.36 (KHTML, like Gecko) Chrome/89.0.4389.114 Safari/537.36" "nobbycosmic.com"
207.204.229.19 - - [06/Feb/2023:03:40:06 -0800] "GET /cms/wp-includes/wlwmanifest.xml HTTP/1.1" 404 73 "-" "Mozilla/5.0 (Windows NT 10.0; Win64; x64) AppleWebKit/537.36 (KHTML, like Gecko) Chrome/89.0.4389.114 Safari/537.36" "nobbycosmic.com"
114.119.165.43 - - [06/Feb/2023:03:41:23 -0800] "GET /NJCA/Temp?C=D%3BO%3DA HTTP/1.1" 200 404 "https://nobbycosmic.com/NJCA/Temp?N=A" "Mozilla/5.0 (Linux; Android 7.0;) AppleWebKit/537.36 (KHTML, like Gecko) Mobile Safari/537.36 (compatible; PetalBot;+https://webmaster.petalsearch.com/site/petalbot)" "nobbycosmic.com"
114.119.142.217 - - [06/Feb/2023:03:42:08 -0800] "GET /Utagoe/UtagoeSignSheet2007.pdf HTTP/1.1" 200 16681 "https://nobbycosmic.com/Utagoe/?C=S%3BO%3DA" "Mozilla/5.0 (Linux; Android 7.0;) AppleWebKit/537.36 (KHTML, like Gecko) Mobile Safari/537.36 (compatible; PetalBot;+https://webmaster.petalsearch.com/site/petalbot)" "nobbycosmic.com"
51.222.253.16 - - [06/Feb/2023:04:36:43 -0800] "GET /robots.txt HTTP/1.1" 200 75 "-" "Mozilla/5.0 (compatible; AhrefsBot/7.0; +http://ahrefs.com/robot/)" "www.nobbycosmic.com"
51.222.253.13 - - [06/Feb/2023:04:36:46 -0800] "GET / HTTP/1.1" 200 3079 "-" "Mozilla/5.0 (compatible; AhrefsBot/7.0; +http://ahrefs.com/robot/)" "www.nobbycosmic.com"
81.0.220.218 - - [06/Feb/2023:07:11:04 -0800] "GET / HTTP/1.1" 200 3079 "-" "python-requests/2.28.1" "nobbycosmic.com"
51.222.253.12 - - [06/Feb/2023:07:45:23 -0800] "GET /robots.txt HTTP/1.1" 200 75 "-" "Mozilla/5.0 (compatible; AhrefsBot/7.0; +http://ahrefs.com/robot/)" "nobbycosmic.com"
51.222.253.14 - - [06/Feb/2023:07:45:25 -0800] "GET / HTTP/1.1" 200 3079 "-" "Mozilla/5.0 (compatible; AhrefsBot/7.0; +http://ahrefs.com/robot/)" "nobbycosmic.com"
207.46.13.180 - - [06/Feb/2023:07:46:21 -0800] "GET /Temp/JF20170512.pdf HTTP/1.1" 404 88 "-" "Mozilla/5.0 AppleWebKit/537.36 (KHTML, like Gecko; compatible; bingbot/2.0; +http://www.bing.com/bingbot.htm) Chrome/103.0.5060.134 Safari/537.36" "nobbycosmic.com"
114.119.150.248 - - [06/Feb/2023:08:10:21 -0800] "GET /robots.txt HTTP/1.1" 200 75 "-" "Mozilla/5.0 (compatible;PetalBot;+https://webmaster.petalsearch.com/site/petalbot)" "www.nobbycosmic.com"
68.183.190.99 - - [06/Feb/2023:08:12:53 -0800] "GET / HTTP/1.1" 200 10547 "-" "Mozilla/5.0 (Windows NT 10.0; Win64; x64) AppleWebKit/537.36 (KHTML, like Gecko) Chrome/99.0.4859.172 Safari/537.36" "nobbycosmic.com"
68.183.190.99 - - [06/Feb/2023:08:12:57 -0800] "GET /kcfinder/upload.php HTTP/1.1" 404 73 "-" "Mozilla/5.0 (Windows NT 10.0; Win64; x64) AppleWebKit/537.36 (KHTML, like Gecko) Chrome/99.0.4859.172 Safari/537.36" "nobbycosmic.com"
68.183.190.99 - - [06/Feb/2023:08:12:59 -0800] "GET /asset/kcfinder/upload.php HTTP/1.1" 404 73 "-" "Mozilla/5.0 (Windows NT 10.0; Win64; x64) AppleWebKit/537.36 (KHTML, like Gecko) Chrome/99.0.4859.172 Safari/537.36" "nobbycosmic.com"
68.183.190.99 - - [06/Feb/2023:08:13:03 -0800] "GET /assets/kcfinder/upload.php HTTP/1.1" 404 73 "-" "Mozilla/5.0 (Windows NT 10.0; Win64; x64) AppleWebKit/537.36 (KHTML, like Gecko) Chrome/99.0.4859.172 Safari/537.36" "nobbycosmic.com"
68.183.190.99 - - [06/Feb/2023:08:13:06 -0800] "GET /js/kcfinder/upload.php HTTP/1.1" 404 73 "-" "Mozilla/5.0 (Windows NT 10.0; Win64; x64) AppleWebKit/537.36 (KHTML, like Gecko) Chrome/99.0.4859.172 Safari/537.36" "nobbycosmic.com"
68.183.190.99 - - [06/Feb/2023:08:13:09 -0800] "GET /assets/js/kcfinder/upload.php HTTP/1.1" 404 73 "-" "Mozilla/5.0 (Windows NT 10.0; Win64; x64) AppleWebKit/537.36 (KHTML, like Gecko) Chrome/99.0.4859.172 Safari/537.36" "nobbycosmic.com"
68.183.190.99 - - [06/Feb/2023:08:13:11 -0800] "GET /assets/plugins/kcfinder/upload.php HTTP/1.1" 404 73 "-" "Mozilla/5.0 (Windows NT 10.0; Win64; x64) AppleWebKit/537.36 (KHTML, like Gecko) Chrome/99.0.4859.172 Safari/537.36" "nobbycosmic.com"
68.183.190.99 - - [06/Feb/2023:08:13:13 -0800] "GET /plugins/kcfinder/upload.php HTTP/1.1" 404 73 "-" "Mozilla/5.0 (Windows NT 10.0; Win64; x64) AppleWebKit/537.36 (KHTML, like Gecko) Chrome/99.0.4859.172 Safari/537.36" "nobbycosmic.com"
68.183.190.99 - - [06/Feb/2023:08:13:16 -0800] "GET /filemanager/dialog.php HTTP/1.1" 404 73 "-" "Mozilla/5.0 (Windows NT 10.0; Win64; x64) AppleWebKit/537.36 (KHTML, like Gecko) Chrome/99.0.4859.172 Safari/537.36" "nobbycosmic.com"
68.183.190.99 - - [06/Feb/2023:08:13:19 -0800] "GET /assets/filemanager/dialog.php HTTP/1.1" 404 73 "-" "Mozilla/5.0 (Windows NT 10.0; Win64; x64) AppleWebKit/537.36 (KHTML, like Gecko) Chrome/99.0.4859.172 Safari/537.36" "nobbycosmic.com"
68.183.190.99 - - [06/Feb/2023:08:13:23 -0800] "GET /assets/plugins/filemanager/dialog.php HTTP/1.1" 404 73 "-" "Mozilla/5.0 (Windows NT 10.0; Win64; x64) AppleWebKit/537.36 (KHTML, like Gecko) Chrome/99.0.4859.172 Safari/537.36" "nobbycosmic.com"
68.183.190.99 - - [06/Feb/2023:08:13:25 -0800] "GET /phpformbuilder/plugins/filemanager/dialog.php HTTP/1.1" 404 73 "-" "Mozilla/5.0 (Windows NT 10.0; Win64; x64) AppleWebKit/537.36 (KHTML, like Gecko) Chrome/99.0.4859.172 Safari/537.36" "nobbycosmic.com"
68.183.190.99 - - [06/Feb/2023:08:13:30 -0800] "GET /assets/tinymce/plugins/filemanager/dialog.php HTTP/1.1" 404 73 "-" "Mozilla/5.0 (Windows NT 10.0; Win64; x64) AppleWebKit/537.36 (KHTML, like Gecko) Chrome/99.0.4859.172 Safari/537.36" "nobbycosmic.com"
68.183.190.99 - - [06/Feb/2023:08:13:32 -0800] "GET /scripts/filemanager/dialog.php HTTP/1.1" 404 73 "-" "Mozilla/5.0 (Windows NT 10.0; Win64; x64) AppleWebKit/537.36 (KHTML, like Gecko) Chrome/99.0.4859.172 Safari/537.36" "nobbycosmic.com"
68.183.190.99 - - [06/Feb/2023:08:13:36 -0800] "GET /admin/filemanager/dialog.php HTTP/1.1" 404 73 "-" "Mozilla/5.0 (Windows NT 10.0; Win64; x64) AppleWebKit/537.36 (KHTML, like Gecko) Chrome/99.0.4859.172 Safari/537.36" "nobbycosmic.com"
68.183.190.99 - - [06/Feb/2023:08:13:39 -0800] "GET /assets/plugins/elfinder/elfinder.html HTTP/1.1" 404 73 "-" "Mozilla/5.0 (Windows NT 10.0; Win64; x64) AppleWebKit/537.36 (KHTML, like Gecko) Chrome/99.0.4859.172 Safari/537.36" "nobbycosmic.com"
68.183.190.99 - - [06/Feb/2023:08:13:41 -0800] "GET /assets/elfinder/elfinder.html HTTP/1.1" 404 73 "-" "Mozilla/5.0 (Windows NT 10.0; Win64; x64) AppleWebKit/537.36 (KHTML, like Gecko) Chrome/99.0.4859.172 Safari/537.36" "nobbycosmic.com"
68.183.190.99 - - [06/Feb/2023:08:13:44 -0800] "GET /assets/scripts/filemanager/dialog.php HTTP/1.1" 404 73 "-" "Mozilla/5.0 (Windows NT 10.0; Win64; x64) AppleWebKit/537.36 (KHTML, like Gecko) Chrome/99.0.4859.172 Safari/537.36" "nobbycosmic.com"
68.183.190.99 - - [06/Feb/2023:08:13:46 -0800] "GET /assets/admin/tinymce/plugins/filemanager/dialog.php HTTP/1.1" 404 73 "-" "Mozilla/5.0 (Windows NT 10.0; Win64; x64) AppleWebKit/537.36 (KHTML, like Gecko) Chrome/99.0.4859.172 Safari/537.36" "nobbycosmic.com"
68.183.190.99 - - [06/Feb/2023:08:13:48 -0800] "GET /js/tinymce4/plugins/filemanager/dialog.php HTTP/1.1" 404 73 "-" "Mozilla/5.0 (Windows NT 10.0; Win64; x64) AppleWebKit/537.36 (KHTML, like Gecko) Chrome/99.0.4859.172 Safari/537.36" "nobbycosmic.com"
68.183.190.99 - - [06/Feb/2023:08:13:51 -0800] "GET /tinymce/filemanager/dialog.php HTTP/1.1" 404 73 "-" "Mozilla/5.0 (Windows NT 10.0; Win64; x64) AppleWebKit/537.36 (KHTML, like Gecko) Chrome/99.0.4859.172 Safari/537.36" "nobbycosmic.com"
68.183.190.99 - - [06/Feb/2023:08:13:54 -0800] "GET /filemanager/filemanager/dialog.php HTTP/1.1" 404 73 "-" "Mozilla/5.0 (Windows NT 10.0; Win64; x64) AppleWebKit/537.36 (KHTML, like Gecko) Chrome/99.0.4859.172 Safari/537.36" "nobbycosmic.com"
68.183.190.99 - - [06/Feb/2023:08:13:55 -0800] "GET /assets/admin/js/tinymce/plugins/filemanager/dialog.php HTTP/1.1" 404 73 "-" "Mozilla/5.0 (Windows NT 10.0; Win64; x64) AppleWebKit/537.36 (KHTML, like Gecko) Chrome/99.0.4859.172 Safari/537.36" "nobbycosmic.com"
68.183.190.99 - - [06/Feb/2023:08:13:57 -0800] "GET /tinymce/plugins/filemanager/dialog.php HTTP/1.1" 404 73 "-" "Mozilla/5.0 (Windows NT 10.0; Win64; x64) AppleWebKit/537.36 (KHTML, like Gecko) Chrome/99.0.4859.172 Safari/537.36" "nobbycosmic.com"
68.183.190.99 - - [06/Feb/2023:08:14:03 -0800] "GET /wp HTTP/1.1" 404 73 "-" "Mozilla/5.0 (Windows NT 10.0; Win64; x64) AppleWebKit/537.36 (KHTML, like Gecko) Chrome/99.0.4859.172 Safari/537.36" "nobbycosmic.com"
68.183.190.99 - - [06/Feb/2023:08:14:06 -0800] "GET /wordpress HTTP/1.1" 404 73 "-" "Mozilla/5.0 (Windows NT 10.0; Win64; x64) AppleWebKit/537.36 (KHTML, like Gecko) Chrome/99.0.4859.172 Safari/537.36" "nobbycosmic.com"
68.183.190.99 - - [06/Feb/2023:08:14:08 -0800] "GET /blog HTTP/1.1" 404 73 "-" "Mozilla/5.0 (Windows NT 10.0; Win64; x64) AppleWebKit/537.36 (KHTML, like Gecko) Chrome/99.0.4859.172 Safari/537.36" "nobbycosmic.com"
68.183.190.99 - - [06/Feb/2023:08:14:10 -0800] "GET /demo HTTP/1.1" 404 73 "-" "Mozilla/5.0 (Windows NT 10.0; Win64; x64) AppleWebKit/537.36 (KHTML, like Gecko) Chrome/99.0.4859.172 Safari/537.36" "nobbycosmic.com"
68.183.190.99 - - [06/Feb/2023:08:14:12 -0800] "GET /new HTTP/1.1" 404 73 "-" "Mozilla/5.0 (Windows NT 10.0; Win64; x64) AppleWebKit/537.36 (KHTML, like Gecko) Chrome/99.0.4859.172 Safari/537.36" "nobbycosmic.com"
68.183.190.99 - - [06/Feb/2023:08:14:14 -0800] "GET /vendor/phpunit/phpunit/src/Util/PHP/eval-stdin.php HTTP/1.1" 404 73 "-" "Mozilla/5.0 (Windows NT 10.0; Win64; x64) AppleWebKit/537.36 (KHTML, like Gecko) Chrome/99.0.4859.172 Safari/537.36" "nobbycosmic.com"
68.183.190.99 - - [06/Feb/2023:08:14:18 -0800] "GET / HTTP/1.1" 200 10547 "-" "curl/7.81.0" "nobbycosmic.com"
68.183.190.99 - - [06/Feb/2023:08:14:20 -0800] "POST / HTTP/1.1" 200 10547 "-" "Mozilla/5.0 (Windows NT 10.0; Win64; x64) AppleWebKit/537.36 (KHTML, like Gecko) Chrome/99.0.4859.172 Safari/537.36" "nobbycosmic.com"
68.183.190.99 - - [06/Feb/2023:08:14:24 -0800] "GET /timthumb.php HTTP/1.1" 404 73 "-" "Mozilla/5.0 (Windows NT 10.0; Win64; x64) AppleWebKit/537.36 (KHTML, like Gecko) Chrome/99.0.4859.172 Safari/537.36" "nobbycosmic.com"
68.183.190.99 - - [06/Feb/2023:08:14:27 -0800] "GET /thumb.php HTTP/1.1" 404 73 "-" "Mozilla/5.0 (Windows NT 10.0; Win64; x64) AppleWebKit/537.36 (KHTML, like Gecko) Chrome/99.0.4859.172 Safari/537.36" "nobbycosmic.com"
68.183.190.99 - - [06/Feb/2023:08:14:32 -0800] "GET /ALFA_DATA/alfacgiapi/perl.alfa HTTP/1.1" 404 73 "-" "Mozilla/5.0 (Windows NT 10.0; Win64; x64) AppleWebKit/537.36 (KHTML, like Gecko) Chrome/99.0.4859.172 Safari/537.36" "nobbycosmic.com"
68.183.190.99 - - [06/Feb/2023:08:14:35 -0800] "GET /alfacgiapi/perl.alfa HTTP/1.1" 404 73 "-" "Mozilla/5.0 (Windows NT 10.0; Win64; x64) AppleWebKit/537.36 (KHTML, like Gecko) Chrome/99.0.4859.172 Safari/537.36" "nobbycosmic.com"
68.183.190.99 - - [06/Feb/2023:08:15:00 -0800] "GET /_ignition/execute-solution HTTP/1.1" 404 73 "-" "Mozilla/5.0 (Windows NT 10.0; Win64; x64) AppleWebKit/537.36 (KHTML, like Gecko) Chrome/99.0.4859.172 Safari/537.36" "nobbycosmic.com"
68.183.190.99 - - [06/Feb/2023:08:15:01 -0800] "GET / HTTP/1.1" 200 10547 "-" "curl/7.81.0" "nobbycosmic.com"
68.183.190.99 - - [06/Feb/2023:08:15:04 -0800] "POST /vendor/phpunit/phpunit/src/Util/PHP/eval-stdin.php HTTP/1.1" 404 73 "-" "Mozilla/5.0 (Windows NT 10.0; Win64; x64) AppleWebKit/537.36 (KHTML, like Gecko) Chrome/99.0.4859.172 Safari/537.36" "nobbycosmic.com"
68.183.190.99 - - [06/Feb/2023:08:15:06 -0800] "POST /ALFA_DATA/alfacgiapi/perl.alfa HTTP/1.1" 404 73 "-" "Mozilla/5.0 (Windows NT 10.0; Win64; x64) AppleWebKit/537.36 (KHTML, like Gecko) Chrome/99.0.4859.172 Safari/537.36" "nobbycosmic.com"
68.183.190.99 - - [06/Feb/2023:08:15:08 -0800] "POST /alfacgiapi/perl.alfa HTTP/1.1" 404 73 "-" "Mozilla/5.0 (Windows NT 10.0; Win64; x64) AppleWebKit/537.36 (KHTML, like Gecko) Chrome/99.0.4859.172 Safari/537.36" "nobbycosmic.com"
207.46.13.144 - - [06/Feb/2023:08:20:41 -0800] "GET /Post/JF20200618.pdf HTTP/1.1" 404 88 "-" "Mozilla/5.0 AppleWebKit/537.36 (KHTML, like Gecko; compatible; bingbot/2.0; +http://www.bing.com/bingbot.htm) Chrome/103.0.5060.134 Safari/537.36" "nobbycosmic.com"
178.128.52.200 - - [06/Feb/2023:08:46:03 -0800] "GET /wp-content/ HTTP/1.1" 404 88 "-" "Mozilla/5.0 (Macintosh; Intel Mac OS X 10.15; rv:77.0) Gecko/20100101 Firefox/77.0" "nobbycosmic.com"
94.23.203.180 - - [06/Feb/2023:08:48:23 -0800] "GET /robots.txt HTTP/1.1" 200 61 "-" "Mozilla/5.0 (compatible; MJ12bot/v1.4.8; http://mj12bot.com/)" "nobbycosmic.com"
94.23.203.180 - - [06/Feb/2023:08:48:26 -0800] "GET /BabyTalks/BTList.htm HTTP/1.1" 200 10236 "-" "Mozilla/5.0 (compatible; MJ12bot/v1.4.8; http://mj12bot.com/)" "nobbycosmic.com"
194.38.20.161 - - [06/Feb/2023:09:08:09 -0800] "GET /components/com_facileforms/libraries/jquery/tooltip.js HTTP/1.1" 404 73 "-" "ALittle Client" "nobbycosmic.com"
52.167.144.86 - - [06/Feb/2023:09:27:03 -0800] "GET /Utagoe/10/Nakamura.JPG HTTP/1.1" 200 71084 "-" "Mozilla/5.0 AppleWebKit/537.36 (KHTML, like Gecko; compatible; bingbot/2.0; +http://www.bing.com/bingbot.htm) Chrome/103.0.5060.134 Safari/537.36" "nobbycosmic.com"
51.222.253.6 - - [06/Feb/2023:09:31:25 -0800] "GET /BabyTalks/BTList.htm HTTP/1.1" 200 10236 "-" "Mozilla/5.0 (compatible; AhrefsBot/7.0; +http://ahrefs.com/robot/)" "nobbycosmic.com"
51.222.253.5 - - [06/Feb/2023:09:31:43 -0800] "GET /BabyTalks/hiyoko.gif HTTP/1.1" 200 10361 "-" "Mozilla/5.0 (compatible; AhrefsBot/7.0; +http://ahrefs.com/robot/)" "nobbycosmic.com"
51.222.253.10 - - [06/Feb/2023:09:31:45 -0800] "GET /BabyTalks/BTFBanner1.jpg HTTP/1.1" 200 9524 "-" "Mozilla/5.0 (compatible; AhrefsBot/7.0; +http://ahrefs.com/robot/)" "nobbycosmic.com"
51.222.253.6 - - [06/Feb/2023:09:31:47 -0800] "GET /BabyTalks/FTFMemberDistChart.jpg HTTP/1.1" 200 57507 "-" "Mozilla/5.0 (compatible; AhrefsBot/7.0; +http://ahrefs.com/robot/)" "nobbycosmic.com"
51.222.253.4 - - [06/Feb/2023:09:31:49 -0800] "GET /BabyTalks/blue_next.gif HTTP/1.1" 200 138 "-" "Mozilla/5.0 (compatible; AhrefsBot/7.0; +http://ahrefs.com/robot/)" "nobbycosmic.com"
51.222.253.4 - - [06/Feb/2023:09:31:50 -0800] "GET /BabyTalks/BTList.htm HTTP/1.1" 200 10236 "-" "Mozilla/5.0 (compatible; AhrefsBot/7.0; +http://ahrefs.com/robot/)" "nobbycosmic.com"
51.222.253.18 - - [06/Feb/2023:09:31:52 -0800] "GET /BabyTalks/Group.jpg HTTP/1.1" 200 54379 "-" "Mozilla/5.0 (compatible; AhrefsBot/7.0; +http://ahrefs.com/robot/)" "nobbycosmic.com"
147.92.179.111 - - [06/Feb/2023:09:41:06 -0800] "GET /BabyTalks/BTList.htm HTTP/1.1" 200 10236 "-" "facebookexternalhit/1.1;line-poker/1.0" "nobbycosmic.com"
20.237.33.87 - - [06/Feb/2023:09:50:12 -0800] "GET / HTTP/1.1" 200 3079 "-" "Mozilla/5.0 (Windows NT 10.0; Win64; x64) AppleWebKit/537.36 (KHTML, like Gecko) Chrome/58.0.3029.110 Safari/537.36 Edge/16.16299" "nobbycosmic.com"
20.237.33.87 - - [06/Feb/2023:09:50:12 -0800] "GET /favicon.ico HTTP/1.1" 404 88 "-" "Mozilla/5.0 (Windows NT 10.0; Win64; x64) AppleWebKit/537.36 (KHTML, like Gecko) Chrome/58.0.3029.110 Safari/537.36 Edge/16.16299" "nobbycosmic.com"
51.222.253.10 - - [06/Feb/2023:10:20:22 -0800] "GET /IIEC/?C=M;O=D HTTP/1.1" 200 406 "-" "Mozilla/5.0 (compatible; AhrefsBot/7.0; +http://ahrefs.com/robot/)" "nobbycosmic.com"
87.236.20.122 - - [06/Feb/2023:10:41:12 -0800] "GET /style.php?sig=rename HTTP/1.1" 404 73 "-" "Mozilla/5.0 (iPhone; CPU iPhone OS 14_3 like Mac OS X) AppleWebKit/605.1.15 (KHTML, like Gecko) Version/14.0.2 Mobile/15E148 Safari/604.1" "nobbycosmic.com"
87.236.20.122 - - [06/Feb/2023:10:41:12 -0800] "GET /wp-admin/style.php?sig=rename HTTP/1.1" 404 73 "-" "Mozilla/5.0 (Linux; Android 9; Redmi Note 7) AppleWebKit/537.36 (KHTML, like Gecko) Chrome/84.0.4147.111 Mobile Safari/537.36" "nobbycosmic.com"
51.222.253.2 - - [06/Feb/2023:10:44:32 -0800] "GET /IIEC/?C=S;O=D HTTP/1.1" 200 405 "-" "Mozilla/5.0 (compatible; AhrefsBot/7.0; +http://ahrefs.com/robot/)" "nobbycosmic.com"
40.77.167.253 - - [06/Feb/2023:10:51:47 -0800] "GET /Utagoe/2013Spring/Utagoe2013051A.jpg HTTP/1.1" 200 50959 "-" "Mozilla/5.0 AppleWebKit/537.36 (KHTML, like Gecko; compatible; bingbot/2.0; +http://www.bing.com/bingbot.htm) Chrome/103.0.5060.134 Safari/537.36" "nobbycosmic.com"
114.119.136.190 - - [06/Feb/2023:10:55:04 -0800] "GET /Utagoe/15 HTTP/1.1" 200 659 "https://nobbycosmic.com/Utagoe" "Mozilla/5.0 (Linux; Android 7.0;) AppleWebKit/537.36 (KHTML, like Gecko) Mobile Safari/537.36 (compatible; PetalBot;+https://webmaster.petalsearch.com/site/petalbot)" "nobbycosmic.com"
154.0.164.115 - - [06/Feb/2023:11:06:32 -0800] "GET /wp-login.php HTTP/1.1" 404 88 "http://www.nobbycosmic.com/wp-login.php" "Mozilla/5.0 (Windows NT 10.0; Win64; x64; rv:96.0) Gecko/20100101 Firefox/96" "www.nobbycosmic.com"
40.77.167.182 - - [06/Feb/2023:11:09:45 -0800] "GET /Utagoe/?C=D;O=A HTTP/1.1" 200 3340 "-" "Mozilla/5.0 AppleWebKit/537.36 (KHTML, like Gecko; compatible; bingbot/2.0; +http://www.bing.com/bingbot.htm) Chrome/103.0.5060.134 Safari/537.36" "www.nobbycosmic.com"
142.113.110.236 - - [06/Feb/2023:11:29:01 -0800] "GET /BabyTalks/BTList.htm HTTP/1.1" 200 10236 "-" "Mozilla/5.0 (iPhone; CPU iPhone OS 16_1 like Mac OS X) AppleWebKit/605.1.15 (KHTML, like Gecko) CriOS/109.0.5414.112 Mobile/15E148 Safari/604.1" "nobbycosmic.com"
142.113.110.236 - - [06/Feb/2023:11:29:01 -0800] "GET /BabyTalks/Group.jpg HTTP/1.1" 200 54379 "https://nobbycosmic.com/BabyTalks/BTList.htm" "Mozilla/5.0 (iPhone; CPU iPhone OS 16_1 like Mac OS X) AppleWebKit/605.1.15 (KHTML, like Gecko) CriOS/109.0.5414.112 Mobile/15E148 Safari/604.1" "nobbycosmic.com"
142.113.110.236 - - [06/Feb/2023:11:29:01 -0800] "GET /BabyTalks/BTFBanner1.jpg HTTP/1.1" 200 9524 "https://nobbycosmic.com/BabyTalks/BTList.htm" "Mozilla/5.0 (iPhone; CPU iPhone OS 16_1 like Mac OS X) AppleWebKit/605.1.15 (KHTML, like Gecko) CriOS/109.0.5414.112 Mobile/15E148 Safari/604.1" "nobbycosmic.com"
142.113.110.236 - - [06/Feb/2023:11:29:01 -0800] "GET /BabyTalks/BTFBanner2.jpg HTTP/1.1" 200 4273 "https://nobbycosmic.com/BabyTalks/BTList.htm" "Mozilla/5.0 (iPhone; CPU iPhone OS 16_1 like Mac OS X) AppleWebKit/605.1.15 (KHTML, like Gecko) CriOS/109.0.5414.112 Mobile/15E148 Safari/604.1" "nobbycosmic.com"
142.113.110.236 - - [06/Feb/2023:11:29:01 -0800] "GET /BabyTalks/hiyoko.gif HTTP/1.1" 200 10361 "https://nobbycosmic.com/BabyTalks/BTList.htm" "Mozilla/5.0 (iPhone; CPU iPhone OS 16_1 like Mac OS X) AppleWebKit/605.1.15 (KHTML, like Gecko) CriOS/109.0.5414.112 Mobile/15E148 Safari/604.1" "nobbycosmic.com"
142.113.110.236 - - [06/Feb/2023:11:29:01 -0800] "GET /favicon.ico HTTP/1.1" 404 88 "-" "Mozilla/5.0 (iPhone; CPU iPhone OS 16_1 like Mac OS X) AppleWebKit/605.1.15 (KHTML, like Gecko) CriOS/109.0.5414.112 Mobile/15E148 Safari/604.1" "nobbycosmic.com"
142.113.110.236 - - [06/Feb/2023:11:29:02 -0800] "GET /BabyTalks/blue_next.gif HTTP/1.1" 200 138 "https://nobbycosmic.com/BabyTalks/BTList.htm" "Mozilla/5.0 (iPhone; CPU iPhone OS 16_1 like Mac OS X) AppleWebKit/605.1.15 (KHTML, like Gecko) CriOS/109.0.5414.112 Mobile/15E148 Safari/604.1" "nobbycosmic.com"
142.113.110.236 - - [06/Feb/2023:11:29:02 -0800] "GET /BabyTalks/FTFMemberDistChart.jpg HTTP/1.1" 200 57507 "https://nobbycosmic.com/BabyTalks/BTList.htm" "Mozilla/5.0 (iPhone; CPU iPhone OS 16_1 like Mac OS X) AppleWebKit/605.1.15 (KHTML, like Gecko) CriOS/109.0.5414.112 Mobile/15E148 Safari/604.1" "nobbycosmic.com"
142.113.110.236 - - [06/Feb/2023:11:29:02 -0800] "GET /BabyTalks/SakuraMark2.jpg HTTP/1.1" 200 933 "https://nobbycosmic.com/BabyTalks/BTList.htm" "Mozilla/5.0 (iPhone; CPU iPhone OS 16_1 like Mac OS X) AppleWebKit/605.1.15 (KHTML, like Gecko) CriOS/109.0.5414.112 Mobile/15E148 Safari/604.1" "nobbycosmic.com"
142.113.110.236 - - [06/Feb/2023:11:29:30 -0800] "GET /BabyTalks/FTFMember/Content.htm HTTP/1.1" 401 90 "https://nobbycosmic.com/BabyTalks/BTList.htm" "Mozilla/5.0 (iPhone; CPU iPhone OS 16_1 like Mac OS X) AppleWebKit/605.1.15 (KHTML, like Gecko) CriOS/109.0.5414.112 Mobile/15E148 Safari/604.1" "nobbycosmic.com"
142.113.110.236 - FTF [06/Feb/2023:11:29:47 -0800] "GET /BabyTalks/FTFMember/Content.htm HTTP/1.1" 200 6689 "https://nobbycosmic.com/BabyTalks/BTList.htm" "Mozilla/5.0 (iPhone; CPU iPhone OS 16_1 like Mac OS X) AppleWebKit/605.1.15 (KHTML, like Gecko) CriOS/109.0.5414.112 Mobile/15E148 Safari/604.1" "nobbycosmic.com"
142.113.110.236 - FTF [06/Feb/2023:11:29:47 -0800] "GET /BabyTalks/FTFMember/hiyoko.gif HTTP/1.1" 200 10361 "https://nobbycosmic.com/BabyTalks/FTFMember/Content.htm" "Mozilla/5.0 (iPhone; CPU iPhone OS 16_1 like Mac OS X) AppleWebKit/605.1.15 (KHTML, like Gecko) CriOS/109.0.5414.112 Mobile/15E148 Safari/604.1" "nobbycosmic.com"
142.113.110.236 - FTF [06/Feb/2023:11:30:03 -0800] "GET /BabyTalks/FTFMember/Doctor2.htm HTTP/1.1" 200 11142 "https://nobbycosmic.com/BabyTalks/FTFMember/Content.htm" "Mozilla/5.0 (iPhone; CPU iPhone OS 16_1 like Mac OS X) AppleWebKit/605.1.15 (KHTML, like Gecko) CriOS/109.0.5414.112 Mobile/15E148 Safari/604.1" "nobbycosmic.com"
51.222.253.14 - - [06/Feb/2023:11:31:35 -0800] "GET /TSN/TSNFront.htm HTTP/1.1" 200 2591 "-" "Mozilla/5.0 (compatible; AhrefsBot/7.0; +http://ahrefs.com/robot/)" "nobbycosmic.com"
142.113.110.236 - FTF [06/Feb/2023:11:31:41 -0800] "GET /BabyTalks/FTFMember/Eczema.htm HTTP/1.1" 200 3630 "https://nobbycosmic.com/BabyTalks/FTFMember/Content.htm" "Mozilla/5.0 (iPhone; CPU iPhone OS 16_1 like Mac OS X) AppleWebKit/605.1.15 (KHTML, like Gecko) CriOS/109.0.5414.112 Mobile/15E148 Safari/604.1" "nobbycosmic.com"
51.222.253.17 - - [06/Feb/2023:11:31:43 -0800] "GET /TSN/Wine2007tsn.jpg HTTP/1.1" 200 41731 "-" "Mozilla/5.0 (compatible; AhrefsBot/7.0; +http://ahrefs.com/robot/)" "nobbycosmic.com"
51.222.253.11 - - [06/Feb/2023:11:31:44 -0800] "GET /TSN/Toronto_City_Hall_at_night.jpg HTTP/1.1" 200 11300 "-" "Mozilla/5.0 (compatible; AhrefsBot/7.0; +http://ahrefs.com/robot/)" "nobbycosmic.com"
51.222.253.4 - - [06/Feb/2023:11:31:44 -0800] "GET /TSN/UofT.jpg HTTP/1.1" 200 18548 "-" "Mozilla/5.0 (compatible; AhrefsBot/7.0; +http://ahrefs.com/robot/)" "nobbycosmic.com"
51.222.253.11 - - [06/Feb/2023:11:31:46 -0800] "GET /TSN/Hto_Park_Urban_Beach_2.jpg HTTP/1.1" 200 9440 "-" "Mozilla/5.0 (compatible; AhrefsBot/7.0; +http://ahrefs.com/robot/)" "nobbycosmic.com"
51.222.253.12 - - [06/Feb/2023:11:31:46 -0800] "GET /TSN/Toronto_2007.jpg HTTP/1.1" 200 4961 "-" "Mozilla/5.0 (compatible; AhrefsBot/7.0; +http://ahrefs.com/robot/)" "nobbycosmic.com"
142.113.110.236 - FTF [06/Feb/2023:11:32:49 -0800] "GET /BabyTalks/FTFMember/IK12.htm HTTP/1.1" 200 1827 "https://nobbycosmic.com/BabyTalks/FTFMember/Content.htm" "Mozilla/5.0 (iPhone; CPU iPhone OS 16_1 like Mac OS X) AppleWebKit/605.1.15 (KHTML, like Gecko) CriOS/109.0.5414.112 Mobile/15E148 Safari/604.1" "nobbycosmic.com"
142.113.110.236 - FTF [06/Feb/2023:11:33:24 -0800] "GET /BabyTalks/FTFMember/Prep.htm HTTP/1.1" 200 4172 "https://nobbycosmic.com/BabyTalks/FTFMember/Content.htm" "Mozilla/5.0 (iPhone; CPU iPhone OS 16_1 like Mac OS X) AppleWebKit/605.1.15 (KHTML, like Gecko) CriOS/109.0.5414.112 Mobile/15E148 Safari/604.1" "nobbycosmic.com"
114.119.145.126 - - [06/Feb/2023:11:35:53 -0800] "GET /NJCA/NY06/NY2006PamphJ.pdf HTTP/1.1" 200 307449 "https://nobbycosmic.com/NJCA/NY06?C=N%3BO%3DD" "Mozilla/5.0 (Linux; Android 7.0;) AppleWebKit/537.36 (KHTML, like Gecko) Mobile Safari/537.36 (compatible; PetalBot;+https://webmaster.petalsearch.com/site/petalbot)" "nobbycosmic.com"
114.119.146.19 - - [06/Feb/2023:11:36:59 -0800] "GET /NJCA/Charity/?C=M%3BO%3DA HTTP/1.1" 200 502 "https://nobbycosmic.com/NJCA/Charity?N=D" "Mozilla/5.0 (Linux; Android 7.0;) AppleWebKit/537.36 (KHTML, like Gecko) Mobile Safari/537.36 (compatible; PetalBot;+https://webmaster.petalsearch.com/site/petalbot)" "nobbycosmic.com"
114.119.152.161 - - [06/Feb/2023:11:42:27 -0800] "GET /Card/Card16/?C=S%3BO%3DA HTTP/1.1" 200 492 "https://nobbycosmic.com/Card/Card16?C=M%3BO%3DA" "Mozilla/5.0 (Linux; Android 7.0;) AppleWebKit/537.36 (KHTML, like Gecko) Mobile Safari/537.36 (compatible; PetalBot;+https://webmaster.petalsearch.com/site/petalbot)" "nobbycosmic.com"
52.167.144.86 - - [06/Feb/2023:11:43:34 -0800] "GET /Post/JCCC202301271.pdf HTTP/1.1" 200 281731 "-" "Mozilla/5.0 AppleWebKit/537.36 (KHTML, like Gecko; compatible; bingbot/2.0; +http://www.bing.com/bingbot.htm) Chrome/103.0.5060.134 Safari/537.36" "nobbycosmic.com"
114.119.136.87 - - [06/Feb/2023:11:51:23 -0800] "GET /NJCA/Signs/VolunteerRoomSigns.pdf HTTP/1.1" 200 11057 "https://nobbycosmic.com/NJCA/Signs/" "Mozilla/5.0 (Linux; Android 7.0;) AppleWebKit/537.36 (KHTML, like Gecko) Mobile Safari/537.36 (compatible; PetalBot;+https://webmaster.petalsearch.com/site/petalbot)" "nobbycosmic.com"
114.119.144.38 - - [06/Feb/2023:11:53:54 -0800] "GET /NJCA/BBQ11/BBQGuestList2011.pdf HTTP/1.1" 200 82061 "https://nobbycosmic.com/NJCA/BBQ11/?C=D%3BO%3DA" "Mozilla/5.0 (Linux; Android 7.0;) AppleWebKit/537.36 (KHTML, like Gecko) Mobile Safari/537.36 (compatible; PetalBot;+https://webmaster.petalsearch.com/site/petalbot)" "nobbycosmic.com"
114.119.142.8 - - [06/Feb/2023:11:53:56 -0800] "GET /NJCA/NY08/JCCCOrder2008NY.xls HTTP/1.1" 200 25600 "https://nobbycosmic.com/NJCA/NY08/?C=N%3BO%3DD" "Mozilla/5.0 (Linux; Android 7.0;) AppleWebKit/537.36 (KHTML, like Gecko) Mobile Safari/537.36 (compatible; PetalBot;+https://webmaster.petalsearch.com/site/petalbot)" "nobbycosmic.com"
51.222.253.12 - - [06/Feb/2023:11:54:48 -0800] "GET /N/?C=D;O=A HTTP/1.1" 200 468 "-" "Mozilla/5.0 (compatible; AhrefsBot/7.0; +http://ahrefs.com/robot/)" "nobbycosmic.com"
147.92.179.111 - - [06/Feb/2023:12:05:10 -0800] "GET /BabyTalks/BTList.htm HTTP/1.1" 200 10236 "-" "facebookexternalhit/1.1;line-poker/1.0" "nobbycosmic.com"
51.222.253.3 - - [06/Feb/2023:12:06:28 -0800] "GET /N/?C=M;O=A HTTP/1.1" 200 469 "-" "Mozilla/5.0 (compatible; AhrefsBot/7.0; +http://ahrefs.com/robot/)" "nobbycosmic.com"
51.222.253.4 - - [06/Feb/2023:12:12:08 -0800] "GET /N/?C=N;O=D HTTP/1.1" 200 466 "-" "Mozilla/5.0 (compatible; AhrefsBot/7.0; +http://ahrefs.com/robot/)" "nobbycosmic.com"
51.222.253.8 - - [06/Feb/2023:12:17:43 -0800] "GET /N/?C=S;O=A HTTP/1.1" 200 465 "-" "Mozilla/5.0 (compatible; AhrefsBot/7.0; +http://ahrefs.com/robot/)" "nobbycosmic.com"
142.113.110.236 - FTF [06/Feb/2023:12:18:35 -0800] "GET /BabyTalks/FTFMember/MoHealth.htm HTTP/1.1" 200 2722 "https://nobbycosmic.com/BabyTalks/FTFMember/Content.htm" "Mozilla/5.0 (iPhone; CPU iPhone OS 16_1 like Mac OS X) AppleWebKit/605.1.15 (KHTML, like Gecko) CriOS/109.0.5414.112 Mobile/15E148 Safari/604.1" "nobbycosmic.com"
142.113.110.236 - FTF [06/Feb/2023:12:18:45 -0800] "GET /BabyTalks/FTFMember/Vitamin0.htm HTTP/1.1" 200 5477 "https://nobbycosmic.com/BabyTalks/FTFMember/Content.htm" "Mozilla/5.0 (iPhone; CPU iPhone OS 16_1 like Mac OS X) AppleWebKit/605.1.15 (KHTML, like Gecko) CriOS/109.0.5414.112 Mobile/15E148 Safari/604.1" "nobbycosmic.com"
142.113.110.236 - FTF [06/Feb/2023:12:18:57 -0800] "GET /BabyTalks/FTFMember/Test2.htm HTTP/1.1" 200 8504 "https://nobbycosmic.com/BabyTalks/FTFMember/Content.htm" "Mozilla/5.0 (iPhone; CPU iPhone OS 16_1 like Mac OS X) AppleWebKit/605.1.15 (KHTML, like Gecko) CriOS/109.0.5414.112 Mobile/15E148 Safari/604.1" "nobbycosmic.com"
142.113.110.236 - FTF [06/Feb/2023:12:19:41 -0800] "GET /BabyTalks/FTFMember/Name.htm HTTP/1.1" 200 2803 "https://nobbycosmic.com/BabyTalks/FTFMember/Content.htm" "Mozilla/5.0 (iPhone; CPU iPhone OS 16_1 like Mac OS X) AppleWebKit/605.1.15 (KHTML, like Gecko) CriOS/109.0.5414.112 Mobile/15E148 Safari/604.1" "nobbycosmic.com"
142.113.110.236 - FTF [06/Feb/2023:12:19:44 -0800] "GET /BabyTalks/FTFMember/AfterBth.htm HTTP/1.1" 200 8420 "https://nobbycosmic.com/BabyTalks/FTFMember/Content.htm" "Mozilla/5.0 (iPhone; CPU iPhone OS 16_1 like Mac OS X) AppleWebKit/605.1.15 (KHTML, like Gecko) CriOS/109.0.5414.112 Mobile/15E148 Safari/604.1" "nobbycosmic.com"
142.113.110.236 - FTF [06/Feb/2023:12:19:46 -0800] "GET /BabyTalks/FTFMember/Hair.htm HTTP/1.1" 200 9136 "https://nobbycosmic.com/BabyTalks/FTFMember/Content.htm" "Mozilla/5.0 (iPhone; CPU iPhone OS 16_1 like Mac OS X) AppleWebKit/605.1.15 (KHTML, like Gecko) CriOS/109.0.5414.112 Mobile/15E148 Safari/604.1" "nobbycosmic.com"
142.113.110.236 - FTF [06/Feb/2023:12:21:28 -0800] "GET /BabyTalks/FTFMember/Hair2.htm HTTP/1.1" 200 5213 "https://nobbycosmic.com/BabyTalks/FTFMember/Content.htm" "Mozilla/5.0 (iPhone; CPU iPhone OS 16_1 like Mac OS X) AppleWebKit/605.1.15 (KHTML, like Gecko) CriOS/109.0.5414.112 Mobile/15E148 Safari/604.1" "nobbycosmic.com"
114.119.131.206 - - [06/Feb/2023:12:21:55 -0800] "GET /Utagoe/2020UtagoeKouyou/Utagoe202009.htm HTTP/1.1" 200 2428 "https://ameblo.jp/yoshijiwanchan/entry-12701382331.html" "Mozilla/5.0 (Linux; Android 7.0;) AppleWebKit/537.36 (KHTML, like Gecko) Mobile Safari/537.36 (compatible; PetalBot;+https://webmaster.petalsearch.com/site/petalbot)" "nobbycosmic.com"
142.113.110.236 - FTF [06/Feb/2023:12:22:05 -0800] "GET /BabyTalks/FTFMember/AfterBth2.htm HTTP/1.1" 200 4155 "https://nobbycosmic.com/BabyTalks/FTFMember/Content.htm" "Mozilla/5.0 (iPhone; CPU iPhone OS 16_1 like Mac OS X) AppleWebKit/605.1.15 (KHTML, like Gecko) CriOS/109.0.5414.112 Mobile/15E148 Safari/604.1" "nobbycosmic.com"
51.222.253.12 - - [06/Feb/2023:12:22:54 -0800] "GET /N/MiuraPrivate/ HTTP/1.1" 200 431 "-" "Mozilla/5.0 (compatible; AhrefsBot/7.0; +http://ahrefs.com/robot/)" "nobbycosmic.com"
142.113.110.236 - FTF [06/Feb/2023:12:23:41 -0800] "GET /BabyTalks/FTFMember/Repelant.htm HTTP/1.1" 200 2978 "https://nobbycosmic.com/BabyTalks/FTFMember/Content.htm" "Mozilla/5.0 (iPhone; CPU iPhone OS 16_1 like Mac OS X) AppleWebKit/605.1.15 (KHTML, like Gecko) CriOS/109.0.5414.112 Mobile/15E148 Safari/604.1" "nobbycosmic.com"
142.113.110.236 - FTF [06/Feb/2023:12:24:26 -0800] "GET /BabyTalks/FTFMember/BBSick21.htm HTTP/1.1" 200 8332 "https://nobbycosmic.com/BabyTalks/FTFMember/Content.htm" "Mozilla/5.0 (iPhone; CPU iPhone OS 16_1 like Mac OS X) AppleWebKit/605.1.15 (KHTML, like Gecko) CriOS/109.0.5414.112 Mobile/15E148 Safari/604.1" "nobbycosmic.com"
52.167.144.86 - - [06/Feb/2023:12:25:47 -0800] "GET /Utagoe/Ueno2009/Tomoshibi200910.jpg HTTP/1.1" 200 71655 "-" "Mozilla/5.0 AppleWebKit/537.36 (KHTML, like Gecko; compatible; bingbot/2.0; +http://www.bing.com/bingbot.htm) Chrome/103.0.5060.134 Safari/537.36" "nobbycosmic.com"
114.119.141.127 - - [06/Feb/2023:12:25:52 -0800] "GET /NJCA/BBQ07/NJCABBQHandout7.pdf HTTP/1.1" 200 41174 "https://nobbycosmic.com/NJCA/BBQ07" "Mozilla/5.0 (Linux; Android 7.0;) AppleWebKit/537.36 (KHTML, like Gecko) Mobile Safari/537.36 (compatible; PetalBot;+https://webmaster.petalsearch.com/site/petalbot)" "nobbycosmic.com"
142.113.110.236 - FTF [06/Feb/2023:12:28:01 -0800] "GET /BabyTalks/FTFMember/20200219DoctorsAcceptingPatients.pdf HTTP/1.1" 200 50075 "https://nobbycosmic.com/BabyTalks/FTFMember/Content.htm" "Mozilla/5.0 (iPhone; CPU iPhone OS 16_1 like Mac OS X) AppleWebKit/605.1.15 (KHTML, like Gecko) CriOS/109.0.5414.112 Mobile/15E148 Safari/604.1" "nobbycosmic.com"
51.222.253.5 - - [06/Feb/2023:12:29:08 -0800] "GET /2021/?C=D;O=D HTTP/1.1" 200 437 "-" "Mozilla/5.0 (compatible; AhrefsBot/7.0; +http://ahrefs.com/robot/)" "nobbycosmic.com"
142.113.110.236 - FTF [06/Feb/2023:12:29:15 -0800] "GET /BabyTalks/FTFMember/Begin.htm HTTP/1.1" 200 4463 "https://nobbycosmic.com/BabyTalks/FTFMember/Content.htm" "Mozilla/5.0 (iPhone; CPU iPhone OS 16_1 like Mac OS X) AppleWebKit/605.1.15 (KHTML, like Gecko) CriOS/109.0.5414.112 Mobile/15E148 Safari/604.1" "nobbycosmic.com"
142.113.110.236 - FTF [06/Feb/2023:12:31:53 -0800] "GET /BabyTalks/FTFMember/PR.htm HTTP/1.1" 200 18973 "https://nobbycosmic.com/BabyTalks/FTFMember/Content.htm" "Mozilla/5.0 (iPhone; CPU iPhone OS 16_1 like Mac OS X) AppleWebKit/605.1.15 (KHTML, like Gecko) CriOS/109.0.5414.112 Mobile/15E148 Safari/604.1" "nobbycosmic.com"
142.113.110.236 - FTF [06/Feb/2023:12:32:55 -0800] "GET /BabyTalks/FTFMember/OHIP1.htm HTTP/1.1" 200 1549 "https://nobbycosmic.com/BabyTalks/FTFMember/Content.htm" "Mozilla/5.0 (iPhone; CPU iPhone OS 16_1 like Mac OS X) AppleWebKit/605.1.15 (KHTML, like Gecko) CriOS/109.0.5414.112 Mobile/15E148 Safari/604.1" "nobbycosmic.com"
142.113.110.236 - FTF [06/Feb/2023:12:33:14 -0800] "GET /BabyTalks/FTFMember/Midwife.htm HTTP/1.1" 200 13993 "https://nobbycosmic.com/BabyTalks/FTFMember/Content.htm" "Mozilla/5.0 (iPhone; CPU iPhone OS 16_1 like Mac OS X) AppleWebKit/605.1.15 (KHTML, like Gecko) CriOS/109.0.5414.112 Mobile/15E148 Safari/604.1" "nobbycosmic.com"
51.222.253.17 - - [06/Feb/2023:12:35:33 -0800] "GET /2021/?C=M;O=D HTTP/1.1" 200 438 "-" "Mozilla/5.0 (compatible; AhrefsBot/7.0; +http://ahrefs.com/robot/)" "nobbycosmic.com"
51.222.253.2 - - [06/Feb/2023:12:47:11 -0800] "GET /2021/?C=S;O=D HTTP/1.1" 200 440 "-" "Mozilla/5.0 (compatible; AhrefsBot/7.0; +http://ahrefs.com/robot/)" "nobbycosmic.com"
207.46.13.144 - - [06/Feb/2023:12:47:45 -0800] "GET /Post/JSS202203181.pdf HTTP/1.1" 304 - "-" "Mozilla/5.0 AppleWebKit/537.36 (KHTML, like Gecko; compatible; bingbot/2.0; +http://www.bing.com/bingbot.htm) Chrome/103.0.5060.134 Safari/537.36" "nobbycosmic.com"
114.119.159.232 - - [06/Feb/2023:12:57:37 -0800] "GET /NJCA/AGM09/NJCAAGM09.doc HTTP/1.1" 200 541184 "https://nobbycosmic.com/NJCA/AGM09?D=A" "Mozilla/5.0 (Linux; Android 7.0;) AppleWebKit/537.36 (KHTML, like Gecko) Mobile Safari/537.36 (compatible; PetalBot;+https://webmaster.petalsearch.com/site/petalbot)" "nobbycosmic.com"
51.222.253.6 - - [06/Feb/2023:12:58:03 -0800] "GET /Homepage/?C=D;O=D HTTP/1.1" 200 468 "-" "Mozilla/5.0 (compatible; AhrefsBot/7.0; +http://ahrefs.com/robot/)" "nobbycosmic.com"
114.119.134.156 - - [06/Feb/2023:12:58:54 -0800] "GET /JCCC/?C=S%3BO%3DA HTTP/1.1" 200 872 "https://nobbycosmic.com/JCCC/?C=S%3BO%3DA" "Mozilla/5.0 (Linux; Android 7.0;) AppleWebKit/537.36 (KHTML, like Gecko) Mobile Safari/537.36 (compatible; PetalBot;+https://webmaster.petalsearch.com/site/petalbot)" "nobbycosmic.com"
51.222.253.19 - - [06/Feb/2023:13:03:47 -0800] "GET /Homepage/?C=M;O=D HTTP/1.1" 200 469 "-" "Mozilla/5.0 (compatible; AhrefsBot/7.0; +http://ahrefs.com/robot/)" "nobbycosmic.com"
66.249.69.201 - - [06/Feb/2023:13:13:06 -0800] "GET /favicon.ico HTTP/1.1" 404 88 "-" "Googlebot-Image/1.0" "nobbycosmic.com"
51.222.253.12 - - [06/Feb/2023:13:15:05 -0800] "GET /N/?C=N;O=A HTTP/1.1" 200 468 "-" "Mozilla/5.0 (compatible; AhrefsBot/7.0; +http://ahrefs.com/robot/)" "nobbycosmic.com"
40.77.167.253 - - [06/Feb/2023:13:15:20 -0800] "GET /Utagoe/2019Summer/Utagoe201908.htm HTTP/1.1" 200 2801 "-" "Mozilla/5.0 AppleWebKit/537.36 (KHTML, like Gecko; compatible; bingbot/2.0; +http://www.bing.com/bingbot.htm) Chrome/103.0.5060.134 Safari/537.36" "nobbycosmic.com"
51.222.253.14 - - [06/Feb/2023:13:26:25 -0800] "GET /N/MiuraPrivate/?C=D;O=A HTTP/1.1" 200 431 "-" "Mozilla/5.0 (compatible; AhrefsBot/7.0; +http://ahrefs.com/robot/)" "nobbycosmic.com"
35.88.73.59 - - [06/Feb/2023:13:36:52 -0800] "GET / HTTP/1.1" 200 3079 "-" "Mozilla/5.0 (X11; Linux x86_64) AppleWebKit/537.36 (KHTML, like Gecko) Chrome/83.0.4103.97 Safari/537.36" "nobbycosmic.com"
52.40.246.225 - - [06/Feb/2023:13:36:52 -0800] "GET / HTTP/1.1" 200 3079 "-" "Mozilla/5.0 (X11; Linux x86_64) AppleWebKit/537.36 (KHTML, like Gecko) Chrome/83.0.4103.97 Safari/537.36" "nobbycosmic.com"
54.201.113.128 - - [06/Feb/2023:13:36:59 -0800] "GET /favicon.ico HTTP/1.1" 404 88 "-" "Mozilla/5.0 (X11; Linux x86_64) AppleWebKit/537.36 (KHTML, like Gecko) Chrome/83.0.4103.97 Safari/537.36" "nobbycosmic.com"
54.201.113.128 - - [06/Feb/2023:13:37:01 -0800] "GET / HTTP/1.1" 200 3079 "-" "Mozilla/5.0 (X11; Linux x86_64) AppleWebKit/537.36 (KHTML, like Gecko) Chrome/83.0.4103.97 Safari/537.36" "nobbycosmic.com"
34.217.13.145 - - [06/Feb/2023:13:37:08 -0800] "GET /favicon.ico HTTP/1.1" 404 88 "http://nobbycosmic.com/favicon.ico" "Mozilla/5.0 (X11; Linux x86_64) AppleWebKit/537.36 (KHTML, like Gecko) Chrome/83.0.4103.97 Safari/537.36" "nobbycosmic.com"
34.217.13.145 - - [06/Feb/2023:13:37:10 -0800] "GET / HTTP/1.1" 200 3079 "http://nobbycosmic.com" "Mozilla/5.0 (X11; Linux x86_64) AppleWebKit/537.36 (KHTML, like Gecko) Chrome/83.0.4103.97 Safari/537.36" "nobbycosmic.com"
87.250.224.41 - - [06/Feb/2023:13:46:04 -0800] "GET /robots.txt HTTP/1.1" 200 61 "-" "Mozilla/5.0 (compatible; YandexBot/3.0; +http://yandex.com/bots)" "www.nobbycosmic.com"
5.255.253.182 - - [06/Feb/2023:13:46:08 -0800] "GET / HTTP/1.1" 200 3079 "-" "Mozilla/5.0 (compatible; YandexBot/3.0; +http://yandex.com/bots)" "www.nobbycosmic.com"
51.222.253.3 - - [06/Feb/2023:13:49:20 -0800] "GET /N/MiuraPrivate/?C=M;O=A HTTP/1.1" 200 433 "-" "Mozilla/5.0 (compatible; AhrefsBot/7.0; +http://ahrefs.com/robot/)" "nobbycosmic.com"
35.185.241.102 - - [06/Feb/2023:13:52:32 -0800] "GET / HTTP/1.1" 200 10547 "-" "Mozilla/5.0 (Windows NT 6.1; WOW64; Trident/7.0; rv:11.0) like Gecko" "nobbycosmic.com"
52.167.144.86 - - [06/Feb/2023:13:53:47 -0800] "GET /Temp/JF20180719.pdf HTTP/1.1" 404 88 "-" "Mozilla/5.0 AppleWebKit/537.36 (KHTML, like Gecko; compatible; bingbot/2.0; +http://www.bing.com/bingbot.htm) Chrome/103.0.5060.134 Safari/537.36" "nobbycosmic.com"
121.95.217.65 - - [06/Feb/2023:14:09:40 -0800] "GET /Utagoe/Utagoe.htm HTTP/1.1" 200 3929 "-" "Mozilla/5.0 (Windows NT 10.0; Win64; x64) AppleWebKit/537.36 (KHTML, like Gecko) Chrome/109.0.0.0 Safari/537.36 Edg/109.0.1518.78" "nobbycosmic.com"
121.95.217.65 - - [06/Feb/2023:14:09:41 -0800] "GET /Utagoe/utagoe2.jpg HTTP/1.1" 200 16544 "https://nobbycosmic.com/Utagoe/Utagoe.htm" "Mozilla/5.0 (Windows NT 10.0; Win64; x64) AppleWebKit/537.36 (KHTML, like Gecko) Chrome/109.0.0.0 Safari/537.36 Edg/109.0.1518.78" "nobbycosmic.com"
207.46.13.144 - - [06/Feb/2023:14:12:20 -0800] "GET /Utagoe/Utagoe.htm HTTP/1.1" 200 3929 "-" "Mozilla/5.0 AppleWebKit/537.36 (KHTML, like Gecko; compatible; bingbot/2.0; +http://www.bing.com/bingbot.htm) Chrome/103.0.5060.134 Safari/537.36" "nobbycosmic.com"
51.222.253.16 - - [06/Feb/2023:14:13:11 -0800] "GET /N/MiuraPrivate/?C=N;O=D HTTP/1.1" 200 430 "-" "Mozilla/5.0 (compatible; AhrefsBot/7.0; +http://ahrefs.com/robot/)" "nobbycosmic.com"
114.119.155.228 - - [06/Feb/2023:14:18:15 -0800] "GET /NJCA/JCCC/JCCCNJCABooking.doc HTTP/1.1" 200 45056 "https://nobbycosmic.com/NJCA/JCCC?C=M%3BO%3DA" "Mozilla/5.0 (Linux; Android 7.0;) AppleWebKit/537.36 (KHTML, like Gecko) Mobile Safari/537.36 (compatible; PetalBot;+https://webmaster.petalsearch.com/site/petalbot)" "nobbycosmic.com"
114.119.156.132 - - [06/Feb/2023:14:19:15 -0800] "GET /Card/Card15?C=M%3BO%3DA HTTP/1.1" 200 516 "https://nobbycosmic.com/Card/Card15?C=D%3BO%3DA" "Mozilla/5.0 (Linux; Android 7.0;) AppleWebKit/537.36 (KHTML, like Gecko) Mobile Safari/537.36 (compatible; PetalBot;+https://webmaster.petalsearch.com/site/petalbot)" "nobbycosmic.com"
34.222.37.33 - - [06/Feb/2023:14:22:39 -0800] "GET /Utagoe/Utagoe.htm HTTP/1.1" 200 14213 "-" "Mozilla/5.0 (Windows NT 10.0; Win64; x64) AppleWebKit/537.36 (KHTML, like Gecko) Chrome/105.0.0.0 Safari/537.36" "nobbycosmic.com"
54.200.115.124 - - [06/Feb/2023:14:22:51 -0800] "GET /Utagoe/Utagoe.htm HTTP/1.1" 200 14213 "-" "Mozilla/5.0 (Windows NT 10.0; Win64; x64) AppleWebKit/537.36 (KHTML, like Gecko) Chrome/105.0.0.0 Safari/537.36" "nobbycosmic.com"
40.77.167.182 - - [06/Feb/2023:14:23:10 -0800] "GET /Temp/JF20180610.pdf HTTP/1.1" 404 88 "-" "Mozilla/5.0 AppleWebKit/537.36 (KHTML, like Gecko; compatible; bingbot/2.0; +http://www.bing.com/bingbot.htm) Chrome/103.0.5060.134 Safari/537.36" "nobbycosmic.com"
40.77.167.182 - - [06/Feb/2023:14:28:43 -0800] "GET /Temp/2018-06-22-0001.pdf HTTP/1.1" 404 88 "-" "Mozilla/5.0 AppleWebKit/537.36 (KHTML, like Gecko; compatible; bingbot/2.0; +http://www.bing.com/bingbot.htm) Chrome/103.0.5060.134 Safari/537.36" "nobbycosmic.com"
114.119.134.182 - - [06/Feb/2023:14:32:28 -0800] "GET /NJCA/AGM09 HTTP/1.1" 200 473 "https://nobbycosmic.com/NJCA?M=A" "Mozilla/5.0 (Linux; Android 7.0;) AppleWebKit/537.36 (KHTML, like Gecko) Mobile Safari/537.36 (compatible; PetalBot;+https://webmaster.petalsearch.com/site/petalbot)" "nobbycosmic.com"
51.222.253.13 - - [06/Feb/2023:14:35:35 -0800] "GET /N/MiuraPrivate/?C=S;O=A HTTP/1.1" 200 433 "-" "Mozilla/5.0 (compatible; AhrefsBot/7.0; +http://ahrefs.com/robot/)" "nobbycosmic.com"
43.130.116.13 - - [06/Feb/2023:14:57:38 -0800] "GET /wp-admin/css/ HTTP/1.1" 404 88 "binance.com" "Mozilla/5.0 (Windows NT 10.0; Win64; x64) AppleWebKit/537.36 (KHTML, like Gecko) Chrome/90.0.4430.85 Safari/537.36" "nobbycosmic.com"
43.130.116.13 - - [06/Feb/2023:14:57:54 -0800] "GET /sites/default/files/ HTTP/1.1" 404 88 "binance.com" "Mozilla/5.0 (Windows NT 10.0; Win64; x64) AppleWebKit/537.36 (KHTML, like Gecko) Chrome/90.0.4430.85 Safari/537.36" "nobbycosmic.com"
43.130.116.13 - - [06/Feb/2023:14:57:58 -0800] "GET /admin/controller/extension/extension/ HTTP/1.1" 404 88 "binance.com" "Mozilla/5.0 (Windows NT 10.0; Win64; x64) AppleWebKit/537.36 (KHTML, like Gecko) Chrome/90.0.4430.85 Safari/537.36" "nobbycosmic.com"
43.130.116.13 - - [06/Feb/2023:14:58:10 -0800] "GET /uploads/ HTTP/1.1" 404 88 "binance.com" "Mozilla/5.0 (Windows NT 10.0; Win64; x64) AppleWebKit/537.36 (KHTML, like Gecko) Chrome/90.0.4430.85 Safari/537.36" "nobbycosmic.com"
43.130.116.13 - - [06/Feb/2023:14:58:13 -0800] "GET /images/ HTTP/1.1" 404 88 "binance.com" "Mozilla/5.0 (Windows NT 10.0; Win64; x64) AppleWebKit/537.36 (KHTML, like Gecko) Chrome/90.0.4430.85 Safari/537.36" "nobbycosmic.com"
51.222.253.2 - - [06/Feb/2023:14:58:13 -0800] "GET /N/MiuraPrivate/NobbyHome.htm HTTP/1.1" 200 569 "-" "Mozilla/5.0 (compatible; AhrefsBot/7.0; +http://ahrefs.com/robot/)" "nobbycosmic.com"
43.130.116.13 - - [06/Feb/2023:14:58:15 -0800] "GET /files/ HTTP/1.1" 404 88 "binance.com" "Mozilla/5.0 (Windows NT 10.0; Win64; x64) AppleWebKit/537.36 (KHTML, like Gecko) Chrome/90.0.4430.85 Safari/537.36" "nobbycosmic.com"
51.222.253.11 - - [06/Feb/2023:14:58:16 -0800] "GET /N/MiuraPrivate/NobbyHome.jpg HTTP/1.1" 200 206704 "-" "Mozilla/5.0 (compatible; AhrefsBot/7.0; +http://ahrefs.com/robot/)" "nobbycosmic.com"
51.222.253.4 - - [06/Feb/2023:14:58:17 -0800] "GET /N/MiuraPrivate/NobbyHome1.jpg HTTP/1.1" 200 93844 "-" "Mozilla/5.0 (compatible; AhrefsBot/7.0; +http://ahrefs.com/robot/)" "nobbycosmic.com"
184.164.16.28 - - [06/Feb/2023:15:10:36 -0800] "GET /BabyTalks/BTList.htm HTTP/1.1" 304 - "-" "Mozilla/5.0 (Windows NT 10.0; Win64; x64) AppleWebKit/537.36 (KHTML, like Gecko) Chrome/109.0.0.0 Safari/537.36" "nobbycosmic.com"
35.245.188.175 - - [06/Feb/2023:15:10:37 -0800] "GET / HTTP/1.1" 200 10547 "-" "Mozilla/5.0 (Windows NT 6.1; WOW64; Trident/7.0; rv:11.0) like Gecko" "nobbycosmic.com"
184.164.16.28 - - [06/Feb/2023:15:10:37 -0800] "GET /favicon.ico HTTP/1.1" 404 88 "https://nobbycosmic.com/BabyTalks/BTList.htm" "Mozilla/5.0 (Windows NT 10.0; Win64; x64) AppleWebKit/537.36 (KHTML, like Gecko) Chrome/109.0.0.0 Safari/537.36" "nobbycosmic.com"
184.164.16.28 - - [06/Feb/2023:15:10:47 -0800] "GET /BabyTalks/FTFMember/Content.htm HTTP/1.1" 401 90 "https://nobbycosmic.com/BabyTalks/BTList.htm" "Mozilla/5.0 (Windows NT 10.0; Win64; x64) AppleWebKit/537.36 (KHTML, like Gecko) Chrome/109.0.0.0 Safari/537.36" "nobbycosmic.com"
184.164.16.28 - FTF [06/Feb/2023:15:10:57 -0800] "GET /BabyTalks/FTFMember/Content.htm HTTP/1.1" 304 - "https://nobbycosmic.com/BabyTalks/BTList.htm" "Mozilla/5.0 (Windows NT 10.0; Win64; x64) AppleWebKit/537.36 (KHTML, like Gecko) Chrome/109.0.0.0 Safari/537.36" "nobbycosmic.com"
184.164.16.28 - FTF [06/Feb/2023:15:11:41 -0800] "GET /BabyTalks/FTFMember/TorontoCHC_Japanese.pdf HTTP/1.1" 200 378147 "https://nobbycosmic.com/BabyTalks/FTFMember/Content.htm" "Mozilla/5.0 (Windows NT 10.0; Win64; x64) AppleWebKit/537.36 (KHTML, like Gecko) Chrome/109.0.0.0 Safari/537.36" "nobbycosmic.com"
35.245.188.175 - - [06/Feb/2023:15:16:48 -0800] "GET / HTTP/1.1" 200 10547 "-" "Mozilla/5.0 (Windows NT 6.1; WOW64; Trident/7.0; rv:11.0) like Gecko" "nobbycosmic.com"
184.164.16.28 - FTF [06/Feb/2023:15:16:53 -0800] "GET /BabyTalks/FTFMember/20200219DoctorsAcceptingPatients.pdf HTTP/1.1" 200 50075 "https://nobbycosmic.com/BabyTalks/FTFMember/Content.htm" "Mozilla/5.0 (Windows NT 10.0; Win64; x64) AppleWebKit/537.36 (KHTML, like Gecko) Chrome/109.0.0.0 Safari/537.36" "nobbycosmic.com"
184.164.16.28 - - [06/Feb/2023:15:20:23 -0800] "GET /BabyTalks/BTList.htm HTTP/1.1" 304 - "-" "Mozilla/5.0 (Windows NT 10.0; Win64; x64) AppleWebKit/537.36 (KHTML, like Gecko) Chrome/109.0.0.0 Safari/537.36" "nobbycosmic.com"
35.245.82.188 - - [06/Feb/2023:15:20:24 -0800] "GET / HTTP/1.1" 200 10547 "-" "Mozilla/5.0 (Windows NT 6.1; WOW64; Trident/7.0; rv:11.0) like Gecko" "nobbycosmic.com"
184.164.16.28 - FTF [06/Feb/2023:15:20:30 -0800] "GET /BabyTalks/FTFMember/Content.htm HTTP/1.1" 304 - "https://nobbycosmic.com/BabyTalks/BTList.htm" "Mozilla/5.0 (Windows NT 10.0; Win64; x64) AppleWebKit/537.36 (KHTML, like Gecko) Chrome/109.0.0.0 Safari/537.36" "nobbycosmic.com"
184.164.16.28 - FTF [06/Feb/2023:15:21:17 -0800] "GET /BabyTalks/FTFMember/Doctor2.htm HTTP/1.1" 200 11142 "https://nobbycosmic.com/BabyTalks/FTFMember/Content.htm" "Mozilla/5.0 (Windows NT 10.0; Win64; x64) AppleWebKit/537.36 (KHTML, like Gecko) Chrome/109.0.0.0 Safari/537.36" "nobbycosmic.com"
51.222.253.13 - - [06/Feb/2023:15:21:21 -0800] "GET /N/MiuraPrivate/?C=N;O=A HTTP/1.1" 200 431 "-" "Mozilla/5.0 (compatible; AhrefsBot/7.0; +http://ahrefs.com/robot/)" "nobbycosmic.com"
184.164.16.28 - - [06/Feb/2023:15:24:26 -0800] "GET /BabyTalks/BTList.htm HTTP/1.1" 304 - "-" "Mozilla/5.0 (Windows NT 10.0; Win64; x64) AppleWebKit/537.36 (KHTML, like Gecko) Chrome/109.0.0.0 Safari/537.36" "nobbycosmic.com"
35.185.241.102 - - [06/Feb/2023:15:24:27 -0800] "GET / HTTP/1.1" 200 10547 "-" "Mozilla/5.0 (Windows NT 6.1; WOW64; Trident/7.0; rv:11.0) like Gecko" "nobbycosmic.com"
35.245.188.175 - - [06/Feb/2023:15:26:06 -0800] "GET / HTTP/1.1" 200 10547 "-" "Mozilla/5.0 (Windows NT 6.1; WOW64; Trident/7.0; rv:11.0) like Gecko" "nobbycosmic.com"
35.185.241.102 - - [06/Feb/2023:15:27:18 -0800] "GET / HTTP/1.1" 200 10547 "-" "Mozilla/5.0 (Windows NT 6.1; WOW64; Trident/7.0; rv:11.0) like Gecko" "nobbycosmic.com"
51.222.253.14 - - [06/Feb/2023:15:32:30 -0800] "GET /Homepage/?C=S;O=D HTTP/1.1" 200 470 "-" "Mozilla/5.0 (compatible; AhrefsBot/7.0; +http://ahrefs.com/robot/)" "nobbycosmic.com"
149.36.49.153 - - [06/Feb/2023:15:48:45 -0800] "GET /BabyTalks/BTFLeaf.pdf HTTP/1.1" 200 187997 "https://www.google.com/" "Mozilla/5.0 (Linux; Android 13; SM-A715W) AppleWebKit/537.36 (KHTML, like Gecko) Chrome/109.0.0.0 Mobile Safari/537.36" "nobbycosmic.com"
211.2.153.150 - - [06/Feb/2023:15:48:48 -0800] "GET /Utagoe/Vanc1.htm HTTP/1.1" 200 2508 "https://search.yahoo.co.jp/" "Mozilla/5.0 (Windows NT 10.0; Win64; x64) AppleWebKit/537.36 (KHTML, like Gecko) Chrome/109.0.0.0 Safari/537.36 Edg/109.0.1518.78" "nobbycosmic.com"
211.2.153.150 - - [06/Feb/2023:15:48:48 -0800] "GET /Utagoe/Pictures/V004.jpg HTTP/1.1" 200 14687 "https://nobbycosmic.com/Utagoe/Vanc1.htm" "Mozilla/5.0 (Windows NT 10.0; Win64; x64) AppleWebKit/537.36 (KHTML, like Gecko) Chrome/109.0.0.0 Safari/537.36 Edg/109.0.1518.78" "nobbycosmic.com"
211.2.153.150 - - [06/Feb/2023:15:48:48 -0800] "GET /Utagoe/Pictures/V003.jpg HTTP/1.1" 200 13376 "https://nobbycosmic.com/Utagoe/Vanc1.htm" "Mozilla/5.0 (Windows NT 10.0; Win64; x64) AppleWebKit/537.36 (KHTML, like Gecko) Chrome/109.0.0.0 Safari/537.36 Edg/109.0.1518.78" "nobbycosmic.com"
211.2.153.150 - - [06/Feb/2023:15:48:48 -0800] "GET /Utagoe/Pictures/V005.jpg HTTP/1.1" 200 25058 "https://nobbycosmic.com/Utagoe/Vanc1.htm" "Mozilla/5.0 (Windows NT 10.0; Win64; x64) AppleWebKit/537.36 (KHTML, like Gecko) Chrome/109.0.0.0 Safari/537.36 Edg/109.0.1518.78" "nobbycosmic.com"
211.2.153.150 - - [06/Feb/2023:15:48:48 -0800] "GET /Utagoe/Pictures/V0412.jpg HTTP/1.1" 200 79440 "https://nobbycosmic.com/Utagoe/Vanc1.htm" "Mozilla/5.0 (Windows NT 10.0; Win64; x64) AppleWebKit/537.36 (KHTML, like Gecko) Chrome/109.0.0.0 Safari/537.36 Edg/109.0.1518.78" "nobbycosmic.com"
211.2.153.150 - - [06/Feb/2023:15:48:48 -0800] "GET /Utagoe/Pictures/V07011.jpg HTTP/1.1" 200 17627 "https://nobbycosmic.com/Utagoe/Vanc1.htm" "Mozilla/5.0 (Windows NT 10.0; Win64; x64) AppleWebKit/537.36 (KHTML, like Gecko) Chrome/109.0.0.0 Safari/537.36 Edg/109.0.1518.78" "nobbycosmic.com"
211.2.153.150 - - [06/Feb/2023:15:48:48 -0800] "GET /Utagoe/Pictures/V09061.jpg HTTP/1.1" 200 20071 "https://nobbycosmic.com/Utagoe/Vanc1.htm" "Mozilla/5.0 (Windows NT 10.0; Win64; x64) AppleWebKit/537.36 (KHTML, like Gecko) Chrome/109.0.0.0 Safari/537.36 Edg/109.0.1518.78" "nobbycosmic.com"
211.2.153.150 - - [06/Feb/2023:15:48:48 -0800] "GET /Utagoe/Pictures/V09062.jpg HTTP/1.1" 200 19672 "https://nobbycosmic.com/Utagoe/Vanc1.htm" "Mozilla/5.0 (Windows NT 10.0; Win64; x64) AppleWebKit/537.36 (KHTML, like Gecko) Chrome/109.0.0.0 Safari/537.36 Edg/109.0.1518.78" "nobbycosmic.com"
211.2.153.150 - - [06/Feb/2023:15:48:48 -0800] "GET /Utagoe/Pictures/V07012.jpg HTTP/1.1" 200 22984 "https://nobbycosmic.com/Utagoe/Vanc1.htm" "Mozilla/5.0 (Windows NT 10.0; Win64; x64) AppleWebKit/537.36 (KHTML, like Gecko) Chrome/109.0.0.0 Safari/537.36 Edg/109.0.1518.78" "nobbycosmic.com"
211.2.153.150 - - [06/Feb/2023:15:48:49 -0800] "GET /favicon.ico HTTP/1.1" 404 88 "https://nobbycosmic.com/Utagoe/Vanc1.htm" "Mozilla/5.0 (Windows NT 10.0; Win64; x64) AppleWebKit/537.36 (KHTML, like Gecko) Chrome/109.0.0.0 Safari/537.36 Edg/109.0.1518.78" "nobbycosmic.com"
51.222.253.18 - - [06/Feb/2023:15:54:36 -0800] "GET /N/?C=D;O=D HTTP/1.1" 200 466 "-" "Mozilla/5.0 (compatible; AhrefsBot/7.0; +http://ahrefs.com/robot/)" "nobbycosmic.com"
72.141.58.143 - - [06/Feb/2023:16:03:14 -0800] "GET /BabyTalks/BTList.htm HTTP/1.1" 200 10236 "-" "Mozilla/5.0 (Linux; Android 12; SAMSUNG SM-N975W) AppleWebKit/537.36 (KHTML, like Gecko) SamsungBrowser/19.0 Chrome/102.0.5005.125 Mobile Safari/537.36" "nobbycosmic.com"
