51.222.253.13 - - [20/Feb/2023:20:46:49 -0800] "GET /Homepage/Tickets/FK/ HTTP/1.1" 200 978 "-" "Mozilla/5.0 (compatible; AhrefsBot/7.0; +http://ahrefs.com/robot/)" "nobbycosmic.com"
51.222.253.8 - - [20/Feb/2023:20:55:18 -0800] "GET /Homepage/Tickets/FKV/ HTTP/1.1" 200 728 "-" "Mozilla/5.0 (compatible; AhrefsBot/7.0; +http://ahrefs.com/robot/)" "nobbycosmic.com"
51.222.253.11 - - [20/Feb/2023:21:03:34 -0800] "GET /Homepage/Tickets/JRM/ HTTP/1.1" 200 519 "-" "Mozilla/5.0 (compatible; AhrefsBot/7.0; +http://ahrefs.com/robot/)" "nobbycosmic.com"
157.55.39.18 - - [20/Feb/2023:21:09:42 -0800] "GET /BabyTalks/BTList.htm HTTP/1.1" 200 10236 "-" "Mozilla/5.0 AppleWebKit/537.36 (KHTML, like Gecko; compatible; bingbot/2.0; +http://www.bing.com/bingbot.htm) Chrome/103.0.5060.134 Safari/537.36" "nobbycosmic.com"
114.119.134.107 - - [20/Feb/2023:21:10:32 -0800] "GET /NJCA/Transfer/NJCABBQLeaf2011J.doc HTTP/1.1" 200 103424 "https://nobbycosmic.com/NJCA/Transfer/?C=S%3BO%3DA" "Mozilla/5.0 (Linux; Android 7.0;) AppleWebKit/537.36 (KHTML, like Gecko) Mobile Safari/537.36 (compatible; PetalBot;+https://webmaster.petalsearch.com/site/petalbot)" "nobbycosmic.com"
51.222.253.9 - - [20/Feb/2023:21:13:15 -0800] "GET /Homepage/Tickets/JRMS/ HTTP/1.1" 200 553 "-" "Mozilla/5.0 (compatible; AhrefsBot/7.0; +http://ahrefs.com/robot/)" "nobbycosmic.com"
51.222.253.6 - - [20/Feb/2023:21:22:13 -0800] "GET /Homepage/Tickets/3rd/?C=D;O=D HTTP/1.1" 200 559 "-" "Mozilla/5.0 (compatible; AhrefsBot/7.0; +http://ahrefs.com/robot/)" "nobbycosmic.com"
51.222.253.3 - - [20/Feb/2023:21:30:27 -0800] "GET /Homepage/Tickets/3rd/?C=M;O=D HTTP/1.1" 200 560 "-" "Mozilla/5.0 (compatible; AhrefsBot/7.0; +http://ahrefs.com/robot/)" "nobbycosmic.com"
114.119.148.191 - - [20/Feb/2023:21:35:59 -0800] "GET /BabyTalks/FTFMember/Events/Picnic2007/Picnic2007Picture.htm HTTP/1.1" 401 90 "http://nobbycosmic.com/BabyTalks/BTList.htm" "Mozilla/5.0 (Linux; Android 7.0;) AppleWebKit/537.36 (KHTML, like Gecko) Mobile Safari/537.36 (compatible; PetalBot;+https://webmaster.petalsearch.com/site/petalbot)" "nobbycosmic.com"
213.180.203.153 - - [20/Feb/2023:21:44:02 -0800] "GET /robots.txt HTTP/1.1" 200 61 "-" "Mozilla/5.0 (compatible; YandexBot/3.0; +http://yandex.com/bots)" "nobbycosmic.com"
178.32.215.167 - - [20/Feb/2023:21:49:49 -0800] "GET / HTTP/1.1" 200 3079 "-" "python-requests/2.28.1" "nobbycosmic.com"
51.222.253.10 - - [20/Feb/2023:21:53:17 -0800] "GET /Homepage/Tickets/JRM/?C=D;O=A HTTP/1.1" 200 519 "-" "Mozilla/5.0 (compatible; AhrefsBot/7.0; +http://ahrefs.com/robot/)" "nobbycosmic.com"
51.222.253.9 - - [20/Feb/2023:22:07:29 -0800] "GET /Homepage/Tickets/JRM/?C=M;O=A HTTP/1.1" 200 516 "-" "Mozilla/5.0 (compatible; AhrefsBot/7.0; +http://ahrefs.com/robot/)" "nobbycosmic.com"
51.222.253.15 - - [20/Feb/2023:22:21:54 -0800] "GET /Homepage/Tickets/JRM/?C=N;O=D HTTP/1.1" 200 513 "-" "Mozilla/5.0 (compatible; AhrefsBot/7.0; +http://ahrefs.com/robot/)" "nobbycosmic.com"
99.224.36.58 - - [20/Feb/2023:22:28:59 -0800] "GET /BabyTalks/BTList.htm HTTP/1.1" 200 10236 "http://www.e-maple.net/" "Mozilla/5.0 (iPhone; CPU iPhone OS 16_1_2 like Mac OS X) AppleWebKit/605.1.15 (KHTML, like Gecko) Version/16.1 Mobile/15E148 Safari/604.1" "nobbycosmic.com"
99.224.36.58 - - [20/Feb/2023:22:28:59 -0800] "GET /BabyTalks/hiyoko.gif HTTP/1.1" 200 10361 "https://nobbycosmic.com/BabyTalks/BTList.htm" "Mozilla/5.0 (iPhone; CPU iPhone OS 16_1_2 like Mac OS X) AppleWebKit/605.1.15 (KHTML, like Gecko) Version/16.1 Mobile/15E148 Safari/604.1" "nobbycosmic.com"
99.224.36.58 - - [20/Feb/2023:22:28:59 -0800] "GET /BabyTalks/BTFBanner1.jpg HTTP/1.1" 200 9524 "https://nobbycosmic.com/BabyTalks/BTList.htm" "Mozilla/5.0 (iPhone; CPU iPhone OS 16_1_2 like Mac OS X) AppleWebKit/605.1.15 (KHTML, like Gecko) Version/16.1 Mobile/15E148 Safari/604.1" "nobbycosmic.com"
99.224.36.58 - - [20/Feb/2023:22:29:00 -0800] "GET /BabyTalks/BTFBanner2.jpg HTTP/1.1" 200 4273 "https://nobbycosmic.com/BabyTalks/BTList.htm" "Mozilla/5.0 (iPhone; CPU iPhone OS 16_1_2 like Mac OS X) AppleWebKit/605.1.15 (KHTML, like Gecko) Version/16.1 Mobile/15E148 Safari/604.1" "nobbycosmic.com"
99.224.36.58 - - [20/Feb/2023:22:29:00 -0800] "GET /BabyTalks/Group.jpg HTTP/1.1" 200 54379 "https://nobbycosmic.com/BabyTalks/BTList.htm" "Mozilla/5.0 (iPhone; CPU iPhone OS 16_1_2 like Mac OS X) AppleWebKit/605.1.15 (KHTML, like Gecko) Version/16.1 Mobile/15E148 Safari/604.1" "nobbycosmic.com"
99.224.36.58 - - [20/Feb/2023:22:29:00 -0800] "GET /BabyTalks/blue_next.gif HTTP/1.1" 200 138 "https://nobbycosmic.com/BabyTalks/BTList.htm" "Mozilla/5.0 (iPhone; CPU iPhone OS 16_1_2 like Mac OS X) AppleWebKit/605.1.15 (KHTML, like Gecko) Version/16.1 Mobile/15E148 Safari/604.1" "nobbycosmic.com"
99.224.36.58 - - [20/Feb/2023:22:29:00 -0800] "GET /BabyTalks/SakuraMark2.jpg HTTP/1.1" 200 933 "https://nobbycosmic.com/BabyTalks/BTList.htm" "Mozilla/5.0 (iPhone; CPU iPhone OS 16_1_2 like Mac OS X) AppleWebKit/605.1.15 (KHTML, like Gecko) Version/16.1 Mobile/15E148 Safari/604.1" "nobbycosmic.com"
99.224.36.58 - - [20/Feb/2023:22:29:00 -0800] "GET /BabyTalks/FTFMemberDistChart.jpg HTTP/1.1" 200 57507 "https://nobbycosmic.com/BabyTalks/BTList.htm" "Mozilla/5.0 (iPhone; CPU iPhone OS 16_1_2 like Mac OS X) AppleWebKit/605.1.15 (KHTML, like Gecko) Version/16.1 Mobile/15E148 Safari/604.1" "nobbycosmic.com"
99.224.36.58 - - [20/Feb/2023:22:29:01 -0800] "GET /favicon.ico HTTP/1.1" 404 88 "https://nobbycosmic.com/BabyTalks/BTList.htm" "Mozilla/5.0 (iPhone; CPU iPhone OS 16_1_2 like Mac OS X) AppleWebKit/605.1.15 (KHTML, like Gecko) Version/16.1 Mobile/15E148 Safari/604.1" "nobbycosmic.com"
51.222.253.18 - - [20/Feb/2023:22:29:38 -0800] "GET /Homepage/Tickets/JRM/?C=S;O=A HTTP/1.1" 200 514 "-" "Mozilla/5.0 (compatible; AhrefsBot/7.0; +http://ahrefs.com/robot/)" "nobbycosmic.com"
99.224.36.58 - - [20/Feb/2023:22:30:57 -0800] "GET /BabyTalks/BTList.htm HTTP/1.1" 200 10236 "-" "Mozilla/5.0 (iPhone; CPU iPhone OS 16_1_2 like Mac OS X) AppleWebKit/605.1.15 (KHTML, like Gecko) Version/16.1 Mobile/15E148 Safari/604.1" "nobbycosmic.com"
99.224.36.58 - - [20/Feb/2023:22:35:21 -0800] "GET /BabyTalks/BTList.htm HTTP/1.1" 200 10236 "-" "Mozilla/5.0 (iPhone; CPU iPhone OS 16_1_2 like Mac OS X) AppleWebKit/605.1.15 (KHTML, like Gecko) Version/16.1 Mobile/15E148 Safari/604.1" "nobbycosmic.com"
51.222.253.14 - - [20/Feb/2023:22:36:32 -0800] "GET /Homepage/Tickets/JRM/JRM.htm HTTP/1.1" 200 841 "-" "Mozilla/5.0 (compatible; AhrefsBot/7.0; +http://ahrefs.com/robot/)" "nobbycosmic.com"
51.222.253.14 - - [20/Feb/2023:22:36:42 -0800] "GET /Homepage/Tickets/JRM/JRM4.jpg HTTP/1.1" 200 62797 "-" "Mozilla/5.0 (compatible; AhrefsBot/7.0; +http://ahrefs.com/robot/)" "nobbycosmic.com"
51.222.253.20 - - [20/Feb/2023:22:36:44 -0800] "GET /Homepage/Tickets/JRM/JRM7.jpg HTTP/1.1" 200 73241 "-" "Mozilla/5.0 (compatible; AhrefsBot/7.0; +http://ahrefs.com/robot/)" "nobbycosmic.com"
51.222.253.2 - - [20/Feb/2023:22:36:45 -0800] "GET /Homepage/Tickets/JRM/JRM3.jpg HTTP/1.1" 200 75977 "-" "Mozilla/5.0 (compatible; AhrefsBot/7.0; +http://ahrefs.com/robot/)" "nobbycosmic.com"
51.222.253.19 - - [20/Feb/2023:22:36:46 -0800] "GET /Homepage/Tickets/JRM/JRM8.jpg HTTP/1.1" 200 78011 "-" "Mozilla/5.0 (compatible; AhrefsBot/7.0; +http://ahrefs.com/robot/)" "nobbycosmic.com"
51.222.253.3 - - [20/Feb/2023:22:36:48 -0800] "GET /Homepage/Tickets/JRM/JRM2.jpg HTTP/1.1" 200 74510 "-" "Mozilla/5.0 (compatible; AhrefsBot/7.0; +http://ahrefs.com/robot/)" "nobbycosmic.com"
51.222.253.1 - - [20/Feb/2023:22:36:49 -0800] "GET /Homepage/Tickets/JRM/JRM6.jpg HTTP/1.1" 200 68387 "-" "Mozilla/5.0 (compatible; AhrefsBot/7.0; +http://ahrefs.com/robot/)" "nobbycosmic.com"
51.222.253.9 - - [20/Feb/2023:22:36:50 -0800] "GET /Homepage/Tickets/JRM/JRM9.jpg HTTP/1.1" 200 75260 "-" "Mozilla/5.0 (compatible; AhrefsBot/7.0; +http://ahrefs.com/robot/)" "nobbycosmic.com"
51.222.253.4 - - [20/Feb/2023:22:36:51 -0800] "GET /Homepage/Tickets/JRM/JRM10.jpg HTTP/1.1" 200 69217 "-" "Mozilla/5.0 (compatible; AhrefsBot/7.0; +http://ahrefs.com/robot/)" "nobbycosmic.com"
51.222.253.15 - - [20/Feb/2023:22:36:52 -0800] "GET /Homepage/Tickets/JRM/JRM1.jpg HTTP/1.1" 200 77501 "-" "Mozilla/5.0 (compatible; AhrefsBot/7.0; +http://ahrefs.com/robot/)" "nobbycosmic.com"
51.222.253.18 - - [20/Feb/2023:22:36:53 -0800] "GET /Homepage/Tickets/JRM/JRM11.jpg HTTP/1.1" 200 68808 "-" "Mozilla/5.0 (compatible; AhrefsBot/7.0; +http://ahrefs.com/robot/)" "nobbycosmic.com"
51.222.253.10 - - [20/Feb/2023:22:36:54 -0800] "GET /Homepage/Tickets/JRM/JRM5.jpg HTTP/1.1" 200 68715 "-" "Mozilla/5.0 (compatible; AhrefsBot/7.0; +http://ahrefs.com/robot/)" "nobbycosmic.com"
126.216.30.13 - - [20/Feb/2023:22:40:10 -0800] "GET /BabyTalks/BTList.htm HTTP/1.1" 200 10236 "-" "Mozilla/5.0 (iPhone; CPU iPhone OS 15_7_3 like Mac OS X) AppleWebKit/605.1.15 (KHTML, like Gecko) Version/15.6.4 Mobile/15E148 Safari/604.1" "nobbycosmic.com"
126.216.30.13 - - [20/Feb/2023:22:40:11 -0800] "GET /BabyTalks/BTFBanner1.jpg HTTP/1.1" 200 9524 "https://nobbycosmic.com/BabyTalks/BTList.htm" "Mozilla/5.0 (iPhone; CPU iPhone OS 15_7_3 like Mac OS X) AppleWebKit/605.1.15 (KHTML, like Gecko) Version/15.6.4 Mobile/15E148 Safari/604.1" "nobbycosmic.com"
126.216.30.13 - - [20/Feb/2023:22:40:11 -0800] "GET /BabyTalks/hiyoko.gif HTTP/1.1" 200 10361 "https://nobbycosmic.com/BabyTalks/BTList.htm" "Mozilla/5.0 (iPhone; CPU iPhone OS 15_7_3 like Mac OS X) AppleWebKit/605.1.15 (KHTML, like Gecko) Version/15.6.4 Mobile/15E148 Safari/604.1" "nobbycosmic.com"
126.216.30.13 - - [20/Feb/2023:22:40:11 -0800] "GET /BabyTalks/Group.jpg HTTP/1.1" 200 54379 "https://nobbycosmic.com/BabyTalks/BTList.htm" "Mozilla/5.0 (iPhone; CPU iPhone OS 15_7_3 like Mac OS X) AppleWebKit/605.1.15 (KHTML, like Gecko) Version/15.6.4 Mobile/15E148 Safari/604.1" "nobbycosmic.com"
126.216.30.13 - - [20/Feb/2023:22:40:11 -0800] "GET /BabyTalks/BTFBanner2.jpg HTTP/1.1" 200 4273 "https://nobbycosmic.com/BabyTalks/BTList.htm" "Mozilla/5.0 (iPhone; CPU iPhone OS 15_7_3 like Mac OS X) AppleWebKit/605.1.15 (KHTML, like Gecko) Version/15.6.4 Mobile/15E148 Safari/604.1" "nobbycosmic.com"
126.216.30.13 - - [20/Feb/2023:22:40:11 -0800] "GET /BabyTalks/blue_next.gif HTTP/1.1" 200 138 "https://nobbycosmic.com/BabyTalks/BTList.htm" "Mozilla/5.0 (iPhone; CPU iPhone OS 15_7_3 like Mac OS X) AppleWebKit/605.1.15 (KHTML, like Gecko) Version/15.6.4 Mobile/15E148 Safari/604.1" "nobbycosmic.com"
126.216.30.13 - - [20/Feb/2023:22:40:11 -0800] "GET /BabyTalks/SakuraMark2.jpg HTTP/1.1" 200 933 "https://nobbycosmic.com/BabyTalks/BTList.htm" "Mozilla/5.0 (iPhone; CPU iPhone OS 15_7_3 like Mac OS X) AppleWebKit/605.1.15 (KHTML, like Gecko) Version/15.6.4 Mobile/15E148 Safari/604.1" "nobbycosmic.com"
126.216.30.13 - - [20/Feb/2023:22:40:11 -0800] "GET /BabyTalks/FTFMemberDistChart.jpg HTTP/1.1" 200 57507 "https://nobbycosmic.com/BabyTalks/BTList.htm" "Mozilla/5.0 (iPhone; CPU iPhone OS 15_7_3 like Mac OS X) AppleWebKit/605.1.15 (KHTML, like Gecko) Version/15.6.4 Mobile/15E148 Safari/604.1" "nobbycosmic.com"
126.216.30.13 - - [20/Feb/2023:22:40:12 -0800] "GET /favicon.ico HTTP/1.1" 404 88 "https://nobbycosmic.com/BabyTalks/BTList.htm" "Mozilla/5.0 (iPhone; CPU iPhone OS 15_7_3 like Mac OS X) AppleWebKit/605.1.15 (KHTML, like Gecko) Version/15.6.4 Mobile/15E148 Safari/604.1" "nobbycosmic.com"
52.167.144.94 - - [20/Feb/2023:22:41:18 -0800] "GET /Post/JCCC202302181.pdf HTTP/1.1" 200 11733992 "-" "Mozilla/5.0 AppleWebKit/537.36 (KHTML, like Gecko; compatible; bingbot/2.0; +http://www.bing.com/bingbot.htm) Chrome/103.0.5060.134 Safari/537.36" "nobbycosmic.com"
51.222.253.3 - - [20/Feb/2023:22:43:57 -0800] "GET /Homepage/Tickets/JK/ HTTP/1.1" 200 532 "-" "Mozilla/5.0 (compatible; AhrefsBot/7.0; +http://ahrefs.com/robot/)" "nobbycosmic.com"
114.119.141.118 - - [20/Feb/2023:22:43:59 -0800] "GET /robots.txt HTTP/1.1" 200 75 "-" "Mozilla/5.0 (compatible;PetalBot;+https://webmaster.petalsearch.com/site/petalbot)" "nobbycosmic.com"
51.222.253.15 - - [20/Feb/2023:22:51:27 -0800] "GET /Homepage/Tickets/3rd/?C=S;O=D HTTP/1.1" 200 561 "-" "Mozilla/5.0 (compatible; AhrefsBot/7.0; +http://ahrefs.com/robot/)" "nobbycosmic.com"
51.222.253.5 - - [20/Feb/2023:22:59:04 -0800] "GET /Cosmic/Webpage/?C=S;O=A HTTP/1.1" 200 721 "-" "Mozilla/5.0 (compatible; AhrefsBot/7.0; +http://ahrefs.com/robot/)" "nobbycosmic.com"
51.222.253.17 - - [20/Feb/2023:23:06:28 -0800] "GET /Cosmic/Webpage/Cosmicwebpage.htm HTTP/1.1" 200 1455 "-" "Mozilla/5.0 (compatible; AhrefsBot/7.0; +http://ahrefs.com/robot/)" "nobbycosmic.com"
51.222.253.8 - - [20/Feb/2023:23:06:35 -0800] "GET /Cosmic/Webpage/BlueEarthLogo3.jpg HTTP/1.1" 200 5844 "-" "Mozilla/5.0 (compatible; AhrefsBot/7.0; +http://ahrefs.com/robot/)" "nobbycosmic.com"
51.222.253.17 - - [20/Feb/2023:23:06:36 -0800] "GET /Cosmic/Webpage/CosmicFront1.jpg HTTP/1.1" 200 14786 "-" "Mozilla/5.0 (compatible; AhrefsBot/7.0; +http://ahrefs.com/robot/)" "nobbycosmic.com"
51.222.253.5 - - [20/Feb/2023:23:06:36 -0800] "GET /Cosmic/Webpage/UTFront1.jpg HTTP/1.1" 200 9988 "-" "Mozilla/5.0 (compatible; AhrefsBot/7.0; +http://ahrefs.com/robot/)" "nobbycosmic.com"
114.119.155.36 - - [20/Feb/2023:23:06:43 -0800] "GET /Card/Card05?C=M%3BO%3DA HTTP/1.1" 200 453 "https://nobbycosmic.com/Card/Card05?C=N%3BO%3DD" "Mozilla/5.0 (Linux; Android 7.0;) AppleWebKit/537.36 (KHTML, like Gecko) Mobile Safari/537.36 (compatible; PetalBot;+https://webmaster.petalsearch.com/site/petalbot)" "nobbycosmic.com"
51.222.253.11 - - [20/Feb/2023:23:14:01 -0800] "GET /Cosmic/Webpage/Cosmicwebpage0.htm HTTP/1.1" 200 1775 "-" "Mozilla/5.0 (compatible; AhrefsBot/7.0; +http://ahrefs.com/robot/)" "nobbycosmic.com"
51.222.253.5 - - [20/Feb/2023:23:14:05 -0800] "GET /Cosmic/Webpage/NBookFront1.jpg HTTP/1.1" 200 5989 "-" "Mozilla/5.0 (compatible; AhrefsBot/7.0; +http://ahrefs.com/robot/)" "nobbycosmic.com"
51.222.253.4 - - [20/Feb/2023:23:17:54 -0800] "GET /Cosmic/Webpage/CosmicwebpageC.htm HTTP/1.1" 200 958 "-" "Mozilla/5.0 (compatible; AhrefsBot/7.0; +http://ahrefs.com/robot/)" "nobbycosmic.com"
51.222.253.3 - - [20/Feb/2023:23:17:58 -0800] "GET /Cosmic/Webpage/CosmicPosterW.jpg HTTP/1.1" 200 167110 "-" "Mozilla/5.0 (compatible; AhrefsBot/7.0; +http://ahrefs.com/robot/)" "nobbycosmic.com"
51.222.253.17 - - [20/Feb/2023:23:21:44 -0800] "GET /Cosmic/Webpage/CosmicwebpageUT.htm HTTP/1.1" 200 823 "-" "Mozilla/5.0 (compatible; AhrefsBot/7.0; +http://ahrefs.com/robot/)" "nobbycosmic.com"
51.222.253.9 - - [20/Feb/2023:23:21:47 -0800] "GET /Cosmic/Webpage/UTPosterW.jpg HTTP/1.1" 200 155019 "-" "Mozilla/5.0 (compatible; AhrefsBot/7.0; +http://ahrefs.com/robot/)" "nobbycosmic.com"
51.222.253.5 - - [20/Feb/2023:23:25:48 -0800] "GET /Homepage/Tickets/JRMS/?C=D;O=A HTTP/1.1" 200 553 "-" "Mozilla/5.0 (compatible; AhrefsBot/7.0; +http://ahrefs.com/robot/)" "nobbycosmic.com"
51.222.253.13 - - [20/Feb/2023:23:30:01 -0800] "GET /Homepage/Tickets/JRMS/?C=M;O=A HTTP/1.1" 200 557 "-" "Mozilla/5.0 (compatible; AhrefsBot/7.0; +http://ahrefs.com/robot/)" "nobbycosmic.com"
51.222.253.12 - - [20/Feb/2023:23:40:30 -0800] "GET /Homepage/Tickets/JRM/?C=N;O=A HTTP/1.1" 200 519 "-" "Mozilla/5.0 (compatible; AhrefsBot/7.0; +http://ahrefs.com/robot/)" "nobbycosmic.com"
51.222.253.3 - - [20/Feb/2023:23:43:32 -0800] "GET /Homepage/Tickets/JK/?C=D;O=A HTTP/1.1" 200 532 "-" "Mozilla/5.0 (compatible; AhrefsBot/7.0; +http://ahrefs.com/robot/)" "nobbycosmic.com"
51.222.253.14 - - [20/Feb/2023:23:50:02 -0800] "GET /Homepage/Tickets/JK/?C=M;O=A HTTP/1.1" 200 525 "-" "Mozilla/5.0 (compatible; AhrefsBot/7.0; +http://ahrefs.com/robot/)" "nobbycosmic.com"
51.222.253.6 - - [20/Feb/2023:23:56:44 -0800] "GET /Homepage/Tickets/JK/?C=N;O=D HTTP/1.1" 200 523 "-" "Mozilla/5.0 (compatible; AhrefsBot/7.0; +http://ahrefs.com/robot/)" "nobbycosmic.com"
51.222.253.16 - - [21/Feb/2023:00:03:12 -0800] "GET /Homepage/Tickets/JK/?C=S;O=A HTTP/1.1" 200 528 "-" "Mozilla/5.0 (compatible; AhrefsBot/7.0; +http://ahrefs.com/robot/)" "nobbycosmic.com"
114.119.149.183 - - [21/Feb/2023:00:08:52 -0800] "GET /Utagoe/Yuki HTTP/1.1" 200 402 "https://nobbycosmic.com/Utagoe" "Mozilla/5.0 (Linux; Android 7.0;) AppleWebKit/537.36 (KHTML, like Gecko) Mobile Safari/537.36 (compatible; PetalBot;+https://webmaster.petalsearch.com/site/petalbot)" "nobbycosmic.com"
51.222.253.3 - - [21/Feb/2023:00:10:03 -0800] "GET /Homepage/Tickets/JK/JunKyu.htm HTTP/1.1" 200 900 "-" "Mozilla/5.0 (compatible; AhrefsBot/7.0; +http://ahrefs.com/robot/)" "nobbycosmic.com"
51.222.253.17 - - [21/Feb/2023:00:16:34 -0800] "GET /Homepage/Tickets/JRMS/?C=N;O=D HTTP/1.1" 200 553 "-" "Mozilla/5.0 (compatible; AhrefsBot/7.0; +http://ahrefs.com/robot/)" "nobbycosmic.com"
66.249.79.83 - - [21/Feb/2023:00:24:12 -0800] "GET /Temp/Tsunami/Press-English_Approvedl.pdf HTTP/1.1" 404 88 "-" "Googlebot/2.1 (+http://www.google.com/bot.html)" "nobbycosmic.com"
51.222.253.7 - - [21/Feb/2023:00:29:47 -0800] "GET /Homepage/Tickets/JRMS/?C=S;O=A HTTP/1.1" 200 558 "-" "Mozilla/5.0 (compatible; AhrefsBot/7.0; +http://ahrefs.com/robot/)" "nobbycosmic.com"
51.222.253.5 - - [21/Feb/2023:00:36:35 -0800] "GET /Homepage/Tickets/JRMS/JRMS.htm HTTP/1.1" 200 806 "-" "Mozilla/5.0 (compatible; AhrefsBot/7.0; +http://ahrefs.com/robot/)" "nobbycosmic.com"
51.222.253.8 - - [21/Feb/2023:00:36:43 -0800] "GET /Homepage/Tickets/JRMS/JRMS11.jpg HTTP/1.1" 200 118852 "-" "Mozilla/5.0 (compatible; AhrefsBot/7.0; +http://ahrefs.com/robot/)" "nobbycosmic.com"
51.222.253.2 - - [21/Feb/2023:00:36:44 -0800] "GET /Homepage/Tickets/JRMS/JRMS10.jpg HTTP/1.1" 200 131529 "-" "Mozilla/5.0 (compatible; AhrefsBot/7.0; +http://ahrefs.com/robot/)" "nobbycosmic.com"
51.222.253.7 - - [21/Feb/2023:00:36:45 -0800] "GET /Homepage/Tickets/JRMS/JRMS02.jpg HTTP/1.1" 200 150690 "-" "Mozilla/5.0 (compatible; AhrefsBot/7.0; +http://ahrefs.com/robot/)" "nobbycosmic.com"
51.222.253.19 - - [21/Feb/2023:00:36:46 -0800] "GET /Homepage/Tickets/JRMS/JRMS09.jpg HTTP/1.1" 200 93928 "-" "Mozilla/5.0 (compatible; AhrefsBot/7.0; +http://ahrefs.com/robot/)" "nobbycosmic.com"
51.222.253.14 - - [21/Feb/2023:00:36:47 -0800] "GET /Homepage/Tickets/JRMS/JRMS05.jpg HTTP/1.1" 200 134699 "-" "Mozilla/5.0 (compatible; AhrefsBot/7.0; +http://ahrefs.com/robot/)" "nobbycosmic.com"
51.222.253.8 - - [21/Feb/2023:00:36:49 -0800] "GET /Homepage/Tickets/JRMS/JRMS06.jpg HTTP/1.1" 200 92554 "-" "Mozilla/5.0 (compatible; AhrefsBot/7.0; +http://ahrefs.com/robot/)" "nobbycosmic.com"
51.222.253.1 - - [21/Feb/2023:00:36:50 -0800] "GET /Homepage/Tickets/JRMS/JRMS01.jpg HTTP/1.1" 200 47023 "-" "Mozilla/5.0 (compatible; AhrefsBot/7.0; +http://ahrefs.com/robot/)" "nobbycosmic.com"
51.222.253.11 - - [21/Feb/2023:00:36:50 -0800] "GET /Homepage/Tickets/JRMS/JRMS00.jpg HTTP/1.1" 200 29526 "-" "Mozilla/5.0 (compatible; AhrefsBot/7.0; +http://ahrefs.com/robot/)" "nobbycosmic.com"
51.222.253.15 - - [21/Feb/2023:00:36:51 -0800] "GET /Homepage/Tickets/JRMS/JRMS12.jpg HTTP/1.1" 200 125043 "-" "Mozilla/5.0 (compatible; AhrefsBot/7.0; +http://ahrefs.com/robot/)" "nobbycosmic.com"
51.222.253.4 - - [21/Feb/2023:00:36:52 -0800] "GET /Homepage/Tickets/JRMS/JRMS08.jpg HTTP/1.1" 200 91307 "-" "Mozilla/5.0 (compatible; AhrefsBot/7.0; +http://ahrefs.com/robot/)" "nobbycosmic.com"
51.222.253.14 - - [21/Feb/2023:00:37:01 -0800] "GET /Homepage/Tickets/JRMS/JRMS04.jpg HTTP/1.1" 200 166694 "-" "Mozilla/5.0 (compatible; AhrefsBot/7.0; +http://ahrefs.com/robot/)" "nobbycosmic.com"
51.222.253.6 - - [21/Feb/2023:00:37:03 -0800] "GET /Homepage/Tickets/JRMS/JRMS13.jpg HTTP/1.1" 200 155051 "-" "Mozilla/5.0 (compatible; AhrefsBot/7.0; +http://ahrefs.com/robot/)" "nobbycosmic.com"
51.222.253.4 - - [21/Feb/2023:00:37:04 -0800] "GET /Homepage/Tickets/JRMS/JRMS07.jpg HTTP/1.1" 200 95351 "-" "Mozilla/5.0 (compatible; AhrefsBot/7.0; +http://ahrefs.com/robot/)" "nobbycosmic.com"
51.222.253.19 - - [21/Feb/2023:00:37:06 -0800] "GET /Homepage/Tickets/JRMS/JRMS03.jpg HTTP/1.1" 200 166928 "-" "Mozilla/5.0 (compatible; AhrefsBot/7.0; +http://ahrefs.com/robot/)" "nobbycosmic.com"
51.222.253.11 - - [21/Feb/2023:00:43:50 -0800] "GET /Homepage/Tickets/JRM/?C=D;O=D HTTP/1.1" 200 513 "-" "Mozilla/5.0 (compatible; AhrefsBot/7.0; +http://ahrefs.com/robot/)" "nobbycosmic.com"
52.167.144.94 - - [21/Feb/2023:00:50:01 -0800] "GET /NJCA/NY10/ HTTP/1.1" 200 997 "-" "Mozilla/5.0 AppleWebKit/537.36 (KHTML, like Gecko; compatible; bingbot/2.0; +http://www.bing.com/bingbot.htm) Chrome/103.0.5060.134 Safari/537.36" "nobbycosmic.com"
54.36.148.57 - - [21/Feb/2023:00:50:50 -0800] "GET /robots.txt HTTP/1.1" 200 75 "-" "Mozilla/5.0 (compatible; AhrefsBot/7.0; +http://ahrefs.com/robot/)" "nobbycosmic.com"
51.222.253.10 - - [21/Feb/2023:00:50:52 -0800] "GET /Homepage/Tickets/JRM/?C=M;O=D HTTP/1.1" 200 511 "-" "Mozilla/5.0 (compatible; AhrefsBot/7.0; +http://ahrefs.com/robot/)" "nobbycosmic.com"
114.119.135.212 - - [21/Feb/2023:00:54:04 -0800] "GET /Utagoe/Kaneko/Kaneko.htm HTTP/1.1" 200 695 "https://nobbycosmic.com/Utagoe/Kaneko/" "Mozilla/5.0 (Linux; Android 7.0;) AppleWebKit/537.36 (KHTML, like Gecko) Mobile Safari/537.36 (compatible; PetalBot;+https://webmaster.petalsearch.com/site/petalbot)" "nobbycosmic.com"
66.249.79.83 - - [21/Feb/2023:01:01:16 -0800] "GET /Temp/Tsunami/Press-Japanese.pdf HTTP/1.1" 404 88 "-" "Googlebot/2.1 (+http://www.google.com/bot.html)" "nobbycosmic.com"
51.222.253.14 - - [21/Feb/2023:01:05:51 -0800] "GET /Homepage/Tickets/JRM/?C=S;O=D HTTP/1.1" 200 513 "-" "Mozilla/5.0 (compatible; AhrefsBot/7.0; +http://ahrefs.com/robot/)" "nobbycosmic.com"
51.222.253.17 - - [21/Feb/2023:01:13:24 -0800] "GET /Cosmic/Webpage/?C=D;O=D HTTP/1.1" 200 716 "-" "Mozilla/5.0 (compatible; AhrefsBot/7.0; +http://ahrefs.com/robot/)" "nobbycosmic.com"
42.236.10.110 - - [21/Feb/2023:01:13:40 -0800] "GET / HTTP/1.1" 200 3079 "https://www.nobbycosmic.com/" "Mozilla/5.0 (Windows NT 6.1; WOW64) AppleWebKit/537.36 (KHTML, like Gecko) Chrome/50.0.2661.102 Safari/537.36; 360Spider" "www.nobbycosmic.com"
42.236.10.110 - - [21/Feb/2023:01:13:47 -0800] "GET / HTTP/1.1" 200 3079 "https://www.nobbycosmic.com/" "Mozilla/5.0 (Windows NT 6.1; WOW64) AppleWebKit/537.36 (KHTML, like Gecko) Chrome/50.0.2661.102 Safari/537.36; 360Spider" "www.nobbycosmic.com"
51.222.253.12 - - [21/Feb/2023:01:20:31 -0800] "GET /Cosmic/Webpage/?C=M;O=D HTTP/1.1" 200 723 "-" "Mozilla/5.0 (compatible; AhrefsBot/7.0; +http://ahrefs.com/robot/)" "nobbycosmic.com"
42.145.187.25 - - [21/Feb/2023:01:31:57 -0800] "GET /Cosmic/Webpage/CosmicFront1.jpg HTTP/1.1" 200 14786 "https://www.google.com/" "Mozilla/5.0 (Windows NT 10.0; Win64; x64) AppleWebKit/537.36 (KHTML, like Gecko) Chrome/110.0.0.0 Safari/537.36" "nobbycosmic.com"
42.145.187.25 - - [21/Feb/2023:01:31:58 -0800] "GET /Cosmic/Webpage/UTFront1.jpg HTTP/1.1" 200 9988 "https://www.google.com/" "Mozilla/5.0 (Windows NT 10.0; Win64; x64) AppleWebKit/537.36 (KHTML, like Gecko) Chrome/110.0.0.0 Safari/537.36" "nobbycosmic.com"
42.145.187.25 - - [21/Feb/2023:01:32:16 -0800] "GET /Cosmic/Webpage/Cosmicwebpage.htm HTTP/1.1" 200 1455 "https://www.google.com/" "Mozilla/5.0 (Windows NT 10.0; Win64; x64) AppleWebKit/537.36 (KHTML, like Gecko) Chrome/110.0.0.0 Safari/537.36" "nobbycosmic.com"
42.145.187.25 - - [21/Feb/2023:01:32:16 -0800] "GET /Cosmic/Webpage/CosmicFront1.jpg HTTP/1.1" 200 14786 "https://nobbycosmic.com/Cosmic/Webpage/Cosmicwebpage.htm" "Mozilla/5.0 (Windows NT 10.0; Win64; x64) AppleWebKit/537.36 (KHTML, like Gecko) Chrome/110.0.0.0 Safari/537.36" "nobbycosmic.com"
42.145.187.25 - - [21/Feb/2023:01:32:16 -0800] "GET /Cosmic/Webpage/BlueEarthLogo3.jpg HTTP/1.1" 200 5844 "https://nobbycosmic.com/Cosmic/Webpage/Cosmicwebpage.htm" "Mozilla/5.0 (Windows NT 10.0; Win64; x64) AppleWebKit/537.36 (KHTML, like Gecko) Chrome/110.0.0.0 Safari/537.36" "nobbycosmic.com"
42.145.187.25 - - [21/Feb/2023:01:32:16 -0800] "GET /Cosmic/Webpage/UTFront1.jpg HTTP/1.1" 200 9988 "https://nobbycosmic.com/Cosmic/Webpage/Cosmicwebpage.htm" "Mozilla/5.0 (Windows NT 10.0; Win64; x64) AppleWebKit/537.36 (KHTML, like Gecko) Chrome/110.0.0.0 Safari/537.36" "nobbycosmic.com"
42.145.187.25 - - [21/Feb/2023:01:32:17 -0800] "GET /favicon.ico HTTP/1.1" 404 88 "https://nobbycosmic.com/Cosmic/Webpage/Cosmicwebpage.htm" "Mozilla/5.0 (Windows NT 10.0; Win64; x64) AppleWebKit/537.36 (KHTML, like Gecko) Chrome/110.0.0.0 Safari/537.36" "nobbycosmic.com"
42.145.187.25 - - [21/Feb/2023:01:34:44 -0800] "GET /Cosmic/Webpage/CosmicwebpageC.htm HTTP/1.1" 200 958 "-" "Mozilla/5.0 (Windows NT 10.0; Win64; x64) AppleWebKit/537.36 (KHTML, like Gecko) Chrome/110.0.0.0 Safari/537.36" "nobbycosmic.com"
42.145.187.25 - - [21/Feb/2023:01:34:44 -0800] "GET /Cosmic/Webpage/CosmicPosterW.jpg HTTP/1.1" 200 167110 "https://nobbycosmic.com/Cosmic/Webpage/CosmicwebpageC.htm" "Mozilla/5.0 (Windows NT 10.0; Win64; x64) AppleWebKit/537.36 (KHTML, like Gecko) Chrome/110.0.0.0 Safari/537.36" "nobbycosmic.com"
51.222.253.5 - - [21/Feb/2023:01:35:51 -0800] "GET /2022/NL/ HTTP/1.1" 200 2726 "-" "Mozilla/5.0 (compatible; AhrefsBot/7.0; +http://ahrefs.com/robot/)" "nobbycosmic.com"
213.180.203.153 - - [21/Feb/2023:01:44:02 -0800] "GET /robots.txt HTTP/1.1" 200 61 "-" "Mozilla/5.0 (compatible; YandexBot/3.0; +http://yandex.com/bots)" "nobbycosmic.com"
51.222.253.11 - - [21/Feb/2023:01:48:25 -0800] "GET /Homepage/Tickets/JK/?C=N;O=A HTTP/1.1" 200 532 "-" "Mozilla/5.0 (compatible; AhrefsBot/7.0; +http://ahrefs.com/robot/)" "nobbycosmic.com"
5.188.62.174 - - [21/Feb/2023:01:49:00 -0800] "GET / HTTP/1.1" 200 3079 "-" "Mozilla/5.0 (Windows NT 6.1; WOW64) AppleWebKit/537.36 (KHTML, like Gecko) Chrome/101.0.4951.67 Safari/537.36" "nobbycosmic.com"
51.222.253.6 - - [21/Feb/2023:02:01:39 -0800] "GET /Homepage/Tickets/JRMS/?C=N;O=A HTTP/1.1" 200 553 "-" "Mozilla/5.0 (compatible; AhrefsBot/7.0; +http://ahrefs.com/robot/)" "nobbycosmic.com"
114.119.133.53 - - [21/Feb/2023:02:06:30 -0800] "GET /Card/Card11/?C=S%3BO%3DA HTTP/1.1" 200 453 "https://nobbycosmic.com/Card/Card11/?C=D%3BO%3DA" "Mozilla/5.0 (Linux; Android 7.0;) AppleWebKit/537.36 (KHTML, like Gecko) Mobile Safari/537.36 (compatible; PetalBot;+https://webmaster.petalsearch.com/site/petalbot)" "nobbycosmic.com"
52.167.144.94 - - [21/Feb/2023:02:09:48 -0800] "GET /Post/2022%20Job%20Posting,%20M@H%20Homemaker.pdf HTTP/1.1" 200 139830 "-" "Mozilla/5.0 AppleWebKit/537.36 (KHTML, like Gecko; compatible; bingbot/2.0; +http://www.bing.com/bingbot.htm) Chrome/103.0.5060.134 Safari/537.36" "nobbycosmic.com"
221.11.33.158 - - [21/Feb/2023:02:14:33 -0800] "GET / HTTP/1.1" 200 3079 "-" "Mozilla/5.0 (Windows NT 10.0; Win64; x64) AppleWebKit/537.36 (KHTML, like Gecko) Chrome/85.0.4183.121 Safari/537.36" "nobbycosmic.com"
221.11.33.158 - - [21/Feb/2023:02:15:02 -0800] "GET /contact_us HTTP/1.1" 200 6327 "-" "Mozilla/5.0 (Windows NT 10.0; Win64; x64) AppleWebKit/537.36 (KHTML, like Gecko) Chrome/85.0.4183.121 Safari/537.36" "nobbycosmic.com"
51.222.253.17 - - [21/Feb/2023:02:27:10 -0800] "GET /Homepage/Tickets/JK/?C=D;O=D HTTP/1.1" 200 523 "-" "Mozilla/5.0 (compatible; AhrefsBot/7.0; +http://ahrefs.com/robot/)" "nobbycosmic.com"
114.119.166.212 - - [21/Feb/2023:02:38:56 -0800] "GET /JCCC/JCCC20201106.pdf HTTP/1.1" 200 151936 "https://nobbycosmic.com/JCCC/?C=S%3BO%3DA" "Mozilla/5.0 (Linux; Android 7.0;) AppleWebKit/537.36 (KHTML, like Gecko) Mobile Safari/537.36 (compatible; PetalBot;+https://webmaster.petalsearch.com/site/petalbot)" "nobbycosmic.com"
51.222.253.19 - - [21/Feb/2023:03:25:11 -0800] "GET /Homepage/Tickets/JK/?C=M;O=D HTTP/1.1" 200 525 "-" "Mozilla/5.0 (compatible; AhrefsBot/7.0; +http://ahrefs.com/robot/)" "nobbycosmic.com"
114.119.144.37 - - [21/Feb/2023:03:25:49 -0800] "GET /NJCA/Volunteer/?C=M%3BO%3DA HTTP/1.1" 200 427 "https://nobbycosmic.com/NJCA/Volunteer/" "Mozilla/5.0 (Linux; Android 7.0;) AppleWebKit/537.36 (KHTML, like Gecko) Mobile Safari/537.36 (compatible; PetalBot;+https://webmaster.petalsearch.com/site/petalbot)" "nobbycosmic.com"
14.10.37.32 - - [21/Feb/2023:04:37:26 -0800] "GET /Utagoe/2023Winter/Utagoe202302.htm HTTP/1.1" 200 2383 "-" "Mozilla/5.0 (Windows NT 10.0; Win64; x64) AppleWebKit/537.36 (KHTML, like Gecko) Chrome/110.0.0.0 Safari/537.36 Edg/110.0.1587.50" "nobbycosmic.com"
14.10.37.32 - - [21/Feb/2023:04:37:26 -0800] "GET /Utagoe/2023Winter/202302111.JPG HTTP/1.1" 200 75544 "https://nobbycosmic.com/Utagoe/2023Winter/Utagoe202302.htm" "Mozilla/5.0 (Windows NT 10.0; Win64; x64) AppleWebKit/537.36 (KHTML, like Gecko) Chrome/110.0.0.0 Safari/537.36 Edg/110.0.1587.50" "nobbycosmic.com"
14.10.37.32 - - [21/Feb/2023:04:37:26 -0800] "GET /Utagoe/2023Winter/202302113.JPG HTTP/1.1" 200 118691 "https://nobbycosmic.com/Utagoe/2023Winter/Utagoe202302.htm" "Mozilla/5.0 (Windows NT 10.0; Win64; x64) AppleWebKit/537.36 (KHTML, like Gecko) Chrome/110.0.0.0 Safari/537.36 Edg/110.0.1587.50" "nobbycosmic.com"
14.10.37.32 - - [21/Feb/2023:04:37:26 -0800] "GET /Utagoe/2023Winter/202302118.JPG HTTP/1.1" 200 112254 "https://nobbycosmic.com/Utagoe/2023Winter/Utagoe202302.htm" "Mozilla/5.0 (Windows NT 10.0; Win64; x64) AppleWebKit/537.36 (KHTML, like Gecko) Chrome/110.0.0.0 Safari/537.36 Edg/110.0.1587.50" "nobbycosmic.com"
14.10.37.32 - - [21/Feb/2023:04:37:26 -0800] "GET /Utagoe/2023Winter/202302115.JPG HTTP/1.1" 200 118714 "https://nobbycosmic.com/Utagoe/2023Winter/Utagoe202302.htm" "Mozilla/5.0 (Windows NT 10.0; Win64; x64) AppleWebKit/537.36 (KHTML, like Gecko) Chrome/110.0.0.0 Safari/537.36 Edg/110.0.1587.50" "nobbycosmic.com"
14.10.37.32 - - [21/Feb/2023:04:37:26 -0800] "GET /Utagoe/2023Winter/202302119.JPG HTTP/1.1" 200 90247 "https://nobbycosmic.com/Utagoe/2023Winter/Utagoe202302.htm" "Mozilla/5.0 (Windows NT 10.0; Win64; x64) AppleWebKit/537.36 (KHTML, like Gecko) Chrome/110.0.0.0 Safari/537.36 Edg/110.0.1587.50" "nobbycosmic.com"
14.10.37.32 - - [21/Feb/2023:04:37:26 -0800] "GET /Utagoe/2023Winter/202302116.JPG HTTP/1.1" 200 100312 "https://nobbycosmic.com/Utagoe/2023Winter/Utagoe202302.htm" "Mozilla/5.0 (Windows NT 10.0; Win64; x64) AppleWebKit/537.36 (KHTML, like Gecko) Chrome/110.0.0.0 Safari/537.36 Edg/110.0.1587.50" "nobbycosmic.com"
14.10.37.32 - - [21/Feb/2023:04:37:26 -0800] "GET /Utagoe/2023Winter/202302114.JPG HTTP/1.1" 200 122157 "https://nobbycosmic.com/Utagoe/2023Winter/Utagoe202302.htm" "Mozilla/5.0 (Windows NT 10.0; Win64; x64) AppleWebKit/537.36 (KHTML, like Gecko) Chrome/110.0.0.0 Safari/537.36 Edg/110.0.1587.50" "nobbycosmic.com"
14.10.37.32 - - [21/Feb/2023:04:37:26 -0800] "GET /Utagoe/2023Winter/202302117.JPG HTTP/1.1" 200 118684 "https://nobbycosmic.com/Utagoe/2023Winter/Utagoe202302.htm" "Mozilla/5.0 (Windows NT 10.0; Win64; x64) AppleWebKit/537.36 (KHTML, like Gecko) Chrome/110.0.0.0 Safari/537.36 Edg/110.0.1587.50" "nobbycosmic.com"
14.10.37.32 - - [21/Feb/2023:04:37:26 -0800] "GET /Utagoe/2023Winter/202302112.JPG HTTP/1.1" 200 118754 "https://nobbycosmic.com/Utagoe/2023Winter/Utagoe202302.htm" "Mozilla/5.0 (Windows NT 10.0; Win64; x64) AppleWebKit/537.36 (KHTML, like Gecko) Chrome/110.0.0.0 Safari/537.36 Edg/110.0.1587.50" "nobbycosmic.com"
14.10.37.32 - - [21/Feb/2023:04:37:34 -0800] "GET /favicon.ico HTTP/1.1" 404 88 "https://nobbycosmic.com/Utagoe/2023Winter/Utagoe202302.htm" "Mozilla/5.0 (Windows NT 10.0; Win64; x64) AppleWebKit/537.36 (KHTML, like Gecko) Chrome/110.0.0.0 Safari/537.36 Edg/110.0.1587.50" "nobbycosmic.com"
40.77.167.189 - - [21/Feb/2023:04:50:15 -0800] "GET /Post/JF20190328.pdf HTTP/1.1" 404 88 "-" "Mozilla/5.0 AppleWebKit/537.36 (KHTML, like Gecko; compatible; bingbot/2.0; +http://www.bing.com/bingbot.htm) Chrome/103.0.5060.134 Safari/537.36" "nobbycosmic.com"
51.222.253.12 - - [21/Feb/2023:05:10:35 -0800] "GET /N/MiuraPrivate/ HTTP/1.1" 200 431 "-" "Mozilla/5.0 (compatible; AhrefsBot/7.0; +http://ahrefs.com/robot/)" "nobbycosmic.com"
42.83.147.34 - - [21/Feb/2023:05:25:35 -0800] "GET / HTTP/1.1" 200 3079 "-" "Mozilla/5.0 (Windows NT 6.1; Win64; x64) AppleWebKit/537.36 (KHTML, like Gecko)Chrome/74.0.3729.169 Safari/537.36" "nobbycosmic.com"
51.222.253.14 - - [21/Feb/2023:06:33:38 -0800] "GET /robots.txt HTTP/1.1" 200 75 "-" "Mozilla/5.0 (compatible; AhrefsBot/7.0; +http://ahrefs.com/robot/)" "nobbycosmic.com"
51.222.253.3 - - [21/Feb/2023:06:54:06 -0800] "GET / HTTP/1.1" 200 3079 "-" "Mozilla/5.0 (compatible; AhrefsBot/7.0; +http://ahrefs.com/robot/)" "nobbycosmic.com"
72.143.196.181 - - [21/Feb/2023:07:05:16 -0800] "GET /BabyTalks/BTList.htm HTTP/1.1" 200 10236 "-" "Mozilla/5.0 (Macintosh; Intel Mac OS X 10_15_7) AppleWebKit/605.1.15 (KHTML, like Gecko) Version/16.0 Safari/605.1.15" "nobbycosmic.com"
72.143.196.181 - - [21/Feb/2023:07:05:16 -0800] "GET /favicon.ico HTTP/1.1" 404 88 "-" "Client/25841 CFNetwork/1404.0.5 Darwin/22.3.0" "nobbycosmic.com"
72.143.196.181 - - [21/Feb/2023:07:05:36 -0800] "GET /favicon.ico HTTP/1.1" 404 88 "-" "Client/25841 CFNetwork/1404.0.5 Darwin/22.3.0" "nobbycosmic.com"
149.28.85.67 - - [21/Feb/2023:07:08:49 -0800] "GET /robots.txt HTTP/1.1" 200 61 "-" "Mozilla/5.0 (compatible; SeekportBot; +https://bot.seekport.com)" "nobbycosmic.com"
149.28.85.67 - - [21/Feb/2023:07:08:49 -0800] "GET / HTTP/1.1" 200 10547 "http://nobbycosmic.com/" "Mozilla/5.0 (compatible; SeekportBot; +https://bot.seekport.com)" "nobbycosmic.com"
149.28.85.67 - - [21/Feb/2023:07:08:50 -0800] "GET /home HTTP/1.1" 200 10547 "https://nobbycosmic.com/" "Mozilla/5.0 (compatible; SeekportBot; +https://bot.seekport.com)" "nobbycosmic.com"
149.28.85.67 - - [21/Feb/2023:07:08:50 -0800] "GET /services HTTP/1.1" 200 10210 "https://nobbycosmic.com/" "Mozilla/5.0 (compatible; SeekportBot; +https://bot.seekport.com)" "nobbycosmic.com"
149.28.85.67 - - [21/Feb/2023:07:08:51 -0800] "GET /about_us HTTP/1.1" 200 10024 "https://nobbycosmic.com/" "Mozilla/5.0 (compatible; SeekportBot; +https://bot.seekport.com)" "nobbycosmic.com"
149.28.85.67 - - [21/Feb/2023:07:08:51 -0800] "GET /contact_us HTTP/1.1" 200 23340 "https://nobbycosmic.com/" "Mozilla/5.0 (compatible; SeekportBot; +https://bot.seekport.com)" "nobbycosmic.com"
114.119.140.84 - - [21/Feb/2023:07:23:47 -0800] "GET /NJCA/NY07/BoothApplication07.doc HTTP/1.1" 200 34816 "https://nobbycosmic.com/NJCA/NY07/?C=M%3BO%3DA" "Mozilla/5.0 (Linux; Android 7.0;) AppleWebKit/537.36 (KHTML, like Gecko) Mobile Safari/537.36 (compatible; PetalBot;+https://webmaster.petalsearch.com/site/petalbot)" "nobbycosmic.com"
114.119.141.127 - - [21/Feb/2023:07:25:00 -0800] "GET /Card/Card16/?C=S%3BO%3DA HTTP/1.1" 200 492 "https://nobbycosmic.com/Card/Card16/" "Mozilla/5.0 (Linux; Android 7.0;) AppleWebKit/537.36 (KHTML, like Gecko) Mobile Safari/537.36 (compatible; PetalBot;+https://webmaster.petalsearch.com/site/petalbot)" "nobbycosmic.com"
62.182.80.34 - - [21/Feb/2023:07:37:07 -0800] "GET /components/com_creativecontactform/fileupload/index.php?file=trg3hf.jpg HTTP/1.1" 404 73 "-" "ALittle Client" "nobbycosmic.com"
35.245.82.188 - - [21/Feb/2023:07:42:30 -0800] "GET / HTTP/1.1" 200 10547 "-" "Mozilla/5.0 (Windows NT 6.1; WOW64; Trident/7.0; rv:11.0) like Gecko" "nobbycosmic.com"
51.222.253.8 - - [21/Feb/2023:07:44:12 -0800] "GET /2022/Quebec2022/ HTTP/1.1" 200 1169 "-" "Mozilla/5.0 (compatible; AhrefsBot/7.0; +http://ahrefs.com/robot/)" "nobbycosmic.com"
35.245.188.175 - - [21/Feb/2023:07:51:55 -0800] "GET / HTTP/1.1" 200 10547 "-" "Mozilla/5.0 (Windows NT 6.1; WOW64; Trident/7.0; rv:11.0) like Gecko" "nobbycosmic.com"
114.119.147.2 - - [21/Feb/2023:07:56:47 -0800] "GET /NJCA/NY09/KobayashiHall2009NY.pdf HTTP/1.1" 200 312210 "https://nobbycosmic.com/NJCA/NY09/?C=M%3BO%3DA" "Mozilla/5.0 (Linux; Android 7.0;) AppleWebKit/537.36 (KHTML, like Gecko) Mobile Safari/537.36 (compatible; PetalBot;+https://webmaster.petalsearch.com/site/petalbot)" "nobbycosmic.com"
66.249.68.75 - - [21/Feb/2023:08:14:41 -0800] "GET /favicon.ico HTTP/1.1" 404 88 "-" "Googlebot-Image/1.0" "nobbycosmic.com"
52.167.144.59 - - [21/Feb/2023:08:15:46 -0800] "GET /robots.txt HTTP/1.1" 200 75 "-" "Mozilla/5.0 AppleWebKit/537.36 (KHTML, like Gecko; compatible; bingbot/2.0; +http://www.bing.com/bingbot.htm) Chrome/103.0.5060.134 Safari/537.36" "nobbycosmic.com"
52.167.144.59 - - [21/Feb/2023:08:15:48 -0800] "GET /robots.txt HTTP/1.1" 200 75 "-" "Mozilla/5.0 AppleWebKit/537.36 (KHTML, like Gecko; compatible; bingbot/2.0; +http://www.bing.com/bingbot.htm) Chrome/103.0.5060.134 Safari/537.36" "www.nobbycosmic.com"
51.222.253.15 - - [21/Feb/2023:08:31:03 -0800] "GET /robots.txt HTTP/1.1" 200 75 "-" "Mozilla/5.0 (compatible; AhrefsBot/7.0; +http://ahrefs.com/robot/)" "www.nobbycosmic.com"
51.222.253.3 - - [21/Feb/2023:08:31:05 -0800] "GET / HTTP/1.1" 200 3079 "-" "Mozilla/5.0 (compatible; AhrefsBot/7.0; +http://ahrefs.com/robot/)" "www.nobbycosmic.com"
52.167.144.59 - - [21/Feb/2023:08:40:33 -0800] "GET /robots.txt HTTP/1.1" 200 75 "-" "Mozilla/5.0 AppleWebKit/537.36 (KHTML, like Gecko; compatible; bingbot/2.0; +http://www.bing.com/bingbot.htm) Chrome/103.0.5060.134 Safari/537.36" "nobbycosmic.com"
99.241.24.91 - - [21/Feb/2023:08:50:30 -0800] "GET /BabyTalks/BTList.htm HTTP/1.1" 200 10236 "-" "Mozilla/5.0 (iPhone; CPU iPhone OS 16_1_1 like Mac OS X) AppleWebKit/605.1.15 (KHTML, like Gecko) Version/16.1 Mobile/15E148 Safari/604.1" "nobbycosmic.com"
99.241.24.91 - - [21/Feb/2023:08:50:30 -0800] "GET /BabyTalks/hiyoko.gif HTTP/1.1" 200 10361 "https://nobbycosmic.com/BabyTalks/BTList.htm" "Mozilla/5.0 (iPhone; CPU iPhone OS 16_1_1 like Mac OS X) AppleWebKit/605.1.15 (KHTML, like Gecko) Version/16.1 Mobile/15E148 Safari/604.1" "nobbycosmic.com"
99.241.24.91 - - [21/Feb/2023:08:50:30 -0800] "GET /BabyTalks/BTFBanner1.jpg HTTP/1.1" 200 9524 "https://nobbycosmic.com/BabyTalks/BTList.htm" "Mozilla/5.0 (iPhone; CPU iPhone OS 16_1_1 like Mac OS X) AppleWebKit/605.1.15 (KHTML, like Gecko) Version/16.1 Mobile/15E148 Safari/604.1" "nobbycosmic.com"
99.241.24.91 - - [21/Feb/2023:08:50:30 -0800] "GET /BabyTalks/Group.jpg HTTP/1.1" 200 54379 "https://nobbycosmic.com/BabyTalks/BTList.htm" "Mozilla/5.0 (iPhone; CPU iPhone OS 16_1_1 like Mac OS X) AppleWebKit/605.1.15 (KHTML, like Gecko) Version/16.1 Mobile/15E148 Safari/604.1" "nobbycosmic.com"
99.241.24.91 - - [21/Feb/2023:08:50:30 -0800] "GET /BabyTalks/BTList.htm HTTP/1.1" 200 10236 "-" "Mozilla/5.0 (iPhone; CPU iPhone OS 16_1_1 like Mac OS X) AppleWebKit/605.1.15 (KHTML, like Gecko) Version/16.1 Mobile/15E148 Safari/604.1" "nobbycosmic.com"
99.241.24.91 - - [21/Feb/2023:08:50:30 -0800] "GET /BabyTalks/BTFBanner2.jpg HTTP/1.1" 200 4273 "https://nobbycosmic.com/BabyTalks/BTList.htm" "Mozilla/5.0 (iPhone; CPU iPhone OS 16_1_1 like Mac OS X) AppleWebKit/605.1.15 (KHTML, like Gecko) Version/16.1 Mobile/15E148 Safari/604.1" "nobbycosmic.com"
99.241.24.91 - - [21/Feb/2023:08:50:30 -0800] "GET /BabyTalks/BTFBanner1.jpg HTTP/1.1" 200 9524 "https://nobbycosmic.com/BabyTalks/BTList.htm" "Mozilla/5.0 (iPhone; CPU iPhone OS 16_1_1 like Mac OS X) AppleWebKit/605.1.15 (KHTML, like Gecko) Version/16.1 Mobile/15E148 Safari/604.1" "nobbycosmic.com"
99.241.24.91 - - [21/Feb/2023:08:50:30 -0800] "GET /BabyTalks/hiyoko.gif HTTP/1.1" 200 10361 "https://nobbycosmic.com/BabyTalks/BTList.htm" "Mozilla/5.0 (iPhone; CPU iPhone OS 16_1_1 like Mac OS X) AppleWebKit/605.1.15 (KHTML, like Gecko) Version/16.1 Mobile/15E148 Safari/604.1" "nobbycosmic.com"
99.241.24.91 - - [21/Feb/2023:08:50:30 -0800] "GET /BabyTalks/Group.jpg HTTP/1.1" 200 54379 "https://nobbycosmic.com/BabyTalks/BTList.htm" "Mozilla/5.0 (iPhone; CPU iPhone OS 16_1_1 like Mac OS X) AppleWebKit/605.1.15 (KHTML, like Gecko) Version/16.1 Mobile/15E148 Safari/604.1" "nobbycosmic.com"
99.241.24.91 - - [21/Feb/2023:08:50:30 -0800] "GET /BabyTalks/BTFBanner2.jpg HTTP/1.1" 200 4273 "https://nobbycosmic.com/BabyTalks/BTList.htm" "Mozilla/5.0 (iPhone; CPU iPhone OS 16_1_1 like Mac OS X) AppleWebKit/605.1.15 (KHTML, like Gecko) Version/16.1 Mobile/15E148 Safari/604.1" "nobbycosmic.com"
99.241.24.91 - - [21/Feb/2023:08:50:30 -0800] "GET /BabyTalks/blue_next.gif HTTP/1.1" 200 138 "https://nobbycosmic.com/BabyTalks/BTList.htm" "Mozilla/5.0 (iPhone; CPU iPhone OS 16_1_1 like Mac OS X) AppleWebKit/605.1.15 (KHTML, like Gecko) Version/16.1 Mobile/15E148 Safari/604.1" "nobbycosmic.com"
99.241.24.91 - - [21/Feb/2023:08:50:30 -0800] "GET /BabyTalks/SakuraMark2.jpg HTTP/1.1" 200 933 "https://nobbycosmic.com/BabyTalks/BTList.htm" "Mozilla/5.0 (iPhone; CPU iPhone OS 16_1_1 like Mac OS X) AppleWebKit/605.1.15 (KHTML, like Gecko) Version/16.1 Mobile/15E148 Safari/604.1" "nobbycosmic.com"
99.241.24.91 - - [21/Feb/2023:08:50:30 -0800] "GET /BabyTalks/FTFMemberDistChart.jpg HTTP/1.1" 200 57507 "https://nobbycosmic.com/BabyTalks/BTList.htm" "Mozilla/5.0 (iPhone; CPU iPhone OS 16_1_1 like Mac OS X) AppleWebKit/605.1.15 (KHTML, like Gecko) Version/16.1 Mobile/15E148 Safari/604.1" "nobbycosmic.com"
99.241.24.91 - - [21/Feb/2023:08:50:31 -0800] "GET /BabyTalks/blue_next.gif HTTP/1.1" 200 138 "https://nobbycosmic.com/BabyTalks/BTList.htm" "Mozilla/5.0 (iPhone; CPU iPhone OS 16_1_1 like Mac OS X) AppleWebKit/605.1.15 (KHTML, like Gecko) Version/16.1 Mobile/15E148 Safari/604.1" "nobbycosmic.com"
99.241.24.91 - - [21/Feb/2023:08:50:31 -0800] "GET /BabyTalks/SakuraMark2.jpg HTTP/1.1" 200 933 "https://nobbycosmic.com/BabyTalks/BTList.htm" "Mozilla/5.0 (iPhone; CPU iPhone OS 16_1_1 like Mac OS X) AppleWebKit/605.1.15 (KHTML, like Gecko) Version/16.1 Mobile/15E148 Safari/604.1" "nobbycosmic.com"
99.241.24.91 - - [21/Feb/2023:08:50:31 -0800] "GET /BabyTalks/FTFMemberDistChart.jpg HTTP/1.1" 200 57507 "https://nobbycosmic.com/BabyTalks/BTList.htm" "Mozilla/5.0 (iPhone; CPU iPhone OS 16_1_1 like Mac OS X) AppleWebKit/605.1.15 (KHTML, like Gecko) Version/16.1 Mobile/15E148 Safari/604.1" "nobbycosmic.com"
99.241.24.91 - - [21/Feb/2023:08:50:31 -0800] "GET /favicon.ico HTTP/1.1" 404 88 "https://nobbycosmic.com/BabyTalks/BTList.htm" "Mozilla/5.0 (iPhone; CPU iPhone OS 16_1_1 like Mac OS X) AppleWebKit/605.1.15 (KHTML, like Gecko) Version/16.1 Mobile/15E148 Safari/604.1" "nobbycosmic.com"
99.241.24.91 - - [21/Feb/2023:08:51:06 -0800] "GET /BabyTalks/FTFMember/Content.htm HTTP/1.1" 401 90 "https://nobbycosmic.com/BabyTalks/BTList.htm" "Mozilla/5.0 (iPhone; CPU iPhone OS 16_1_1 like Mac OS X) AppleWebKit/605.1.15 (KHTML, like Gecko) Version/16.1 Mobile/15E148 Safari/604.1" "nobbycosmic.com"
99.241.24.91 - FTF [21/Feb/2023:08:51:14 -0800] "GET /BabyTalks/FTFMember/Content.htm HTTP/1.1" 200 6689 "https://nobbycosmic.com/BabyTalks/BTList.htm" "Mozilla/5.0 (iPhone; CPU iPhone OS 16_1_1 like Mac OS X) AppleWebKit/605.1.15 (KHTML, like Gecko) Version/16.1 Mobile/15E148 Safari/604.1" "nobbycosmic.com"
99.241.24.91 - FTF [21/Feb/2023:08:51:14 -0800] "GET /BabyTalks/FTFMember/hiyoko.gif HTTP/1.1" 200 10361 "https://nobbycosmic.com/BabyTalks/FTFMember/Content.htm" "Mozilla/5.0 (iPhone; CPU iPhone OS 16_1_1 like Mac OS X) AppleWebKit/605.1.15 (KHTML, like Gecko) Version/16.1 Mobile/15E148 Safari/604.1" "nobbycosmic.com"
99.241.24.91 - FTF [21/Feb/2023:08:51:37 -0800] "GET /BabyTalks/FTFMember/COVID.htm HTTP/1.1" 200 25815 "https://nobbycosmic.com/BabyTalks/FTFMember/Content.htm" "Mozilla/5.0 (iPhone; CPU iPhone OS 16_1_1 like Mac OS X) AppleWebKit/605.1.15 (KHTML, like Gecko) Version/16.1 Mobile/15E148 Safari/604.1" "nobbycosmic.com"
96.52.110.99 - - [21/Feb/2023:08:54:20 -0800] "GET /NJCA/NJCAPamphlet2009.pdf HTTP/1.1" 200 138786 "https://www.google.ca/" "Mozilla/5.0 (Windows NT 10.0; Win64; x64) AppleWebKit/537.36 (KHTML, like Gecko) Chrome/110.0.0.0 Safari/537.36 Edg/110.0.1587.50" "nobbycosmic.com"
96.52.110.99 - - [21/Feb/2023:08:54:21 -0800] "GET /favicon.ico HTTP/1.1" 404 88 "https://nobbycosmic.com/NJCA/NJCAPamphlet2009.pdf" "Mozilla/5.0 (Windows NT 10.0; Win64; x64) AppleWebKit/537.36 (KHTML, like Gecko) Chrome/110.0.0.0 Safari/537.36 Edg/110.0.1587.50" "nobbycosmic.com"
40.77.167.250 - - [21/Feb/2023:09:15:19 -0800] "GET /Post/JF202102042.pdf HTTP/1.1" 404 88 "-" "Mozilla/5.0 AppleWebKit/537.36 (KHTML, like Gecko; compatible; bingbot/2.0; +http://www.bing.com/bingbot.htm) Chrome/103.0.5060.134 Safari/537.36" "www.nobbycosmic.com"
51.222.253.10 - - [21/Feb/2023:09:24:30 -0800] "GET /Homepage/Tickets/JK/?C=S;O=D HTTP/1.1" 200 525 "-" "Mozilla/5.0 (compatible; AhrefsBot/7.0; +http://ahrefs.com/robot/)" "nobbycosmic.com"
95.163.255.184 - - [21/Feb/2023:09:34:18 -0800] "GET /robots.txt HTTP/1.1" 200 61 "-" "Mozilla/5.0 (compatible; Linux x86_64; Mail.RU_Bot/2.0; +https://help.mail.ru/webmaster/indexing/robots)" "www.nobbycosmic.com"
95.163.255.167 - - [21/Feb/2023:09:43:08 -0800] "GET / HTTP/1.1" 200 3079 "-" "Mozilla/5.0 (compatible; Linux x86_64; Mail.RU_Bot/2.0; +https://help.mail.ru/webmaster/indexing/robots)" "www.nobbycosmic.com"
51.222.253.6 - - [21/Feb/2023:09:52:31 -0800] "GET /Cosmic/Webpage/?C=S;O=D HTTP/1.1" 200 711 "-" "Mozilla/5.0 (compatible; AhrefsBot/7.0; +http://ahrefs.com/robot/)" "nobbycosmic.com"
114.119.152.219 - - [21/Feb/2023:10:23:14 -0800] "GET /robots.txt HTTP/1.1" 200 75 "-" "Mozilla/5.0 (compatible;PetalBot;+https://webmaster.petalsearch.com/site/petalbot)" "www.nobbycosmic.com"
104.158.51.67 - - [21/Feb/2023:10:30:34 -0800] "GET /NJCA/AGM09/NJCAAGM09.pdf HTTP/1.1" 200 631514 "https://www.google.com/" "Mozilla/5.0 (Macintosh; Intel Mac OS X 10_15_7) AppleWebKit/605.1.15 (KHTML, like Gecko) Version/16.2 Safari/605.1.15" "nobbycosmic.com"
104.158.51.67 - - [21/Feb/2023:10:30:35 -0800] "GET /NJCA/AGM09/NJCAAGM09.pdf HTTP/1.1" 206 16384 "https://www.google.com/" "Mozilla/5.0 (Macintosh; Intel Mac OS X 10_15_7) AppleWebKit/605.1.15 (KHTML, like Gecko) Version/16.2 Safari/605.1.15" "nobbycosmic.com"
104.158.51.67 - - [21/Feb/2023:10:30:36 -0800] "GET /favicon.ico HTTP/1.1" 404 88 "https://nobbycosmic.com/NJCA/AGM09/NJCAAGM09.pdf" "Mozilla/5.0 (Macintosh; Intel Mac OS X 10_15_7) AppleWebKit/605.1.15 (KHTML, like Gecko) Version/16.2 Safari/605.1.15" "nobbycosmic.com"
51.222.253.18 - - [21/Feb/2023:10:34:22 -0800] "GET /TSN/ HTTP/1.1" 200 682 "-" "Mozilla/5.0 (compatible; AhrefsBot/7.0; +http://ahrefs.com/robot/)" "nobbycosmic.com"
207.46.13.213 - - [21/Feb/2023:10:40:10 -0800] "GET /Utagoe/?C=D;O=A HTTP/1.1" 200 3337 "-" "Mozilla/5.0 AppleWebKit/537.36 (KHTML, like Gecko; compatible; bingbot/2.0; +http://www.bing.com/bingbot.htm) Chrome/103.0.5060.134 Safari/537.36" "www.nobbycosmic.com"
74.84.150.150 - - [21/Feb/2023:10:46:08 -0800] "GET /robots.txt HTTP/1.1" 200 75 "-" "test" "nobbycosmic.com"
40.77.167.250 - - [21/Feb/2023:10:48:47 -0800] "GET /Temp/9Poster201007.pdf HTTP/1.1" 404 88 "-" "Mozilla/5.0 AppleWebKit/537.36 (KHTML, like Gecko; compatible; bingbot/2.0; +http://www.bing.com/bingbot.htm) Chrome/103.0.5060.134 Safari/537.36" "nobbycosmic.com"
51.222.253.17 - - [21/Feb/2023:10:55:40 -0800] "GET /Homepage/Tickets/BGP/?C=D;O=A HTTP/1.1" 200 636 "-" "Mozilla/5.0 (compatible; AhrefsBot/7.0; +http://ahrefs.com/robot/)" "nobbycosmic.com"
51.222.253.12 - - [21/Feb/2023:11:07:08 -0800] "GET /Homepage/Tickets/BGP/?C=M;O=A HTTP/1.1" 200 629 "-" "Mozilla/5.0 (compatible; AhrefsBot/7.0; +http://ahrefs.com/robot/)" "nobbycosmic.com"
51.222.253.10 - - [21/Feb/2023:11:12:47 -0800] "GET /Homepage/Tickets/BGP/?C=N;O=D HTTP/1.1" 200 627 "-" "Mozilla/5.0 (compatible; AhrefsBot/7.0; +http://ahrefs.com/robot/)" "nobbycosmic.com"
51.222.253.19 - - [21/Feb/2023:11:15:13 -0800] "GET /Homepage/Tickets/BGP/?C=S;O=A HTTP/1.1" 200 632 "-" "Mozilla/5.0 (compatible; AhrefsBot/7.0; +http://ahrefs.com/robot/)" "nobbycosmic.com"
51.222.253.16 - - [21/Feb/2023:11:17:42 -0800] "GET /Homepage/Tickets/BGP/BGP.htm HTTP/1.1" 200 881 "-" "Mozilla/5.0 (compatible; AhrefsBot/7.0; +http://ahrefs.com/robot/)" "nobbycosmic.com"
51.222.253.14 - - [21/Feb/2023:11:17:47 -0800] "GET /Homepage/Tickets/BGP/BGPKeisei.jpg HTTP/1.1" 200 22569 "-" "Mozilla/5.0 (compatible; AhrefsBot/7.0; +http://ahrefs.com/robot/)" "nobbycosmic.com"
51.222.253.17 - - [21/Feb/2023:11:17:48 -0800] "GET /Homepage/Tickets/BGP/BGPToei.jpg HTTP/1.1" 200 34482 "-" "Mozilla/5.0 (compatible; AhrefsBot/7.0; +http://ahrefs.com/robot/)" "nobbycosmic.com"
51.222.253.18 - - [21/Feb/2023:11:17:49 -0800] "GET /Homepage/Tickets/BGP/BGPKeihin.jpg HTTP/1.1" 200 26226 "-" "Mozilla/5.0 (compatible; AhrefsBot/7.0; +http://ahrefs.com/robot/)" "nobbycosmic.com"
51.222.253.1 - - [21/Feb/2023:11:17:50 -0800] "GET /Homepage/Tickets/BGP/BGPChika.jpg HTTP/1.1" 200 26007 "-" "Mozilla/5.0 (compatible; AhrefsBot/7.0; +http://ahrefs.com/robot/)" "nobbycosmic.com"
51.222.253.14 - - [21/Feb/2023:11:17:51 -0800] "GET /Homepage/Tickets/BGP/BGPMono.jpg HTTP/1.1" 200 28330 "-" "Mozilla/5.0 (compatible; AhrefsBot/7.0; +http://ahrefs.com/robot/)" "nobbycosmic.com"
51.222.253.16 - - [21/Feb/2023:11:17:51 -0800] "GET /Homepage/Tickets/BGP/BGPNishitetu.jpg HTTP/1.1" 200 23565 "-" "Mozilla/5.0 (compatible; AhrefsBot/7.0; +http://ahrefs.com/robot/)" "nobbycosmic.com"
51.222.253.5 - - [21/Feb/2023:11:17:52 -0800] "GET /Homepage/Tickets/BGP/BGPOdakyu.jpg HTTP/1.1" 200 22573 "-" "Mozilla/5.0 (compatible; AhrefsBot/7.0; +http://ahrefs.com/robot/)" "nobbycosmic.com"
51.222.253.3 - - [21/Feb/2023:11:17:54 -0800] "GET /Homepage/Tickets/BGP/BGPJNR.jpg HTTP/1.1" 200 21674 "-" "Mozilla/5.0 (compatible; AhrefsBot/7.0; +http://ahrefs.com/robot/)" "nobbycosmic.com"
51.222.253.1 - - [21/Feb/2023:11:18:02 -0800] "GET /Homepage/Tickets/BGP/BGPChichibu.jpg HTTP/1.1" 200 24241 "-" "Mozilla/5.0 (compatible; AhrefsBot/7.0; +http://ahrefs.com/robot/)" "nobbycosmic.com"
51.222.253.6 - - [21/Feb/2023:11:18:04 -0800] "GET /Homepage/Tickets/BGP/BGPTobu.jpg HTTP/1.1" 200 22164 "-" "Mozilla/5.0 (compatible; AhrefsBot/7.0; +http://ahrefs.com/robot/)" "nobbycosmic.com"
51.222.253.2 - - [21/Feb/2023:11:18:06 -0800] "GET /Homepage/Tickets/BGP/BGPKeio.jpg HTTP/1.1" 200 25420 "-" "Mozilla/5.0 (compatible; AhrefsBot/7.0; +http://ahrefs.com/robot/)" "nobbycosmic.com"
51.222.253.13 - - [21/Feb/2023:11:18:07 -0800] "GET /Homepage/Tickets/BGP/BGPNagano.jpg HTTP/1.1" 200 27106 "-" "Mozilla/5.0 (compatible; AhrefsBot/7.0; +http://ahrefs.com/robot/)" "nobbycosmic.com"
