173.33.3.232 - - [11/Sep/2022:18:31:15 -0700] "GET /BabyTalks/FTFMemberDistChart.jpg HTTP/1.1" 200 61359 "https://nobbycosmic.com/BabyTalks/BTList.htm" "Mozilla/5.0 (Macintosh; Intel Mac OS X 10_15_7) AppleWebKit/605.1.15 (KHTML, like Gecko) Version/15.6.1 Safari/605.1.15" "nobbycosmic.com"
173.33.3.232 - - [11/Sep/2022:18:31:16 -0700] "GET /favicon.ico HTTP/1.1" 404 88 "https://nobbycosmic.com/BabyTalks/BTList.htm" "Mozilla/5.0 (Macintosh; Intel Mac OS X 10_15_7) AppleWebKit/605.1.15 (KHTML, like Gecko) Version/15.6.1 Safari/605.1.15" "nobbycosmic.com"
173.33.3.232 - - [11/Sep/2022:18:31:52 -0700] "GET /BabyTalks/FTFRule.htm HTTP/1.1" 200 2929 "-" "Mozilla/5.0 (Macintosh; Intel Mac OS X 10_15_7) AppleWebKit/605.1.15 (KHTML, like Gecko) Version/15.6.1 Safari/605.1.15" "nobbycosmic.com"
157.55.39.183 - - [11/Sep/2022:18:36:23 -0700] "GET /Post/JF202102041.pdf HTTP/1.1" 404 88 "-" "Mozilla/5.0 (compatible; bingbot/2.0; +http://www.bing.com/bingbot.htm)" "nobbycosmic.com"
216.244.66.200 - - [11/Sep/2022:18:38:46 -0700] "GET /robots.txt HTTP/1.1" 200 61 "-" "Mozilla/5.0 (compatible; DotBot/1.2; +https://opensiteexplorer.org/dotbot; help@moz.com)" "nobbycosmic.com"
157.55.39.182 - - [11/Sep/2022:19:16:10 -0700] "GET /Temp/Kekkon_in_Toronto_Zadankai.pdf HTTP/1.1" 404 88 "-" "Mozilla/5.0 (compatible; bingbot/2.0; +http://www.bing.com/bingbot.htm)" "www.nobbycosmic.com"
66.249.79.71 - - [11/Sep/2022:19:24:30 -0700] "GET /favicon.ico HTTP/1.1" 404 88 "-" "Googlebot-Image/1.0" "nobbycosmic.com"
37.139.53.10 - - [11/Sep/2022:19:27:44 -0700] "GET /Post/JF202102081.pdf HTTP/1.1" 404 88 "https://nobbycosmic.com/" "Mozilla/5.0 (Windows NT 10.0; Win64; x64) AppleWebKit/537.36 (KHTML, like Gecko) Chrome/103.0.0.0 Safari/537.36 OPR/89.0.4447.51" "nobbycosmic.com"
37.139.53.10 - - [11/Sep/2022:19:27:45 -0700] "GET / HTTP/1.1" 200 3158 "https://nobbycosmic.com" "Mozilla/5.0 (Windows NT 10.0; Win64; x64) AppleWebKit/537.36 (KHTML, like Gecko) Chrome/103.0.0.0 Safari/537.36 OPR/89.0.4447.51" "nobbycosmic.com"
216.244.66.200 - - [11/Sep/2022:19:29:59 -0700] "GET /robots.txt HTTP/1.1" 200 61 "-" "Mozilla/5.0 (compatible; DotBot/1.2; +https://opensiteexplorer.org/dotbot; help@moz.com)" "nobbycosmic.com"
216.244.66.200 - - [11/Sep/2022:19:42:10 -0700] "GET /NJCA/NY12/PicturePages/NYP122.htm HTTP/1.1" 200 3649 "-" "Mozilla/5.0 (compatible; DotBot/1.2; +https://opensiteexplorer.org/dotbot; help@moz.com)" "nobbycosmic.com"
157.55.39.182 - - [11/Sep/2022:19:47:11 -0700] "GET /Utagoe/Pictures/UtagoeSummer2001003W.jpg HTTP/1.1" 200 84747 "-" "Mozilla/5.0 (compatible; bingbot/2.0; +http://www.bing.com/bingbot.htm)" "www.nobbycosmic.com"
17.121.115.146 - - [11/Sep/2022:20:06:25 -0700] "GET /BabyTalks/BTList.htm HTTP/1.1" 200 10238 "-" "Mozilla/5.0 (Macintosh; Intel Mac OS X 10_15_5) AppleWebKit/605.1.15 (KHTML, like Gecko) Version/13.1.1 Safari/605.1.15 (Applebot/0.1; +http://www.apple.com/go/applebot)" "nobbycosmic.com"
216.244.66.200 - - [11/Sep/2022:20:20:26 -0700] "GET /robots.txt HTTP/1.1" 200 61 "-" "Mozilla/5.0 (compatible; DotBot/1.2; +https://opensiteexplorer.org/dotbot; help@moz.com)" "nobbycosmic.com"
157.55.39.183 - - [11/Sep/2022:20:21:42 -0700] "GET /Post/JF20200304.pdf HTTP/1.1" 404 88 "-" "Mozilla/5.0 (compatible; bingbot/2.0; +http://www.bing.com/bingbot.htm)" "nobbycosmic.com"
216.244.66.200 - - [11/Sep/2022:21:10:53 -0700] "GET /robots.txt HTTP/1.1" 200 61 "-" "Mozilla/5.0 (compatible; DotBot/1.2; +https://opensiteexplorer.org/dotbot; help@moz.com)" "nobbycosmic.com"
42.236.10.88 - - [11/Sep/2022:21:14:03 -0700] "GET / HTTP/1.1" 200 3158 "https://www.nobbycosmic.com/" "Mozilla/5.0 (Windows NT 6.1; WOW64) AppleWebKit/537.36 (KHTML, like Gecko) Chrome/50.0.2661.102 Safari/537.36; 360Spider" "www.nobbycosmic.com"
42.236.10.88 - - [11/Sep/2022:21:14:41 -0700] "GET / HTTP/1.1" 200 3158 "https://www.nobbycosmic.com/" "Mozilla/5.0 (Windows NT 6.1; WOW64) AppleWebKit/537.36 (KHTML, like Gecko) Chrome/50.0.2661.102 Safari/537.36; 360Spider" "www.nobbycosmic.com"
42.236.10.120 - - [11/Sep/2022:21:14:58 -0700] "GET / HTTP/1.1" 200 3158 "https://www.nobbycosmic.com/" "Mozilla/5.0 (Windows NT 6.1; WOW64) AppleWebKit/537.36 (KHTML, like Gecko) Chrome/50.0.2661.102 Safari/537.36; 360Spider" "www.nobbycosmic.com"
185.191.171.38 - - [11/Sep/2022:21:50:09 -0700] "GET /robots.txt HTTP/1.1" 200 75 "-" "Mozilla/5.0 (compatible; SemrushBot/7~bl; +http://www.semrush.com/bot.html)" "nobbycosmic.com"
185.191.171.1 - - [11/Sep/2022:21:50:11 -0700] "GET /Utagoe/2013Fall/utagoe201311.htm HTTP/1.1" 200 3908 "-" "Mozilla/5.0 (compatible; SemrushBot/7~bl; +http://www.semrush.com/bot.html)" "nobbycosmic.com"
147.78.47.249 - - [11/Sep/2022:21:51:06 -0700] "GET /_ignition/health-check/ HTTP/1.1" 404 88 "http://nobbycosmic.com/_ignition/health-check/" "Mozilla/5.0 (Windows NT 10.0; Win64; x64) AppleWebKit/537.36 (KHTML, like Gecko) Chrome/105.0.0.0 Safari/537.36" "nobbycosmic.com"
147.78.47.249 - - [11/Sep/2022:21:51:08 -0700] "GET /public/_ignition/health-check/ HTTP/1.1" 404 88 "http://nobbycosmic.com/public/_ignition/health-check/" "Mozilla/5.0 (Windows NT 10.0; Win64; x64) AppleWebKit/537.36 (KHTML, like Gecko) Chrome/105.0.0.0 Safari/537.36" "nobbycosmic.com"
147.78.47.249 - - [11/Sep/2022:21:51:11 -0700] "GET /wp-includes/wlwmanifest.xml HTTP/1.1" 404 88 "http://nobbycosmic.com/wp-includes/wlwmanifest.xml" "Mozilla/5.0 (Windows NT 10.0; Win64; x64) AppleWebKit/537.36 (KHTML, like Gecko) Chrome/105.0.0.0 Safari/537.36" "nobbycosmic.com"
216.244.66.200 - - [11/Sep/2022:22:01:44 -0700] "GET /robots.txt HTTP/1.1" 200 61 "-" "Mozilla/5.0 (compatible; DotBot/1.2; +https://opensiteexplorer.org/dotbot; help@moz.com)" "nobbycosmic.com"
216.244.66.200 - - [11/Sep/2022:22:52:23 -0700] "GET /robots.txt HTTP/1.1" 200 61 "-" "Mozilla/5.0 (compatible; DotBot/1.2; +https://opensiteexplorer.org/dotbot; help@moz.com)" "nobbycosmic.com"
157.55.39.183 - - [11/Sep/2022:23:18:01 -0700] "GET /NJCA/AGM08/?C=M;O=A HTTP/1.1" 200 408 "-" "Mozilla/5.0 (compatible; bingbot/2.0; +http://www.bing.com/bingbot.htm)" "nobbycosmic.com"
216.244.66.200 - - [11/Sep/2022:23:43:25 -0700] "GET /robots.txt HTTP/1.1" 200 61 "-" "Mozilla/5.0 (compatible; DotBot/1.2; +https://opensiteexplorer.org/dotbot; help@moz.com)" "nobbycosmic.com"
40.77.167.96 - - [11/Sep/2022:23:57:36 -0700] "GET /robots.txt HTTP/1.1" 200 75 "-" "Mozilla/5.0 (compatible; bingbot/2.0; +http://www.bing.com/bingbot.htm)" "nobbycosmic.com"
157.55.39.184 - - [12/Sep/2022:00:09:28 -0700] "GET /NJCA/BBQ10/080610_NJCABBQ_4ct1-4_OL.pdf HTTP/1.1" 200 841275 "-" "Mozilla/5.0 (compatible; bingbot/2.0; +http://www.bing.com/bingbot.htm)" "nobbycosmic.com"
157.55.39.183 - - [12/Sep/2022:00:29:48 -0700] "GET /NJCA/AGM06/?S=A HTTP/1.1" 200 395 "-" "Mozilla/5.0 (compatible; bingbot/2.0; +http://www.bing.com/bingbot.htm)" "www.nobbycosmic.com"
40.77.167.96 - - [12/Sep/2022:01:12:43 -0700] "GET /robots.txt HTTP/1.1" 200 75 "-" "Mozilla/5.0 (compatible; bingbot/2.0; +http://www.bing.com/bingbot.htm)" "nobbycosmic.com"
157.55.39.183 - - [12/Sep/2022:01:12:51 -0700] "GET /Post/JF202103192.pdf HTTP/1.1" 404 88 "-" "Mozilla/5.0 AppleWebKit/537.36 (KHTML, like Gecko; compatible; bingbot/2.0; +http://www.bing.com/bingbot.htm) Chrome/103.0.5060.134 Safari/537.36" "nobbycosmic.com"
157.55.39.183 - - [12/Sep/2022:01:17:52 -0700] "GET /Utagoe/2010NJCABBQ/?C=D;O=A HTTP/1.1" 200 479 "-" "Mozilla/5.0 (compatible; bingbot/2.0; +http://www.bing.com/bingbot.htm)" "www.nobbycosmic.com"
34.221.159.235 - - [12/Sep/2022:01:28:04 -0700] "GET / HTTP/1.1" 200 3158 "-" "python-requests/2.21.0" "www.nobbycosmic.com"
157.55.39.184 - - [12/Sep/2022:01:52:28 -0700] "GET /Homepage/Tickets/Keio/Keio2.htm HTTP/1.1" 200 1007 "-" "Mozilla/5.0 (compatible; bingbot/2.0; +http://www.bing.com/bingbot.htm)" "nobbycosmic.com"
185.191.171.38 - - [12/Sep/2022:03:51:26 -0700] "GET /robots.txt HTTP/1.1" 200 75 "-" "Mozilla/5.0 (compatible; SemrushBot/7~bl; +http://www.semrush.com/bot.html)" "nobbycosmic.com"
185.191.171.11 - - [12/Sep/2022:03:51:29 -0700] "GET /Cosmic/Webpage/CosmicwebpageUT.htm HTTP/1.1" 200 823 "-" "Mozilla/5.0 (compatible; SemrushBot/7~bl; +http://www.semrush.com/bot.html)" "nobbycosmic.com"
207.46.13.30 - - [12/Sep/2022:03:54:28 -0700] "GET /Post/JCCC202107301.pdf HTTP/1.1" 404 88 "-" "Mozilla/5.0 (compatible; bingbot/2.0; +http://www.bing.com/bingbot.htm)" "nobbycosmic.com"
185.191.171.35 - - [12/Sep/2022:04:31:47 -0700] "GET /about_us HTTP/1.1" 200 2945 "-" "Mozilla/5.0 (compatible; SemrushBot/7~bl; +http://www.semrush.com/bot.html)" "nobbycosmic.com"
116.179.32.240 - - [12/Sep/2022:05:19:03 -0700] "GET / HTTP/1.1" 200 3158 "-" "Mozilla/5.0 (compatible; Baiduspider/2.0; +http://www.baidu.com/search/spider.html)" "nobbycosmic.com"
116.179.33.20 - - [12/Sep/2022:05:19:04 -0700] "GET /robots.txt HTTP/1.1" 200 75 "-" "Mozilla/5.0 (Windows NT 10.0; WOW64) AppleWebKit/537.36 (KHTML, like Gecko) Chrome/48.0.2564.116 Safari/537.36" "nobbycosmic.com"
116.179.32.29 - - [12/Sep/2022:05:19:05 -0700] "GET / HTTP/1.1" 200 3158 "-" "Mozilla/5.0 (Linux;u;Android 4.2.2;zh-cn;) AppleWebKit/534.46 (KHTML,like Gecko) Version/5.1 Mobile Safari/10600.6.3 (compatible; Baiduspider/2.0; +http://www.baidu.com/search/spider.html)" "nobbycosmic.com"
185.191.171.26 - - [12/Sep/2022:05:25:03 -0700] "GET /robots.txt HTTP/1.1" 200 75 "-" "Mozilla/5.0 (compatible; SemrushBot/7~bl; +http://www.semrush.com/bot.html)" "nobbycosmic.com"
185.191.171.5 - - [12/Sep/2022:05:25:04 -0700] "GET /Utagoe/0811.htm HTTP/1.1" 200 2934 "-" "Mozilla/5.0 (compatible; SemrushBot/7~bl; +http://www.semrush.com/bot.html)" "nobbycosmic.com"
157.55.39.183 - - [12/Sep/2022:05:26:52 -0700] "GET /Utagoe/Ueno2009/2009_0425hankuta090039.JPG HTTP/1.1" 200 46860 "-" "Mozilla/5.0 (compatible; bingbot/2.0; +http://www.bing.com/bingbot.htm)" "nobbycosmic.com"
54.36.148.84 - - [12/Sep/2022:05:36:06 -0700] "GET /robots.txt HTTP/1.1" 200 75 "-" "Mozilla/5.0 (compatible; AhrefsBot/7.0; +http://ahrefs.com/robot/)" "nobbycosmic.com"
51.222.253.6 - - [12/Sep/2022:05:36:07 -0700] "GET / HTTP/1.1" 200 3158 "-" "Mozilla/5.0 (compatible; AhrefsBot/7.0; +http://ahrefs.com/robot/)" "nobbycosmic.com"
216.244.66.200 - - [12/Sep/2022:05:42:48 -0700] "GET /robots.txt HTTP/1.1" 200 61 "-" "Mozilla/5.0 (compatible; DotBot/1.2; +https://opensiteexplorer.org/dotbot; help@moz.com)" "nobbycosmic.com"
207.46.13.34 - - [12/Sep/2022:06:03:25 -0700] "GET /Post/NurseCareerWorkshopFlyer.pdf HTTP/1.1" 404 88 "-" "Mozilla/5.0 (compatible; bingbot/2.0; +http://www.bing.com/bingbot.htm)" "www.nobbycosmic.com"
65.93.221.51 - - [12/Sep/2022:06:03:27 -0700] "GET /BabyTalks/FTFRule.htm HTTP/1.1" 200 2929 "-" "Mozilla/5.0 (Macintosh; Intel Mac OS X 10_13_6) AppleWebKit/605.1.15 (KHTML, like Gecko)" "nobbycosmic.com"
157.55.39.183 - - [12/Sep/2022:06:09:22 -0700] "GET /Homepage/Tickets/Ticket2/TicketA08.jpg HTTP/1.1" 200 20850 "-" "Mozilla/5.0 (compatible; bingbot/2.0; +http://www.bing.com/bingbot.htm)" "nobbycosmic.com"
157.55.39.184 - - [12/Sep/2022:06:30:23 -0700] "GET /Homepage/Tickets/Ticket2/Ticket235.jpg HTTP/1.1" 200 23661 "-" "Mozilla/5.0 (compatible; bingbot/2.0; +http://www.bing.com/bingbot.htm)" "nobbycosmic.com"
207.46.13.34 - - [12/Sep/2022:06:36:16 -0700] "GET /Homepage/Tickets/Ticket2/TicketA06.jpg HTTP/1.1" 200 21117 "-" "Mozilla/5.0 (compatible; bingbot/2.0; +http://www.bing.com/bingbot.htm)" "nobbycosmic.com"
157.55.39.183 - - [12/Sep/2022:06:39:10 -0700] "GET /Utagoe/1011.htm HTTP/1.1" 200 2545 "-" "Mozilla/5.0 (compatible; bingbot/2.0; +http://www.bing.com/bingbot.htm)" "nobbycosmic.com"
74.116.217.79 - - [12/Sep/2022:06:53:19 -0700] "GET /BabyTalks/BTList.htm HTTP/1.1" 200 10238 "-" "Mozilla/5.0 (Windows NT 10.0; Win64; x64) AppleWebKit/537.36 (KHTML, like Gecko) Chrome/105.0.0.0 Safari/537.36" "nobbycosmic.com"
74.116.217.79 - - [12/Sep/2022:06:53:19 -0700] "GET /BabyTalks/BTFBanner1.jpg HTTP/1.1" 200 9524 "https://nobbycosmic.com/BabyTalks/BTList.htm" "Mozilla/5.0 (Windows NT 10.0; Win64; x64) AppleWebKit/537.36 (KHTML, like Gecko) Chrome/105.0.0.0 Safari/537.36" "nobbycosmic.com"
74.116.217.79 - - [12/Sep/2022:06:53:19 -0700] "GET /BabyTalks/hiyoko.gif HTTP/1.1" 200 10361 "https://nobbycosmic.com/BabyTalks/BTList.htm" "Mozilla/5.0 (Windows NT 10.0; Win64; x64) AppleWebKit/537.36 (KHTML, like Gecko) Chrome/105.0.0.0 Safari/537.36" "nobbycosmic.com"
74.116.217.79 - - [12/Sep/2022:06:53:19 -0700] "GET /BabyTalks/BTFBanner2.jpg HTTP/1.1" 200 4273 "https://nobbycosmic.com/BabyTalks/BTList.htm" "Mozilla/5.0 (Windows NT 10.0; Win64; x64) AppleWebKit/537.36 (KHTML, like Gecko) Chrome/105.0.0.0 Safari/537.36" "nobbycosmic.com"
74.116.217.79 - - [12/Sep/2022:06:53:19 -0700] "GET /BabyTalks/Group.jpg HTTP/1.1" 200 54379 "https://nobbycosmic.com/BabyTalks/BTList.htm" "Mozilla/5.0 (Windows NT 10.0; Win64; x64) AppleWebKit/537.36 (KHTML, like Gecko) Chrome/105.0.0.0 Safari/537.36" "nobbycosmic.com"
74.116.217.79 - - [12/Sep/2022:06:53:19 -0700] "GET /BabyTalks/SakuraMark2.jpg HTTP/1.1" 200 933 "https://nobbycosmic.com/BabyTalks/BTList.htm" "Mozilla/5.0 (Windows NT 10.0; Win64; x64) AppleWebKit/537.36 (KHTML, like Gecko) Chrome/105.0.0.0 Safari/537.36" "nobbycosmic.com"
74.116.217.79 - - [12/Sep/2022:06:53:19 -0700] "GET /BabyTalks/FTFMemberDistChart.jpg HTTP/1.1" 200 61359 "https://nobbycosmic.com/BabyTalks/BTList.htm" "Mozilla/5.0 (Windows NT 10.0; Win64; x64) AppleWebKit/537.36 (KHTML, like Gecko) Chrome/105.0.0.0 Safari/537.36" "nobbycosmic.com"
74.116.217.79 - - [12/Sep/2022:06:53:19 -0700] "GET /BabyTalks/blue_next.gif HTTP/1.1" 200 138 "https://nobbycosmic.com/BabyTalks/BTList.htm" "Mozilla/5.0 (Windows NT 10.0; Win64; x64) AppleWebKit/537.36 (KHTML, like Gecko) Chrome/105.0.0.0 Safari/537.36" "nobbycosmic.com"
74.116.217.79 - - [12/Sep/2022:06:53:20 -0700] "GET /favicon.ico HTTP/1.1" 404 88 "https://nobbycosmic.com/BabyTalks/BTList.htm" "Mozilla/5.0 (Windows NT 10.0; Win64; x64) AppleWebKit/537.36 (KHTML, like Gecko) Chrome/105.0.0.0 Safari/537.36" "nobbycosmic.com"
74.116.217.79 - - [12/Sep/2022:06:53:46 -0700] "GET /BabyTalks/FTFMember/Content.htm HTTP/1.1" 401 90 "https://nobbycosmic.com/BabyTalks/BTList.htm" "Mozilla/5.0 (Windows NT 10.0; Win64; x64) AppleWebKit/537.36 (KHTML, like Gecko) Chrome/105.0.0.0 Safari/537.36" "nobbycosmic.com"
74.116.217.79 - FTF [12/Sep/2022:06:53:55 -0700] "GET /BabyTalks/FTFMember/Content.htm HTTP/1.1" 200 6659 "https://nobbycosmic.com/BabyTalks/BTList.htm" "Mozilla/5.0 (Windows NT 10.0; Win64; x64) AppleWebKit/537.36 (KHTML, like Gecko) Chrome/105.0.0.0 Safari/537.36" "nobbycosmic.com"
74.116.217.79 - FTF [12/Sep/2022:06:53:55 -0700] "GET /BabyTalks/FTFMember/hiyoko.gif HTTP/1.1" 200 10361 "https://nobbycosmic.com/BabyTalks/FTFMember/Content.htm" "Mozilla/5.0 (Windows NT 10.0; Win64; x64) AppleWebKit/537.36 (KHTML, like Gecko) Chrome/105.0.0.0 Safari/537.36" "nobbycosmic.com"
74.116.217.79 - FTF [12/Sep/2022:06:54:45 -0700] "GET /BabyTalks/FTFMember/JSS1.htm HTTP/1.1" 200 1865 "https://nobbycosmic.com/BabyTalks/FTFMember/Content.htm" "Mozilla/5.0 (Windows NT 10.0; Win64; x64) AppleWebKit/537.36 (KHTML, like Gecko) Chrome/105.0.0.0 Safari/537.36" "nobbycosmic.com"
74.116.217.79 - FTF [12/Sep/2022:06:55:03 -0700] "GET /BabyTalks/FTFMember/Medicine.htm HTTP/1.1" 200 2005 "https://nobbycosmic.com/BabyTalks/FTFMember/Content.htm" "Mozilla/5.0 (Windows NT 10.0; Win64; x64) AppleWebKit/537.36 (KHTML, like Gecko) Chrome/105.0.0.0 Safari/537.36" "nobbycosmic.com"
185.191.171.21 - - [12/Sep/2022:06:55:54 -0700] "GET /robots.txt HTTP/1.1" 200 75 "-" "Mozilla/5.0 (compatible; SemrushBot/7~bl; +http://www.semrush.com/bot.html)" "nobbycosmic.com"
185.191.171.8 - - [12/Sep/2022:06:55:55 -0700] "GET /home HTTP/1.1" 200 3157 "-" "Mozilla/5.0 (compatible; SemrushBot/7~bl; +http://www.semrush.com/bot.html)" "nobbycosmic.com"
74.116.217.79 - FTF [12/Sep/2022:06:56:36 -0700] "GET /BabyTalks/FTFMember/TorontoCHC_Japanese.pdf HTTP/1.1" 200 378147 "https://nobbycosmic.com/BabyTalks/FTFMember/Content.htm" "Mozilla/5.0 (Windows NT 10.0; Win64; x64) AppleWebKit/537.36 (KHTML, like Gecko) Chrome/105.0.0.0 Safari/537.36" "nobbycosmic.com"
185.191.171.33 - - [12/Sep/2022:07:39:43 -0700] "GET /Utagoe/0502.htm HTTP/1.1" 200 2265 "-" "Mozilla/5.0 (compatible; SemrushBot/7~bl; +http://www.semrush.com/bot.html)" "nobbycosmic.com"
185.191.171.39 - - [12/Sep/2022:08:12:40 -0700] "GET /robots.txt HTTP/1.1" 200 75 "-" "Mozilla/5.0 (compatible; SemrushBot/7~bl; +http://www.semrush.com/bot.html)" "nobbycosmic.com"
185.191.171.38 - - [12/Sep/2022:08:12:40 -0700] "GET /Utagoe/0602.htm HTTP/1.1" 200 2446 "-" "Mozilla/5.0 (compatible; SemrushBot/7~bl; +http://www.semrush.com/bot.html)" "nobbycosmic.com"
157.55.39.184 - - [12/Sep/2022:08:50:08 -0700] "GET /Utagoe/Shinjuku2007/Shinjuku2007.htm HTTP/1.1" 200 2079 "-" "Mozilla/5.0 (compatible; bingbot/2.0; +http://www.bing.com/bingbot.htm)" "nobbycosmic.com"
99.244.210.4 - - [12/Sep/2022:09:00:41 -0700] "GET /BabyTalks/BTList.htm HTTP/1.1" 200 10238 "-" "Mozilla/5.0 (Windows NT 10.0; Win64; x64) AppleWebKit/537.36 (KHTML, like Gecko) Chrome/105.0.0.0 Safari/537.36 Edg/105.0.1343.33" "nobbycosmic.com"
99.244.210.4 - - [12/Sep/2022:09:00:42 -0700] "GET /BabyTalks/BTFBanner1.jpg HTTP/1.1" 200 9524 "https://nobbycosmic.com/BabyTalks/BTList.htm" "Mozilla/5.0 (Windows NT 10.0; Win64; x64) AppleWebKit/537.36 (KHTML, like Gecko) Chrome/105.0.0.0 Safari/537.36 Edg/105.0.1343.33" "nobbycosmic.com"
99.244.210.4 - - [12/Sep/2022:09:00:42 -0700] "GET /BabyTalks/BTFBanner2.jpg HTTP/1.1" 200 4273 "https://nobbycosmic.com/BabyTalks/BTList.htm" "Mozilla/5.0 (Windows NT 10.0; Win64; x64) AppleWebKit/537.36 (KHTML, like Gecko) Chrome/105.0.0.0 Safari/537.36 Edg/105.0.1343.33" "nobbycosmic.com"
99.244.210.4 - - [12/Sep/2022:09:00:42 -0700] "GET /BabyTalks/SakuraMark2.jpg HTTP/1.1" 200 933 "https://nobbycosmic.com/BabyTalks/BTList.htm" "Mozilla/5.0 (Windows NT 10.0; Win64; x64) AppleWebKit/537.36 (KHTML, like Gecko) Chrome/105.0.0.0 Safari/537.36 Edg/105.0.1343.33" "nobbycosmic.com"
99.244.210.4 - - [12/Sep/2022:09:00:42 -0700] "GET /BabyTalks/hiyoko.gif HTTP/1.1" 200 10361 "https://nobbycosmic.com/BabyTalks/BTList.htm" "Mozilla/5.0 (Windows NT 10.0; Win64; x64) AppleWebKit/537.36 (KHTML, like Gecko) Chrome/105.0.0.0 Safari/537.36 Edg/105.0.1343.33" "nobbycosmic.com"
99.244.210.4 - - [12/Sep/2022:09:00:42 -0700] "GET /BabyTalks/blue_next.gif HTTP/1.1" 200 138 "https://nobbycosmic.com/BabyTalks/BTList.htm" "Mozilla/5.0 (Windows NT 10.0; Win64; x64) AppleWebKit/537.36 (KHTML, like Gecko) Chrome/105.0.0.0 Safari/537.36 Edg/105.0.1343.33" "nobbycosmic.com"
99.244.210.4 - - [12/Sep/2022:09:00:42 -0700] "GET /BabyTalks/Group.jpg HTTP/1.1" 200 54379 "https://nobbycosmic.com/BabyTalks/BTList.htm" "Mozilla/5.0 (Windows NT 10.0; Win64; x64) AppleWebKit/537.36 (KHTML, like Gecko) Chrome/105.0.0.0 Safari/537.36 Edg/105.0.1343.33" "nobbycosmic.com"
99.244.210.4 - - [12/Sep/2022:09:00:57 -0700] "GET /BabyTalks/FTFMemberDistChart.jpg HTTP/1.1" 200 61359 "https://nobbycosmic.com/BabyTalks/BTList.htm" "Mozilla/5.0 (Windows NT 10.0; Win64; x64) AppleWebKit/537.36 (KHTML, like Gecko) Chrome/105.0.0.0 Safari/537.36 Edg/105.0.1343.33" "nobbycosmic.com"
99.244.210.4 - - [12/Sep/2022:09:00:58 -0700] "GET /favicon.ico HTTP/1.1" 404 88 "https://nobbycosmic.com/BabyTalks/BTList.htm" "Mozilla/5.0 (Windows NT 10.0; Win64; x64) AppleWebKit/537.36 (KHTML, like Gecko) Chrome/105.0.0.0 Safari/537.36 Edg/105.0.1343.33" "nobbycosmic.com"
99.244.210.4 - - [12/Sep/2022:09:01:27 -0700] "GET /BabyTalks/FTFMember/MemberLists/FTFMemberListABC.htm HTTP/1.1" 401 90 "https://nobbycosmic.com/BabyTalks/BTList.htm" "Mozilla/5.0 (Windows NT 10.0; Win64; x64) AppleWebKit/537.36 (KHTML, like Gecko) Chrome/105.0.0.0 Safari/537.36 Edg/105.0.1343.33" "nobbycosmic.com"
185.191.171.2 - - [12/Sep/2022:09:01:55 -0700] "GET /Utagoe/1011.htm HTTP/1.1" 200 2545 "-" "Mozilla/5.0 (compatible; SemrushBot/7~bl; +http://www.semrush.com/bot.html)" "nobbycosmic.com"
99.244.210.4 - FTF [12/Sep/2022:09:02:01 -0700] "GET /BabyTalks/FTFMember/MemberLists/FTFMemberListABC.htm HTTP/1.1" 200 64178 "https://nobbycosmic.com/BabyTalks/BTList.htm" "Mozilla/5.0 (Windows NT 10.0; Win64; x64) AppleWebKit/537.36 (KHTML, like Gecko) Chrome/105.0.0.0 Safari/537.36 Edg/105.0.1343.33" "nobbycosmic.com"
147.92.179.116 - - [12/Sep/2022:09:20:02 -0700] "GET /Utagoe/Utagoe.htm HTTP/1.1" 200 3880 "-" "facebookexternalhit/1.1;line-poker/1.0" "nobbycosmic.com"
147.92.179.116 - - [12/Sep/2022:09:20:03 -0700] "GET /Utagoe/utagoe2.jpg HTTP/1.1" 200 16544 "-" "facebookexternalhit/1.1;line-poker/1.0" "nobbycosmic.com"
147.92.179.116 - - [12/Sep/2022:09:20:04 -0700] "GET /Utagoe/utagoe2.jpg HTTP/1.1" 200 16544 "-" "facebookexternalhit/1.1;line-poker/1.0" "nobbycosmic.com"
1.192.195.11 - - [12/Sep/2022:09:24:46 -0700] "GET /Utagoe/2013Summer/utagoe201308.htm HTTP/1.1" 200 3159 "https://nobbycosmic.com/Utagoe/2013Summer/utagoe201308.htm" "Mozilla/5.0(compatible;MSIE9.0;WindowsNT6.1;Trident/5.0)" "nobbycosmic.com"
1.192.195.11 - - [12/Sep/2022:09:25:04 -0700] "GET /Utagoe/1002.htm HTTP/1.1" 200 2553 "https://nobbycosmic.com/Utagoe/1002.htm" "Mozilla/5.0(compatible;MSIE9.0;WindowsNT6.1;Trident/5.0)" "nobbycosmic.com"
1.192.195.5 - - [12/Sep/2022:09:26:08 -0700] "GET /Utagoe/0905.htm HTTP/1.1" 200 3026 "https://nobbycosmic.com/Utagoe/0905.htm" "Mozilla/5.0(compatible;MSIE9.0;WindowsNT6.1;Trident/5.0)" "nobbycosmic.com"
1.192.192.4 - - [12/Sep/2022:09:26:30 -0700] "GET /Utagoe/Utagoe201102.htm HTTP/1.1" 200 3305 "https://nobbycosmic.com/Utagoe/Utagoe201102.htm" "Mozilla/5.0(compatible;MSIE9.0;WindowsNT6.1;Trident/5.0)" "nobbycosmic.com"
157.55.39.184 - - [12/Sep/2022:09:34:00 -0700] "GET /Post/JF202209081.pdf HTTP/1.1" 200 19490561 "-" "Mozilla/5.0 (compatible; bingbot/2.0; +http://www.bing.com/bingbot.htm)" "nobbycosmic.com"
40.77.139.90 - - [12/Sep/2022:09:34:19 -0700] "GET /Post/JF202209081.pdf HTTP/1.1" 200 19490561 "-" "Mozilla/5.0 (Windows NT 6.1; WOW64) AppleWebKit/534+ (KHTML, like Gecko) BingPreview/1.0b" "nobbycosmic.com"
185.191.171.13 - - [12/Sep/2022:09:35:34 -0700] "GET /robots.txt HTTP/1.1" 200 75 "-" "Mozilla/5.0 (compatible; SemrushBot/7~bl; +http://www.semrush.com/bot.html)" "nobbycosmic.com"
185.191.171.35 - - [12/Sep/2022:09:35:35 -0700] "GET /Utagoe/1008.htm HTTP/1.1" 200 2813 "-" "Mozilla/5.0 (compatible; SemrushBot/7~bl; +http://www.semrush.com/bot.html)" "nobbycosmic.com"
185.191.171.18 - - [12/Sep/2022:10:12:49 -0700] "GET /Utagoe/2017Spring/Utagoe201705.htm HTTP/1.1" 200 4051 "-" "Mozilla/5.0 (compatible; SemrushBot/7~bl; +http://www.semrush.com/bot.html)" "nobbycosmic.com"
185.191.171.15 - - [12/Sep/2022:10:55:02 -0700] "GET /robots.txt HTTP/1.1" 200 75 "-" "Mozilla/5.0 (compatible; SemrushBot/7~bl; +http://www.semrush.com/bot.html)" "nobbycosmic.com"
185.191.171.39 - - [12/Sep/2022:10:55:04 -0700] "GET /NJCA/NY09/NYP091.htm HTTP/1.1" 200 1452 "-" "Mozilla/5.0 (compatible; SemrushBot/7~bl; +http://www.semrush.com/bot.html)" "nobbycosmic.com"
185.191.171.17 - - [12/Sep/2022:10:58:45 -0700] "GET /Cosmic/Post/Eclipse2017.htm HTTP/1.1" 200 5338 "-" "Mozilla/5.0 (compatible; SemrushBot/7~bl; +http://www.semrush.com/bot.html)" "nobbycosmic.com"
185.191.171.4 - - [12/Sep/2022:11:01:24 -0700] "GET /NJCA/NY12/PicturePages/NYP122.htm HTTP/1.1" 200 1317 "-" "Mozilla/5.0 (compatible; SemrushBot/7~bl; +http://www.semrush.com/bot.html)" "nobbycosmic.com"
185.191.171.41 - - [12/Sep/2022:11:02:37 -0700] "GET /NJCA/NY09/NYReview2009.htm HTTP/1.1" 200 1742 "-" "Mozilla/5.0 (compatible; SemrushBot/7~bl; +http://www.semrush.com/bot.html)" "nobbycosmic.com"
185.191.171.36 - - [12/Sep/2022:11:14:49 -0700] "GET /Utagoe/2022Summer/Utagoe202208.htm HTTP/1.1" 200 2832 "-" "Mozilla/5.0 (compatible; SemrushBot/7~bl; +http://www.semrush.com/bot.html)" "nobbycosmic.com"
149.129.181.108 - - [12/Sep/2022:11:20:35 -0700] "GET /wp-login.php HTTP/1.1" 404 88 "http://nobbycosmic.com/wp-login.php" "Mozilla/5.0 (Windows NT 10.0; Win64; x64; rv:96.0) Gecko/20100101 Firefox/96" "nobbycosmic.com"
185.191.171.22 - - [12/Sep/2022:11:22:10 -0700] "GET /Utagoe/0808.htm HTTP/1.1" 200 2600 "-" "Mozilla/5.0 (compatible; SemrushBot/7~bl; +http://www.semrush.com/bot.html)" "nobbycosmic.com"
114.119.136.99 - - [12/Sep/2022:11:37:33 -0700] "GET /robots.txt HTTP/1.1" 200 75 "-" "Mozilla/5.0 (compatible;PetalBot;+https://webmaster.petalsearch.com/site/petalbot)" "www.nobbycosmic.com"
64.229.84.90 - - [12/Sep/2022:11:39:27 -0700] "GET /BabyTalks/BTList.htm HTTP/1.1" 304 - "android-app://com.google.android.gm/" "Mozilla/5.0 (Linux; Android 12; SM-G970W) AppleWebKit/537.36 (KHTML, like Gecko) Chrome/105.0.0.0 Mobile Safari/537.36" "nobbycosmic.com"
64.229.84.90 - - [12/Sep/2022:11:39:28 -0700] "GET /favicon.ico HTTP/1.1" 404 88 "https://nobbycosmic.com/BabyTalks/BTList.htm" "Mozilla/5.0 (Linux; Android 12; SM-G970W) AppleWebKit/537.36 (KHTML, like Gecko) Chrome/105.0.0.0 Mobile Safari/537.36" "nobbycosmic.com"
64.229.84.90 - - [12/Sep/2022:11:39:38 -0700] "GET /BabyTalks/FTFMember/MemberLists/FTFMemberListPCD.htm HTTP/1.1" 401 90 "https://nobbycosmic.com/BabyTalks/BTList.htm" "Mozilla/5.0 (Linux; Android 12; SM-G970W) AppleWebKit/537.36 (KHTML, like Gecko) Chrome/105.0.0.0 Mobile Safari/537.36" "nobbycosmic.com"
64.229.84.90 - FTF [12/Sep/2022:11:39:40 -0700] "GET /BabyTalks/FTFMember/MemberLists/FTFMemberListPCD.htm HTTP/1.1" 304 - "https://nobbycosmic.com/BabyTalks/BTList.htm" "Mozilla/5.0 (Linux; Android 12; SM-G970W) AppleWebKit/537.36 (KHTML, like Gecko) Chrome/105.0.0.0 Mobile Safari/537.36" "nobbycosmic.com"
194.38.20.161 - - [12/Sep/2022:11:41:33 -0700] "GET /wp-content/plugins/secure-file-manager/vendor/elfinder/php/connector.minimal.php HTTP/1.1" 404 73 "-" "ALittle Client" "nobbycosmic.com"
207.46.13.30 - - [12/Sep/2022:11:42:52 -0700] "GET /Homepage/Tickets/Chika/Chika.htm HTTP/1.1" 200 1875 "-" "Mozilla/5.0 (compatible; bingbot/2.0; +http://www.bing.com/bingbot.htm)" "nobbycosmic.com"
185.191.171.35 - - [12/Sep/2022:11:47:35 -0700] "GET /about_us HTTP/1.1" 200 2945 "-" "Mozilla/5.0 (compatible; SemrushBot/7~bl; +http://www.semrush.com/bot.html)" "nobbycosmic.com"
185.191.171.16 - - [12/Sep/2022:11:47:47 -0700] "GET /Utagoe/0111.htm HTTP/1.1" 200 1196 "-" "Mozilla/5.0 (compatible; SemrushBot/7~bl; +http://www.semrush.com/bot.html)" "nobbycosmic.com"
185.191.171.39 - - [12/Sep/2022:11:48:03 -0700] "GET /2012/Card12/Ecard2012.htm HTTP/1.1" 404 88 "-" "Mozilla/5.0 (compatible; SemrushBot/7~bl; +http://www.semrush.com/bot.html)" "nobbycosmic.com"
51.222.253.16 - - [12/Sep/2022:11:48:09 -0700] "GET /robots.txt HTTP/1.1" 200 75 "-" "Mozilla/5.0 (compatible; AhrefsBot/7.0; +http://ahrefs.com/robot/)" "nobbycosmic.com"
185.191.171.9 - - [12/Sep/2022:11:51:10 -0700] "GET /services HTTP/1.1" 200 2996 "-" "Mozilla/5.0 (compatible; SemrushBot/7~bl; +http://www.semrush.com/bot.html)" "nobbycosmic.com"
185.191.171.6 - - [12/Sep/2022:12:17:57 -0700] "GET /robots.txt HTTP/1.1" 200 75 "-" "Mozilla/5.0 (compatible; SemrushBot/7~bl; +http://www.semrush.com/bot.html)" "nobbycosmic.com"
185.191.171.42 - - [12/Sep/2022:12:17:57 -0700] "GET /Utagoe/0108.htm HTTP/1.1" 200 1478 "-" "Mozilla/5.0 (compatible; SemrushBot/7~bl; +http://www.semrush.com/bot.html)" "nobbycosmic.com"
185.191.171.38 - - [12/Sep/2022:12:28:24 -0700] "GET /Utagoe/0905.htm HTTP/1.1" 200 3026 "-" "Mozilla/5.0 (compatible; SemrushBot/7~bl; +http://www.semrush.com/bot.html)" "nobbycosmic.com"
185.191.171.34 - - [12/Sep/2022:12:33:36 -0700] "GET /Utagoe/2013Fall/utagoe201311.htm HTTP/1.1" 200 3908 "-" "Mozilla/5.0 (compatible; SemrushBot/7~bl; +http://www.semrush.com/bot.html)" "nobbycosmic.com"
185.191.171.2 - - [12/Sep/2022:12:35:15 -0700] "GET /NJCA/BBQ11/BBQPicture20112.htm HTTP/1.1" 200 1398 "-" "Mozilla/5.0 (compatible; SemrushBot/7~bl; +http://www.semrush.com/bot.html)" "nobbycosmic.com"
207.46.13.34 - - [12/Sep/2022:12:40:02 -0700] "GET /Utagoe/2013Summer/2013Utagoe081.jpg HTTP/1.1" 200 53239 "-" "Mozilla/5.0 (compatible; bingbot/2.0; +http://www.bing.com/bingbot.htm)" "www.nobbycosmic.com"
185.191.171.26 - - [12/Sep/2022:12:47:26 -0700] "GET /Utagoe/0708.htm HTTP/1.1" 200 3087 "-" "Mozilla/5.0 (compatible; SemrushBot/7~bl; +http://www.semrush.com/bot.html)" "nobbycosmic.com"
185.191.171.24 - - [12/Sep/2022:12:47:33 -0700] "GET /Utagoe/Utagoe.htm HTTP/1.1" 200 3880 "-" "Mozilla/5.0 (compatible; SemrushBot/7~bl; +http://www.semrush.com/bot.html)" "nobbycosmic.com"
185.191.171.45 - - [12/Sep/2022:13:09:14 -0700] "GET /Utagoe/15/?C=N%3BO%3DD HTTP/1.1" 200 659 "-" "Mozilla/5.0 (compatible; SemrushBot/7~bl; +http://www.semrush.com/bot.html)" "nobbycosmic.com"
185.191.171.34 - - [12/Sep/2022:13:10:42 -0700] "GET /Utagoe/Utagoe.htm HTTP/1.1" 200 3880 "-" "Mozilla/5.0 (compatible; SemrushBot/7~bl; +http://www.semrush.com/bot.html)" "nobbycosmic.com"
157.55.39.183 - - [12/Sep/2022:13:12:26 -0700] "GET /BabyTalks/SPF/SPFBasic2.htm HTTP/1.1" 200 2902 "-" "Mozilla/5.0 AppleWebKit/537.36 (KHTML, like Gecko; compatible; bingbot/2.0; +http://www.bing.com/bingbot.htm) Chrome/103.0.5060.134 Safari/537.36" "nobbycosmic.com"
174.26.93.80 - - [12/Sep/2022:13:12:28 -0700] "GET /BabyTalks/BTList.htm HTTP/1.1" 200 10238 "-" "Mozilla/5.0 (iPhone; CPU iPhone OS 15_6_1 like Mac OS X) AppleWebKit/605.1.15 (KHTML, like Gecko) Version/15.6.1 Mobile/15E148 Safari/604.1" "nobbycosmic.com"
174.26.93.80 - - [12/Sep/2022:13:12:28 -0700] "GET /BabyTalks/BTFBanner2.jpg HTTP/1.1" 200 4273 "https://nobbycosmic.com/BabyTalks/BTList.htm" "Mozilla/5.0 (iPhone; CPU iPhone OS 15_6_1 like Mac OS X) AppleWebKit/605.1.15 (KHTML, like Gecko) Version/15.6.1 Mobile/15E148 Safari/604.1" "nobbycosmic.com"
174.26.93.80 - - [12/Sep/2022:13:12:28 -0700] "GET /BabyTalks/hiyoko.gif HTTP/1.1" 200 10361 "https://nobbycosmic.com/BabyTalks/BTList.htm" "Mozilla/5.0 (iPhone; CPU iPhone OS 15_6_1 like Mac OS X) AppleWebKit/605.1.15 (KHTML, like Gecko) Version/15.6.1 Mobile/15E148 Safari/604.1" "nobbycosmic.com"
174.26.93.80 - - [12/Sep/2022:13:12:28 -0700] "GET /BabyTalks/Group.jpg HTTP/1.1" 200 54379 "https://nobbycosmic.com/BabyTalks/BTList.htm" "Mozilla/5.0 (iPhone; CPU iPhone OS 15_6_1 like Mac OS X) AppleWebKit/605.1.15 (KHTML, like Gecko) Version/15.6.1 Mobile/15E148 Safari/604.1" "nobbycosmic.com"
174.26.93.80 - - [12/Sep/2022:13:12:28 -0700] "GET /BabyTalks/BTFBanner1.jpg HTTP/1.1" 200 9524 "https://nobbycosmic.com/BabyTalks/BTList.htm" "Mozilla/5.0 (iPhone; CPU iPhone OS 15_6_1 like Mac OS X) AppleWebKit/605.1.15 (KHTML, like Gecko) Version/15.6.1 Mobile/15E148 Safari/604.1" "nobbycosmic.com"
174.26.93.80 - - [12/Sep/2022:13:12:28 -0700] "GET /BabyTalks/blue_next.gif HTTP/1.1" 200 138 "https://nobbycosmic.com/BabyTalks/BTList.htm" "Mozilla/5.0 (iPhone; CPU iPhone OS 15_6_1 like Mac OS X) AppleWebKit/605.1.15 (KHTML, like Gecko) Version/15.6.1 Mobile/15E148 Safari/604.1" "nobbycosmic.com"
174.26.93.80 - - [12/Sep/2022:13:12:28 -0700] "GET /BabyTalks/SakuraMark2.jpg HTTP/1.1" 200 933 "https://nobbycosmic.com/BabyTalks/BTList.htm" "Mozilla/5.0 (iPhone; CPU iPhone OS 15_6_1 like Mac OS X) AppleWebKit/605.1.15 (KHTML, like Gecko) Version/15.6.1 Mobile/15E148 Safari/604.1" "nobbycosmic.com"
174.26.93.80 - - [12/Sep/2022:13:12:28 -0700] "GET /BabyTalks/FTFMemberDistChart.jpg HTTP/1.1" 200 61359 "https://nobbycosmic.com/BabyTalks/BTList.htm" "Mozilla/5.0 (iPhone; CPU iPhone OS 15_6_1 like Mac OS X) AppleWebKit/605.1.15 (KHTML, like Gecko) Version/15.6.1 Mobile/15E148 Safari/604.1" "nobbycosmic.com"
174.26.93.80 - - [12/Sep/2022:13:12:29 -0700] "GET /favicon.ico HTTP/1.1" 404 88 "https://nobbycosmic.com/BabyTalks/BTList.htm" "Mozilla/5.0 (iPhone; CPU iPhone OS 15_6_1 like Mac OS X) AppleWebKit/605.1.15 (KHTML, like Gecko) Version/15.6.1 Mobile/15E148 Safari/604.1" "nobbycosmic.com"
185.191.171.8 - - [12/Sep/2022:13:14:03 -0700] "GET /Utagoe/2019Winter/Utagoe201902.htm HTTP/1.1" 200 2555 "-" "Mozilla/5.0 (compatible; SemrushBot/7~bl; +http://www.semrush.com/bot.html)" "nobbycosmic.com"
157.55.39.183 - - [12/Sep/2022:13:14:08 -0700] "GET /Post/JF202108192.pdf HTTP/1.1" 404 88 "-" "Mozilla/5.0 (compatible; bingbot/2.0; +http://www.bing.com/bingbot.htm)" "nobbycosmic.com"
207.46.13.34 - - [12/Sep/2022:13:19:36 -0700] "GET /Utagoe/Pictures/?C=S;O=A HTTP/1.1" 200 951 "-" "Mozilla/5.0 (compatible; bingbot/2.0; +http://www.bing.com/bingbot.htm)" "nobbycosmic.com"
174.26.93.80 - - [12/Sep/2022:13:25:19 -0700] "GET /BabyTalks/FTFMember/Content.htm HTTP/1.1" 401 90 "https://nobbycosmic.com/BabyTalks/BTList.htm" "Mozilla/5.0 (iPhone; CPU iPhone OS 15_6_1 like Mac OS X) AppleWebKit/605.1.15 (KHTML, like Gecko) Version/15.6.1 Mobile/15E148 Safari/604.1" "nobbycosmic.com"
174.26.93.80 - - [12/Sep/2022:13:25:40 -0700] "GET /BabyTalks/FTFMember/Events/NY12/PicturePages/NYP12.htm HTTP/1.1" 401 90 "-" "Mozilla/5.0 (iPhone; CPU iPhone OS 15_6_1 like Mac OS X) AppleWebKit/605.1.15 (KHTML, like Gecko) Version/15.6.1 Mobile/15E148 Safari/604.1" "nobbycosmic.com"
67.69.69.254 - - [12/Sep/2022:13:31:40 -0700] "GET /BabyTalks/BTFLeaf.pdf HTTP/1.1" 200 187997 "https://www.google.com/" "Mozilla/5.0 (Linux; Android 8.0.0; F8131) AppleWebKit/537.36 (KHTML, like Gecko) Chrome/105.0.0.0 Mobile Safari/537.36" "nobbycosmic.com"
67.69.69.254 - - [12/Sep/2022:13:32:11 -0700] "GET /BabyTalks/BTList.htm HTTP/1.1" 200 10238 "-" "Mozilla/5.0 (Linux; Android 8.0.0; F8131) AppleWebKit/537.36 (KHTML, like Gecko) Chrome/105.0.0.0 Mobile Safari/537.36" "nobbycosmic.com"
67.69.69.254 - - [12/Sep/2022:13:32:11 -0700] "GET /BabyTalks/hiyoko.gif HTTP/1.1" 200 10361 "https://nobbycosmic.com/BabyTalks/BTList.htm" "Mozilla/5.0 (Linux; Android 8.0.0; F8131) AppleWebKit/537.36 (KHTML, like Gecko) Chrome/105.0.0.0 Mobile Safari/537.36" "nobbycosmic.com"
67.69.69.254 - - [12/Sep/2022:13:32:11 -0700] "GET /BabyTalks/BTFBanner1.jpg HTTP/1.1" 200 9524 "https://nobbycosmic.com/BabyTalks/BTList.htm" "Mozilla/5.0 (Linux; Android 8.0.0; F8131) AppleWebKit/537.36 (KHTML, like Gecko) Chrome/105.0.0.0 Mobile Safari/537.36" "nobbycosmic.com"
67.69.69.254 - - [12/Sep/2022:13:32:11 -0700] "GET /BabyTalks/Group.jpg HTTP/1.1" 200 54379 "https://nobbycosmic.com/BabyTalks/BTList.htm" "Mozilla/5.0 (Linux; Android 8.0.0; F8131) AppleWebKit/537.36 (KHTML, like Gecko) Chrome/105.0.0.0 Mobile Safari/537.36" "nobbycosmic.com"
67.69.69.254 - - [12/Sep/2022:13:32:11 -0700] "GET /BabyTalks/BTFBanner2.jpg HTTP/1.1" 200 4273 "https://nobbycosmic.com/BabyTalks/BTList.htm" "Mozilla/5.0 (Linux; Android 8.0.0; F8131) AppleWebKit/537.36 (KHTML, like Gecko) Chrome/105.0.0.0 Mobile Safari/537.36" "nobbycosmic.com"
67.69.69.254 - - [12/Sep/2022:13:32:11 -0700] "GET /BabyTalks/blue_next.gif HTTP/1.1" 200 138 "https://nobbycosmic.com/BabyTalks/BTList.htm" "Mozilla/5.0 (Linux; Android 8.0.0; F8131) AppleWebKit/537.36 (KHTML, like Gecko) Chrome/105.0.0.0 Mobile Safari/537.36" "nobbycosmic.com"
67.69.69.254 - - [12/Sep/2022:13:32:11 -0700] "GET /BabyTalks/FTFMemberDistChart.jpg HTTP/1.1" 200 61359 "https://nobbycosmic.com/BabyTalks/BTList.htm" "Mozilla/5.0 (Linux; Android 8.0.0; F8131) AppleWebKit/537.36 (KHTML, like Gecko) Chrome/105.0.0.0 Mobile Safari/537.36" "nobbycosmic.com"
67.69.69.254 - - [12/Sep/2022:13:32:11 -0700] "GET /BabyTalks/SakuraMark2.jpg HTTP/1.1" 200 933 "https://nobbycosmic.com/BabyTalks/BTList.htm" "Mozilla/5.0 (Linux; Android 8.0.0; F8131) AppleWebKit/537.36 (KHTML, like Gecko) Chrome/105.0.0.0 Mobile Safari/537.36" "nobbycosmic.com"
67.69.69.254 - - [12/Sep/2022:13:32:12 -0700] "GET /favicon.ico HTTP/1.1" 404 88 "https://nobbycosmic.com/BabyTalks/BTList.htm" "Mozilla/5.0 (Linux; Android 8.0.0; F8131) AppleWebKit/537.36 (KHTML, like Gecko) Chrome/105.0.0.0 Mobile Safari/537.36" "nobbycosmic.com"
67.69.69.254 - - [12/Sep/2022:13:32:22 -0700] "GET /BabyTalks/hiyoko.gif HTTP/1.1" 200 10361 "-" "Mozilla/5.0 (Linux; Android 8.0.0; F8131) AppleWebKit/537.36 (KHTML, like Gecko) Chrome/105.0.0.0 Mobile Safari/537.36" "nobbycosmic.com"
67.69.69.254 - - [12/Sep/2022:13:32:22 -0700] "GET /BabyTalks/BTFBanner2.jpg HTTP/1.1" 200 4273 "-" "Mozilla/5.0 (Linux; Android 8.0.0; F8131) AppleWebKit/537.36 (KHTML, like Gecko) Chrome/105.0.0.0 Mobile Safari/537.36" "nobbycosmic.com"
67.69.69.254 - - [12/Sep/2022:13:32:22 -0700] "GET /BabyTalks/SakuraMark2.jpg HTTP/1.1" 200 933 "-" "Mozilla/5.0 (Linux; Android 8.0.0; F8131) AppleWebKit/537.36 (KHTML, like Gecko) Chrome/105.0.0.0 Mobile Safari/537.36" "nobbycosmic.com"
67.69.69.254 - - [12/Sep/2022:13:32:22 -0700] "GET /BabyTalks/Group.jpg HTTP/1.1" 200 54379 "-" "Mozilla/5.0 (Linux; Android 8.0.0; F8131) AppleWebKit/537.36 (KHTML, like Gecko) Chrome/105.0.0.0 Mobile Safari/537.36" "nobbycosmic.com"
67.69.69.254 - - [12/Sep/2022:13:32:22 -0700] "GET /BabyTalks/FTFMemberDistChart.jpg HTTP/1.1" 200 61359 "-" "Mozilla/5.0 (Linux; Android 8.0.0; F8131) AppleWebKit/537.36 (KHTML, like Gecko) Chrome/105.0.0.0 Mobile Safari/537.36" "nobbycosmic.com"
67.69.69.254 - - [12/Sep/2022:13:32:33 -0700] "GET /BabyTalks/BTList.htm HTTP/1.1" 304 - "-" "Mozilla/5.0 (Linux; Android 8.0.0; F8131) AppleWebKit/537.36 (KHTML, like Gecko) Chrome/105.0.0.0 Mobile Safari/537.36" "nobbycosmic.com"
185.191.171.25 - - [12/Sep/2022:13:39:09 -0700] "GET /robots.txt HTTP/1.1" 200 75 "-" "Mozilla/5.0 (compatible; SemrushBot/7~bl; +http://www.semrush.com/bot.html)" "nobbycosmic.com"
185.191.171.11 - - [12/Sep/2022:13:39:12 -0700] "GET /Utagoe/2017Winter/Utagoe201702.htm HTTP/1.1" 200 2580 "-" "Mozilla/5.0 (compatible; SemrushBot/7~bl; +http://www.semrush.com/bot.html)" "nobbycosmic.com"
185.191.171.36 - - [12/Sep/2022:13:43:04 -0700] "GET /Utagoe/60th/60th.htm HTTP/1.1" 200 615 "-" "Mozilla/5.0 (compatible; SemrushBot/7~bl; +http://www.semrush.com/bot.html)" "nobbycosmic.com"
147.92.179.109 - - [12/Sep/2022:13:46:57 -0700] "GET /BabyTalks/BTList.htm HTTP/1.1" 200 10238 "-" "facebookexternalhit/1.1;line-poker/1.0" "nobbycosmic.com"
147.92.179.109 - - [12/Sep/2022:13:46:58 -0700] "GET /BabyTalks/hiyoko.gif HTTP/1.1" 200 10361 "-" "facebookexternalhit/1.1;line-poker/1.0" "nobbycosmic.com"
147.92.179.109 - - [12/Sep/2022:13:46:58 -0700] "GET /BabyTalks/BTFBanner1.jpg HTTP/1.1" 200 9524 "-" "facebookexternalhit/1.1;line-poker/1.0" "nobbycosmic.com"
147.92.179.109 - - [12/Sep/2022:13:46:58 -0700] "GET /BabyTalks/Group.jpg HTTP/1.1" 200 54379 "-" "facebookexternalhit/1.1;line-poker/1.0" "nobbycosmic.com"
147.92.179.109 - - [12/Sep/2022:13:46:59 -0700] "GET /BabyTalks/blue_next.gif HTTP/1.1" 200 138 "-" "facebookexternalhit/1.1;line-poker/1.0" "nobbycosmic.com"
147.92.179.109 - - [12/Sep/2022:13:46:59 -0700] "GET /BabyTalks/BTFBanner2.jpg HTTP/1.1" 200 4273 "-" "facebookexternalhit/1.1;line-poker/1.0" "nobbycosmic.com"
147.92.179.109 - - [12/Sep/2022:13:46:59 -0700] "GET /BabyTalks/FTFMemberDistChart.jpg HTTP/1.1" 200 61359 "-" "facebookexternalhit/1.1;line-poker/1.0" "nobbycosmic.com"
147.92.179.109 - - [12/Sep/2022:13:46:59 -0700] "GET /BabyTalks/SakuraMark2.jpg HTTP/1.1" 200 933 "-" "facebookexternalhit/1.1;line-poker/1.0" "nobbycosmic.com"
147.92.179.109 - - [12/Sep/2022:13:47:01 -0700] "GET /BabyTalks/FTFMemberDistChart.jpg HTTP/1.1" 200 61359 "-" "facebookexternalhit/1.1;line-poker/1.0" "nobbycosmic.com"
185.191.171.12 - - [12/Sep/2022:13:47:03 -0700] "GET /Utagoe/0908.htm HTTP/1.1" 200 2280 "-" "Mozilla/5.0 (compatible; SemrushBot/7~bl; +http://www.semrush.com/bot.html)" "nobbycosmic.com"
67.69.69.254 - - [12/Sep/2022:13:47:17 -0700] "GET /BabyTalks/BTList.htm HTTP/1.1" 200 10238 "-" "Mozilla/5.0 (Linux; Android 8.0.0; F8131 Build/41.3.A.2.149; wv) AppleWebKit/537.36 (KHTML, like Gecko) Version/4.0 Chrome/105.0.5195.79 Mobile Safari/537.36 Line/12.15.1/IAB" "nobbycosmic.com"
67.69.69.254 - - [12/Sep/2022:13:47:18 -0700] "GET /BabyTalks/BTFBanner1.jpg HTTP/1.1" 200 9524 "https://nobbycosmic.com/BabyTalks/BTList.htm" "Mozilla/5.0 (Linux; Android 8.0.0; F8131 Build/41.3.A.2.149; wv) AppleWebKit/537.36 (KHTML, like Gecko) Version/4.0 Chrome/105.0.5195.79 Mobile Safari/537.36 Line/12.15.1/IAB" "nobbycosmic.com"
67.69.69.254 - - [12/Sep/2022:13:47:18 -0700] "GET /BabyTalks/hiyoko.gif HTTP/1.1" 200 10361 "https://nobbycosmic.com/BabyTalks/BTList.htm" "Mozilla/5.0 (Linux; Android 8.0.0; F8131 Build/41.3.A.2.149; wv) AppleWebKit/537.36 (KHTML, like Gecko) Version/4.0 Chrome/105.0.5195.79 Mobile Safari/537.36 Line/12.15.1/IAB" "nobbycosmic.com"
67.69.69.254 - - [12/Sep/2022:13:47:18 -0700] "GET /BabyTalks/Group.jpg HTTP/1.1" 200 54379 "https://nobbycosmic.com/BabyTalks/BTList.htm" "Mozilla/5.0 (Linux; Android 8.0.0; F8131 Build/41.3.A.2.149; wv) AppleWebKit/537.36 (KHTML, like Gecko) Version/4.0 Chrome/105.0.5195.79 Mobile Safari/537.36 Line/12.15.1/IAB" "nobbycosmic.com"
67.69.69.254 - - [12/Sep/2022:13:47:18 -0700] "GET /BabyTalks/BTFBanner2.jpg HTTP/1.1" 200 4273 "https://nobbycosmic.com/BabyTalks/BTList.htm" "Mozilla/5.0 (Linux; Android 8.0.0; F8131 Build/41.3.A.2.149; wv) AppleWebKit/537.36 (KHTML, like Gecko) Version/4.0 Chrome/105.0.5195.79 Mobile Safari/537.36 Line/12.15.1/IAB" "nobbycosmic.com"
67.69.69.254 - - [12/Sep/2022:13:47:18 -0700] "GET /BabyTalks/SakuraMark2.jpg HTTP/1.1" 200 933 "https://nobbycosmic.com/BabyTalks/BTList.htm" "Mozilla/5.0 (Linux; Android 8.0.0; F8131 Build/41.3.A.2.149; wv) AppleWebKit/537.36 (KHTML, like Gecko) Version/4.0 Chrome/105.0.5195.79 Mobile Safari/537.36 Line/12.15.1/IAB" "nobbycosmic.com"
67.69.69.254 - - [12/Sep/2022:13:47:18 -0700] "GET /BabyTalks/blue_next.gif HTTP/1.1" 200 138 "https://nobbycosmic.com/BabyTalks/BTList.htm" "Mozilla/5.0 (Linux; Android 8.0.0; F8131 Build/41.3.A.2.149; wv) AppleWebKit/537.36 (KHTML, like Gecko) Version/4.0 Chrome/105.0.5195.79 Mobile Safari/537.36 Line/12.15.1/IAB" "nobbycosmic.com"
67.69.69.254 - - [12/Sep/2022:13:47:18 -0700] "GET /BabyTalks/FTFMemberDistChart.jpg HTTP/1.1" 200 61359 "https://nobbycosmic.com/BabyTalks/BTList.htm" "Mozilla/5.0 (Linux; Android 8.0.0; F8131 Build/41.3.A.2.149; wv) AppleWebKit/537.36 (KHTML, like Gecko) Version/4.0 Chrome/105.0.5195.79 Mobile Safari/537.36 Line/12.15.1/IAB" "nobbycosmic.com"
67.69.69.254 - - [12/Sep/2022:13:47:19 -0700] "GET /favicon.ico HTTP/1.1" 404 88 "https://nobbycosmic.com/BabyTalks/BTList.htm" "Mozilla/5.0 (Linux; Android 8.0.0; F8131 Build/41.3.A.2.149; wv) AppleWebKit/537.36 (KHTML, like Gecko) Version/4.0 Chrome/105.0.5195.79 Mobile Safari/537.36 Line/12.15.1/IAB" "nobbycosmic.com"
67.69.69.254 - - [12/Sep/2022:13:51:33 -0700] "GET /favicon.ico HTTP/1.1" 404 88 "https://nobbycosmic.com/BabyTalks/BTList.htm" "Mozilla/5.0 (Linux; Android 8.0.0; F8131 Build/41.3.A.2.149; wv) AppleWebKit/537.36 (KHTML, like Gecko) Version/4.0 Chrome/105.0.5195.79 Mobile Safari/537.36 Line/12.15.1/IAB" "nobbycosmic.com"
39.173.107.34 - - [12/Sep/2022:13:54:33 -0700] "GET / HTTP/1.1" 200 3158 "-" "Mozilla/5.0 (iPhone; CPU iPhone OS 10_3 like Mac OS X) AppleWebKit/602.1.50 (KHTML, like Gecko) CriOS/56.0.2924.75 Mobile/14E5239e YisouSpider/5.0 Safari/602.1" "nobbycosmic.com"
185.191.171.17 - - [12/Sep/2022:14:01:54 -0700] "GET /Utagoe/1105.htm HTTP/1.1" 200 3515 "-" "Mozilla/5.0 (compatible; SemrushBot/7~bl; +http://www.semrush.com/bot.html)" "nobbycosmic.com"
185.191.171.23 - - [12/Sep/2022:14:05:38 -0700] "GET /Utagoe/2020SummerMori/Utagoe202008.htm HTTP/1.1" 200 2167 "-" "Mozilla/5.0 (compatible; SemrushBot/7~bl; +http://www.semrush.com/bot.html)" "nobbycosmic.com"
185.191.171.25 - - [12/Sep/2022:14:05:40 -0700] "GET /BTF/P2009/Picnic2009.htm HTTP/1.1" 404 88 "-" "Mozilla/5.0 (compatible; SemrushBot/7~bl; +http://www.semrush.com/bot.html)" "nobbycosmic.com"
184.146.67.182 - - [12/Sep/2022:14:08:22 -0700] "GET /BabyTalks/BTList.htm HTTP/1.1" 200 10238 "-" "Mozilla/5.0 (iPhone; CPU iPhone OS 15_6_1 like Mac OS X) AppleWebKit/605.1.15 (KHTML, like Gecko) Mobile/15E148 Safari Line/12.14.1" "nobbycosmic.com"
184.146.67.182 - - [12/Sep/2022:14:08:22 -0700] "GET /BabyTalks/BTFBanner2.jpg HTTP/1.1" 200 4273 "https://nobbycosmic.com/BabyTalks/BTList.htm" "Mozilla/5.0 (iPhone; CPU iPhone OS 15_6_1 like Mac OS X) AppleWebKit/605.1.15 (KHTML, like Gecko) Mobile/15E148 Safari Line/12.14.1" "nobbycosmic.com"
184.146.67.182 - - [12/Sep/2022:14:08:22 -0700] "GET /BabyTalks/hiyoko.gif HTTP/1.1" 200 10361 "https://nobbycosmic.com/BabyTalks/BTList.htm" "Mozilla/5.0 (iPhone; CPU iPhone OS 15_6_1 like Mac OS X) AppleWebKit/605.1.15 (KHTML, like Gecko) Mobile/15E148 Safari Line/12.14.1" "nobbycosmic.com"
184.146.67.182 - - [12/Sep/2022:14:08:22 -0700] "GET /BabyTalks/BTFBanner1.jpg HTTP/1.1" 200 9524 "https://nobbycosmic.com/BabyTalks/BTList.htm" "Mozilla/5.0 (iPhone; CPU iPhone OS 15_6_1 like Mac OS X) AppleWebKit/605.1.15 (KHTML, like Gecko) Mobile/15E148 Safari Line/12.14.1" "nobbycosmic.com"
184.146.67.182 - - [12/Sep/2022:14:08:22 -0700] "GET /BabyTalks/Group.jpg HTTP/1.1" 200 54379 "https://nobbycosmic.com/BabyTalks/BTList.htm" "Mozilla/5.0 (iPhone; CPU iPhone OS 15_6_1 like Mac OS X) AppleWebKit/605.1.15 (KHTML, like Gecko) Mobile/15E148 Safari Line/12.14.1" "nobbycosmic.com"
184.146.67.182 - - [12/Sep/2022:14:08:22 -0700] "GET /BabyTalks/blue_next.gif HTTP/1.1" 200 138 "https://nobbycosmic.com/BabyTalks/BTList.htm" "Mozilla/5.0 (iPhone; CPU iPhone OS 15_6_1 like Mac OS X) AppleWebKit/605.1.15 (KHTML, like Gecko) Mobile/15E148 Safari Line/12.14.1" "nobbycosmic.com"
184.146.67.182 - - [12/Sep/2022:14:08:23 -0700] "GET /BabyTalks/SakuraMark2.jpg HTTP/1.1" 200 933 "https://nobbycosmic.com/BabyTalks/BTList.htm" "Mozilla/5.0 (iPhone; CPU iPhone OS 15_6_1 like Mac OS X) AppleWebKit/605.1.15 (KHTML, like Gecko) Mobile/15E148 Safari Line/12.14.1" "nobbycosmic.com"
184.146.67.182 - - [12/Sep/2022:14:08:23 -0700] "GET /BabyTalks/FTFMemberDistChart.jpg HTTP/1.1" 200 61359 "https://nobbycosmic.com/BabyTalks/BTList.htm" "Mozilla/5.0 (iPhone; CPU iPhone OS 15_6_1 like Mac OS X) AppleWebKit/605.1.15 (KHTML, like Gecko) Mobile/15E148 Safari Line/12.14.1" "nobbycosmic.com"
184.146.67.182 - - [12/Sep/2022:14:08:45 -0700] "GET /favicon.ico HTTP/1.1" 404 88 "-" "LINE/12.14.1 (iPhone; iOS 15.6.1; Scale/2.00)" "nobbycosmic.com"
185.191.171.24 - - [12/Sep/2022:14:13:49 -0700] "GET /Utagoe/0008.htm HTTP/1.1" 200 2443 "-" "Mozilla/5.0 (compatible; SemrushBot/7~bl; +http://www.semrush.com/bot.html)" "nobbycosmic.com"
54.36.148.24 - - [12/Sep/2022:14:16:24 -0700] "GET /robots.txt HTTP/1.1" 200 75 "-" "Mozilla/5.0 (compatible; AhrefsBot/7.0; +http://ahrefs.com/robot/)" "www.nobbycosmic.com"
65.109.48.141 - - [12/Sep/2022:14:16:42 -0700] "HEAD /adminer.php HTTP/1.1" 404 - "-" "curl/7.68.0" "nobbycosmic.com"
65.109.48.141 - - [12/Sep/2022:14:16:43 -0700] "GET /adminer.php HTTP/1.1" 404 73 "-" "curl/7.68.0" "nobbycosmic.com"
65.93.221.51 - - [12/Sep/2022:14:22:12 -0700] "GET /BabyTalks/BTList.htm HTTP/1.1" 200 10238 "-" "Mozilla/5.0 (iPhone; CPU iPhone OS 15_6_1 like Mac OS X) AppleWebKit/605.1.15 (KHTML, like Gecko) Mobile/15E148 Instagram 251.0.0.7.107 (iPhone14,5; iOS 15_6_1; en_CA; en-CA; scale=3.00; 1170x2532; 394980221) NW/3" "nobbycosmic.com"
65.93.221.51 - - [12/Sep/2022:14:22:13 -0700] "GET /BabyTalks/BTFBanner1.jpg HTTP/1.1" 304 - "https://nobbycosmic.com/BabyTalks/BTList.htm" "Mozilla/5.0 (iPhone; CPU iPhone OS 15_6_1 like Mac OS X) AppleWebKit/605.1.15 (KHTML, like Gecko) Mobile/15E148 Instagram 251.0.0.7.107 (iPhone14,5; iOS 15_6_1; en_CA; en-CA; scale=3.00; 1170x2532; 394980221) NW/3" "nobbycosmic.com"
65.93.221.51 - - [12/Sep/2022:14:22:13 -0700] "GET /BabyTalks/FTFMemberDistChart.jpg HTTP/1.1" 200 61359 "https://nobbycosmic.com/BabyTalks/BTList.htm" "Mozilla/5.0 (iPhone; CPU iPhone OS 15_6_1 like Mac OS X) AppleWebKit/605.1.15 (KHTML, like Gecko) Mobile/15E148 Instagram 251.0.0.7.107 (iPhone14,5; iOS 15_6_1; en_CA; en-CA; scale=3.00; 1170x2532; 394980221) NW/3" "nobbycosmic.com"
65.93.221.51 - - [12/Sep/2022:14:22:13 -0700] "GET /BabyTalks/Group.jpg HTTP/1.1" 304 - "https://nobbycosmic.com/BabyTalks/BTList.htm" "Mozilla/5.0 (iPhone; CPU iPhone OS 15_6_1 like Mac OS X) AppleWebKit/605.1.15 (KHTML, like Gecko) Mobile/15E148 Instagram 251.0.0.7.107 (iPhone14,5; iOS 15_6_1; en_CA; en-CA; scale=3.00; 1170x2532; 394980221) NW/3" "nobbycosmic.com"
65.93.221.51 - - [12/Sep/2022:14:22:13 -0700] "GET /BabyTalks/hiyoko.gif HTTP/1.1" 304 - "https://nobbycosmic.com/BabyTalks/BTList.htm" "Mozilla/5.0 (iPhone; CPU iPhone OS 15_6_1 like Mac OS X) AppleWebKit/605.1.15 (KHTML, like Gecko) Mobile/15E148 Instagram 251.0.0.7.107 (iPhone14,5; iOS 15_6_1; en_CA; en-CA; scale=3.00; 1170x2532; 394980221) NW/3" "nobbycosmic.com"
65.93.221.51 - - [12/Sep/2022:14:22:13 -0700] "GET /BabyTalks/BTFBanner2.jpg HTTP/1.1" 304 - "https://nobbycosmic.com/BabyTalks/BTList.htm" "Mozilla/5.0 (iPhone; CPU iPhone OS 15_6_1 like Mac OS X) AppleWebKit/605.1.15 (KHTML, like Gecko) Mobile/15E148 Instagram 251.0.0.7.107 (iPhone14,5; iOS 15_6_1; en_CA; en-CA; scale=3.00; 1170x2532; 394980221) NW/3" "nobbycosmic.com"
65.93.221.51 - - [12/Sep/2022:14:22:13 -0700] "GET /BabyTalks/SakuraMark2.jpg HTTP/1.1" 304 - "https://nobbycosmic.com/BabyTalks/BTList.htm" "Mozilla/5.0 (iPhone; CPU iPhone OS 15_6_1 like Mac OS X) AppleWebKit/605.1.15 (KHTML, like Gecko) Mobile/15E148 Instagram 251.0.0.7.107 (iPhone14,5; iOS 15_6_1; en_CA; en-CA; scale=3.00; 1170x2532; 394980221) NW/3" "nobbycosmic.com"
65.93.221.51 - - [12/Sep/2022:14:22:13 -0700] "GET /BabyTalks/blue_next.gif HTTP/1.1" 304 - "https://nobbycosmic.com/BabyTalks/BTList.htm" "Mozilla/5.0 (iPhone; CPU iPhone OS 15_6_1 like Mac OS X) AppleWebKit/605.1.15 (KHTML, like Gecko) Mobile/15E148 Instagram 251.0.0.7.107 (iPhone14,5; iOS 15_6_1; en_CA; en-CA; scale=3.00; 1170x2532; 394980221) NW/3" "nobbycosmic.com"
147.92.179.106 - - [12/Sep/2022:14:26:28 -0700] "GET /BabyTalks/BTList.htm HTTP/1.1" 200 10238 "-" "facebookexternalhit/1.1;line-poker/1.0" "nobbycosmic.com"
147.92.179.106 - - [12/Sep/2022:14:26:29 -0700] "GET /BabyTalks/hiyoko.gif HTTP/1.1" 200 10361 "-" "facebookexternalhit/1.1;line-poker/1.0" "nobbycosmic.com"
147.92.179.106 - - [12/Sep/2022:14:26:29 -0700] "GET /BabyTalks/Group.jpg HTTP/1.1" 200 54379 "-" "facebookexternalhit/1.1;line-poker/1.0" "nobbycosmic.com"
