114.119.128.40 - - [05/Sep/2022:01:15:39 -0700] "GET /JCCC/JCCC20201106.pdf HTTP/1.1" 200 151936 "https://nobbycosmic.com/JCCC/?C=M%3BO%3DA" "Mozilla/5.0 (Linux; Android 7.0;) AppleWebKit/537.36 (KHTML, like Gecko) Mobile Safari/537.36 (compatible; PetalBot;+https://webmaster.petalsearch.com/site/petalbot)" "nobbycosmic.com"
114.119.128.26 - - [05/Sep/2022:01:17:05 -0700] "GET /Card/Card06/Card06.htm HTTP/1.1" 200 812 "https://nobbycosmic.com/Card/Card06?C=S%3BO%3DA" "Mozilla/5.0 (Linux; Android 7.0;) AppleWebKit/537.36 (KHTML, like Gecko) Mobile Safari/537.36 (compatible; PetalBot;+https://webmaster.petalsearch.com/site/petalbot)" "nobbycosmic.com"
114.119.128.40 - - [05/Sep/2022:01:27:29 -0700] "GET /Card/Card13/?C=M%3BO%3DA HTTP/1.1" 200 537 "https://nobbycosmic.com/Card/Card13?C=D%3BO%3DA" "Mozilla/5.0 (Linux; Android 7.0;) AppleWebKit/537.36 (KHTML, like Gecko) Mobile Safari/537.36 (compatible; PetalBot;+https://webmaster.petalsearch.com/site/petalbot)" "nobbycosmic.com"
216.244.66.200 - - [05/Sep/2022:01:28:21 -0700] "GET /robots.txt HTTP/1.1" 200 61 "-" "Mozilla/5.0 (compatible; DotBot/1.2; +https://opensiteexplorer.org/dotbot; help@moz.com)" "nobbycosmic.com"
114.119.128.26 - - [05/Sep/2022:01:42:00 -0700] "GET /NJCA/BBQ08/Pictures/?C=M%3BO%3DA HTTP/1.1" 200 774 "https://nobbycosmic.com/NJCA/BBQ08/Pictures?M=A" "Mozilla/5.0 (Linux; Android 7.0;) AppleWebKit/537.36 (KHTML, like Gecko) Mobile Safari/537.36 (compatible; PetalBot;+https://webmaster.petalsearch.com/site/petalbot)" "nobbycosmic.com"
114.119.128.40 - - [05/Sep/2022:01:45:45 -0700] "GET /NJCA/BBQ02/?C=S%3BO%3DA HTTP/1.1" 200 798 "https://nobbycosmic.com/NJCA/BBQ02/" "Mozilla/5.0 (Linux; Android 7.0;) AppleWebKit/537.36 (KHTML, like Gecko) Mobile Safari/537.36 (compatible; PetalBot;+https://webmaster.petalsearch.com/site/petalbot)" "nobbycosmic.com"
114.119.128.26 - - [05/Sep/2022:01:52:56 -0700] "GET /NJCA/Document/NJCAByLaw2010Revised.doc HTTP/1.1" 200 238592 "https://nobbycosmic.com/NJCA/Document?D=A" "Mozilla/5.0 (Linux; Android 7.0;) AppleWebKit/537.36 (KHTML, like Gecko) Mobile Safari/537.36 (compatible; PetalBot;+https://webmaster.petalsearch.com/site/petalbot)" "nobbycosmic.com"
114.119.128.26 - - [05/Sep/2022:01:53:57 -0700] "GET /NJCA/AGM10?C=N%3BO%3DD HTTP/1.1" 301 1431 "https://nobbycosmic.com/NJCA/AGM10?D=D" "Mozilla/5.0 (Linux; Android 7.0;) AppleWebKit/537.36 (KHTML, like Gecko) Mobile Safari/537.36 (compatible; PetalBot;+https://webmaster.petalsearch.com/site/petalbot)" "nobbycosmic.com"
114.119.128.26 - - [05/Sep/2022:01:54:06 -0700] "GET /NJCA/AGM10/?C=N%3BO%3DD HTTP/1.1" 200 432 "https://nobbycosmic.com/NJCA/AGM10?D=D" "Mozilla/5.0 (Linux; Android 7.0;) AppleWebKit/537.36 (KHTML, like Gecko) Mobile Safari/537.36 (compatible; PetalBot;+https://webmaster.petalsearch.com/site/petalbot)" "nobbycosmic.com"
70.27.18.208 - - [05/Sep/2022:01:54:52 -0700] "GET /BabyTalks/BTList.htm HTTP/1.1" 200 10238 "-" "Mozilla/5.0 (Linux; Android 11; SM-A505W Build/RP1A.200720.012; wv) AppleWebKit/537.36 (KHTML, like Gecko) Version/4.0 Chrome/104.0.5112.97 Mobile Safari/537.36 EdgW/1.0" "nobbycosmic.com"
70.27.18.208 - - [05/Sep/2022:01:54:52 -0700] "GET /BabyTalks/BTFBanner1.jpg HTTP/1.1" 200 9524 "https://nobbycosmic.com/BabyTalks/BTList.htm" "Mozilla/5.0 (Linux; Android 11; SM-A505W Build/RP1A.200720.012; wv) AppleWebKit/537.36 (KHTML, like Gecko) Version/4.0 Chrome/104.0.5112.97 Mobile Safari/537.36 EdgW/1.0" "nobbycosmic.com"
70.27.18.208 - - [05/Sep/2022:01:54:52 -0700] "GET /BabyTalks/BTFBanner2.jpg HTTP/1.1" 200 4273 "https://nobbycosmic.com/BabyTalks/BTList.htm" "Mozilla/5.0 (Linux; Android 11; SM-A505W Build/RP1A.200720.012; wv) AppleWebKit/537.36 (KHTML, like Gecko) Version/4.0 Chrome/104.0.5112.97 Mobile Safari/537.36 EdgW/1.0" "nobbycosmic.com"
70.27.18.208 - - [05/Sep/2022:01:54:52 -0700] "GET /BabyTalks/hiyoko.gif HTTP/1.1" 200 10361 "https://nobbycosmic.com/BabyTalks/BTList.htm" "Mozilla/5.0 (Linux; Android 11; SM-A505W Build/RP1A.200720.012; wv) AppleWebKit/537.36 (KHTML, like Gecko) Version/4.0 Chrome/104.0.5112.97 Mobile Safari/537.36 EdgW/1.0" "nobbycosmic.com"
70.27.18.208 - - [05/Sep/2022:01:54:52 -0700] "GET /BabyTalks/SakuraMark2.jpg HTTP/1.1" 200 933 "https://nobbycosmic.com/BabyTalks/BTList.htm" "Mozilla/5.0 (Linux; Android 11; SM-A505W Build/RP1A.200720.012; wv) AppleWebKit/537.36 (KHTML, like Gecko) Version/4.0 Chrome/104.0.5112.97 Mobile Safari/537.36 EdgW/1.0" "nobbycosmic.com"
70.27.18.208 - - [05/Sep/2022:01:54:52 -0700] "GET /BabyTalks/Group.jpg HTTP/1.1" 200 54379 "https://nobbycosmic.com/BabyTalks/BTList.htm" "Mozilla/5.0 (Linux; Android 11; SM-A505W Build/RP1A.200720.012; wv) AppleWebKit/537.36 (KHTML, like Gecko) Version/4.0 Chrome/104.0.5112.97 Mobile Safari/537.36 EdgW/1.0" "nobbycosmic.com"
70.27.18.208 - - [05/Sep/2022:01:54:52 -0700] "GET /BabyTalks/blue_next.gif HTTP/1.1" 200 138 "https://nobbycosmic.com/BabyTalks/BTList.htm" "Mozilla/5.0 (Linux; Android 11; SM-A505W Build/RP1A.200720.012; wv) AppleWebKit/537.36 (KHTML, like Gecko) Version/4.0 Chrome/104.0.5112.97 Mobile Safari/537.36 EdgW/1.0" "nobbycosmic.com"
70.27.18.208 - - [05/Sep/2022:01:54:52 -0700] "GET /BabyTalks/FTFMemberDistChart.jpg HTTP/1.1" 200 61359 "https://nobbycosmic.com/BabyTalks/BTList.htm" "Mozilla/5.0 (Linux; Android 11; SM-A505W Build/RP1A.200720.012; wv) AppleWebKit/537.36 (KHTML, like Gecko) Version/4.0 Chrome/104.0.5112.97 Mobile Safari/537.36 EdgW/1.0" "nobbycosmic.com"
70.27.18.208 - - [05/Sep/2022:01:54:53 -0700] "GET /favicon.ico HTTP/1.1" 404 88 "https://nobbycosmic.com/BabyTalks/BTList.htm" "Mozilla/5.0 (Linux; Android 11; SM-A505W Build/RP1A.200720.012; wv) AppleWebKit/537.36 (KHTML, like Gecko) Version/4.0 Chrome/104.0.5112.97 Mobile Safari/537.36 EdgW/1.0" "nobbycosmic.com"
70.27.18.208 - - [05/Sep/2022:01:55:12 -0700] "GET /BabyTalks/BTList.htm HTTP/1.1" 200 10238 "-" "Mozilla/5.0 (Windows NT 6.1; WOW64) AppleWebKit/537.36 (KHTML, like Gecko) Chrome/51.0.2704.103 Safari/537.36" "nobbycosmic.com"
70.27.18.208 - - [05/Sep/2022:01:55:12 -0700] "GET /BabyTalks/BTList.htm HTTP/1.1" 200 10238 "-" "Mozilla/5.0 (Windows NT 6.1; WOW64) AppleWebKit/537.36 (KHTML, like Gecko) Chrome/51.0.2704.103 Safari/537.36" "nobbycosmic.com"
70.27.18.208 - - [05/Sep/2022:01:55:13 -0700] "GET /BabyTalks/BTList.htm HTTP/1.1" 200 10238 "-" "Mozilla/5.0 (Windows NT 6.1; WOW64) AppleWebKit/537.36 (KHTML, like Gecko) Chrome/51.0.2704.103 Safari/537.36" "nobbycosmic.com"
31.13.103.1 - - [05/Sep/2022:01:55:44 -0700] "GET /BTFBanner1.jpg HTTP/1.1" 404 73 "-" "facebookexternalhit/1.1 (+http://www.facebook.com/externalhit_uatext.php)" "nobbycosmic.com"
173.252.127.116 - - [05/Sep/2022:01:55:54 -0700] "GET /BTFBanner1.jpg HTTP/1.1" 404 73 "-" "facebookexternalhit/1.1 (+http://www.facebook.com/externalhit_uatext.php)" "nobbycosmic.com"
70.27.18.208 - - [05/Sep/2022:02:03:58 -0700] "GET /favicon.ico HTTP/1.1" 404 88 "https://nobbycosmic.com/BabyTalks/BTList.htm" "Mozilla/5.0 (Linux; Android 11; SM-A505W Build/RP1A.200720.012; wv) AppleWebKit/537.36 (KHTML, like Gecko) Version/4.0 Chrome/104.0.5112.97 Mobile Safari/537.36 EdgW/1.0" "nobbycosmic.com"
70.27.18.208 - - [05/Sep/2022:02:04:08 -0700] "GET /BabyTalks/FTFMember/Content.htm HTTP/1.1" 401 90 "https://nobbycosmic.com/BabyTalks/BTList.htm" "Mozilla/5.0 (Linux; Android 11; SM-A505W Build/RP1A.200720.012; wv) AppleWebKit/537.36 (KHTML, like Gecko) Version/4.0 Chrome/104.0.5112.97 Mobile Safari/537.36 EdgW/1.0" "nobbycosmic.com"
216.244.66.200 - - [05/Sep/2022:02:13:40 -0700] "GET /robots.txt HTTP/1.1" 200 61 "-" "Mozilla/5.0 (compatible; DotBot/1.2; +https://opensiteexplorer.org/dotbot; help@moz.com)" "nobbycosmic.com"
114.119.128.40 - - [05/Sep/2022:02:25:27 -0700] "GET /NJCA/NY09/BoothList2009.doc HTTP/1.1" 200 107520 "https://nobbycosmic.com/NJCA/NY09?C=M%3BO%3DA" "Mozilla/5.0 (Linux; Android 7.0;) AppleWebKit/537.36 (KHTML, like Gecko) Mobile Safari/537.36 (compatible; PetalBot;+https://webmaster.petalsearch.com/site/petalbot)" "nobbycosmic.com"
114.119.128.40 - - [05/Sep/2022:02:55:12 -0700] "GET /NJCA/AGM11?C=S%3BO%3DA HTTP/1.1" 301 1431 "https://nobbycosmic.com/NJCA/AGM11?C=D%3BO%3DA" "Mozilla/5.0 (Linux; Android 7.0;) AppleWebKit/537.36 (KHTML, like Gecko) Mobile Safari/537.36 (compatible; PetalBot;+https://webmaster.petalsearch.com/site/petalbot)" "nobbycosmic.com"
114.119.128.40 - - [05/Sep/2022:02:55:14 -0700] "GET /NJCA/AGM11/?C=S%3BO%3DA HTTP/1.1" 200 371 "https://nobbycosmic.com/NJCA/AGM11?C=D%3BO%3DA" "Mozilla/5.0 (Linux; Android 7.0;) AppleWebKit/537.36 (KHTML, like Gecko) Mobile Safari/537.36 (compatible; PetalBot;+https://webmaster.petalsearch.com/site/petalbot)" "nobbycosmic.com"
216.244.66.200 - - [05/Sep/2022:02:58:53 -0700] "GET /robots.txt HTTP/1.1" 200 61 "-" "Mozilla/5.0 (compatible; DotBot/1.2; +https://opensiteexplorer.org/dotbot; help@moz.com)" "nobbycosmic.com"
97.108.73.91 - - [05/Sep/2022:03:05:40 -0700] "GET / HTTP/1.1" 200 3158 "-" "Mozilla/5.0 (iPhone; CPU iPhone OS 15_6 like Mac OS X) AppleWebKit/605.1.15 (KHTML, like Gecko) Version/15.6 Mobile/15E148 Safari/604.1" "nobbycosmic.com"
97.108.73.91 - - [05/Sep/2022:03:05:44 -0700] "GET / HTTP/1.1" 200 3158 "-" "Mozilla/5.0 (iPhone; CPU iPhone OS 15_6 like Mac OS X) AppleWebKit/605.1.15 (KHTML, like Gecko) Version/15.6 Mobile/15E148 Safari/604.1" "nobbycosmic.com"
185.191.171.18 - - [05/Sep/2022:03:21:53 -0700] "GET /robots.txt HTTP/1.1" 200 75 "-" "Mozilla/5.0 (compatible; SemrushBot/7~bl; +http://www.semrush.com/bot.html)" "nobbycosmic.com"
185.191.171.39 - - [05/Sep/2022:03:21:53 -0700] "GET /NJCA/NY09/NYP091.htm HTTP/1.1" 200 1452 "-" "Mozilla/5.0 (compatible; SemrushBot/7~bl; +http://www.semrush.com/bot.html)" "nobbycosmic.com"
216.244.66.200 - - [05/Sep/2022:03:44:23 -0700] "GET /robots.txt HTTP/1.1" 200 61 "-" "Mozilla/5.0 (compatible; DotBot/1.2; +https://opensiteexplorer.org/dotbot; help@moz.com)" "nobbycosmic.com"
220.230.168.3 - - [05/Sep/2022:03:46:46 -0700] "GET /Utagoe/2022Summer/2022082713Songs.JPG HTTP/1.1" 200 147773 "-" "Mozilla/4.0 (compatible; MSIE 8.0; Windows NT 6.1; Trident/4.0)" "nobbycosmic.com"
114.119.128.26 - - [05/Sep/2022:03:52:19 -0700] "GET /NJCA/BBQ07?C=S%3BO%3DA HTTP/1.1" 301 1432 "https://nobbycosmic.com/NJCA/BBQ07?M=D" "Mozilla/5.0 (Linux; Android 7.0;) AppleWebKit/537.36 (KHTML, like Gecko) Mobile Safari/537.36 (compatible; PetalBot;+https://webmaster.petalsearch.com/site/petalbot)" "nobbycosmic.com"
114.119.128.26 - - [05/Sep/2022:03:52:20 -0700] "GET /NJCA/BBQ07/?C=S%3BO%3DA HTTP/1.1" 200 601 "https://nobbycosmic.com/NJCA/BBQ07?M=D" "Mozilla/5.0 (Linux; Android 7.0;) AppleWebKit/537.36 (KHTML, like Gecko) Mobile Safari/537.36 (compatible; PetalBot;+https://webmaster.petalsearch.com/site/petalbot)" "nobbycosmic.com"
148.251.123.46 - - [05/Sep/2022:03:56:42 -0700] "GET / HTTP/1.1" 200 10838 "-" "Mozilla/5.0 (Windows; U; Windows NT 5.1; ru; rv:1.9.0.1) Gecko/2008070208" "nobbycosmic.com"
114.119.128.26 - - [05/Sep/2022:04:09:59 -0700] "GET /NJCA/BBQ08/Pictures?D=D HTTP/1.1" 301 1430 "https://nobbycosmic.com/NJCA/BBQ08/Pictures?D=A" "Mozilla/5.0 (Linux; Android 7.0;) AppleWebKit/537.36 (KHTML, like Gecko) Mobile Safari/537.36 (compatible; PetalBot;+https://webmaster.petalsearch.com/site/petalbot)" "nobbycosmic.com"
114.119.128.26 - - [05/Sep/2022:04:10:04 -0700] "GET /NJCA/BBQ08/Pictures/?D=D HTTP/1.1" 200 774 "https://nobbycosmic.com/NJCA/BBQ08/Pictures?D=A" "Mozilla/5.0 (Linux; Android 7.0;) AppleWebKit/537.36 (KHTML, like Gecko) Mobile Safari/537.36 (compatible; PetalBot;+https://webmaster.petalsearch.com/site/petalbot)" "nobbycosmic.com"
114.119.128.26 - - [05/Sep/2022:04:11:38 -0700] "GET /NJCA/NY07/Pictures?S=D HTTP/1.1" 301 1428 "https://nobbycosmic.com/NJCA/NY07/Pictures?S=A" "Mozilla/5.0 (Linux; Android 7.0;) AppleWebKit/537.36 (KHTML, like Gecko) Mobile Safari/537.36 (compatible; PetalBot;+https://webmaster.petalsearch.com/site/petalbot)" "nobbycosmic.com"
114.119.128.26 - - [05/Sep/2022:04:11:40 -0700] "GET /NJCA/NY07/Pictures/?S=D HTTP/1.1" 200 1114 "https://nobbycosmic.com/NJCA/NY07/Pictures?S=A" "Mozilla/5.0 (Linux; Android 7.0;) AppleWebKit/537.36 (KHTML, like Gecko) Mobile Safari/537.36 (compatible; PetalBot;+https://webmaster.petalsearch.com/site/petalbot)" "nobbycosmic.com"
187.21.102.215 - - [05/Sep/2022:04:11:47 -0700] "GET /favicon.ico HTTP/1.1" 404 88 "-" "Mozilla/5.0 (iPhone; CPU iPhone OS 15_6 like Mac OS X) AppleWebKit/605.1.15 (KHTML, like Gecko) CriOS/104.0.5112.99 Mobile/15E148 Safari/604.1" "nobbycosmic.com"
216.244.66.200 - - [05/Sep/2022:04:30:22 -0700] "GET /robots.txt HTTP/1.1" 200 61 "-" "Mozilla/5.0 (compatible; DotBot/1.2; +https://opensiteexplorer.org/dotbot; help@moz.com)" "nobbycosmic.com"
106.146.13.94 - - [05/Sep/2022:04:34:36 -0700] "GET /Utagoe/2022Summer/Utagoe202208.htm HTTP/1.1" 200 2832 "-" "Mozilla/5.0 (Linux; Android 11; SCG08) AppleWebKit/537.36 (KHTML, like Gecko) SamsungBrowser/14.2 Chrome/87.0.4280.141 Mobile Safari/537.36" "nobbycosmic.com"
106.146.13.94 - - [05/Sep/2022:04:34:36 -0700] "GET /Utagoe/2022Summer/2022082701Sun.jpg HTTP/1.1" 200 43206 "https://nobbycosmic.com/Utagoe/2022Summer/Utagoe202208.htm" "Mozilla/5.0 (Linux; Android 11; SCG08) AppleWebKit/537.36 (KHTML, like Gecko) SamsungBrowser/14.2 Chrome/87.0.4280.141 Mobile Safari/537.36" "nobbycosmic.com"
106.146.13.94 - - [05/Sep/2022:04:34:36 -0700] "GET /Utagoe/2022Summer/2022082702BlueSky.jpg HTTP/1.1" 200 30483 "https://nobbycosmic.com/Utagoe/2022Summer/Utagoe202208.htm" "Mozilla/5.0 (Linux; Android 11; SCG08) AppleWebKit/537.36 (KHTML, like Gecko) SamsungBrowser/14.2 Chrome/87.0.4280.141 Mobile Safari/537.36" "nobbycosmic.com"
106.146.13.94 - - [05/Sep/2022:04:34:36 -0700] "GET /Utagoe/2022Summer/2022082708Session.JPG HTTP/1.1" 200 133126 "https://nobbycosmic.com/Utagoe/2022Summer/Utagoe202208.htm" "Mozilla/5.0 (Linux; Android 11; SCG08) AppleWebKit/537.36 (KHTML, like Gecko) SamsungBrowser/14.2 Chrome/87.0.4280.141 Mobile Safari/537.36" "nobbycosmic.com"
106.146.13.94 - - [05/Sep/2022:04:34:36 -0700] "GET /Utagoe/2022Summer/2022082710Band.JPG HTTP/1.1" 200 139648 "https://nobbycosmic.com/Utagoe/2022Summer/Utagoe202208.htm" "Mozilla/5.0 (Linux; Android 11; SCG08) AppleWebKit/537.36 (KHTML, like Gecko) SamsungBrowser/14.2 Chrome/87.0.4280.141 Mobile Safari/537.36" "nobbycosmic.com"
106.146.13.94 - - [05/Sep/2022:04:34:36 -0700] "GET /Utagoe/2022Summer/2022082710Lunch.JPG HTTP/1.1" 200 148867 "https://nobbycosmic.com/Utagoe/2022Summer/Utagoe202208.htm" "Mozilla/5.0 (Linux; Android 11; SCG08) AppleWebKit/537.36 (KHTML, like Gecko) SamsungBrowser/14.2 Chrome/87.0.4280.141 Mobile Safari/537.36" "nobbycosmic.com"
106.146.13.94 - - [05/Sep/2022:04:34:36 -0700] "GET /Utagoe/2022Summer/2022082707Session.JPG HTTP/1.1" 200 148214 "https://nobbycosmic.com/Utagoe/2022Summer/Utagoe202208.htm" "Mozilla/5.0 (Linux; Android 11; SCG08) AppleWebKit/537.36 (KHTML, like Gecko) SamsungBrowser/14.2 Chrome/87.0.4280.141 Mobile Safari/537.36" "nobbycosmic.com"
106.146.13.94 - - [05/Sep/2022:04:34:37 -0700] "GET /Utagoe/2022Summer/2022082712Songs.JPG HTTP/1.1" 200 128747 "https://nobbycosmic.com/Utagoe/2022Summer/Utagoe202208.htm" "Mozilla/5.0 (Linux; Android 11; SCG08) AppleWebKit/537.36 (KHTML, like Gecko) SamsungBrowser/14.2 Chrome/87.0.4280.141 Mobile Safari/537.36" "nobbycosmic.com"
106.146.13.94 - - [05/Sep/2022:04:34:37 -0700] "GET /Utagoe/2022Summer/2022082709Band.JPG HTTP/1.1" 200 132981 "https://nobbycosmic.com/Utagoe/2022Summer/Utagoe202208.htm" "Mozilla/5.0 (Linux; Android 11; SCG08) AppleWebKit/537.36 (KHTML, like Gecko) SamsungBrowser/14.2 Chrome/87.0.4280.141 Mobile Safari/537.36" "nobbycosmic.com"
106.146.13.94 - - [05/Sep/2022:04:34:38 -0700] "GET /Utagoe/2022Summer/2022082711Lunch.JPG HTTP/1.1" 200 137587 "https://nobbycosmic.com/Utagoe/2022Summer/Utagoe202208.htm" "Mozilla/5.0 (Linux; Android 11; SCG08) AppleWebKit/537.36 (KHTML, like Gecko) SamsungBrowser/14.2 Chrome/87.0.4280.141 Mobile Safari/537.36" "nobbycosmic.com"
106.146.13.94 - - [05/Sep/2022:04:34:38 -0700] "GET /Utagoe/2022Summer/2022082713Songs.JPG HTTP/1.1" 200 147773 "https://nobbycosmic.com/Utagoe/2022Summer/Utagoe202208.htm" "Mozilla/5.0 (Linux; Android 11; SCG08) AppleWebKit/537.36 (KHTML, like Gecko) SamsungBrowser/14.2 Chrome/87.0.4280.141 Mobile Safari/537.36" "nobbycosmic.com"
106.146.13.94 - - [05/Sep/2022:04:34:38 -0700] "GET /Utagoe/2022Summer/2022082703Tree.JPG HTTP/1.1" 200 130838 "https://nobbycosmic.com/Utagoe/2022Summer/Utagoe202208.htm" "Mozilla/5.0 (Linux; Android 11; SCG08) AppleWebKit/537.36 (KHTML, like Gecko) SamsungBrowser/14.2 Chrome/87.0.4280.141 Mobile Safari/537.36" "nobbycosmic.com"
106.146.13.94 - - [05/Sep/2022:04:34:38 -0700] "GET /Utagoe/2022Summer/2022082704Tree.jpg HTTP/1.1" 200 107210 "https://nobbycosmic.com/Utagoe/2022Summer/Utagoe202208.htm" "Mozilla/5.0 (Linux; Android 11; SCG08) AppleWebKit/537.36 (KHTML, like Gecko) SamsungBrowser/14.2 Chrome/87.0.4280.141 Mobile Safari/537.36" "nobbycosmic.com"
106.146.13.94 - - [05/Sep/2022:04:34:38 -0700] "GET /Utagoe/2022Summer/2022082705Prep.jpg HTTP/1.1" 200 83979 "https://nobbycosmic.com/Utagoe/2022Summer/Utagoe202208.htm" "Mozilla/5.0 (Linux; Android 11; SCG08) AppleWebKit/537.36 (KHTML, like Gecko) SamsungBrowser/14.2 Chrome/87.0.4280.141 Mobile Safari/537.36" "nobbycosmic.com"
106.146.13.94 - - [05/Sep/2022:04:34:38 -0700] "GET /Utagoe/2022Summer/2022082706Prep.jpg HTTP/1.1" 200 129100 "https://nobbycosmic.com/Utagoe/2022Summer/Utagoe202208.htm" "Mozilla/5.0 (Linux; Android 11; SCG08) AppleWebKit/537.36 (KHTML, like Gecko) SamsungBrowser/14.2 Chrome/87.0.4280.141 Mobile Safari/537.36" "nobbycosmic.com"
106.146.13.94 - - [05/Sep/2022:04:34:40 -0700] "GET /favicon.ico HTTP/1.1" 404 88 "https://nobbycosmic.com/Utagoe/2022Summer/Utagoe202208.htm" "Mozilla/5.0 (Linux; Android 11; SCG08) AppleWebKit/537.36 (KHTML, like Gecko) SamsungBrowser/14.2 Chrome/87.0.4280.141 Mobile Safari/537.36" "nobbycosmic.com"
114.119.128.26 - - [05/Sep/2022:04:40:26 -0700] "GET /Card/Card10/ HTTP/1.1" 200 472 "https://nobbycosmic.com/Card/?C=M%3BO%3DA" "Mozilla/5.0 (Linux; Android 7.0;) AppleWebKit/537.36 (KHTML, like Gecko) Mobile Safari/537.36 (compatible; PetalBot;+https://webmaster.petalsearch.com/site/petalbot)" "nobbycosmic.com"
157.55.39.36 - - [05/Sep/2022:04:56:20 -0700] "GET /NJCA/BBQ10/Reception4.jpg HTTP/1.1" 200 30279 "-" "Mozilla/5.0 (compatible; bingbot/2.0; +http://www.bing.com/bingbot.htm)" "nobbycosmic.com"
40.77.167.47 - - [05/Sep/2022:04:56:31 -0700] "GET /Temp/Nostalgia2015Poster.pdf HTTP/1.1" 404 88 "-" "Mozilla/5.0 (compatible; bingbot/2.0; +http://www.bing.com/bingbot.htm)" "nobbycosmic.com"
51.222.253.1 - - [05/Sep/2022:05:01:28 -0700] "GET / HTTP/1.1" 200 3158 "-" "Mozilla/5.0 (compatible; AhrefsBot/7.0; +http://ahrefs.com/robot/)" "nobbycosmic.com"
114.119.128.40 - - [05/Sep/2022:05:09:38 -0700] "GET /NJCA/Signs/MensChangeRoomSign.pdf HTTP/1.1" 200 12871 "https://nobbycosmic.com/NJCA/Signs" "Mozilla/5.0 (Linux; Android 7.0;) AppleWebKit/537.36 (KHTML, like Gecko) Mobile Safari/537.36 (compatible; PetalBot;+https://webmaster.petalsearch.com/site/petalbot)" "nobbycosmic.com"
51.222.253.12 - - [05/Sep/2022:05:18:22 -0700] "GET /robots.txt HTTP/1.1" 200 75 "-" "Mozilla/5.0 (compatible; AhrefsBot/7.0; +http://ahrefs.com/robot/)" "nobbycosmic.com"
216.244.66.200 - - [05/Sep/2022:05:21:11 -0700] "GET /robots.txt HTTP/1.1" 200 61 "-" "Mozilla/5.0 (compatible; DotBot/1.2; +https://opensiteexplorer.org/dotbot; help@moz.com)" "nobbycosmic.com"
114.119.128.40 - - [05/Sep/2022:05:23:43 -0700] "GET /Card/Card11/?C=S%3BO%3DA HTTP/1.1" 200 453 "https://nobbycosmic.com/Card/Card11/" "Mozilla/5.0 (Linux; Android 7.0;) AppleWebKit/537.36 (KHTML, like Gecko) Mobile Safari/537.36 (compatible; PetalBot;+https://webmaster.petalsearch.com/site/petalbot)" "nobbycosmic.com"
157.55.39.65 - - [05/Sep/2022:05:26:27 -0700] "GET /Utagoe/Shinjuku2007/Shinjuku2007.htm HTTP/1.1" 200 2079 "-" "Mozilla/5.0 (compatible; bingbot/2.0; +http://www.bing.com/bingbot.htm)" "nobbycosmic.com"
194.38.20.161 - - [05/Sep/2022:05:54:05 -0700] "GET /wp-content/plugins/super-interactive-maps/sim-wp-admin/pages/manage-maps.php HTTP/1.1" 404 73 "-" "ALittle Client" "nobbycosmic.com"
216.244.66.200 - - [05/Sep/2022:06:30:02 -0700] "GET /robots.txt HTTP/1.1" 200 61 "-" "Mozilla/5.0 (compatible; DotBot/1.2; +https://opensiteexplorer.org/dotbot; help@moz.com)" "nobbycosmic.com"
104.157.130.150 - - [05/Sep/2022:06:35:09 -0700] "GET /Utagoe/2022Summer/Utagoe202208.htm HTTP/1.1" 304 - "-" "Mozilla/5.0 (Windows NT 10.0; Win64; x64) AppleWebKit/537.36 (KHTML, like Gecko) Chrome/104.0.0.0 Safari/537.36" "nobbycosmic.com"
104.157.130.150 - - [05/Sep/2022:06:35:09 -0700] "GET /Utagoe/2022Summer/2022082703Tree.JPG HTTP/1.1" 304 - "https://nobbycosmic.com/Utagoe/2022Summer/Utagoe202208.htm" "Mozilla/5.0 (Windows NT 10.0; Win64; x64) AppleWebKit/537.36 (KHTML, like Gecko) Chrome/104.0.0.0 Safari/537.36" "nobbycosmic.com"
104.157.130.150 - - [05/Sep/2022:06:35:10 -0700] "GET /Utagoe/2022Summer/2022082708Session.JPG HTTP/1.1" 304 - "https://nobbycosmic.com/Utagoe/2022Summer/Utagoe202208.htm" "Mozilla/5.0 (Windows NT 10.0; Win64; x64) AppleWebKit/537.36 (KHTML, like Gecko) Chrome/104.0.0.0 Safari/537.36" "nobbycosmic.com"
104.157.130.150 - - [05/Sep/2022:06:35:10 -0700] "GET /Utagoe/2022Summer/2022082707Session.JPG HTTP/1.1" 304 - "https://nobbycosmic.com/Utagoe/2022Summer/Utagoe202208.htm" "Mozilla/5.0 (Windows NT 10.0; Win64; x64) AppleWebKit/537.36 (KHTML, like Gecko) Chrome/104.0.0.0 Safari/537.36" "nobbycosmic.com"
104.157.130.150 - - [05/Sep/2022:06:35:10 -0700] "GET /Utagoe/2022Summer/2022082710Band.JPG HTTP/1.1" 304 - "https://nobbycosmic.com/Utagoe/2022Summer/Utagoe202208.htm" "Mozilla/5.0 (Windows NT 10.0; Win64; x64) AppleWebKit/537.36 (KHTML, like Gecko) Chrome/104.0.0.0 Safari/537.36" "nobbycosmic.com"
104.157.130.150 - - [05/Sep/2022:06:35:10 -0700] "GET /Utagoe/2022Summer/2022082709Band.JPG HTTP/1.1" 304 - "https://nobbycosmic.com/Utagoe/2022Summer/Utagoe202208.htm" "Mozilla/5.0 (Windows NT 10.0; Win64; x64) AppleWebKit/537.36 (KHTML, like Gecko) Chrome/104.0.0.0 Safari/537.36" "nobbycosmic.com"
104.157.130.150 - - [05/Sep/2022:06:35:10 -0700] "GET /Utagoe/2022Summer/2022082710Lunch.JPG HTTP/1.1" 304 - "https://nobbycosmic.com/Utagoe/2022Summer/Utagoe202208.htm" "Mozilla/5.0 (Windows NT 10.0; Win64; x64) AppleWebKit/537.36 (KHTML, like Gecko) Chrome/104.0.0.0 Safari/537.36" "nobbycosmic.com"
104.157.130.150 - - [05/Sep/2022:06:35:10 -0700] "GET /Utagoe/2022Summer/2022082711Lunch.JPG HTTP/1.1" 304 - "https://nobbycosmic.com/Utagoe/2022Summer/Utagoe202208.htm" "Mozilla/5.0 (Windows NT 10.0; Win64; x64) AppleWebKit/537.36 (KHTML, like Gecko) Chrome/104.0.0.0 Safari/537.36" "nobbycosmic.com"
104.157.130.150 - - [05/Sep/2022:06:35:10 -0700] "GET /Utagoe/2022Summer/2022082712Songs.JPG HTTP/1.1" 304 - "https://nobbycosmic.com/Utagoe/2022Summer/Utagoe202208.htm" "Mozilla/5.0 (Windows NT 10.0; Win64; x64) AppleWebKit/537.36 (KHTML, like Gecko) Chrome/104.0.0.0 Safari/537.36" "nobbycosmic.com"
104.157.130.150 - - [05/Sep/2022:06:35:10 -0700] "GET /Utagoe/2022Summer/2022082713Songs.JPG HTTP/1.1" 304 - "https://nobbycosmic.com/Utagoe/2022Summer/Utagoe202208.htm" "Mozilla/5.0 (Windows NT 10.0; Win64; x64) AppleWebKit/537.36 (KHTML, like Gecko) Chrome/104.0.0.0 Safari/537.36" "nobbycosmic.com"
104.157.130.150 - - [05/Sep/2022:06:35:10 -0700] "GET /favicon.ico HTTP/1.1" 404 88 "https://nobbycosmic.com/Utagoe/2022Summer/Utagoe202208.htm" "Mozilla/5.0 (Windows NT 10.0; Win64; x64) AppleWebKit/537.36 (KHTML, like Gecko) Chrome/104.0.0.0 Safari/537.36" "nobbycosmic.com"
40.77.167.47 - - [05/Sep/2022:06:39:42 -0700] "GET /TSN/Word.htm HTTP/1.1" 200 1165 "-" "Mozilla/5.0 (compatible; bingbot/2.0; +http://www.bing.com/bingbot.htm)" "nobbycosmic.com"
114.119.128.26 - - [05/Sep/2022:07:03:43 -0700] "GET /Card/Card02/ HTTP/1.1" 200 460 "https://nobbycosmic.com/Card/?C=M%3BO%3DA" "Mozilla/5.0 (Linux; Android 7.0;) AppleWebKit/537.36 (KHTML, like Gecko) Mobile Safari/537.36 (compatible; PetalBot;+https://webmaster.petalsearch.com/site/petalbot)" "nobbycosmic.com"
114.119.128.40 - - [05/Sep/2022:07:05:55 -0700] "GET /NJCA/Document/2012HBRActiveReport.pdf HTTP/1.1" 200 69513 "https://nobbycosmic.com/NJCA/Document?D=A" "Mozilla/5.0 (Linux; Android 7.0;) AppleWebKit/537.36 (KHTML, like Gecko) Mobile Safari/537.36 (compatible; PetalBot;+https://webmaster.petalsearch.com/site/petalbot)" "nobbycosmic.com"
54.36.148.202 - - [05/Sep/2022:07:11:58 -0700] "GET /robots.txt HTTP/1.1" 200 75 "-" "Mozilla/5.0 (compatible; AhrefsBot/7.0; +http://ahrefs.com/robot/)" "nobbycosmic.com"
216.244.66.200 - - [05/Sep/2022:07:17:29 -0700] "GET /robots.txt HTTP/1.1" 200 61 "-" "Mozilla/5.0 (compatible; DotBot/1.2; +https://opensiteexplorer.org/dotbot; help@moz.com)" "nobbycosmic.com"
114.119.128.40 - - [05/Sep/2022:07:26:08 -0700] "GET /NJCA/NY06?N=D HTTP/1.1" 301 1421 "https://nobbycosmic.com/NJCA/NY06?N=A" "Mozilla/5.0 (Linux; Android 7.0;) AppleWebKit/537.36 (KHTML, like Gecko) Mobile Safari/537.36 (compatible; PetalBot;+https://webmaster.petalsearch.com/site/petalbot)" "nobbycosmic.com"
114.119.128.40 - - [05/Sep/2022:07:26:11 -0700] "GET /NJCA/NY06/?N=D HTTP/1.1" 200 1583 "https://nobbycosmic.com/NJCA/NY06?N=A" "Mozilla/5.0 (Linux; Android 7.0;) AppleWebKit/537.36 (KHTML, like Gecko) Mobile Safari/537.36 (compatible; PetalBot;+https://webmaster.petalsearch.com/site/petalbot)" "nobbycosmic.com"
114.119.128.26 - - [05/Sep/2022:07:58:30 -0700] "GET /NJCA/NY10/Picture2/?C=D%3BO%3DA HTTP/1.1" 200 1295 "https://nobbycosmic.com/NJCA/NY10/Picture2/?C=M%3BO%3DA" "Mozilla/5.0 (Linux; Android 7.0;) AppleWebKit/537.36 (KHTML, like Gecko) Mobile Safari/537.36 (compatible; PetalBot;+https://webmaster.petalsearch.com/site/petalbot)" "nobbycosmic.com"
157.55.39.65 - - [05/Sep/2022:08:01:43 -0700] "GET /Utagoe/0905.htm HTTP/1.1" 200 3026 "-" "Mozilla/5.0 (compatible; bingbot/2.0; +http://www.bing.com/bingbot.htm)" "nobbycosmic.com"
216.244.66.200 - - [05/Sep/2022:08:03:10 -0700] "GET /robots.txt HTTP/1.1" 200 61 "-" "Mozilla/5.0 (compatible; DotBot/1.2; +https://opensiteexplorer.org/dotbot; help@moz.com)" "nobbycosmic.com"
114.119.128.26 - - [05/Sep/2022:08:12:56 -0700] "GET /NJCA/NY12/PicturePages?M=D HTTP/1.1" 301 1430 "https://nobbycosmic.com/NJCA/NY12/PicturePages?M=A" "Mozilla/5.0 (Linux; Android 7.0;) AppleWebKit/537.36 (KHTML, like Gecko) Mobile Safari/537.36 (compatible; PetalBot;+https://webmaster.petalsearch.com/site/petalbot)" "nobbycosmic.com"
114.119.128.26 - - [05/Sep/2022:08:12:56 -0700] "GET /NJCA/NY12/PicturePages?M=D HTTP/1.1" 301 1430 "https://nobbycosmic.com/NJCA/NY12/PicturePages?M=A" "Mozilla/5.0 (Linux; Android 7.0;) AppleWebKit/537.36 (KHTML, like Gecko) Mobile Safari/537.36 (compatible; PetalBot;+https://webmaster.petalsearch.com/site/petalbot)" "nobbycosmic.com"
114.119.128.26 - - [05/Sep/2022:08:12:57 -0700] "GET /NJCA/NY12/PicturePages/?M=D HTTP/1.1" 200 1411 "https://nobbycosmic.com/NJCA/NY12/PicturePages?M=A" "Mozilla/5.0 (Linux; Android 7.0;) AppleWebKit/537.36 (KHTML, like Gecko) Mobile Safari/537.36 (compatible; PetalBot;+https://webmaster.petalsearch.com/site/petalbot)" "nobbycosmic.com"
114.119.128.26 - - [05/Sep/2022:08:12:59 -0700] "GET /NJCA/NY12/PicturePages/?M=D HTTP/1.1" 200 1411 "https://nobbycosmic.com/NJCA/NY12/PicturePages?M=A" "Mozilla/5.0 (Linux; Android 7.0;) AppleWebKit/537.36 (KHTML, like Gecko) Mobile Safari/537.36 (compatible; PetalBot;+https://webmaster.petalsearch.com/site/petalbot)" "nobbycosmic.com"
177.53.117.146 - - [05/Sep/2022:08:16:31 -0700] "GET /wp-includes/css/modules.php HTTP/1.1" 404 88 "-" "python-requests/2.27.1" "nobbycosmic.com"
177.53.117.146 - - [05/Sep/2022:08:16:34 -0700] "GET /wso.php HTTP/1.1" 404 88 "-" "python-requests/2.27.1" "nobbycosmic.com"
177.53.117.146 - - [05/Sep/2022:08:16:38 -0700] "GET /wp-content/plugins/upspy/index.php HTTP/1.1" 404 88 "-" "python-requests/2.27.1" "nobbycosmic.com"
177.53.117.146 - - [05/Sep/2022:08:16:41 -0700] "GET /wp-content/plugins/ubh/index.php HTTP/1.1" 404 88 "-" "python-requests/2.27.1" "nobbycosmic.com"
177.53.117.146 - - [05/Sep/2022:08:16:43 -0700] "GET /wp-content/plugins/vwcleanerplugin/bump.php?cache HTTP/1.1" 404 88 "-" "python-requests/2.27.1" "nobbycosmic.com"
177.53.117.146 - - [05/Sep/2022:08:16:47 -0700] "GET /wp-content/plugins/xichang/x.php?xi HTTP/1.1" 404 88 "-" "python-requests/2.27.1" "nobbycosmic.com"
177.53.117.146 - - [05/Sep/2022:08:16:48 -0700] "GET /wp-content/plugins/html404/index.html HTTP/1.1" 404 88 "-" "python-requests/2.27.1" "nobbycosmic.com"
177.53.117.146 - - [05/Sep/2022:08:16:51 -0700] "GET /wp-admin/shapes.php HTTP/1.1" 404 88 "-" "python-requests/2.27.1" "nobbycosmic.com"
177.53.117.146 - - [05/Sep/2022:08:16:53 -0700] "GET /olux.php HTTP/1.1" 404 88 "-" "python-requests/2.27.1" "nobbycosmic.com"
177.53.117.146 - - [05/Sep/2022:08:16:55 -0700] "GET /indoxploit.php HTTP/1.1" 404 88 "-" "python-requests/2.27.1" "nobbycosmic.com"
177.53.117.146 - - [05/Sep/2022:08:17:02 -0700] "GET / HTTP/1.1" 200 3158 "-" "python-requests/2.27.1" "nobbycosmic.com"
177.53.117.146 - - [05/Sep/2022:08:17:06 -0700] "GET /up.php HTTP/1.1" 404 88 "-" "python-requests/2.27.1" "nobbycosmic.com"
177.53.117.146 - - [05/Sep/2022:08:17:09 -0700] "GET /upload.php HTTP/1.1" 404 88 "-" "python-requests/2.27.1" "nobbycosmic.com"
177.53.117.146 - - [05/Sep/2022:08:17:12 -0700] "GET /wp-content/uploads/ HTTP/1.1" 404 88 "-" "python-requests/2.27.1" "nobbycosmic.com"
177.53.117.146 - - [05/Sep/2022:08:17:15 -0700] "GET /wp-content/uploads/2022/09/ HTTP/1.1" 404 88 "-" "python-requests/2.27.1" "nobbycosmic.com"
177.53.117.146 - - [05/Sep/2022:08:17:17 -0700] "GET /shell.php HTTP/1.1" 404 88 "-" "python-requests/2.27.1" "nobbycosmic.com"
177.53.117.146 - - [05/Sep/2022:08:17:30 -0700] "GET /wp-admin/network/wp-footer.php HTTP/1.1" 404 88 "-" "python-requests/2.27.1" "nobbycosmic.com"
177.53.117.146 - - [05/Sep/2022:08:17:32 -0700] "GET /wp-info.php HTTP/1.1" 404 88 "-" "python-requests/2.27.1" "nobbycosmic.com"
177.53.117.146 - - [05/Sep/2022:08:17:35 -0700] "GET /wp-content/vuln.php HTTP/1.1" 404 88 "-" "python-requests/2.27.1" "nobbycosmic.com"
177.53.117.146 - - [05/Sep/2022:08:17:38 -0700] "GET /upel.php HTTP/1.1" 404 88 "-" "python-requests/2.27.1" "nobbycosmic.com"
177.53.117.146 - - [05/Sep/2022:08:17:41 -0700] "GET /wp-content/plugins/ppus/up.php HTTP/1.1" 404 88 "-" "python-requests/2.27.1" "nobbycosmic.com"
177.53.117.146 - - [05/Sep/2022:08:17:47 -0700] "GET /098.php HTTP/1.1" 404 88 "-" "python-requests/2.27.1" "nobbycosmic.com"
177.53.117.146 - - [05/Sep/2022:08:17:53 -0700] "GET /V5.php HTTP/1.1" 404 88 "-" "python-requests/2.27.1" "nobbycosmic.com"
177.53.117.146 - - [05/Sep/2022:08:17:55 -0700] "GET /new_license.php HTTP/1.1" 404 88 "-" "python-requests/2.27.1" "nobbycosmic.com"
177.53.117.146 - - [05/Sep/2022:08:17:58 -0700] "GET /wp-content/plugins/theme-configurator/mini.php HTTP/1.1" 404 88 "-" "python-requests/2.27.1" "nobbycosmic.com"
177.53.117.146 - - [05/Sep/2022:08:18:01 -0700] "GET /wp-content/plugins/widget-logic/mini.php HTTP/1.1" 404 88 "-" "python-requests/2.27.1" "nobbycosmic.com"
157.55.39.65 - - [05/Sep/2022:08:18:13 -0700] "GET /Post/JF202208251.pdf HTTP/1.1" 200 16602255 "-" "Mozilla/5.0 (compatible; bingbot/2.0; +http://www.bing.com/bingbot.htm)" "nobbycosmic.com"
40.77.139.34 - - [05/Sep/2022:08:18:29 -0700] "GET /Post/JF202208251.pdf HTTP/1.1" 200 16602255 "-" "Mozilla/5.0 (Windows NT 6.1; WOW64) AppleWebKit/534+ (KHTML, like Gecko) BingPreview/1.0b" "nobbycosmic.com"
216.244.66.200 - - [05/Sep/2022:08:48:29 -0700] "GET /robots.txt HTTP/1.1" 200 61 "-" "Mozilla/5.0 (compatible; DotBot/1.2; +https://opensiteexplorer.org/dotbot; help@moz.com)" "nobbycosmic.com"
185.191.171.10 - - [05/Sep/2022:08:54:42 -0700] "GET /robots.txt HTTP/1.1" 200 75 "-" "Mozilla/5.0 (compatible; SemrushBot/7~bl; +http://www.semrush.com/bot.html)" "nobbycosmic.com"
185.191.171.8 - - [05/Sep/2022:08:54:44 -0700] "GET /BTF/P2010/P2010.htm HTTP/1.1" 404 88 "-" "Mozilla/5.0 (compatible; SemrushBot/7~bl; +http://www.semrush.com/bot.html)" "nobbycosmic.com"
185.191.171.12 - - [05/Sep/2022:09:11:32 -0700] "GET /Utagoe/2018Fall/Utagoe201811.htm HTTP/1.1" 200 2617 "-" "Mozilla/5.0 (compatible; SemrushBot/7~bl; +http://www.semrush.com/bot.html)" "nobbycosmic.com"
157.55.39.163 - - [05/Sep/2022:09:19:09 -0700] "GET /Temp/JF20180125.pdf HTTP/1.1" 404 88 "-" "Mozilla/5.0 (compatible; bingbot/2.0; +http://www.bing.com/bingbot.htm)" "nobbycosmic.com"
216.244.66.200 - - [05/Sep/2022:09:34:00 -0700] "GET /robots.txt HTTP/1.1" 200 61 "-" "Mozilla/5.0 (compatible; DotBot/1.2; +https://opensiteexplorer.org/dotbot; help@moz.com)" "nobbycosmic.com"
157.55.39.163 - - [05/Sep/2022:10:13:24 -0700] "GET /NJCA/NY10/JCCCMapNY2010J.pdf HTTP/1.1" 200 113274 "-" "Mozilla/5.0 AppleWebKit/537.36 (KHTML, like Gecko; compatible; bingbot/2.0; +http://www.bing.com/bingbot.htm) Chrome/103.0.5060.134 Safari/537.36" "nobbycosmic.com"
216.244.66.200 - - [05/Sep/2022:10:19:25 -0700] "GET /robots.txt HTTP/1.1" 200 61 "-" "Mozilla/5.0 (compatible; DotBot/1.2; +https://opensiteexplorer.org/dotbot; help@moz.com)" "nobbycosmic.com"
138.68.180.18 - - [05/Sep/2022:10:43:14 -0700] "GET / HTTP/1.1" 200 3158 "-" "Mozilla/5.0 (Windows NT 6.0) AppleWebKit/537.36 (KHTML, like Gecko) Chrome/34.0.1847.116 Safari/537.36" "nobbycosmic.com"
138.68.180.18 - - [05/Sep/2022:10:43:15 -0700] "GET /home HTTP/1.1" 200 3157 "-" "Mozilla/5.0 (Windows NT 6.0) AppleWebKit/537.36 (KHTML, like Gecko) Chrome/34.0.1847.116 Safari/537.36" "nobbycosmic.com"
138.68.180.18 - - [05/Sep/2022:10:43:16 -0700] "GET /services HTTP/1.1" 200 2996 "-" "Mozilla/5.0 (Windows NT 6.0) AppleWebKit/537.36 (KHTML, like Gecko) Chrome/34.0.1847.116 Safari/537.36" "nobbycosmic.com"
138.68.180.18 - - [05/Sep/2022:10:43:18 -0700] "GET /about_us HTTP/1.1" 200 2945 "-" "Mozilla/5.0 (Windows NT 6.0) AppleWebKit/537.36 (KHTML, like Gecko) Chrome/34.0.1847.116 Safari/537.36" "nobbycosmic.com"
138.68.180.18 - - [05/Sep/2022:10:43:20 -0700] "GET /contact_us HTTP/1.1" 200 6311 "-" "Mozilla/5.0 (Windows NT 6.0) AppleWebKit/537.36 (KHTML, like Gecko) Chrome/34.0.1847.116 Safari/537.36" "nobbycosmic.com"
157.55.39.163 - - [05/Sep/2022:10:58:58 -0700] "GET /Post/JF202010221.pdf HTTP/1.1" 404 88 "-" "Mozilla/5.0 (compatible; bingbot/2.0; +http://www.bing.com/bingbot.htm)" "www.nobbycosmic.com"
216.244.66.200 - - [05/Sep/2022:11:06:33 -0700] "GET /robots.txt HTTP/1.1" 200 61 "-" "Mozilla/5.0 (compatible; DotBot/1.2; +https://opensiteexplorer.org/dotbot; help@moz.com)" "nobbycosmic.com"
142.126.192.183 - - [05/Sep/2022:11:14:40 -0700] "GET / HTTP/1.1" 200 3158 "-" "Mozilla/5.0 (Macintosh; Intel Mac OS X 10_15_7) AppleWebKit/605.1.15 (KHTML, like Gecko) Version/15.6.1 Safari/605.1.15" "nobbycosmic.com"
40.77.167.23 - - [05/Sep/2022:11:51:00 -0700] "GET /Utagoe/2020SummerMori/202007196Park.jpg HTTP/1.1" 200 48886 "-" "Mozilla/5.0 AppleWebKit/537.36 (KHTML, like Gecko; compatible; bingbot/2.0; +http://www.bing.com/bingbot.htm) Chrome/103.0.5060.134 Safari/537.36" "nobbycosmic.com"
157.55.39.65 - - [05/Sep/2022:11:52:16 -0700] "GET /Utagoe/Sankei0406.jpg HTTP/1.1" 200 404132 "-" "Mozilla/5.0 (compatible; bingbot/2.0; +http://www.bing.com/bingbot.htm)" "www.nobbycosmic.com"
216.244.66.200 - - [05/Sep/2022:12:04:46 -0700] "GET /robots.txt HTTP/1.1" 200 61 "-" "Mozilla/5.0 (compatible; DotBot/1.2; +https://opensiteexplorer.org/dotbot; help@moz.com)" "nobbycosmic.com"
142.188.199.189 - - [05/Sep/2022:12:08:04 -0700] "GET /BabyTalks/BTList.htm HTTP/1.1" 200 10238 "-" "Mozilla/5.0 (Macintosh; Intel Mac OS X 10_11_1) AppleWebKit/601.2.4 (KHTML, like Gecko) Version/9.0.1 Safari/601.2.4 facebookexternalhit/1.1 Facebot Twitterbot/1.0" "nobbycosmic.com"
142.188.199.189 - - [05/Sep/2022:12:08:04 -0700] "GET /apple-touch-icon.png HTTP/1.1" 404 88 "-" "Mozilla/5.0 (Macintosh; Intel Mac OS X 10_11_1) AppleWebKit/601.2.4 (KHTML, like Gecko) Version/9.0.1 Safari/601.2.4 facebookexternalhit/1.1 Facebot Twitterbot/1.0" "nobbycosmic.com"
142.188.199.189 - - [05/Sep/2022:12:08:04 -0700] "GET /favicon.ico HTTP/1.1" 404 88 "-" "Mozilla/5.0 (Macintosh; Intel Mac OS X 10_11_1) AppleWebKit/601.2.4 (KHTML, like Gecko) Version/9.0.1 Safari/601.2.4 facebookexternalhit/1.1 Facebot Twitterbot/1.0" "nobbycosmic.com"
142.188.199.189 - - [05/Sep/2022:12:08:04 -0700] "GET /apple-touch-icon-precomposed.png HTTP/1.1" 404 88 "-" "Mozilla/5.0 (Macintosh; Intel Mac OS X 10_11_1) AppleWebKit/601.2.4 (KHTML, like Gecko) Version/9.0.1 Safari/601.2.4 facebookexternalhit/1.1 Facebot Twitterbot/1.0" "nobbycosmic.com"
108.162.132.112 - - [05/Sep/2022:12:10:26 -0700] "GET /Utagoe/2022Summer/Utagoe202208.htm HTTP/1.1" 200 2832 "-" "Mozilla/5.0 (Windows NT 10.0; Win64; x64) AppleWebKit/537.36 (KHTML, like Gecko) Chrome/104.0.0.0 Safari/537.36" "nobbycosmic.com"
108.162.132.112 - - [05/Sep/2022:12:10:26 -0700] "GET /Utagoe/2022Summer/2022082701Sun.jpg HTTP/1.1" 200 43206 "https://nobbycosmic.com/Utagoe/2022Summer/Utagoe202208.htm" "Mozilla/5.0 (Windows NT 10.0; Win64; x64) AppleWebKit/537.36 (KHTML, like Gecko) Chrome/104.0.0.0 Safari/537.36" "nobbycosmic.com"
108.162.132.112 - - [05/Sep/2022:12:10:26 -0700] "GET /Utagoe/2022Summer/2022082702BlueSky.jpg HTTP/1.1" 200 30483 "https://nobbycosmic.com/Utagoe/2022Summer/Utagoe202208.htm" "Mozilla/5.0 (Windows NT 10.0; Win64; x64) AppleWebKit/537.36 (KHTML, like Gecko) Chrome/104.0.0.0 Safari/537.36" "nobbycosmic.com"
108.162.132.112 - - [05/Sep/2022:12:10:26 -0700] "GET /Utagoe/2022Summer/2022082703Tree.JPG HTTP/1.1" 200 130838 "https://nobbycosmic.com/Utagoe/2022Summer/Utagoe202208.htm" "Mozilla/5.0 (Windows NT 10.0; Win64; x64) AppleWebKit/537.36 (KHTML, like Gecko) Chrome/104.0.0.0 Safari/537.36" "nobbycosmic.com"
108.162.132.112 - - [05/Sep/2022:12:10:26 -0700] "GET /Utagoe/2022Summer/2022082705Prep.jpg HTTP/1.1" 200 83979 "https://nobbycosmic.com/Utagoe/2022Summer/Utagoe202208.htm" "Mozilla/5.0 (Windows NT 10.0; Win64; x64) AppleWebKit/537.36 (KHTML, like Gecko) Chrome/104.0.0.0 Safari/537.36" "nobbycosmic.com"
108.162.132.112 - - [05/Sep/2022:12:10:26 -0700] "GET /Utagoe/2022Summer/2022082704Tree.jpg HTTP/1.1" 200 107210 "https://nobbycosmic.com/Utagoe/2022Summer/Utagoe202208.htm" "Mozilla/5.0 (Windows NT 10.0; Win64; x64) AppleWebKit/537.36 (KHTML, like Gecko) Chrome/104.0.0.0 Safari/537.36" "nobbycosmic.com"
108.162.132.112 - - [05/Sep/2022:12:10:26 -0700] "GET /Utagoe/2022Summer/2022082706Prep.jpg HTTP/1.1" 200 129100 "https://nobbycosmic.com/Utagoe/2022Summer/Utagoe202208.htm" "Mozilla/5.0 (Windows NT 10.0; Win64; x64) AppleWebKit/537.36 (KHTML, like Gecko) Chrome/104.0.0.0 Safari/537.36" "nobbycosmic.com"
108.162.132.112 - - [05/Sep/2022:12:10:27 -0700] "GET /Utagoe/2022Summer/2022082708Session.JPG HTTP/1.1" 200 133126 "https://nobbycosmic.com/Utagoe/2022Summer/Utagoe202208.htm" "Mozilla/5.0 (Windows NT 10.0; Win64; x64) AppleWebKit/537.36 (KHTML, like Gecko) Chrome/104.0.0.0 Safari/537.36" "nobbycosmic.com"
108.162.132.112 - - [05/Sep/2022:12:10:27 -0700] "GET /Utagoe/2022Summer/2022082707Session.JPG HTTP/1.1" 200 148214 "https://nobbycosmic.com/Utagoe/2022Summer/Utagoe202208.htm" "Mozilla/5.0 (Windows NT 10.0; Win64; x64) AppleWebKit/537.36 (KHTML, like Gecko) Chrome/104.0.0.0 Safari/537.36" "nobbycosmic.com"
108.162.132.112 - - [05/Sep/2022:12:10:27 -0700] "GET /Utagoe/2022Summer/2022082710Band.JPG HTTP/1.1" 200 139648 "https://nobbycosmic.com/Utagoe/2022Summer/Utagoe202208.htm" "Mozilla/5.0 (Windows NT 10.0; Win64; x64) AppleWebKit/537.36 (KHTML, like Gecko) Chrome/104.0.0.0 Safari/537.36" "nobbycosmic.com"
108.162.132.112 - - [05/Sep/2022:12:10:27 -0700] "GET /Utagoe/2022Summer/2022082709Band.JPG HTTP/1.1" 200 132981 "https://nobbycosmic.com/Utagoe/2022Summer/Utagoe202208.htm" "Mozilla/5.0 (Windows NT 10.0; Win64; x64) AppleWebKit/537.36 (KHTML, like Gecko) Chrome/104.0.0.0 Safari/537.36" "nobbycosmic.com"
108.162.132.112 - - [05/Sep/2022:12:10:27 -0700] "GET /Utagoe/2022Summer/2022082710Lunch.JPG HTTP/1.1" 200 148867 "https://nobbycosmic.com/Utagoe/2022Summer/Utagoe202208.htm" "Mozilla/5.0 (Windows NT 10.0; Win64; x64) AppleWebKit/537.36 (KHTML, like Gecko) Chrome/104.0.0.0 Safari/537.36" "nobbycosmic.com"
108.162.132.112 - - [05/Sep/2022:12:10:27 -0700] "GET /Utagoe/2022Summer/2022082711Lunch.JPG HTTP/1.1" 200 137587 "https://nobbycosmic.com/Utagoe/2022Summer/Utagoe202208.htm" "Mozilla/5.0 (Windows NT 10.0; Win64; x64) AppleWebKit/537.36 (KHTML, like Gecko) Chrome/104.0.0.0 Safari/537.36" "nobbycosmic.com"
108.162.132.112 - - [05/Sep/2022:12:10:27 -0700] "GET /Utagoe/2022Summer/2022082712Songs.JPG HTTP/1.1" 200 128747 "https://nobbycosmic.com/Utagoe/2022Summer/Utagoe202208.htm" "Mozilla/5.0 (Windows NT 10.0; Win64; x64) AppleWebKit/537.36 (KHTML, like Gecko) Chrome/104.0.0.0 Safari/537.36" "nobbycosmic.com"
108.162.132.112 - - [05/Sep/2022:12:10:27 -0700] "GET /Utagoe/2022Summer/2022082713Songs.JPG HTTP/1.1" 200 147773 "https://nobbycosmic.com/Utagoe/2022Summer/Utagoe202208.htm" "Mozilla/5.0 (Windows NT 10.0; Win64; x64) AppleWebKit/537.36 (KHTML, like Gecko) Chrome/104.0.0.0 Safari/537.36" "nobbycosmic.com"
108.162.132.112 - - [05/Sep/2022:12:10:28 -0700] "GET /favicon.ico HTTP/1.1" 404 88 "https://nobbycosmic.com/Utagoe/2022Summer/Utagoe202208.htm" "Mozilla/5.0 (Windows NT 10.0; Win64; x64) AppleWebKit/537.36 (KHTML, like Gecko) Chrome/104.0.0.0 Safari/537.36" "nobbycosmic.com"
114.119.144.85 - - [05/Sep/2022:12:33:11 -0700] "GET /robots.txt HTTP/1.1" 200 75 "-" "Mozilla/5.0 (compatible;PetalBot;+https://webmaster.petalsearch.com/site/petalbot)" "nobbycosmic.com"
216.244.66.200 - - [05/Sep/2022:12:58:21 -0700] "GET /robots.txt HTTP/1.1" 200 61 "-" "Mozilla/5.0 (compatible; DotBot/1.2; +https://opensiteexplorer.org/dotbot; help@moz.com)" "www.nobbycosmic.com"
216.244.66.200 - - [05/Sep/2022:12:58:21 -0700] "GET /robots.txt HTTP/1.1" 200 61 "-" "Mozilla/5.0 (compatible; DotBot/1.2; +https://opensiteexplorer.org/dotbot; help@moz.com)" "nobbycosmic.com"
81.17.57.144 - - [05/Sep/2022:13:22:31 -0700] "GET /robots.txt HTTP/1.1" 200 61 "-" "Mozilla/5.0 (compatible; MJ12bot/v1.4.8; http://mj12bot.com/)" "nobbycosmic.com"
81.17.57.144 - - [05/Sep/2022:13:22:35 -0700] "GET / HTTP/1.1" 200 3158 "-" "Mozilla/5.0 (compatible; MJ12bot/v1.4.8; http://mj12bot.com/)" "nobbycosmic.com"
81.17.57.144 - - [05/Sep/2022:13:22:36 -0700] "GET / HTTP/1.1" 200 3158 "-" "Mozilla/5.0 (compatible; MJ12bot/v1.4.8; http://mj12bot.com/)" "nobbycosmic.com"
40.77.167.23 - - [05/Sep/2022:13:24:09 -0700] "GET /Homepage/Tickets/Ticket2/Ticket210.jpg HTTP/1.1" 200 23656 "-" "Mozilla/5.0 AppleWebKit/537.36 (KHTML, like Gecko; compatible; bingbot/2.0; +http://www.bing.com/bingbot.htm) Chrome/103.0.5060.134 Safari/537.36" "nobbycosmic.com"
216.244.66.200 - - [05/Sep/2022:13:46:03 -0700] "GET /robots.txt HTTP/1.1" 200 61 "-" "Mozilla/5.0 (compatible; DotBot/1.2; +https://opensiteexplorer.org/dotbot; help@moz.com)" "nobbycosmic.com"
114.119.128.40 - - [05/Sep/2022:13:51:36 -0700] "GET /Card/Card02/Card02.htm HTTP/1.1" 200 765 "https://nobbycosmic.com/Card/Card02/?C=S%3BO%3DA" "Mozilla/5.0 (Linux; Android 7.0;) AppleWebKit/537.36 (KHTML, like Gecko) Mobile Safari/537.36 (compatible; PetalBot;+https://webmaster.petalsearch.com/site/petalbot)" "nobbycosmic.com"
114.119.128.26 - - [05/Sep/2022:13:53:05 -0700] "GET /Utagoe/10?C=M%3BO%3DA HTTP/1.1" 301 1427 "https://nobbycosmic.com/Utagoe/10?C=N%3BO%3DD" "Mozilla/5.0 (Linux; Android 7.0;) AppleWebKit/537.36 (KHTML, like Gecko) Mobile Safari/537.36 (compatible; PetalBot;+https://webmaster.petalsearch.com/site/petalbot)" "nobbycosmic.com"
114.119.128.26 - - [05/Sep/2022:13:53:05 -0700] "GET /Utagoe/10/?C=M%3BO%3DA HTTP/1.1" 200 1339 "https://nobbycosmic.com/Utagoe/10?C=N%3BO%3DD" "Mozilla/5.0 (Linux; Android 7.0;) AppleWebKit/537.36 (KHTML, like Gecko) Mobile Safari/537.36 (compatible; PetalBot;+https://webmaster.petalsearch.com/site/petalbot)" "nobbycosmic.com"
114.119.128.26 - - [05/Sep/2022:13:54:32 -0700] "GET /NJCA/BBQ08/?C=M%3BO%3DA HTTP/1.1" 200 623 "https://nobbycosmic.com/NJCA/BBQ08?S=D" "Mozilla/5.0 (Linux; Android 7.0;) AppleWebKit/537.36 (KHTML, like Gecko) Mobile Safari/537.36 (compatible; PetalBot;+https://webmaster.petalsearch.com/site/petalbot)" "nobbycosmic.com"
114.119.128.26 - - [05/Sep/2022:13:56:11 -0700] "GET /NJCA/NJCAByLawsJ.pdf HTTP/1.1" 200 414740 "https://nobbycosmic.com/NJCA?N=D" "Mozilla/5.0 (Linux; Android 7.0;) AppleWebKit/537.36 (KHTML, like Gecko) Mobile Safari/537.36 (compatible; PetalBot;+https://webmaster.petalsearch.com/site/petalbot)" "nobbycosmic.com"
114.119.128.26 - - [05/Sep/2022:13:57:35 -0700] "GET /NJCA/BBQ10?N=D HTTP/1.1" 301 1422 "https://nobbycosmic.com/NJCA/BBQ10?N=A" "Mozilla/5.0 (Linux; Android 7.0;) AppleWebKit/537.36 (KHTML, like Gecko) Mobile Safari/537.36 (compatible; PetalBot;+https://webmaster.petalsearch.com/site/petalbot)" "nobbycosmic.com"
114.119.128.26 - - [05/Sep/2022:13:57:38 -0700] "GET /NJCA/BBQ10/?N=D HTTP/1.1" 200 1589 "https://nobbycosmic.com/NJCA/BBQ10?N=A" "Mozilla/5.0 (Linux; Android 7.0;) AppleWebKit/537.36 (KHTML, like Gecko) Mobile Safari/537.36 (compatible; PetalBot;+https://webmaster.petalsearch.com/site/petalbot)" "nobbycosmic.com"
185.191.171.6 - - [05/Sep/2022:13:58:38 -0700] "GET /robots.txt HTTP/1.1" 200 75 "-" "Mozilla/5.0 (compatible; SemrushBot/7~bl; +http://www.semrush.com/bot.html)" "nobbycosmic.com"
185.191.171.26 - - [05/Sep/2022:13:58:39 -0700] "GET /Utagoe/2013Winter/utagoe201302.htm HTTP/1.1" 200 3323 "-" "Mozilla/5.0 (compatible; SemrushBot/7~bl; +http://www.semrush.com/bot.html)" "nobbycosmic.com"
114.119.128.26 - - [05/Sep/2022:13:59:09 -0700] "GET /Card/Card08 HTTP/1.1" 301 1414 "https://nobbycosmic.com/Card?C=D%3BO%3DA" "Mozilla/5.0 (Linux; Android 7.0;) AppleWebKit/537.36 (KHTML, like Gecko) Mobile Safari/537.36 (compatible; PetalBot;+https://webmaster.petalsearch.com/site/petalbot)" "nobbycosmic.com"
114.119.128.26 - - [05/Sep/2022:13:59:09 -0700] "GET /Card/Card08/ HTTP/1.1" 200 455 "https://nobbycosmic.com/Card?C=D%3BO%3DA" "Mozilla/5.0 (Linux; Android 7.0;) AppleWebKit/537.36 (KHTML, like Gecko) Mobile Safari/537.36 (compatible; PetalBot;+https://webmaster.petalsearch.com/site/petalbot)" "nobbycosmic.com"
51.222.253.13 - - [05/Sep/2022:14:00:47 -0700] "GET /robots.txt HTTP/1.1" 200 75 "-" "Mozilla/5.0 (compatible; AhrefsBot/7.0; +http://ahrefs.com/robot/)" "www.nobbycosmic.com"
51.222.253.7 - - [05/Sep/2022:14:00:51 -0700] "GET / HTTP/1.1" 200 3158 "-" "Mozilla/5.0 (compatible; AhrefsBot/7.0; +http://ahrefs.com/robot/)" "www.nobbycosmic.com"
114.119.128.40 - - [05/Sep/2022:14:01:00 -0700] "GET /Utagoe/15/?C=M%3BO%3DA HTTP/1.1" 200 659 "https://nobbycosmic.com/Utagoe/15/?C=N%3BO%3DD" "Mozilla/5.0 (Linux; Android 7.0;) AppleWebKit/537.36 (KHTML, like Gecko) Mobile Safari/537.36 (compatible; PetalBot;+https://webmaster.petalsearch.com/site/petalbot)" "nobbycosmic.com"
114.119.128.26 - - [05/Sep/2022:14:02:33 -0700] "GET /Card/Card19/ HTTP/1.1" 200 531 "https://nobbycosmic.com/Card/?C=M%3BO%3DA" "Mozilla/5.0 (Linux; Android 7.0;) AppleWebKit/537.36 (KHTML, like Gecko) Mobile Safari/537.36 (compatible; PetalBot;+https://webmaster.petalsearch.com/site/petalbot)" "nobbycosmic.com"
66.249.82.154 - - [05/Sep/2022:14:02:48 -0700] "GET /BabyTalks/Group.jpg HTTP/1.1" 200 54379 "-" "Mozilla/5.0 (Windows NT 5.1; rv:11.0) Gecko Firefox/11.0 (via ggpht.com GoogleImageProxy)" "nobbycosmic.com"
114.119.128.26 - - [05/Sep/2022:14:04:14 -0700] "GET /NJCA/AGM09/NJCAAGM09.pdf HTTP/1.1" 200 631514 "https://nobbycosmic.com/NJCA/AGM09?C=M%3BO%3DA" "Mozilla/5.0 (Linux; Android 7.0;) AppleWebKit/537.36 (KHTML, like Gecko) Mobile Safari/537.36 (compatible; PetalBot;+https://webmaster.petalsearch.com/site/petalbot)" "nobbycosmic.com"
114.119.128.26 - - [05/Sep/2022:14:06:06 -0700] "GET /NJCA/BBQ98?C=M%3BO%3DA HTTP/1.1" 301 1432 "https://nobbycosmic.com/NJCA/BBQ98?M=D" "Mozilla/5.0 (Linux; Android 7.0;) AppleWebKit/537.36 (KHTML, like Gecko) Mobile Safari/537.36 (compatible; PetalBot;+https://webmaster.petalsearch.com/site/petalbot)" "nobbycosmic.com"
114.119.128.26 - - [05/Sep/2022:14:07:58 -0700] "GET /Card/Card2020/?C=S%3BO%3DA HTTP/1.1" 200 502 "https://nobbycosmic.com/Card/Card2020/?C=N%3BO%3DD" "Mozilla/5.0 (Linux; Android 7.0;) AppleWebKit/537.36 (KHTML, like Gecko) Mobile Safari/537.36 (compatible; PetalBot;+https://webmaster.petalsearch.com/site/petalbot)" "nobbycosmic.com"
114.119.128.40 - - [05/Sep/2022:14:09:40 -0700] "GET /NJCA/NY10/JCCCMapNY2010J.pdf HTTP/1.1" 200 113274 "https://nobbycosmic.com/NJCA/NY10?M=A" "Mozilla/5.0 (Linux; Android 7.0;) AppleWebKit/537.36 (KHTML, like Gecko) Mobile Safari/537.36 (compatible; PetalBot;+https://webmaster.petalsearch.com/site/petalbot)" "nobbycosmic.com"
114.119.128.26 - - [05/Sep/2022:14:11:21 -0700] "GET /NJCA/AGM10?S=A HTTP/1.1" 301 1422 "https://nobbycosmic.com/NJCA/AGM10?D=D" "Mozilla/5.0 (Linux; Android 7.0;) AppleWebKit/537.36 (KHTML, like Gecko) Mobile Safari/537.36 (compatible; PetalBot;+https://webmaster.petalsearch.com/site/petalbot)" "nobbycosmic.com"
114.119.128.26 - - [05/Sep/2022:14:11:21 -0700] "GET /NJCA/AGM10/?S=A HTTP/1.1" 200 432 "https://nobbycosmic.com/NJCA/AGM10?D=D" "Mozilla/5.0 (Linux; Android 7.0;) AppleWebKit/537.36 (KHTML, like Gecko) Mobile Safari/537.36 (compatible; PetalBot;+https://webmaster.petalsearch.com/site/petalbot)" "nobbycosmic.com"
114.119.128.26 - - [05/Sep/2022:14:13:15 -0700] "GET /NJCA/BBQ08 HTTP/1.1" 301 1419 "https://nobbycosmic.com/NJCA?M=A" "Mozilla/5.0 (Linux; Android 7.0;) AppleWebKit/537.36 (KHTML, like Gecko) Mobile Safari/537.36 (compatible; PetalBot;+https://webmaster.petalsearch.com/site/petalbot)" "nobbycosmic.com"
