114.119.128.40 - - [06/Sep/2022:00:29:20 -0700] "GET /NJCA/NJCAToy?N=D HTTP/1.1" 301 1420 "https://nobbycosmic.com/NJCA/NJCAToy?N=A" "Mozilla/5.0 (Linux; Android 7.0;) AppleWebKit/537.36 (KHTML, like Gecko) Mobile Safari/537.36 (compatible; PetalBot;+https://webmaster.petalsearch.com/site/petalbot)" "nobbycosmic.com"
114.119.128.40 - - [06/Sep/2022:00:29:21 -0700] "GET /NJCA/NJCAToy/?N=D HTTP/1.1" 200 848 "https://nobbycosmic.com/NJCA/NJCAToy?N=A" "Mozilla/5.0 (Linux; Android 7.0;) AppleWebKit/537.36 (KHTML, like Gecko) Mobile Safari/537.36 (compatible; PetalBot;+https://webmaster.petalsearch.com/site/petalbot)" "nobbycosmic.com"
114.119.128.40 - - [06/Sep/2022:00:32:01 -0700] "GET /Utagoe/0305.htm HTTP/1.1" 200 1691 "https://nobbycosmic.com/Utagoe/?C=N%3BO%3DD" "Mozilla/5.0 (Linux; Android 7.0;) AppleWebKit/537.36 (KHTML, like Gecko) Mobile Safari/537.36 (compatible; PetalBot;+https://webmaster.petalsearch.com/site/petalbot)" "nobbycosmic.com"
114.119.128.26 - - [06/Sep/2022:00:34:52 -0700] "GET /about_us HTTP/1.1" 200 2945 "https://www.nobbycosmic.com/contact_us" "Mozilla/5.0 (Linux; Android 7.0;) AppleWebKit/537.36 (KHTML, like Gecko) Mobile Safari/537.36 (compatible; PetalBot;+https://webmaster.petalsearch.com/site/petalbot)" "www.nobbycosmic.com"
114.119.128.40 - - [06/Sep/2022:00:37:50 -0700] "GET /NJCA/AGM08?D=D HTTP/1.1" 301 1422 "https://nobbycosmic.com/NJCA/AGM08?D=A" "Mozilla/5.0 (Linux; Android 7.0;) AppleWebKit/537.36 (KHTML, like Gecko) Mobile Safari/537.36 (compatible; PetalBot;+https://webmaster.petalsearch.com/site/petalbot)" "nobbycosmic.com"
114.119.128.40 - - [06/Sep/2022:00:37:51 -0700] "GET /NJCA/AGM08/?D=D HTTP/1.1" 200 407 "https://nobbycosmic.com/NJCA/AGM08?D=A" "Mozilla/5.0 (Linux; Android 7.0;) AppleWebKit/537.36 (KHTML, like Gecko) Mobile Safari/537.36 (compatible; PetalBot;+https://webmaster.petalsearch.com/site/petalbot)" "nobbycosmic.com"
114.119.128.40 - - [06/Sep/2022:00:40:56 -0700] "GET /Utagoe/Ueno2013/ueno2013.htm HTTP/1.1" 200 652 "https://nobbycosmic.com/Utagoe/Ueno2013/?C=D%3BO%3DA" "Mozilla/5.0 (Linux; Android 7.0;) AppleWebKit/537.36 (KHTML, like Gecko) Mobile Safari/537.36 (compatible; PetalBot;+https://webmaster.petalsearch.com/site/petalbot)" "nobbycosmic.com"
114.119.128.40 - - [06/Sep/2022:00:43:59 -0700] "GET /Utagoe/60th/?C=D%3BO%3DA HTTP/1.1" 200 488 "https://nobbycosmic.com/Utagoe/60th" "Mozilla/5.0 (Linux; Android 7.0;) AppleWebKit/537.36 (KHTML, like Gecko) Mobile Safari/537.36 (compatible; PetalBot;+https://webmaster.petalsearch.com/site/petalbot)" "nobbycosmic.com"
114.119.128.26 - - [06/Sep/2022:00:47:01 -0700] "GET /NJCA/BBQ08/Pictures/?C=S%3BO%3DA HTTP/1.1" 200 774 "https://nobbycosmic.com/NJCA/BBQ08/Pictures/?C=M%3BO%3DA" "Mozilla/5.0 (Linux; Android 7.0;) AppleWebKit/537.36 (KHTML, like Gecko) Mobile Safari/537.36 (compatible; PetalBot;+https://webmaster.petalsearch.com/site/petalbot)" "nobbycosmic.com"
114.119.128.40 - - [06/Sep/2022:00:50:03 -0700] "GET /NJCA/BBQ08/BBQMAP2008.pdf HTTP/1.1" 200 89413 "https://nobbycosmic.com/NJCA/BBQ08?S=D" "Mozilla/5.0 (Linux; Android 7.0;) AppleWebKit/537.36 (KHTML, like Gecko) Mobile Safari/537.36 (compatible; PetalBot;+https://webmaster.petalsearch.com/site/petalbot)" "nobbycosmic.com"
51.222.253.20 - - [06/Sep/2022:00:51:15 -0700] "GET /about_us HTTP/1.1" 200 2945 "-" "Mozilla/5.0 (compatible; AhrefsBot/7.0; +http://ahrefs.com/robot/)" "www.nobbycosmic.com"
40.77.167.47 - - [06/Sep/2022:00:51:37 -0700] "GET /Homepage/Tickets/Ticket2/TicketA24.jpg HTTP/1.1" 200 22857 "-" "Mozilla/5.0 (compatible; bingbot/2.0; +http://www.bing.com/bingbot.htm)" "nobbycosmic.com"
114.119.128.26 - - [06/Sep/2022:00:53:10 -0700] "GET /Utagoe/NYsongs?C=D%3BO%3DA HTTP/1.1" 301 1431 "https://nobbycosmic.com/Utagoe/NYsongs?C=N%3BO%3DD" "Mozilla/5.0 (Linux; Android 7.0;) AppleWebKit/537.36 (KHTML, like Gecko) Mobile Safari/537.36 (compatible; PetalBot;+https://webmaster.petalsearch.com/site/petalbot)" "nobbycosmic.com"
114.119.128.26 - - [06/Sep/2022:00:53:11 -0700] "GET /Utagoe/NYsongs/?C=D%3BO%3DA HTTP/1.1" 200 377 "https://nobbycosmic.com/Utagoe/NYsongs?C=N%3BO%3DD" "Mozilla/5.0 (Linux; Android 7.0;) AppleWebKit/537.36 (KHTML, like Gecko) Mobile Safari/537.36 (compatible; PetalBot;+https://webmaster.petalsearch.com/site/petalbot)" "nobbycosmic.com"
216.244.66.200 - - [06/Sep/2022:00:55:49 -0700] "GET /robots.txt HTTP/1.1" 200 61 "-" "Mozilla/5.0 (compatible; DotBot/1.2; +https://opensiteexplorer.org/dotbot; help@moz.com)" "nobbycosmic.com"
114.119.128.26 - - [06/Sep/2022:00:56:18 -0700] "GET /Utagoe/Ueno2009?C=N%3BO%3DD HTTP/1.1" 301 1432 "-" "Mozilla/5.0 (Linux; Android 7.0;) AppleWebKit/537.36 (KHTML, like Gecko) Mobile Safari/537.36 (compatible; PetalBot;+https://webmaster.petalsearch.com/site/petalbot)" "nobbycosmic.com"
114.119.128.26 - - [06/Sep/2022:00:56:18 -0700] "GET /Utagoe/Ueno2009/?C=N%3BO%3DD HTTP/1.1" 200 602 "-" "Mozilla/5.0 (Linux; Android 7.0;) AppleWebKit/537.36 (KHTML, like Gecko) Mobile Safari/537.36 (compatible; PetalBot;+https://webmaster.petalsearch.com/site/petalbot)" "nobbycosmic.com"
114.119.128.26 - - [06/Sep/2022:00:59:15 -0700] "GET /Utagoe/Shinjuku2007?C=S%3BO%3DA HTTP/1.1" 301 1437 "https://nobbycosmic.com/Utagoe/Shinjuku2007?C=N%3BO%3DD" "Mozilla/5.0 (Linux; Android 7.0;) AppleWebKit/537.36 (KHTML, like Gecko) Mobile Safari/537.36 (compatible; PetalBot;+https://webmaster.petalsearch.com/site/petalbot)" "nobbycosmic.com"
114.119.128.26 - - [06/Sep/2022:00:59:16 -0700] "GET /Utagoe/Shinjuku2007/?C=S%3BO%3DA HTTP/1.1" 200 1199 "https://nobbycosmic.com/Utagoe/Shinjuku2007?C=N%3BO%3DD" "Mozilla/5.0 (Linux; Android 7.0;) AppleWebKit/537.36 (KHTML, like Gecko) Mobile Safari/537.36 (compatible; PetalBot;+https://webmaster.petalsearch.com/site/petalbot)" "nobbycosmic.com"
114.119.128.40 - - [06/Sep/2022:01:02:36 -0700] "GET /NJCA/NY08/NY2008ProgramE.pdf HTTP/1.1" 200 18145 "https://nobbycosmic.com/NJCA/NY08?N=D" "Mozilla/5.0 (Linux; Android 7.0;) AppleWebKit/537.36 (KHTML, like Gecko) Mobile Safari/537.36 (compatible; PetalBot;+https://webmaster.petalsearch.com/site/petalbot)" "nobbycosmic.com"
114.119.128.40 - - [06/Sep/2022:01:05:40 -0700] "GET /Card/Card01/?C=D%3BO%3DA HTTP/1.1" 200 449 "https://nobbycosmic.com/Card/Card01/" "Mozilla/5.0 (Linux; Android 7.0;) AppleWebKit/537.36 (KHTML, like Gecko) Mobile Safari/537.36 (compatible; PetalBot;+https://webmaster.petalsearch.com/site/petalbot)" "nobbycosmic.com"
114.119.128.40 - - [06/Sep/2022:01:08:44 -0700] "GET /NJCA/NY11/NY2011ProgramE.pdf HTTP/1.1" 200 61749 "https://nobbycosmic.com/NJCA/NY11/?C=N%3BO%3DD" "Mozilla/5.0 (Linux; Android 7.0;) AppleWebKit/537.36 (KHTML, like Gecko) Mobile Safari/537.36 (compatible; PetalBot;+https://webmaster.petalsearch.com/site/petalbot)" "nobbycosmic.com"
114.119.128.26 - - [06/Sep/2022:01:11:59 -0700] "GET /Utagoe/Wakamono/?C=S%3BO%3DA HTTP/1.1" 200 604 "https://nobbycosmic.com/Utagoe/Wakamono" "Mozilla/5.0 (Linux; Android 7.0;) AppleWebKit/537.36 (KHTML, like Gecko) Mobile Safari/537.36 (compatible; PetalBot;+https://webmaster.petalsearch.com/site/petalbot)" "nobbycosmic.com"
114.119.128.40 - - [06/Sep/2022:01:14:57 -0700] "GET /Utagoe/2013Summer/utagoe201308.htm HTTP/1.1" 200 3159 "https://www.nobbycosmic.com/Utagoe/Utagoe.htm" "Mozilla/5.0 (Linux; Android 7.0;) AppleWebKit/537.36 (KHTML, like Gecko) Mobile Safari/537.36 (compatible; PetalBot;+https://webmaster.petalsearch.com/site/petalbot)" "nobbycosmic.com"
114.119.128.40 - - [06/Sep/2022:01:18:06 -0700] "GET /NJCA/AGM11?M=A HTTP/1.1" 301 1422 "https://nobbycosmic.com/NJCA/AGM11?M=D" "Mozilla/5.0 (Linux; Android 7.0;) AppleWebKit/537.36 (KHTML, like Gecko) Mobile Safari/537.36 (compatible; PetalBot;+https://webmaster.petalsearch.com/site/petalbot)" "nobbycosmic.com"
114.119.128.40 - - [06/Sep/2022:01:18:07 -0700] "GET /NJCA/AGM11/?M=A HTTP/1.1" 200 371 "https://nobbycosmic.com/NJCA/AGM11?M=D" "Mozilla/5.0 (Linux; Android 7.0;) AppleWebKit/537.36 (KHTML, like Gecko) Mobile Safari/537.36 (compatible; PetalBot;+https://webmaster.petalsearch.com/site/petalbot)" "nobbycosmic.com"
157.55.39.37 - - [06/Sep/2022:01:22:55 -0700] "GET /Temp/JF20150314.pdf HTTP/1.1" 404 88 "-" "Mozilla/5.0 (compatible; bingbot/2.0; +http://www.bing.com/bingbot.htm)" "nobbycosmic.com"
114.119.128.26 - - [06/Sep/2022:01:26:01 -0700] "GET /Card/Card05?C=D%3BO%3DA HTTP/1.1" 301 1427 "https://nobbycosmic.com/Card/Card05?C=N%3BO%3DD" "Mozilla/5.0 (Linux; Android 7.0;) AppleWebKit/537.36 (KHTML, like Gecko) Mobile Safari/537.36 (compatible; PetalBot;+https://webmaster.petalsearch.com/site/petalbot)" "nobbycosmic.com"
114.119.128.26 - - [06/Sep/2022:01:26:02 -0700] "GET /Card/Card05/?C=D%3BO%3DA HTTP/1.1" 200 453 "https://nobbycosmic.com/Card/Card05?C=N%3BO%3DD" "Mozilla/5.0 (Linux; Android 7.0;) AppleWebKit/537.36 (KHTML, like Gecko) Mobile Safari/537.36 (compatible; PetalBot;+https://webmaster.petalsearch.com/site/petalbot)" "nobbycosmic.com"
216.244.66.200 - - [06/Sep/2022:01:48:50 -0700] "GET /robots.txt HTTP/1.1" 200 61 "-" "Mozilla/5.0 (compatible; DotBot/1.2; +https://opensiteexplorer.org/dotbot; help@moz.com)" "nobbycosmic.com"
216.244.66.200 - - [06/Sep/2022:02:40:29 -0700] "GET /robots.txt HTTP/1.1" 200 61 "-" "Mozilla/5.0 (compatible; DotBot/1.2; +https://opensiteexplorer.org/dotbot; help@moz.com)" "nobbycosmic.com"
148.251.190.243 - - [06/Sep/2022:02:43:47 -0700] "GET /robots.txt HTTP/1.1" 200 75 "-" "Mozilla/5.0 (compatible; BLEXBot/1.0; +http://webmeup-crawler.com/)" "nobbycosmic.com"
148.251.190.243 - - [06/Sep/2022:02:43:49 -0700] "GET /about_us HTTP/1.1" 200 2945 "-" "Mozilla/5.0 (compatible; BLEXBot/1.0; +http://webmeup-crawler.com/)" "nobbycosmic.com"
148.251.190.243 - - [06/Sep/2022:02:43:54 -0700] "GET /contact_us HTTP/1.1" 200 6311 "-" "Mozilla/5.0 (compatible; BLEXBot/1.0; +http://webmeup-crawler.com/)" "nobbycosmic.com"
148.251.190.243 - - [06/Sep/2022:02:43:59 -0700] "GET /home HTTP/1.1" 200 3157 "-" "Mozilla/5.0 (compatible; BLEXBot/1.0; +http://webmeup-crawler.com/)" "nobbycosmic.com"
148.251.190.243 - - [06/Sep/2022:02:44:02 -0700] "GET /services HTTP/1.1" 200 2996 "-" "Mozilla/5.0 (compatible; BLEXBot/1.0; +http://webmeup-crawler.com/)" "nobbycosmic.com"
216.244.66.200 - - [06/Sep/2022:03:32:14 -0700] "GET /robots.txt HTTP/1.1" 200 61 "-" "Mozilla/5.0 (compatible; DotBot/1.2; +https://opensiteexplorer.org/dotbot; help@moz.com)" "nobbycosmic.com"
40.77.167.47 - - [06/Sep/2022:03:42:17 -0700] "GET /Utagoe/2010W3.jpg HTTP/1.1" 200 46346 "-" "Mozilla/5.0 (compatible; bingbot/2.0; +http://www.bing.com/bingbot.htm)" "nobbycosmic.com"
51.222.253.11 - - [06/Sep/2022:03:45:03 -0700] "GET /robots.txt HTTP/1.1" 200 75 "-" "Mozilla/5.0 (compatible; AhrefsBot/7.0; +http://ahrefs.com/robot/)" "nobbycosmic.com"
51.222.253.18 - - [06/Sep/2022:03:45:06 -0700] "GET / HTTP/1.1" 200 3158 "-" "Mozilla/5.0 (compatible; AhrefsBot/7.0; +http://ahrefs.com/robot/)" "nobbycosmic.com"
216.244.66.200 - - [06/Sep/2022:04:23:24 -0700] "GET /robots.txt HTTP/1.1" 200 61 "-" "Mozilla/5.0 (compatible; DotBot/1.2; +https://opensiteexplorer.org/dotbot; help@moz.com)" "nobbycosmic.com"
157.55.39.163 - - [06/Sep/2022:04:37:27 -0700] "GET /Utagoe/2020SummerMori/2020080806MoriUta.JPG HTTP/1.1" 200 141050 "-" "Mozilla/5.0 (compatible; bingbot/2.0; +http://www.bing.com/bingbot.htm)" "nobbycosmic.com"
54.36.148.176 - - [06/Sep/2022:04:45:39 -0700] "GET /robots.txt HTTP/1.1" 200 75 "-" "Mozilla/5.0 (compatible; AhrefsBot/7.0; +http://ahrefs.com/robot/)" "www.nobbycosmic.com"
51.222.253.17 - - [06/Sep/2022:04:45:41 -0700] "GET / HTTP/1.1" 200 3158 "-" "Mozilla/5.0 (compatible; AhrefsBot/7.0; +http://ahrefs.com/robot/)" "www.nobbycosmic.com"
138.197.173.124 - - [06/Sep/2022:04:48:52 -0700] "GET /wp-admin/install.php?step=1 HTTP/1.1" 404 88 "-" "Mozilla/5.0 (X11; Linux x86_64; rv:52.0) Gecko/20100101 Firefox/52.0" "nobbycosmic.com"
138.197.173.124 - - [06/Sep/2022:04:48:52 -0700] "GET /wp-admin/setup-config.php HTTP/1.1" 404 88 "-" "Mozilla/5.0 (X11; Linux x86_64; rv:52.0) Gecko/20100101 Firefox/52.0" "nobbycosmic.com"
138.197.173.124 - - [06/Sep/2022:04:48:53 -0700] "GET /new/wp-admin/install.php?step=1 HTTP/1.1" 404 88 "-" "Mozilla/5.0 (X11; Linux x86_64; rv:52.0) Gecko/20100101 Firefox/52.0" "nobbycosmic.com"
138.197.173.124 - - [06/Sep/2022:04:48:53 -0700] "GET /new/wp-admin/setup-config.php HTTP/1.1" 404 88 "-" "Mozilla/5.0 (X11; Linux x86_64; rv:52.0) Gecko/20100101 Firefox/52.0" "nobbycosmic.com"
138.197.173.124 - - [06/Sep/2022:04:48:54 -0700] "GET /blog/wp-admin/install.php?step=1 HTTP/1.1" 404 88 "-" "Mozilla/5.0 (X11; Linux x86_64; rv:52.0) Gecko/20100101 Firefox/52.0" "nobbycosmic.com"
138.197.173.124 - - [06/Sep/2022:04:48:54 -0700] "GET /blog/wp-admin/setup-config.php HTTP/1.1" 404 88 "-" "Mozilla/5.0 (X11; Linux x86_64; rv:52.0) Gecko/20100101 Firefox/52.0" "nobbycosmic.com"
138.197.173.124 - - [06/Sep/2022:04:48:55 -0700] "GET /blogs/wp-admin/install.php?step=1 HTTP/1.1" 404 88 "-" "Mozilla/5.0 (X11; Linux x86_64; rv:52.0) Gecko/20100101 Firefox/52.0" "nobbycosmic.com"
138.197.173.124 - - [06/Sep/2022:04:48:56 -0700] "GET /blogs/wp-admin/setup-config.php HTTP/1.1" 404 88 "-" "Mozilla/5.0 (X11; Linux x86_64; rv:52.0) Gecko/20100101 Firefox/52.0" "nobbycosmic.com"
138.197.173.124 - - [06/Sep/2022:04:48:56 -0700] "GET /demo/wp-admin/install.php?step=1 HTTP/1.1" 404 88 "-" "Mozilla/5.0 (X11; Linux x86_64; rv:52.0) Gecko/20100101 Firefox/52.0" "nobbycosmic.com"
138.197.173.124 - - [06/Sep/2022:04:48:57 -0700] "GET /demo/wp-admin/setup-config.php HTTP/1.1" 404 88 "-" "Mozilla/5.0 (X11; Linux x86_64; rv:52.0) Gecko/20100101 Firefox/52.0" "nobbycosmic.com"
138.197.173.124 - - [06/Sep/2022:04:48:58 -0700] "GET /wp/wp-admin/install.php?step=1 HTTP/1.1" 404 88 "-" "Mozilla/5.0 (X11; Linux x86_64; rv:52.0) Gecko/20100101 Firefox/52.0" "nobbycosmic.com"
138.197.173.124 - - [06/Sep/2022:04:48:58 -0700] "GET /wp/wp-admin/setup-config.php HTTP/1.1" 404 88 "-" "Mozilla/5.0 (X11; Linux x86_64; rv:52.0) Gecko/20100101 Firefox/52.0" "nobbycosmic.com"
138.197.173.124 - - [06/Sep/2022:04:48:59 -0700] "GET /wordpress/wp-admin/install.php?step=1 HTTP/1.1" 404 88 "-" "Mozilla/5.0 (X11; Linux x86_64; rv:52.0) Gecko/20100101 Firefox/52.0" "nobbycosmic.com"
138.197.173.124 - - [06/Sep/2022:04:48:59 -0700] "GET /wordpress/wp-admin/setup-config.php HTTP/1.1" 404 88 "-" "Mozilla/5.0 (X11; Linux x86_64; rv:52.0) Gecko/20100101 Firefox/52.0" "nobbycosmic.com"
138.197.173.124 - - [06/Sep/2022:04:49:00 -0700] "GET /tes/wp-admin/install.php?step=1 HTTP/1.1" 404 88 "-" "Mozilla/5.0 (X11; Linux x86_64; rv:52.0) Gecko/20100101 Firefox/52.0" "nobbycosmic.com"
138.197.173.124 - - [06/Sep/2022:04:49:01 -0700] "GET /tes/wp-admin/setup-config.php HTTP/1.1" 404 88 "-" "Mozilla/5.0 (X11; Linux x86_64; rv:52.0) Gecko/20100101 Firefox/52.0" "nobbycosmic.com"
138.197.173.124 - - [06/Sep/2022:04:49:01 -0700] "GET /test/wp-admin/install.php?step=1 HTTP/1.1" 404 88 "-" "Mozilla/5.0 (X11; Linux x86_64; rv:52.0) Gecko/20100101 Firefox/52.0" "nobbycosmic.com"
138.197.173.124 - - [06/Sep/2022:04:49:02 -0700] "GET /test/wp-admin/setup-config.php HTTP/1.1" 404 88 "-" "Mozilla/5.0 (X11; Linux x86_64; rv:52.0) Gecko/20100101 Firefox/52.0" "nobbycosmic.com"
138.197.173.124 - - [06/Sep/2022:04:49:02 -0700] "GET /web/wp-admin/install.php?step=1 HTTP/1.1" 404 88 "-" "Mozilla/5.0 (X11; Linux x86_64; rv:52.0) Gecko/20100101 Firefox/52.0" "nobbycosmic.com"
138.197.173.124 - - [06/Sep/2022:04:49:03 -0700] "GET /web/wp-admin/setup-config.php HTTP/1.1" 404 88 "-" "Mozilla/5.0 (X11; Linux x86_64; rv:52.0) Gecko/20100101 Firefox/52.0" "nobbycosmic.com"
138.197.173.124 - - [06/Sep/2022:04:49:04 -0700] "GET /cms/wp-admin/install.php?step=1 HTTP/1.1" 404 88 "-" "Mozilla/5.0 (X11; Linux x86_64; rv:52.0) Gecko/20100101 Firefox/52.0" "nobbycosmic.com"
138.197.173.124 - - [06/Sep/2022:04:49:04 -0700] "GET /cms/wp-admin/setup-config.php HTTP/1.1" 404 88 "-" "Mozilla/5.0 (X11; Linux x86_64; rv:52.0) Gecko/20100101 Firefox/52.0" "nobbycosmic.com"
138.197.173.124 - - [06/Sep/2022:04:49:05 -0700] "GET /wp-admin/admin-ajax.php HTTP/1.1" 404 88 "-" "Mozilla/5.0 (X11; Linux x86_64; rv:52.0) Gecko/20100101 Firefox/52.0" "nobbycosmic.com"
138.197.173.124 - - [06/Sep/2022:04:49:06 -0700] "GET /wp-admin/ HTTP/1.1" 404 88 "-" "Mozilla/5.0 (X11; Linux x86_64; rv:52.0) Gecko/20100101 Firefox/52.0" "nobbycosmic.com"
40.77.167.23 - - [06/Sep/2022:05:02:29 -0700] "GET /Homepage/Tickets/Ticket2/Ticket208.jpg HTTP/1.1" 200 23912 "-" "Mozilla/5.0 (compatible; bingbot/2.0; +http://www.bing.com/bingbot.htm)" "nobbycosmic.com"
157.55.39.37 - - [06/Sep/2022:05:07:37 -0700] "GET /Temp/2011ShinkikaiGolfDetails.pdf HTTP/1.1" 404 88 "-" "Mozilla/5.0 (compatible; bingbot/2.0; +http://www.bing.com/bingbot.htm)" "nobbycosmic.com"
216.244.66.200 - - [06/Sep/2022:05:13:46 -0700] "GET /robots.txt HTTP/1.1" 200 61 "-" "Mozilla/5.0 (compatible; DotBot/1.2; +https://opensiteexplorer.org/dotbot; help@moz.com)" "nobbycosmic.com"
54.159.50.133 - - [06/Sep/2022:05:20:52 -0700] "GET /robots.txt HTTP/1.1" 200 61 "-" "Clickagy Intelligence Bot v2" "nobbycosmic.com"
54.159.50.133 - - [06/Sep/2022:05:20:53 -0700] "GET /utagoe/2022summer/utagoe202208.htm HTTP/1.1" 404 73 "-" "Clickagy Intelligence Bot v2" "nobbycosmic.com"
51.222.253.20 - - [06/Sep/2022:05:43:57 -0700] "GET /services HTTP/1.1" 200 2996 "-" "Mozilla/5.0 (compatible; AhrefsBot/7.0; +http://ahrefs.com/robot/)" "www.nobbycosmic.com"
185.191.171.24 - - [06/Sep/2022:05:51:04 -0700] "GET /robots.txt HTTP/1.1" 200 75 "-" "Mozilla/5.0 (compatible; SemrushBot/7~bl; +http://www.semrush.com/bot.html)" "nobbycosmic.com"
185.191.171.2 - - [06/Sep/2022:05:51:09 -0700] "GET /Utagoe/2016Winter/Utagoe201602.htm HTTP/1.1" 200 3586 "-" "Mozilla/5.0 (compatible; SemrushBot/7~bl; +http://www.semrush.com/bot.html)" "nobbycosmic.com"
216.244.66.200 - - [06/Sep/2022:06:04:18 -0700] "GET /robots.txt HTTP/1.1" 200 61 "-" "Mozilla/5.0 (compatible; DotBot/1.2; +https://opensiteexplorer.org/dotbot; help@moz.com)" "nobbycosmic.com"
185.191.171.22 - - [06/Sep/2022:06:19:47 -0700] "GET /Utagoe/2019Summer/Utagoe201908.htm HTTP/1.1" 200 2801 "-" "Mozilla/5.0 (compatible; SemrushBot/7~bl; +http://www.semrush.com/bot.html)" "nobbycosmic.com"
44.192.68.68 - - [06/Sep/2022:06:30:07 -0700] "GET /robots.txt HTTP/1.1" 200 61 "-" "Mozilla/5.0 (X11; Linux x86_64) AppleWebKit/537.36 (KHTML, like Gecko) Chrome/94.0.4606.81 Safari/537.36" "nobbycosmic.com"
40.77.167.23 - - [06/Sep/2022:06:38:27 -0700] "GET /Homepage/Tickets/Ticket2/Ticket234.jpg HTTP/1.1" 200 23891 "-" "Mozilla/5.0 (compatible; bingbot/2.0; +http://www.bing.com/bingbot.htm)" "nobbycosmic.com"
51.222.253.17 - - [06/Sep/2022:06:41:06 -0700] "GET /robots.txt HTTP/1.1" 200 75 "-" "Mozilla/5.0 (compatible; AhrefsBot/7.0; +http://ahrefs.com/robot/)" "nobbycosmic.com"
216.244.66.200 - - [06/Sep/2022:06:55:01 -0700] "GET /robots.txt HTTP/1.1" 200 61 "-" "Mozilla/5.0 (compatible; DotBot/1.2; +https://opensiteexplorer.org/dotbot; help@moz.com)" "nobbycosmic.com"
185.191.171.39 - - [06/Sep/2022:07:02:32 -0700] "GET /robots.txt HTTP/1.1" 200 75 "-" "Mozilla/5.0 (compatible; SemrushBot/7~bl; +http://www.semrush.com/bot.html)" "nobbycosmic.com"
185.191.171.3 - - [06/Sep/2022:07:02:33 -0700] "GET /NJCA/NY10/NYP10.htm HTTP/1.1" 200 1305 "-" "Mozilla/5.0 (compatible; SemrushBot/7~bl; +http://www.semrush.com/bot.html)" "nobbycosmic.com"
216.244.66.200 - - [06/Sep/2022:07:46:03 -0700] "GET /robots.txt HTTP/1.1" 200 61 "-" "Mozilla/5.0 (compatible; DotBot/1.2; +https://opensiteexplorer.org/dotbot; help@moz.com)" "nobbycosmic.com"
216.244.66.200 - - [06/Sep/2022:08:35:03 -0700] "GET /robots.txt HTTP/1.1" 200 61 "-" "Mozilla/5.0 (compatible; DotBot/1.2; +https://opensiteexplorer.org/dotbot; help@moz.com)" "nobbycosmic.com"
114.119.128.40 - - [06/Sep/2022:08:45:35 -0700] "GET /NJCA/BBQ07/Pictures?S=A HTTP/1.1" 301 1430 "https://nobbycosmic.com/NJCA/BBQ07/Pictures?S=D" "Mozilla/5.0 (Linux; Android 7.0;) AppleWebKit/537.36 (KHTML, like Gecko) Mobile Safari/537.36 (compatible; PetalBot;+https://webmaster.petalsearch.com/site/petalbot)" "nobbycosmic.com"
114.119.128.40 - - [06/Sep/2022:08:45:37 -0700] "GET /NJCA/BBQ07/Pictures/?S=A HTTP/1.1" 200 918 "https://nobbycosmic.com/NJCA/BBQ07/Pictures?S=D" "Mozilla/5.0 (Linux; Android 7.0;) AppleWebKit/537.36 (KHTML, like Gecko) Mobile Safari/537.36 (compatible; PetalBot;+https://webmaster.petalsearch.com/site/petalbot)" "nobbycosmic.com"
114.119.128.40 - - [06/Sep/2022:08:46:56 -0700] "GET /NJCA/BBQ07/Pictures HTTP/1.1" 301 1426 "https://nobbycosmic.com/NJCA/BBQ07?D=D" "Mozilla/5.0 (Linux; Android 7.0;) AppleWebKit/537.36 (KHTML, like Gecko) Mobile Safari/537.36 (compatible; PetalBot;+https://webmaster.petalsearch.com/site/petalbot)" "nobbycosmic.com"
114.119.128.40 - - [06/Sep/2022:08:46:56 -0700] "GET /NJCA/BBQ07/Pictures/ HTTP/1.1" 200 918 "https://nobbycosmic.com/NJCA/BBQ07?D=D" "Mozilla/5.0 (Linux; Android 7.0;) AppleWebKit/537.36 (KHTML, like Gecko) Mobile Safari/537.36 (compatible; PetalBot;+https://webmaster.petalsearch.com/site/petalbot)" "nobbycosmic.com"
114.119.128.40 - - [06/Sep/2022:08:48:24 -0700] "GET /NJCA/BBQ98?M=A HTTP/1.1" 301 1423 "https://nobbycosmic.com/NJCA/BBQ98?D=D" "Mozilla/5.0 (Linux; Android 7.0;) AppleWebKit/537.36 (KHTML, like Gecko) Mobile Safari/537.36 (compatible; PetalBot;+https://webmaster.petalsearch.com/site/petalbot)" "nobbycosmic.com"
114.119.128.40 - - [06/Sep/2022:08:48:25 -0700] "GET /NJCA/BBQ98/?M=A HTTP/1.1" 200 635 "https://nobbycosmic.com/NJCA/BBQ98?D=D" "Mozilla/5.0 (Linux; Android 7.0;) AppleWebKit/537.36 (KHTML, like Gecko) Mobile Safari/537.36 (compatible; PetalBot;+https://webmaster.petalsearch.com/site/petalbot)" "nobbycosmic.com"
114.119.128.39 - - [06/Sep/2022:08:49:43 -0700] "GET /NJCA/NY11/Pictures?M=D HTTP/1.1" 301 1428 "https://nobbycosmic.com/NJCA/NY11/Pictures?M=A" "Mozilla/5.0 (Linux; Android 7.0;) AppleWebKit/537.36 (KHTML, like Gecko) Mobile Safari/537.36 (compatible; PetalBot;+https://webmaster.petalsearch.com/site/petalbot)" "nobbycosmic.com"
114.119.128.39 - - [06/Sep/2022:08:49:44 -0700] "GET /NJCA/NY11/Pictures/?M=D HTTP/1.1" 200 1862 "https://nobbycosmic.com/NJCA/NY11/Pictures?M=A" "Mozilla/5.0 (Linux; Android 7.0;) AppleWebKit/537.36 (KHTML, like Gecko) Mobile Safari/537.36 (compatible; PetalBot;+https://webmaster.petalsearch.com/site/petalbot)" "nobbycosmic.com"
114.119.128.39 - - [06/Sep/2022:08:51:04 -0700] "GET /NJCA/NY12/PicturePages/?C=N%3BO%3DD HTTP/1.1" 200 1411 "https://nobbycosmic.com/NJCA/NY12/PicturePages?M=D" "Mozilla/5.0 (Linux; Android 7.0;) AppleWebKit/537.36 (KHTML, like Gecko) Mobile Safari/537.36 (compatible; PetalBot;+https://webmaster.petalsearch.com/site/petalbot)" "nobbycosmic.com"
114.119.128.39 - - [06/Sep/2022:08:52:36 -0700] "GET /NJCA/AGM08/NJCAAGM08.doc HTTP/1.1" 200 189952 "https://nobbycosmic.com/NJCA/AGM08/?C=S%3BO%3DA" "Mozilla/5.0 (Linux; Android 7.0;) AppleWebKit/537.36 (KHTML, like Gecko) Mobile Safari/537.36 (compatible; PetalBot;+https://webmaster.petalsearch.com/site/petalbot)" "nobbycosmic.com"
114.119.128.34 - - [06/Sep/2022:08:53:55 -0700] "GET /Card/Card14/?C=D%3BO%3DA HTTP/1.1" 200 523 "https://nobbycosmic.com/Card/Card14/?C=N%3BO%3DD" "Mozilla/5.0 (Linux; Android 7.0;) AppleWebKit/537.36 (KHTML, like Gecko) Mobile Safari/537.36 (compatible; PetalBot;+https://webmaster.petalsearch.com/site/petalbot)" "nobbycosmic.com"
114.119.128.39 - - [06/Sep/2022:08:55:19 -0700] "GET /Card/Card2020?C=D%3BO%3DA HTTP/1.1" 301 1429 "https://nobbycosmic.com/Card/Card2020?C=M%3BO%3DA" "Mozilla/5.0 (Linux; Android 7.0;) AppleWebKit/537.36 (KHTML, like Gecko) Mobile Safari/537.36 (compatible; PetalBot;+https://webmaster.petalsearch.com/site/petalbot)" "nobbycosmic.com"
114.119.128.34 - - [06/Sep/2022:08:56:42 -0700] "GET /Utagoe/1008.htm HTTP/1.1" 200 2813 "https://nobbycosmic.com/Utagoe/?C=N%3BO%3DD" "Mozilla/5.0 (Linux; Android 7.0;) AppleWebKit/537.36 (KHTML, like Gecko) Mobile Safari/537.36 (compatible; PetalBot;+https://webmaster.petalsearch.com/site/petalbot)" "nobbycosmic.com"
114.119.128.26 - - [06/Sep/2022:08:58:05 -0700] "GET /NJCA/NY12/PicturePages/?C=D%3BO%3DA HTTP/1.1" 200 1411 "https://nobbycosmic.com/NJCA/NY12/PicturePages?M=D" "Mozilla/5.0 (Linux; Android 7.0;) AppleWebKit/537.36 (KHTML, like Gecko) Mobile Safari/537.36 (compatible; PetalBot;+https://webmaster.petalsearch.com/site/petalbot)" "nobbycosmic.com"
114.119.128.40 - - [06/Sep/2022:09:00:46 -0700] "GET /NJCA/NJCAToy?S=D HTTP/1.1" 301 1421 "https://nobbycosmic.com/NJCA/NJCAToy?S=A" "Mozilla/5.0 (Linux; Android 7.0;) AppleWebKit/537.36 (KHTML, like Gecko) Mobile Safari/537.36 (compatible; PetalBot;+https://webmaster.petalsearch.com/site/petalbot)" "nobbycosmic.com"
114.119.128.40 - - [06/Sep/2022:09:00:46 -0700] "GET /NJCA/NJCAToy/?S=D HTTP/1.1" 200 848 "https://nobbycosmic.com/NJCA/NJCAToy?S=A" "Mozilla/5.0 (Linux; Android 7.0;) AppleWebKit/537.36 (KHTML, like Gecko) Mobile Safari/537.36 (compatible; PetalBot;+https://webmaster.petalsearch.com/site/petalbot)" "nobbycosmic.com"
114.119.128.39 - - [06/Sep/2022:09:00:49 -0700] "GET /NJCA/BBQ06?S=D HTTP/1.1" 301 1423 "https://nobbycosmic.com/NJCA/BBQ06?S=A" "Mozilla/5.0 (Linux; Android 7.0;) AppleWebKit/537.36 (KHTML, like Gecko) Mobile Safari/537.36 (compatible; PetalBot;+https://webmaster.petalsearch.com/site/petalbot)" "nobbycosmic.com"
114.119.128.39 - - [06/Sep/2022:09:00:50 -0700] "GET /NJCA/BBQ06/?S=D HTTP/1.1" 200 996 "https://nobbycosmic.com/NJCA/BBQ06?S=A" "Mozilla/5.0 (Linux; Android 7.0;) AppleWebKit/537.36 (KHTML, like Gecko) Mobile Safari/537.36 (compatible; PetalBot;+https://webmaster.petalsearch.com/site/petalbot)" "nobbycosmic.com"
114.119.128.39 - - [06/Sep/2022:09:02:11 -0700] "GET /JCCC/JCCC20200917.pdf HTTP/1.1" 200 561489 "https://nobbycosmic.com/JCCC/?C=M%3BO%3DA" "Mozilla/5.0 (Linux; Android 7.0;) AppleWebKit/537.36 (KHTML, like Gecko) Mobile Safari/537.36 (compatible; PetalBot;+https://webmaster.petalsearch.com/site/petalbot)" "nobbycosmic.com"
114.119.128.34 - - [06/Sep/2022:09:03:47 -0700] "GET /NJCA/BBQ08/?C=S%3BO%3DA HTTP/1.1" 200 623 "https://nobbycosmic.com/NJCA/BBQ08/?C=M%3BO%3DA" "Mozilla/5.0 (Linux; Android 7.0;) AppleWebKit/537.36 (KHTML, like Gecko) Mobile Safari/537.36 (compatible; PetalBot;+https://webmaster.petalsearch.com/site/petalbot)" "nobbycosmic.com"
114.119.128.34 - - [06/Sep/2022:09:04:58 -0700] "GET /NJCA/?C=M%3BO%3DA HTTP/1.1" 200 1569 "https://nobbycosmic.com/NJCA?N=D" "Mozilla/5.0 (Linux; Android 7.0;) AppleWebKit/537.36 (KHTML, like Gecko) Mobile Safari/537.36 (compatible; PetalBot;+https://webmaster.petalsearch.com/site/petalbot)" "nobbycosmic.com"
114.119.128.39 - - [06/Sep/2022:09:06:20 -0700] "GET /NJCA/AGM07?S=A HTTP/1.1" 301 1422 "https://nobbycosmic.com/NJCA/AGM07?N=A" "Mozilla/5.0 (Linux; Android 7.0;) AppleWebKit/537.36 (KHTML, like Gecko) Mobile Safari/537.36 (compatible; PetalBot;+https://webmaster.petalsearch.com/site/petalbot)" "nobbycosmic.com"
114.119.128.39 - - [06/Sep/2022:09:06:22 -0700] "GET /NJCA/AGM07/?S=A HTTP/1.1" 200 411 "https://nobbycosmic.com/NJCA/AGM07?N=A" "Mozilla/5.0 (Linux; Android 7.0;) AppleWebKit/537.36 (KHTML, like Gecko) Mobile Safari/537.36 (compatible; PetalBot;+https://webmaster.petalsearch.com/site/petalbot)" "nobbycosmic.com"
114.119.128.34 - - [06/Sep/2022:09:07:50 -0700] "GET /NJCA/NY10?S=D HTTP/1.1" 301 1420 "https://nobbycosmic.com/NJCA/NY10?S=A" "Mozilla/5.0 (Linux; Android 7.0;) AppleWebKit/537.36 (KHTML, like Gecko) Mobile Safari/537.36 (compatible; PetalBot;+https://webmaster.petalsearch.com/site/petalbot)" "nobbycosmic.com"
114.119.128.34 - - [06/Sep/2022:09:07:52 -0700] "GET /NJCA/NY10/?S=D HTTP/1.1" 200 997 "https://nobbycosmic.com/NJCA/NY10?S=A" "Mozilla/5.0 (Linux; Android 7.0;) AppleWebKit/537.36 (KHTML, like Gecko) Mobile Safari/537.36 (compatible; PetalBot;+https://webmaster.petalsearch.com/site/petalbot)" "nobbycosmic.com"
114.119.128.39 - - [06/Sep/2022:09:09:06 -0700] "GET /Utagoe/ConsulUtagoe/ HTTP/1.1" 200 559 "https://nobbycosmic.com/Utagoe/?C=N%3BO%3DD" "Mozilla/5.0 (Linux; Android 7.0;) AppleWebKit/537.36 (KHTML, like Gecko) Mobile Safari/537.36 (compatible; PetalBot;+https://webmaster.petalsearch.com/site/petalbot)" "nobbycosmic.com"
114.119.128.40 - - [06/Sep/2022:09:10:31 -0700] "GET /NJCA/BBQ11?C=S%3BO%3DA HTTP/1.1" 301 1431 "https://nobbycosmic.com/NJCA/BBQ11?M=A" "Mozilla/5.0 (Linux; Android 7.0;) AppleWebKit/537.36 (KHTML, like Gecko) Mobile Safari/537.36 (compatible; PetalBot;+https://webmaster.petalsearch.com/site/petalbot)" "nobbycosmic.com"
114.119.128.40 - - [06/Sep/2022:09:10:32 -0700] "GET /NJCA/BBQ11/?C=S%3BO%3DA HTTP/1.1" 200 1906 "https://nobbycosmic.com/NJCA/BBQ11?M=A" "Mozilla/5.0 (Linux; Android 7.0;) AppleWebKit/537.36 (KHTML, like Gecko) Mobile Safari/537.36 (compatible; PetalBot;+https://webmaster.petalsearch.com/site/petalbot)" "nobbycosmic.com"
114.119.128.34 - - [06/Sep/2022:09:12:00 -0700] "GET /NJCA/NJCADocuments.htm HTTP/1.1" 200 2670 "https://nobbycosmic.com/NJCA?N=D" "Mozilla/5.0 (Linux; Android 7.0;) AppleWebKit/537.36 (KHTML, like Gecko) Mobile Safari/537.36 (compatible; PetalBot;+https://webmaster.petalsearch.com/site/petalbot)" "nobbycosmic.com"
114.119.128.39 - - [06/Sep/2022:09:13:16 -0700] "GET /NJCA/NY11/NY2011ProgramJ.pdf HTTP/1.1" 200 75749 "https://nobbycosmic.com/NJCA/NY11/?C=N%3BO%3DD" "Mozilla/5.0 (Linux; Android 7.0;) AppleWebKit/537.36 (KHTML, like Gecko) Mobile Safari/537.36 (compatible; PetalBot;+https://webmaster.petalsearch.com/site/petalbot)" "nobbycosmic.com"
114.119.128.40 - - [06/Sep/2022:09:14:41 -0700] "GET /Utagoe/10/?C=N%3BO%3DD HTTP/1.1" 200 1339 "https://nobbycosmic.com/Utagoe/10?C=M%3BO%3DA" "Mozilla/5.0 (Linux; Android 7.0;) AppleWebKit/537.36 (KHTML, like Gecko) Mobile Safari/537.36 (compatible; PetalBot;+https://webmaster.petalsearch.com/site/petalbot)" "nobbycosmic.com"
148.251.190.243 - - [06/Sep/2022:09:15:40 -0700] "GET /robots.txt HTTP/1.1" 200 75 "-" "Mozilla/5.0 (compatible; BLEXBot/1.0; +http://webmeup-crawler.com/)" "nobbycosmic.com"
148.251.190.243 - - [06/Sep/2022:09:15:42 -0700] "GET /robots.txt HTTP/1.1" 200 75 "-" "Mozilla/5.0 (compatible; BLEXBot/1.0; +http://webmeup-crawler.com/)" "nobbycosmic.com"
148.251.190.243 - - [06/Sep/2022:09:15:42 -0700] "GET /Utagoe/Utagoe.htm HTTP/1.1" 200 3880 "-" "Mozilla/5.0 (compatible; BLEXBot/1.0; +http://webmeup-crawler.com/)" "nobbycosmic.com"
114.119.128.40 - - [06/Sep/2022:09:16:03 -0700] "GET /NJCA/NY06/?C=M%3BO%3DA HTTP/1.1" 200 1583 "https://nobbycosmic.com/NJCA/NY06?M=D" "Mozilla/5.0 (Linux; Android 7.0;) AppleWebKit/537.36 (KHTML, like Gecko) Mobile Safari/537.36 (compatible; PetalBot;+https://webmaster.petalsearch.com/site/petalbot)" "nobbycosmic.com"
114.119.128.26 - - [06/Sep/2022:09:17:27 -0700] "GET /Card/Card07?C=D%3BO%3DA HTTP/1.1" 301 1427 "https://nobbycosmic.com/Card/Card07?C=M%3BO%3DA" "Mozilla/5.0 (Linux; Android 7.0;) AppleWebKit/537.36 (KHTML, like Gecko) Mobile Safari/537.36 (compatible; PetalBot;+https://webmaster.petalsearch.com/site/petalbot)" "nobbycosmic.com"
114.119.128.26 - - [06/Sep/2022:09:17:27 -0700] "GET /Card/Card07/?C=D%3BO%3DA HTTP/1.1" 200 443 "https://nobbycosmic.com/Card/Card07?C=M%3BO%3DA" "Mozilla/5.0 (Linux; Android 7.0;) AppleWebKit/537.36 (KHTML, like Gecko) Mobile Safari/537.36 (compatible; PetalBot;+https://webmaster.petalsearch.com/site/petalbot)" "nobbycosmic.com"
114.119.128.40 - - [06/Sep/2022:09:18:51 -0700] "GET /NJCA/NY10?C=M%3BO%3DA HTTP/1.1" 301 1430 "https://nobbycosmic.com/NJCA/NY10?D=D" "Mozilla/5.0 (Linux; Android 7.0;) AppleWebKit/537.36 (KHTML, like Gecko) Mobile Safari/537.36 (compatible; PetalBot;+https://webmaster.petalsearch.com/site/petalbot)" "nobbycosmic.com"
114.119.128.40 - - [06/Sep/2022:09:18:51 -0700] "GET /NJCA/NY10/?C=M%3BO%3DA HTTP/1.1" 200 997 "https://nobbycosmic.com/NJCA/NY10?D=D" "Mozilla/5.0 (Linux; Android 7.0;) AppleWebKit/537.36 (KHTML, like Gecko) Mobile Safari/537.36 (compatible; PetalBot;+https://webmaster.petalsearch.com/site/petalbot)" "nobbycosmic.com"
114.119.128.39 - - [06/Sep/2022:09:20:20 -0700] "GET /NJCA/AGM09/NJCAAGM09.doc HTTP/1.1" 200 541184 "https://nobbycosmic.com/NJCA/AGM09" "Mozilla/5.0 (Linux; Android 7.0;) AppleWebKit/537.36 (KHTML, like Gecko) Mobile Safari/537.36 (compatible; PetalBot;+https://webmaster.petalsearch.com/site/petalbot)" "nobbycosmic.com"
114.119.128.26 - - [06/Sep/2022:09:21:46 -0700] "GET /NJCA/AGM10?C=D%3BO%3DA HTTP/1.1" 301 1431 "https://nobbycosmic.com/NJCA/AGM10?D=D" "Mozilla/5.0 (Linux; Android 7.0;) AppleWebKit/537.36 (KHTML, like Gecko) Mobile Safari/537.36 (compatible; PetalBot;+https://webmaster.petalsearch.com/site/petalbot)" "nobbycosmic.com"
114.119.128.26 - - [06/Sep/2022:09:21:47 -0700] "GET /NJCA/AGM10/?C=D%3BO%3DA HTTP/1.1" 200 432 "https://nobbycosmic.com/NJCA/AGM10?D=D" "Mozilla/5.0 (Linux; Android 7.0;) AppleWebKit/537.36 (KHTML, like Gecko) Mobile Safari/537.36 (compatible; PetalBot;+https://webmaster.petalsearch.com/site/petalbot)" "nobbycosmic.com"
216.244.66.200 - - [06/Sep/2022:09:24:00 -0700] "GET /robots.txt HTTP/1.1" 200 61 "-" "Mozilla/5.0 (compatible; DotBot/1.2; +https://opensiteexplorer.org/dotbot; help@moz.com)" "nobbycosmic.com"
216.244.66.200 - - [06/Sep/2022:09:28:43 -0700] "GET /NJCA/JCCC/JCCCBazaar2009.htm HTTP/1.1" 200 5020 "-" "Mozilla/5.0 (compatible; DotBot/1.2; +https://opensiteexplorer.org/dotbot; help@moz.com)" "nobbycosmic.com"
216.244.66.200 - - [06/Sep/2022:10:13:10 -0700] "GET /robots.txt HTTP/1.1" 200 61 "-" "Mozilla/5.0 (compatible; DotBot/1.2; +https://opensiteexplorer.org/dotbot; help@moz.com)" "nobbycosmic.com"
142.189.120.96 - - [06/Sep/2022:10:16:27 -0700] "GET /BabyTalks/BTList.htm HTTP/1.1" 200 10238 "-" "Mozilla/5.0 (Macintosh; Intel Mac OS X 10_11_1) AppleWebKit/601.2.4 (KHTML, like Gecko) Version/9.0.1 Safari/601.2.4 facebookexternalhit/1.1 Facebot Twitterbot/1.0" "nobbycosmic.com"
142.189.120.96 - - [06/Sep/2022:10:16:28 -0700] "GET /apple-touch-icon-precomposed.png HTTP/1.1" 404 88 "-" "Mozilla/5.0 (Macintosh; Intel Mac OS X 10_11_1) AppleWebKit/601.2.4 (KHTML, like Gecko) Version/9.0.1 Safari/601.2.4 facebookexternalhit/1.1 Facebot Twitterbot/1.0" "nobbycosmic.com"
142.189.120.96 - - [06/Sep/2022:10:16:28 -0700] "GET /favicon.ico HTTP/1.1" 404 88 "-" "Mozilla/5.0 (Macintosh; Intel Mac OS X 10_11_1) AppleWebKit/601.2.4 (KHTML, like Gecko) Version/9.0.1 Safari/601.2.4 facebookexternalhit/1.1 Facebot Twitterbot/1.0" "nobbycosmic.com"
142.189.120.96 - - [06/Sep/2022:10:16:28 -0700] "GET /apple-touch-icon.png HTTP/1.1" 404 88 "-" "Mozilla/5.0 (Macintosh; Intel Mac OS X 10_11_1) AppleWebKit/601.2.4 (KHTML, like Gecko) Version/9.0.1 Safari/601.2.4 facebookexternalhit/1.1 Facebot Twitterbot/1.0" "nobbycosmic.com"
185.191.171.40 - - [06/Sep/2022:10:18:21 -0700] "GET /robots.txt HTTP/1.1" 200 75 "-" "Mozilla/5.0 (compatible; SemrushBot/7~bl; +http://www.semrush.com/bot.html)" "nobbycosmic.com"
185.191.171.1 - - [06/Sep/2022:10:18:23 -0700] "GET /Utagoe/2017Summer/Utagoe201708.htm HTTP/1.1" 200 3767 "-" "Mozilla/5.0 (compatible; SemrushBot/7~bl; +http://www.semrush.com/bot.html)" "nobbycosmic.com"
66.249.79.71 - - [06/Sep/2022:10:34:05 -0700] "GET /favicon.ico HTTP/1.1" 404 88 "-" "Googlebot-Image/1.0" "nobbycosmic.com"
216.244.66.200 - - [06/Sep/2022:11:02:37 -0700] "GET /robots.txt HTTP/1.1" 200 61 "-" "Mozilla/5.0 (compatible; DotBot/1.2; +https://opensiteexplorer.org/dotbot; help@moz.com)" "nobbycosmic.com"
40.77.167.23 - - [06/Sep/2022:11:03:54 -0700] "GET /Post/JF202107011.pdf HTTP/1.1" 404 88 "-" "Mozilla/5.0 (compatible; bingbot/2.0; +http://www.bing.com/bingbot.htm)" "nobbycosmic.com"
147.92.179.109 - - [06/Sep/2022:11:24:06 -0700] "GET /BabyTalks/BTList.htm HTTP/1.1" 200 10238 "-" "facebookexternalhit/1.1;line-poker/1.0" "nobbycosmic.com"
147.92.179.109 - - [06/Sep/2022:11:24:07 -0700] "GET /BabyTalks/Group.jpg HTTP/1.1" 200 54379 "-" "facebookexternalhit/1.1;line-poker/1.0" "nobbycosmic.com"
147.92.179.109 - - [06/Sep/2022:11:24:07 -0700] "GET /BabyTalks/BTFBanner1.jpg HTTP/1.1" 200 9524 "-" "facebookexternalhit/1.1;line-poker/1.0" "nobbycosmic.com"
147.92.179.109 - - [06/Sep/2022:11:24:07 -0700] "GET /BabyTalks/hiyoko.gif HTTP/1.1" 200 10361 "-" "facebookexternalhit/1.1;line-poker/1.0" "nobbycosmic.com"
147.92.179.109 - - [06/Sep/2022:11:24:08 -0700] "GET /BabyTalks/blue_next.gif HTTP/1.1" 200 138 "-" "facebookexternalhit/1.1;line-poker/1.0" "nobbycosmic.com"
147.92.179.109 - - [06/Sep/2022:11:24:08 -0700] "GET /BabyTalks/BTFBanner2.jpg HTTP/1.1" 200 4273 "-" "facebookexternalhit/1.1;line-poker/1.0" "nobbycosmic.com"
147.92.179.109 - - [06/Sep/2022:11:24:08 -0700] "GET /BabyTalks/FTFMemberDistChart.jpg HTTP/1.1" 200 61359 "-" "facebookexternalhit/1.1;line-poker/1.0" "nobbycosmic.com"
147.92.179.109 - - [06/Sep/2022:11:24:08 -0700] "GET /BabyTalks/SakuraMark2.jpg HTTP/1.1" 200 933 "-" "facebookexternalhit/1.1;line-poker/1.0" "nobbycosmic.com"
147.92.179.109 - - [06/Sep/2022:11:24:10 -0700] "GET /BabyTalks/FTFMemberDistChart.jpg HTTP/1.1" 200 61359 "-" "facebookexternalhit/1.1;line-poker/1.0" "nobbycosmic.com"
157.55.39.37 - - [06/Sep/2022:11:47:44 -0700] "GET /Homepage/Tickets/Ticket2/TicketA22.jpg HTTP/1.1" 200 22393 "-" "Mozilla/5.0 (compatible; bingbot/2.0; +http://www.bing.com/bingbot.htm)" "nobbycosmic.com"
216.244.66.200 - - [06/Sep/2022:11:51:38 -0700] "GET /robots.txt HTTP/1.1" 200 61 "-" "Mozilla/5.0 (compatible; DotBot/1.2; +https://opensiteexplorer.org/dotbot; help@moz.com)" "nobbycosmic.com"
24.150.91.127 - - [06/Sep/2022:12:06:02 -0700] "GET /BabyTalks/BTList.htm HTTP/1.1" 200 10238 "-" "Mozilla/5.0 (Windows NT 10.0; Win64; x64) AppleWebKit/537.36 (KHTML, like Gecko) Chrome/104.0.0.0 Safari/537.36" "nobbycosmic.com"
24.150.91.127 - - [06/Sep/2022:12:06:02 -0700] "GET /BabyTalks/BTFBanner1.jpg HTTP/1.1" 200 9524 "https://nobbycosmic.com/BabyTalks/BTList.htm" "Mozilla/5.0 (Windows NT 10.0; Win64; x64) AppleWebKit/537.36 (KHTML, like Gecko) Chrome/104.0.0.0 Safari/537.36" "nobbycosmic.com"
24.150.91.127 - - [06/Sep/2022:12:06:02 -0700] "GET /BabyTalks/hiyoko.gif HTTP/1.1" 200 10361 "https://nobbycosmic.com/BabyTalks/BTList.htm" "Mozilla/5.0 (Windows NT 10.0; Win64; x64) AppleWebKit/537.36 (KHTML, like Gecko) Chrome/104.0.0.0 Safari/537.36" "nobbycosmic.com"
24.150.91.127 - - [06/Sep/2022:12:06:02 -0700] "GET /BabyTalks/Group.jpg HTTP/1.1" 200 54379 "https://nobbycosmic.com/BabyTalks/BTList.htm" "Mozilla/5.0 (Windows NT 10.0; Win64; x64) AppleWebKit/537.36 (KHTML, like Gecko) Chrome/104.0.0.0 Safari/537.36" "nobbycosmic.com"
24.150.91.127 - - [06/Sep/2022:12:06:02 -0700] "GET /BabyTalks/BTFBanner2.jpg HTTP/1.1" 200 4273 "https://nobbycosmic.com/BabyTalks/BTList.htm" "Mozilla/5.0 (Windows NT 10.0; Win64; x64) AppleWebKit/537.36 (KHTML, like Gecko) Chrome/104.0.0.0 Safari/537.36" "nobbycosmic.com"
24.150.91.127 - - [06/Sep/2022:12:06:02 -0700] "GET /BabyTalks/FTFMemberDistChart.jpg HTTP/1.1" 200 61359 "https://nobbycosmic.com/BabyTalks/BTList.htm" "Mozilla/5.0 (Windows NT 10.0; Win64; x64) AppleWebKit/537.36 (KHTML, like Gecko) Chrome/104.0.0.0 Safari/537.36" "nobbycosmic.com"
24.150.91.127 - - [06/Sep/2022:12:06:02 -0700] "GET /BabyTalks/SakuraMark2.jpg HTTP/1.1" 200 933 "https://nobbycosmic.com/BabyTalks/BTList.htm" "Mozilla/5.0 (Windows NT 10.0; Win64; x64) AppleWebKit/537.36 (KHTML, like Gecko) Chrome/104.0.0.0 Safari/537.36" "nobbycosmic.com"
24.150.91.127 - - [06/Sep/2022:12:06:02 -0700] "GET /BabyTalks/blue_next.gif HTTP/1.1" 200 138 "https://nobbycosmic.com/BabyTalks/BTList.htm" "Mozilla/5.0 (Windows NT 10.0; Win64; x64) AppleWebKit/537.36 (KHTML, like Gecko) Chrome/104.0.0.0 Safari/537.36" "nobbycosmic.com"
24.150.91.127 - - [06/Sep/2022:12:06:02 -0700] "GET /favicon.ico HTTP/1.1" 404 88 "https://nobbycosmic.com/BabyTalks/BTList.htm" "Mozilla/5.0 (Windows NT 10.0; Win64; x64) AppleWebKit/537.36 (KHTML, like Gecko) Chrome/104.0.0.0 Safari/537.36" "nobbycosmic.com"
157.55.39.65 - - [06/Sep/2022:12:06:16 -0700] "GET /Homepage/Tickets/Ticket2/Ticket235.jpg HTTP/1.1" 200 23661 "-" "Mozilla/5.0 (compatible; bingbot/2.0; +http://www.bing.com/bingbot.htm)" "nobbycosmic.com"
24.150.91.127 - - [06/Sep/2022:12:06:21 -0700] "GET /BabyTalks/FTFMember/Content.htm HTTP/1.1" 401 90 "https://nobbycosmic.com/BabyTalks/BTList.htm" "Mozilla/5.0 (Windows NT 10.0; Win64; x64) AppleWebKit/537.36 (KHTML, like Gecko) Chrome/104.0.0.0 Safari/537.36" "nobbycosmic.com"
24.150.91.127 - FTF [06/Sep/2022:12:06:43 -0700] "GET /BabyTalks/FTFMember/Content.htm HTTP/1.1" 200 6659 "https://nobbycosmic.com/BabyTalks/BTList.htm" "Mozilla/5.0 (Windows NT 10.0; Win64; x64) AppleWebKit/537.36 (KHTML, like Gecko) Chrome/104.0.0.0 Safari/537.36" "nobbycosmic.com"
24.150.91.127 - FTF [06/Sep/2022:12:06:43 -0700] "GET /BabyTalks/FTFMember/hiyoko.gif HTTP/1.1" 200 10361 "https://nobbycosmic.com/BabyTalks/FTFMember/Content.htm" "Mozilla/5.0 (Windows NT 10.0; Win64; x64) AppleWebKit/537.36 (KHTML, like Gecko) Chrome/104.0.0.0 Safari/537.36" "nobbycosmic.com"
24.150.91.127 - FTF [06/Sep/2022:12:07:16 -0700] "GET /BabyTalks/FTFMember/PR.htm HTTP/1.1" 200 18504 "https://nobbycosmic.com/BabyTalks/FTFMember/Content.htm" "Mozilla/5.0 (Windows NT 10.0; Win64; x64) AppleWebKit/537.36 (KHTML, like Gecko) Chrome/104.0.0.0 Safari/537.36" "nobbycosmic.com"
40.77.167.47 - - [06/Sep/2022:12:23:46 -0700] "GET /Homepage/Tickets/Ticket2/Ticket213.jpg HTTP/1.1" 200 24345 "-" "Mozilla/5.0 (compatible; bingbot/2.0; +http://www.bing.com/bingbot.htm)" "nobbycosmic.com"
216.244.66.200 - - [06/Sep/2022:12:38:21 -0700] "GET /robots.txt HTTP/1.1" 200 61 "-" "Mozilla/5.0 (compatible; DotBot/1.2; +https://opensiteexplorer.org/dotbot; help@moz.com)" "nobbycosmic.com"
142.189.137.96 - - [06/Sep/2022:12:40:05 -0700] "GET /BabyTalks/BTList.htm HTTP/1.1" 200 10238 "-" "Mozilla/5.0 (Windows NT 10.0; Win64; x64) AppleWebKit/537.36 (KHTML, like Gecko) Chrome/105.0.0.0 Safari/537.36" "nobbycosmic.com"
142.189.137.96 - - [06/Sep/2022:12:40:05 -0700] "GET /BabyTalks/BTFBanner1.jpg HTTP/1.1" 200 9524 "https://nobbycosmic.com/BabyTalks/BTList.htm" "Mozilla/5.0 (Windows NT 10.0; Win64; x64) AppleWebKit/537.36 (KHTML, like Gecko) Chrome/105.0.0.0 Safari/537.36" "nobbycosmic.com"
142.189.137.96 - - [06/Sep/2022:12:40:05 -0700] "GET /BabyTalks/hiyoko.gif HTTP/1.1" 200 10361 "https://nobbycosmic.com/BabyTalks/BTList.htm" "Mozilla/5.0 (Windows NT 10.0; Win64; x64) AppleWebKit/537.36 (KHTML, like Gecko) Chrome/105.0.0.0 Safari/537.36" "nobbycosmic.com"
142.189.137.96 - - [06/Sep/2022:12:40:05 -0700] "GET /BabyTalks/Group.jpg HTTP/1.1" 200 54379 "https://nobbycosmic.com/BabyTalks/BTList.htm" "Mozilla/5.0 (Windows NT 10.0; Win64; x64) AppleWebKit/537.36 (KHTML, like Gecko) Chrome/105.0.0.0 Safari/537.36" "nobbycosmic.com"
142.189.137.96 - - [06/Sep/2022:12:40:05 -0700] "GET /BabyTalks/BTFBanner2.jpg HTTP/1.1" 200 4273 "https://nobbycosmic.com/BabyTalks/BTList.htm" "Mozilla/5.0 (Windows NT 10.0; Win64; x64) AppleWebKit/537.36 (KHTML, like Gecko) Chrome/105.0.0.0 Safari/537.36" "nobbycosmic.com"
142.189.137.96 - - [06/Sep/2022:12:40:06 -0700] "GET /BabyTalks/blue_next.gif HTTP/1.1" 200 138 "https://nobbycosmic.com/BabyTalks/BTList.htm" "Mozilla/5.0 (Windows NT 10.0; Win64; x64) AppleWebKit/537.36 (KHTML, like Gecko) Chrome/105.0.0.0 Safari/537.36" "nobbycosmic.com"
142.189.137.96 - - [06/Sep/2022:12:40:06 -0700] "GET /BabyTalks/SakuraMark2.jpg HTTP/1.1" 200 933 "https://nobbycosmic.com/BabyTalks/BTList.htm" "Mozilla/5.0 (Windows NT 10.0; Win64; x64) AppleWebKit/537.36 (KHTML, like Gecko) Chrome/105.0.0.0 Safari/537.36" "nobbycosmic.com"
142.189.137.96 - - [06/Sep/2022:12:40:06 -0700] "GET /BabyTalks/FTFMemberDistChart.jpg HTTP/1.1" 200 61359 "https://nobbycosmic.com/BabyTalks/BTList.htm" "Mozilla/5.0 (Windows NT 10.0; Win64; x64) AppleWebKit/537.36 (KHTML, like Gecko) Chrome/105.0.0.0 Safari/537.36" "nobbycosmic.com"
142.189.137.96 - - [06/Sep/2022:12:40:06 -0700] "GET /favicon.ico HTTP/1.1" 404 88 "https://nobbycosmic.com/BabyTalks/BTList.htm" "Mozilla/5.0 (Windows NT 10.0; Win64; x64) AppleWebKit/537.36 (KHTML, like Gecko) Chrome/105.0.0.0 Safari/537.36" "nobbycosmic.com"
142.189.137.96 - - [06/Sep/2022:12:40:08 -0700] "GET /BabyTalks/FTFMember/MemberLists/FTFMemberListABC.htm HTTP/1.1" 401 90 "https://nobbycosmic.com/BabyTalks/BTList.htm" "Mozilla/5.0 (Windows NT 10.0; Win64; x64) AppleWebKit/537.36 (KHTML, like Gecko) Chrome/105.0.0.0 Safari/537.36" "nobbycosmic.com"
142.189.137.96 - FTF [06/Sep/2022:12:40:18 -0700] "GET /BabyTalks/FTFMember/MemberLists/FTFMemberListABC.htm HTTP/1.1" 401 90 "https://nobbycosmic.com/BabyTalks/BTList.htm" "Mozilla/5.0 (Windows NT 10.0; Win64; x64) AppleWebKit/537.36 (KHTML, like Gecko) Chrome/105.0.0.0 Safari/537.36" "nobbycosmic.com"
142.189.137.96 - FTF [06/Sep/2022:12:40:28 -0700] "GET /BabyTalks/FTFMember/MemberLists/FTFMemberListABC.htm HTTP/1.1" 200 64232 "https://nobbycosmic.com/BabyTalks/BTList.htm" "Mozilla/5.0 (Windows NT 10.0; Win64; x64) AppleWebKit/537.36 (KHTML, like Gecko) Chrome/105.0.0.0 Safari/537.36" "nobbycosmic.com"
157.55.39.163 - - [06/Sep/2022:12:59:20 -0700] "GET /Homepage/Tickets/Ticket2/TicketA08.jpg HTTP/1.1" 200 20850 "-" "Mozilla/5.0 (compatible; bingbot/2.0; +http://www.bing.com/bingbot.htm)" "nobbycosmic.com"
216.244.66.200 - - [06/Sep/2022:13:25:19 -0700] "GET /robots.txt HTTP/1.1" 200 61 "-" "Mozilla/5.0 (compatible; DotBot/1.2; +https://opensiteexplorer.org/dotbot; help@moz.com)" "nobbycosmic.com"
99.227.174.73 - - [06/Sep/2022:13:31:38 -0700] "GET /Utagoe/2022Summer/Utagoe202208.htm HTTP/1.1" 200 2832 "-" "Mozilla/5.0 (iPhone; CPU iPhone OS 15_6_1 like Mac OS X) AppleWebKit/605.1.15 (KHTML, like Gecko) Version/15.6.1 Mobile/15E148 Safari/604.1" "nobbycosmic.com"
99.227.174.73 - - [06/Sep/2022:13:31:38 -0700] "GET /Utagoe/2022Summer/2022082701Sun.jpg HTTP/1.1" 200 43206 "https://nobbycosmic.com/Utagoe/2022Summer/Utagoe202208.htm" "Mozilla/5.0 (iPhone; CPU iPhone OS 15_6_1 like Mac OS X) AppleWebKit/605.1.15 (KHTML, like Gecko) Version/15.6.1 Mobile/15E148 Safari/604.1" "nobbycosmic.com"
99.227.174.73 - - [06/Sep/2022:13:31:38 -0700] "GET /Utagoe/2022Summer/2022082703Tree.JPG HTTP/1.1" 200 130838 "https://nobbycosmic.com/Utagoe/2022Summer/Utagoe202208.htm" "Mozilla/5.0 (iPhone; CPU iPhone OS 15_6_1 like Mac OS X) AppleWebKit/605.1.15 (KHTML, like Gecko) Version/15.6.1 Mobile/15E148 Safari/604.1" "nobbycosmic.com"
99.227.174.73 - - [06/Sep/2022:13:31:38 -0700] "GET /Utagoe/2022Summer/2022082706Prep.jpg HTTP/1.1" 200 129100 "https://nobbycosmic.com/Utagoe/2022Summer/Utagoe202208.htm" "Mozilla/5.0 (iPhone; CPU iPhone OS 15_6_1 like Mac OS X) AppleWebKit/605.1.15 (KHTML, like Gecko) Version/15.6.1 Mobile/15E148 Safari/604.1" "nobbycosmic.com"
99.227.174.73 - - [06/Sep/2022:13:31:38 -0700] "GET /Utagoe/2022Summer/2022082702BlueSky.jpg HTTP/1.1" 200 30483 "https://nobbycosmic.com/Utagoe/2022Summer/Utagoe202208.htm" "Mozilla/5.0 (iPhone; CPU iPhone OS 15_6_1 like Mac OS X) AppleWebKit/605.1.15 (KHTML, like Gecko) Version/15.6.1 Mobile/15E148 Safari/604.1" "nobbycosmic.com"
99.227.174.73 - - [06/Sep/2022:13:31:38 -0700] "GET /Utagoe/2022Summer/2022082712Songs.JPG HTTP/1.1" 200 128747 "https://nobbycosmic.com/Utagoe/2022Summer/Utagoe202208.htm" "Mozilla/5.0 (iPhone; CPU iPhone OS 15_6_1 like Mac OS X) AppleWebKit/605.1.15 (KHTML, like Gecko) Version/15.6.1 Mobile/15E148 Safari/604.1" "nobbycosmic.com"
99.227.174.73 - - [06/Sep/2022:13:31:38 -0700] "GET /Utagoe/2022Summer/2022082709Band.JPG HTTP/1.1" 200 132981 "https://nobbycosmic.com/Utagoe/2022Summer/Utagoe202208.htm" "Mozilla/5.0 (iPhone; CPU iPhone OS 15_6_1 like Mac OS X) AppleWebKit/605.1.15 (KHTML, like Gecko) Version/15.6.1 Mobile/15E148 Safari/604.1" "nobbycosmic.com"
99.227.174.73 - - [06/Sep/2022:13:31:39 -0700] "GET /Utagoe/2022Summer/2022082707Session.JPG HTTP/1.1" 200 148214 "https://nobbycosmic.com/Utagoe/2022Summer/Utagoe202208.htm" "Mozilla/5.0 (iPhone; CPU iPhone OS 15_6_1 like Mac OS X) AppleWebKit/605.1.15 (KHTML, like Gecko) Version/15.6.1 Mobile/15E148 Safari/604.1" "nobbycosmic.com"
99.227.174.73 - - [06/Sep/2022:13:31:39 -0700] "GET /Utagoe/2022Summer/2022082705Prep.jpg HTTP/1.1" 200 83979 "https://nobbycosmic.com/Utagoe/2022Summer/Utagoe202208.htm" "Mozilla/5.0 (iPhone; CPU iPhone OS 15_6_1 like Mac OS X) AppleWebKit/605.1.15 (KHTML, like Gecko) Version/15.6.1 Mobile/15E148 Safari/604.1" "nobbycosmic.com"
99.227.174.73 - - [06/Sep/2022:13:31:39 -0700] "GET /Utagoe/2022Summer/2022082711Lunch.JPG HTTP/1.1" 200 137587 "https://nobbycosmic.com/Utagoe/2022Summer/Utagoe202208.htm" "Mozilla/5.0 (iPhone; CPU iPhone OS 15_6_1 like Mac OS X) AppleWebKit/605.1.15 (KHTML, like Gecko) Version/15.6.1 Mobile/15E148 Safari/604.1" "nobbycosmic.com"
99.227.174.73 - - [06/Sep/2022:13:31:40 -0700] "GET /Utagoe/2022Summer/2022082708Session.JPG HTTP/1.1" 200 133126 "https://nobbycosmic.com/Utagoe/2022Summer/Utagoe202208.htm" "Mozilla/5.0 (iPhone; CPU iPhone OS 15_6_1 like Mac OS X) AppleWebKit/605.1.15 (KHTML, like Gecko) Version/15.6.1 Mobile/15E148 Safari/604.1" "nobbycosmic.com"
99.227.174.73 - - [06/Sep/2022:13:31:40 -0700] "GET /Utagoe/2022Summer/2022082713Songs.JPG HTTP/1.1" 200 147773 "https://nobbycosmic.com/Utagoe/2022Summer/Utagoe202208.htm" "Mozilla/5.0 (iPhone; CPU iPhone OS 15_6_1 like Mac OS X) AppleWebKit/605.1.15 (KHTML, like Gecko) Version/15.6.1 Mobile/15E148 Safari/604.1" "nobbycosmic.com"
99.227.174.73 - - [06/Sep/2022:13:31:40 -0700] "GET /Utagoe/2022Summer/2022082710Band.JPG HTTP/1.1" 200 139648 "https://nobbycosmic.com/Utagoe/2022Summer/Utagoe202208.htm" "Mozilla/5.0 (iPhone; CPU iPhone OS 15_6_1 like Mac OS X) AppleWebKit/605.1.15 (KHTML, like Gecko) Version/15.6.1 Mobile/15E148 Safari/604.1" "nobbycosmic.com"
99.227.174.73 - - [06/Sep/2022:13:31:40 -0700] "GET /Utagoe/2022Summer/2022082710Lunch.JPG HTTP/1.1" 200 148867 "https://nobbycosmic.com/Utagoe/2022Summer/Utagoe202208.htm" "Mozilla/5.0 (iPhone; CPU iPhone OS 15_6_1 like Mac OS X) AppleWebKit/605.1.15 (KHTML, like Gecko) Version/15.6.1 Mobile/15E148 Safari/604.1" "nobbycosmic.com"
