130.255.166.120 - - [07/Sep/2022:00:36:56 -0700] "GET / HTTP/1.1" 200 3158 "http://nobbycosmic.com/" "Mozilla/5.0 (Linux; Android 9; BDL8051C Build/BDL3552T; wv) AppleWebKit/537.36 (KHTML, like Gecko) Version/4.0 Chrome/66.0.3359.158 Safari/537.36" "nobbycosmic.com"
150.158.149.228 - - [07/Sep/2022:00:39:09 -0700] "GET /xmlrpc.php HTTP/1.1" 404 88 "-" "Mozilla/5.0 (Windows NT 6.1; WOW64; rv:45.0) Gecko/20100101 Firefox/45.0" "nobbycosmic.com"
216.244.66.200 - - [07/Sep/2022:00:56:55 -0700] "GET /robots.txt HTTP/1.1" 200 61 "-" "Mozilla/5.0 (compatible; DotBot/1.2; +https://opensiteexplorer.org/dotbot; help@moz.com)" "nobbycosmic.com"
114.119.128.34 - - [07/Sep/2022:01:27:51 -0700] "GET /Card/Card05?C=S%3BO%3DA HTTP/1.1" 301 1427 "https://nobbycosmic.com/Card/Card05?C=N%3BO%3DD" "Mozilla/5.0 (Linux; Android 7.0;) AppleWebKit/537.36 (KHTML, like Gecko) Mobile Safari/537.36 (compatible; PetalBot;+https://webmaster.petalsearch.com/site/petalbot)" "nobbycosmic.com"
114.119.128.34 - - [07/Sep/2022:01:27:51 -0700] "GET /Card/Card05/?C=S%3BO%3DA HTTP/1.1" 200 453 "https://nobbycosmic.com/Card/Card05?C=N%3BO%3DD" "Mozilla/5.0 (Linux; Android 7.0;) AppleWebKit/537.36 (KHTML, like Gecko) Mobile Safari/537.36 (compatible; PetalBot;+https://webmaster.petalsearch.com/site/petalbot)" "nobbycosmic.com"
114.119.128.26 - - [07/Sep/2022:01:29:17 -0700] "GET /Card/Card98?C=D%3BO%3DA HTTP/1.1" 301 1428 "https://nobbycosmic.com/Card/Card98?C=S%3BO%3DA" "Mozilla/5.0 (Linux; Android 7.0;) AppleWebKit/537.36 (KHTML, like Gecko) Mobile Safari/537.36 (compatible; PetalBot;+https://webmaster.petalsearch.com/site/petalbot)" "nobbycosmic.com"
114.119.128.26 - - [07/Sep/2022:01:29:18 -0700] "GET /Card/Card98/?C=D%3BO%3DA HTTP/1.1" 200 440 "https://nobbycosmic.com/Card/Card98?C=S%3BO%3DA" "Mozilla/5.0 (Linux; Android 7.0;) AppleWebKit/537.36 (KHTML, like Gecko) Mobile Safari/537.36 (compatible; PetalBot;+https://webmaster.petalsearch.com/site/petalbot)" "nobbycosmic.com"
114.119.128.26 - - [07/Sep/2022:01:30:35 -0700] "GET /NJCA/NY09?M=D HTTP/1.1" 301 1421 "https://nobbycosmic.com/NJCA/NY09?M=A" "Mozilla/5.0 (Linux; Android 7.0;) AppleWebKit/537.36 (KHTML, like Gecko) Mobile Safari/537.36 (compatible; PetalBot;+https://webmaster.petalsearch.com/site/petalbot)" "nobbycosmic.com"
114.119.128.26 - - [07/Sep/2022:01:30:36 -0700] "GET /NJCA/NY09/?M=D HTTP/1.1" 200 856 "https://nobbycosmic.com/NJCA/NY09?M=A" "Mozilla/5.0 (Linux; Android 7.0;) AppleWebKit/537.36 (KHTML, like Gecko) Mobile Safari/537.36 (compatible; PetalBot;+https://webmaster.petalsearch.com/site/petalbot)" "nobbycosmic.com"
216.244.66.200 - - [07/Sep/2022:01:43:06 -0700] "GET /robots.txt HTTP/1.1" 200 61 "-" "Mozilla/5.0 (compatible; DotBot/1.2; +https://opensiteexplorer.org/dotbot; help@moz.com)" "nobbycosmic.com"
51.222.253.5 - - [07/Sep/2022:01:45:34 -0700] "GET / HTTP/1.1" 200 3158 "-" "Mozilla/5.0 (compatible; AhrefsBot/7.0; +http://ahrefs.com/robot/)" "nobbycosmic.com"
114.119.128.34 - - [07/Sep/2022:01:50:00 -0700] "GET /NJCA?C=N%3BO%3DD HTTP/1.1" 301 1425 "https://nobbycosmic.com/NJCA" "Mozilla/5.0 (Linux; Android 7.0;) AppleWebKit/537.36 (KHTML, like Gecko) Mobile Safari/537.36 (compatible; PetalBot;+https://webmaster.petalsearch.com/site/petalbot)" "nobbycosmic.com"
114.119.128.34 - - [07/Sep/2022:01:50:01 -0700] "GET /NJCA/?C=N%3BO%3DD HTTP/1.1" 200 1569 "https://nobbycosmic.com/NJCA" "Mozilla/5.0 (Linux; Android 7.0;) AppleWebKit/537.36 (KHTML, like Gecko) Mobile Safari/537.36 (compatible; PetalBot;+https://webmaster.petalsearch.com/site/petalbot)" "nobbycosmic.com"
207.46.13.34 - - [07/Sep/2022:01:51:09 -0700] "GET /Post/JSS202209021.pdf HTTP/1.1" 200 980140 "-" "Mozilla/5.0 (compatible; bingbot/2.0; +http://www.bing.com/bingbot.htm)" "nobbycosmic.com"
114.119.128.39 - - [07/Sep/2022:01:51:24 -0700] "GET /NJCA/BBQ08/NJCABBQLeaf2008R1.pdf HTTP/1.1" 200 210237 "https://nobbycosmic.com/NJCA/BBQ08/?C=S%3BO%3DA" "Mozilla/5.0 (Linux; Android 7.0;) AppleWebKit/537.36 (KHTML, like Gecko) Mobile Safari/537.36 (compatible; PetalBot;+https://webmaster.petalsearch.com/site/petalbot)" "nobbycosmic.com"
114.119.128.34 - - [07/Sep/2022:01:52:46 -0700] "GET /NJCA/BBQ08?M=A HTTP/1.1" 301 1423 "https://nobbycosmic.com/NJCA/BBQ08?M=D" "Mozilla/5.0 (Linux; Android 7.0;) AppleWebKit/537.36 (KHTML, like Gecko) Mobile Safari/537.36 (compatible; PetalBot;+https://webmaster.petalsearch.com/site/petalbot)" "nobbycosmic.com"
114.119.128.34 - - [07/Sep/2022:01:52:47 -0700] "GET /NJCA/BBQ08/?M=A HTTP/1.1" 200 623 "https://nobbycosmic.com/NJCA/BBQ08?M=D" "Mozilla/5.0 (Linux; Android 7.0;) AppleWebKit/537.36 (KHTML, like Gecko) Mobile Safari/537.36 (compatible; PetalBot;+https://webmaster.petalsearch.com/site/petalbot)" "nobbycosmic.com"
114.119.128.40 - - [07/Sep/2022:01:54:10 -0700] "GET /Card/Card2020?C=S%3BO%3DA HTTP/1.1" 301 1429 "https://nobbycosmic.com/Card/Card2020?C=D%3BO%3DA" "Mozilla/5.0 (Linux; Android 7.0;) AppleWebKit/537.36 (KHTML, like Gecko) Mobile Safari/537.36 (compatible; PetalBot;+https://webmaster.petalsearch.com/site/petalbot)" "nobbycosmic.com"
114.119.128.34 - - [07/Sep/2022:01:55:33 -0700] "GET /Card/Card02?C=N%3BO%3DD HTTP/1.1" 301 1427 "https://nobbycosmic.com/Card/Card02" "Mozilla/5.0 (Linux; Android 7.0;) AppleWebKit/537.36 (KHTML, like Gecko) Mobile Safari/537.36 (compatible; PetalBot;+https://webmaster.petalsearch.com/site/petalbot)" "nobbycosmic.com"
114.119.128.34 - - [07/Sep/2022:01:55:34 -0700] "GET /Card/Card02/?C=N%3BO%3DD HTTP/1.1" 200 460 "https://nobbycosmic.com/Card/Card02" "Mozilla/5.0 (Linux; Android 7.0;) AppleWebKit/537.36 (KHTML, like Gecko) Mobile Safari/537.36 (compatible; PetalBot;+https://webmaster.petalsearch.com/site/petalbot)" "nobbycosmic.com"
114.119.128.37 - - [07/Sep/2022:01:56:56 -0700] "GET /NJCA/JCCC?C=N%3BO%3DD HTTP/1.1" 301 1430 "https://nobbycosmic.com/NJCA/JCCC?N=D" "Mozilla/5.0 (Linux; Android 7.0;) AppleWebKit/537.36 (KHTML, like Gecko) Mobile Safari/537.36 (compatible; PetalBot;+https://webmaster.petalsearch.com/site/petalbot)" "nobbycosmic.com"
114.119.128.37 - - [07/Sep/2022:01:56:58 -0700] "GET /NJCA/JCCC/?C=N%3BO%3DD HTTP/1.1" 200 777 "https://nobbycosmic.com/NJCA/JCCC?N=D" "Mozilla/5.0 (Linux; Android 7.0;) AppleWebKit/537.36 (KHTML, like Gecko) Mobile Safari/537.36 (compatible; PetalBot;+https://webmaster.petalsearch.com/site/petalbot)" "nobbycosmic.com"
114.119.128.26 - - [07/Sep/2022:01:58:18 -0700] "GET /NJCA/BBQ07/Pictures/?C=D%3BO%3DA HTTP/1.1" 200 918 "https://nobbycosmic.com/NJCA/BBQ07/Pictures" "Mozilla/5.0 (Linux; Android 7.0;) AppleWebKit/537.36 (KHTML, like Gecko) Mobile Safari/537.36 (compatible; PetalBot;+https://webmaster.petalsearch.com/site/petalbot)" "nobbycosmic.com"
114.119.128.39 - - [07/Sep/2022:01:59:59 -0700] "GET /NJCA/Charity/ScheduleB20100305.pdf HTTP/1.1" 200 28649 "https://nobbycosmic.com/NJCA/Charity?N=A" "Mozilla/5.0 (Linux; Android 7.0;) AppleWebKit/537.36 (KHTML, like Gecko) Mobile Safari/537.36 (compatible; PetalBot;+https://webmaster.petalsearch.com/site/petalbot)" "nobbycosmic.com"
114.119.128.37 - - [07/Sep/2022:02:01:05 -0700] "GET /Utagoe/0805.htm HTTP/1.1" 200 2630 "https://nobbycosmic.com/Utagoe/?C=N%3BO%3DD" "Mozilla/5.0 (Linux; Android 7.0;) AppleWebKit/537.36 (KHTML, like Gecko) Mobile Safari/537.36 (compatible; PetalBot;+https://webmaster.petalsearch.com/site/petalbot)" "nobbycosmic.com"
114.119.128.34 - - [07/Sep/2022:02:02:27 -0700] "GET /NJCA/BBQ08?S=A HTTP/1.1" 301 1423 "https://nobbycosmic.com/NJCA/BBQ08?M=D" "Mozilla/5.0 (Linux; Android 7.0;) AppleWebKit/537.36 (KHTML, like Gecko) Mobile Safari/537.36 (compatible; PetalBot;+https://webmaster.petalsearch.com/site/petalbot)" "nobbycosmic.com"
114.119.128.34 - - [07/Sep/2022:02:02:31 -0700] "GET /NJCA/BBQ08/?S=A HTTP/1.1" 200 623 "https://nobbycosmic.com/NJCA/BBQ08?M=D" "Mozilla/5.0 (Linux; Android 7.0;) AppleWebKit/537.36 (KHTML, like Gecko) Mobile Safari/537.36 (compatible; PetalBot;+https://webmaster.petalsearch.com/site/petalbot)" "nobbycosmic.com"
114.119.128.37 - - [07/Sep/2022:02:03:52 -0700] "GET /Utagoe/ConsulUtagoe?C=S%3BO%3DA HTTP/1.1" 301 1431 "https://nobbycosmic.com/Utagoe/ConsulUtagoe?C=N%3BO%3DD" "Mozilla/5.0 (Linux; Android 7.0;) AppleWebKit/537.36 (KHTML, like Gecko) Mobile Safari/537.36 (compatible; PetalBot;+https://webmaster.petalsearch.com/site/petalbot)" "nobbycosmic.com"
114.119.128.37 - - [07/Sep/2022:02:03:53 -0700] "GET /Utagoe/ConsulUtagoe/?C=S%3BO%3DA HTTP/1.1" 200 559 "https://nobbycosmic.com/Utagoe/ConsulUtagoe?C=N%3BO%3DD" "Mozilla/5.0 (Linux; Android 7.0;) AppleWebKit/537.36 (KHTML, like Gecko) Mobile Safari/537.36 (compatible; PetalBot;+https://webmaster.petalsearch.com/site/petalbot)" "nobbycosmic.com"
114.119.128.26 - - [07/Sep/2022:02:05:14 -0700] "GET /NJCA/NY08?N=A HTTP/1.1" 301 1421 "https://nobbycosmic.com/NJCA/NY08?M=D" "Mozilla/5.0 (Linux; Android 7.0;) AppleWebKit/537.36 (KHTML, like Gecko) Mobile Safari/537.36 (compatible; PetalBot;+https://webmaster.petalsearch.com/site/petalbot)" "nobbycosmic.com"
114.119.128.26 - - [07/Sep/2022:02:05:19 -0700] "GET /NJCA/NY08/?N=A HTTP/1.1" 200 776 "https://nobbycosmic.com/NJCA/NY08?M=D" "Mozilla/5.0 (Linux; Android 7.0;) AppleWebKit/537.36 (KHTML, like Gecko) Mobile Safari/537.36 (compatible; PetalBot;+https://webmaster.petalsearch.com/site/petalbot)" "nobbycosmic.com"
114.119.128.34 - - [07/Sep/2022:02:06:46 -0700] "GET /TSN/WC/ToiletSigns.htm HTTP/1.1" 200 1225 "http://nobbycosmic.com/TSN/TSNFront.htm" "Mozilla/5.0 (Linux; Android 7.0;) AppleWebKit/537.36 (KHTML, like Gecko) Mobile Safari/537.36 (compatible; PetalBot;+https://webmaster.petalsearch.com/site/petalbot)" "nobbycosmic.com"
114.119.128.26 - - [07/Sep/2022:02:07:59 -0700] "GET /NJCA/NJCAToy/?C=D%3BO%3DA HTTP/1.1" 200 848 "https://nobbycosmic.com/NJCA/NJCAToy?S=D" "Mozilla/5.0 (Linux; Android 7.0;) AppleWebKit/537.36 (KHTML, like Gecko) Mobile Safari/537.36 (compatible; PetalBot;+https://webmaster.petalsearch.com/site/petalbot)" "nobbycosmic.com"
148.251.190.243 - - [07/Sep/2022:02:08:42 -0700] "GET /robots.txt HTTP/1.1" 200 75 "-" "Mozilla/5.0 (compatible; BLEXBot/1.0; +http://webmeup-crawler.com/)" "nobbycosmic.com"
114.119.128.26 - - [07/Sep/2022:02:09:22 -0700] "GET /Card/Card00/?C=N%3BO%3DD HTTP/1.1" 200 434 "https://nobbycosmic.com/Card/Card00/?C=M%3BO%3DA" "Mozilla/5.0 (Linux; Android 7.0;) AppleWebKit/537.36 (KHTML, like Gecko) Mobile Safari/537.36 (compatible; PetalBot;+https://webmaster.petalsearch.com/site/petalbot)" "nobbycosmic.com"
114.119.128.40 - - [07/Sep/2022:02:10:45 -0700] "GET /NJCA/AGM07?M=D HTTP/1.1" 301 1422 "https://nobbycosmic.com/NJCA/AGM07?M=A" "Mozilla/5.0 (Linux; Android 7.0;) AppleWebKit/537.36 (KHTML, like Gecko) Mobile Safari/537.36 (compatible; PetalBot;+https://webmaster.petalsearch.com/site/petalbot)" "nobbycosmic.com"
114.119.128.40 - - [07/Sep/2022:02:10:47 -0700] "GET /NJCA/AGM07/?M=D HTTP/1.1" 200 411 "https://nobbycosmic.com/NJCA/AGM07?M=A" "Mozilla/5.0 (Linux; Android 7.0;) AppleWebKit/537.36 (KHTML, like Gecko) Mobile Safari/537.36 (compatible; PetalBot;+https://webmaster.petalsearch.com/site/petalbot)" "nobbycosmic.com"
114.119.128.39 - - [07/Sep/2022:02:12:13 -0700] "GET /Card/Card03?C=N%3BO%3DD HTTP/1.1" 301 1427 "https://nobbycosmic.com/Card/Card03?C=D%3BO%3DA" "Mozilla/5.0 (Linux; Android 7.0;) AppleWebKit/537.36 (KHTML, like Gecko) Mobile Safari/537.36 (compatible; PetalBot;+https://webmaster.petalsearch.com/site/petalbot)" "nobbycosmic.com"
114.119.128.39 - - [07/Sep/2022:02:12:14 -0700] "GET /Card/Card03/?C=N%3BO%3DD HTTP/1.1" 200 446 "https://nobbycosmic.com/Card/Card03?C=D%3BO%3DA" "Mozilla/5.0 (Linux; Android 7.0;) AppleWebKit/537.36 (KHTML, like Gecko) Mobile Safari/537.36 (compatible; PetalBot;+https://webmaster.petalsearch.com/site/petalbot)" "nobbycosmic.com"
114.119.128.39 - - [07/Sep/2022:02:13:32 -0700] "GET /NJCA/AGM08/ HTTP/1.1" 200 407 "https://nobbycosmic.com/NJCA/?C=M%3BO%3DA" "Mozilla/5.0 (Linux; Android 7.0;) AppleWebKit/537.36 (KHTML, like Gecko) Mobile Safari/537.36 (compatible; PetalBot;+https://webmaster.petalsearch.com/site/petalbot)" "nobbycosmic.com"
114.119.128.39 - - [07/Sep/2022:02:14:54 -0700] "GET /NJCA/Temp?D=A HTTP/1.1" 301 1420 "https://nobbycosmic.com/NJCA/Temp?M=D" "Mozilla/5.0 (Linux; Android 7.0;) AppleWebKit/537.36 (KHTML, like Gecko) Mobile Safari/537.36 (compatible; PetalBot;+https://webmaster.petalsearch.com/site/petalbot)" "nobbycosmic.com"
114.119.128.39 - - [07/Sep/2022:02:14:57 -0700] "GET /NJCA/Temp/?D=A HTTP/1.1" 200 404 "https://nobbycosmic.com/NJCA/Temp?M=D" "Mozilla/5.0 (Linux; Android 7.0;) AppleWebKit/537.36 (KHTML, like Gecko) Mobile Safari/537.36 (compatible; PetalBot;+https://webmaster.petalsearch.com/site/petalbot)" "nobbycosmic.com"
114.119.128.37 - - [07/Sep/2022:02:16:18 -0700] "GET /NJCA/NY12/2012NYStr.htm HTTP/1.1" 200 16149 "https://nobbycosmic.com/NJCA/NY12?M=A" "Mozilla/5.0 (Linux; Android 7.0;) AppleWebKit/537.36 (KHTML, like Gecko) Mobile Safari/537.36 (compatible; PetalBot;+https://webmaster.petalsearch.com/site/petalbot)" "nobbycosmic.com"
114.119.128.34 - - [07/Sep/2022:02:17:44 -0700] "GET /NJCA/NY11?C=S%3BO%3DA HTTP/1.1" 301 1430 "https://nobbycosmic.com/NJCA/NY11?C=N%3BO%3DD" "Mozilla/5.0 (Linux; Android 7.0;) AppleWebKit/537.36 (KHTML, like Gecko) Mobile Safari/537.36 (compatible; PetalBot;+https://webmaster.petalsearch.com/site/petalbot)" "nobbycosmic.com"
114.119.128.34 - - [07/Sep/2022:02:17:47 -0700] "GET /NJCA/NY11/?C=S%3BO%3DA HTTP/1.1" 200 855 "https://nobbycosmic.com/NJCA/NY11?C=N%3BO%3DD" "Mozilla/5.0 (Linux; Android 7.0;) AppleWebKit/537.36 (KHTML, like Gecko) Mobile Safari/537.36 (compatible; PetalBot;+https://webmaster.petalsearch.com/site/petalbot)" "nobbycosmic.com"
114.119.128.34 - - [07/Sep/2022:02:19:03 -0700] "GET /NJCA/Charity/ HTTP/1.1" 200 502 "https://nobbycosmic.com/NJCA/?C=M%3BO%3DA" "Mozilla/5.0 (Linux; Android 7.0;) AppleWebKit/537.36 (KHTML, like Gecko) Mobile Safari/537.36 (compatible; PetalBot;+https://webmaster.petalsearch.com/site/petalbot)" "nobbycosmic.com"
114.119.128.39 - - [07/Sep/2022:02:20:27 -0700] "GET /NJCA/BBQ10/BBQPicture2010.htm HTTP/1.1" 200 2078 "https://nobbycosmic.com/NJCA/BBQ10?N=D" "Mozilla/5.0 (Linux; Android 7.0;) AppleWebKit/537.36 (KHTML, like Gecko) Mobile Safari/537.36 (compatible; PetalBot;+https://webmaster.petalsearch.com/site/petalbot)" "nobbycosmic.com"
114.119.128.39 - - [07/Sep/2022:02:21:49 -0700] "GET /NJCA?D=A HTTP/1.1" 301 1416 "https://nobbycosmic.com/NJCA?M=D" "Mozilla/5.0 (Linux; Android 7.0;) AppleWebKit/537.36 (KHTML, like Gecko) Mobile Safari/537.36 (compatible; PetalBot;+https://webmaster.petalsearch.com/site/petalbot)" "nobbycosmic.com"
114.119.128.39 - - [07/Sep/2022:02:21:50 -0700] "GET /NJCA/?D=A HTTP/1.1" 200 1569 "https://nobbycosmic.com/NJCA?M=D" "Mozilla/5.0 (Linux; Android 7.0;) AppleWebKit/537.36 (KHTML, like Gecko) Mobile Safari/537.36 (compatible; PetalBot;+https://webmaster.petalsearch.com/site/petalbot)" "nobbycosmic.com"
114.119.128.37 - - [07/Sep/2022:02:23:13 -0700] "GET /NJCA/NY10/NJCAApplication.pdf HTTP/1.1" 200 56325 "-" "Mozilla/5.0 (Linux; Android 7.0;) AppleWebKit/537.36 (KHTML, like Gecko) Mobile Safari/537.36 (compatible; PetalBot;+https://webmaster.petalsearch.com/site/petalbot)" "www.nobbycosmic.com"
114.119.128.39 - - [07/Sep/2022:02:24:35 -0700] "GET /NJCA/NJCAToy?N=A HTTP/1.1" 301 1420 "https://nobbycosmic.com/NJCA/NJCAToy?S=D" "Mozilla/5.0 (Linux; Android 7.0;) AppleWebKit/537.36 (KHTML, like Gecko) Mobile Safari/537.36 (compatible; PetalBot;+https://webmaster.petalsearch.com/site/petalbot)" "nobbycosmic.com"
114.119.128.39 - - [07/Sep/2022:02:24:36 -0700] "GET /NJCA/NJCAToy/?N=A HTTP/1.1" 200 848 "https://nobbycosmic.com/NJCA/NJCAToy?S=D" "Mozilla/5.0 (Linux; Android 7.0;) AppleWebKit/537.36 (KHTML, like Gecko) Mobile Safari/537.36 (compatible; PetalBot;+https://webmaster.petalsearch.com/site/petalbot)" "nobbycosmic.com"
114.119.128.37 - - [07/Sep/2022:02:26:00 -0700] "GET /NJCA/AGM08?C=N%3BO%3DD HTTP/1.1" 301 1432 "https://nobbycosmic.com/NJCA/AGM08?S=A" "Mozilla/5.0 (Linux; Android 7.0;) AppleWebKit/537.36 (KHTML, like Gecko) Mobile Safari/537.36 (compatible; PetalBot;+https://webmaster.petalsearch.com/site/petalbot)" "nobbycosmic.com"
114.119.128.37 - - [07/Sep/2022:02:26:02 -0700] "GET /NJCA/AGM08/?C=N%3BO%3DD HTTP/1.1" 200 407 "https://nobbycosmic.com/NJCA/AGM08?S=A" "Mozilla/5.0 (Linux; Android 7.0;) AppleWebKit/537.36 (KHTML, like Gecko) Mobile Safari/537.36 (compatible; PetalBot;+https://webmaster.petalsearch.com/site/petalbot)" "nobbycosmic.com"
114.119.128.26 - - [07/Sep/2022:02:27:24 -0700] "GET /NJCA/NJCAByLaw2009Revised.doc HTTP/1.1" 200 238592 "https://nobbycosmic.com/NJCA/?C=M%3BO%3DA" "Mozilla/5.0 (Linux; Android 7.0;) AppleWebKit/537.36 (KHTML, like Gecko) Mobile Safari/537.36 (compatible; PetalBot;+https://webmaster.petalsearch.com/site/petalbot)" "nobbycosmic.com"
216.244.66.200 - - [07/Sep/2022:02:28:23 -0700] "GET /robots.txt HTTP/1.1" 200 61 "-" "Mozilla/5.0 (compatible; DotBot/1.2; +https://opensiteexplorer.org/dotbot; help@moz.com)" "nobbycosmic.com"
114.119.128.39 - - [07/Sep/2022:03:04:05 -0700] "GET /Utagoe/Temp?C=S%3BO%3DA HTTP/1.1" 301 1428 "https://nobbycosmic.com/Utagoe/Temp?C=D%3BO%3DA" "Mozilla/5.0 (Linux; Android 7.0;) AppleWebKit/537.36 (KHTML, like Gecko) Mobile Safari/537.36 (compatible; PetalBot;+https://webmaster.petalsearch.com/site/petalbot)" "nobbycosmic.com"
114.119.128.39 - - [07/Sep/2022:03:04:06 -0700] "GET /Utagoe/Temp/?C=S%3BO%3DA HTTP/1.1" 200 472 "https://nobbycosmic.com/Utagoe/Temp?C=D%3BO%3DA" "Mozilla/5.0 (Linux; Android 7.0;) AppleWebKit/537.36 (KHTML, like Gecko) Mobile Safari/537.36 (compatible; PetalBot;+https://webmaster.petalsearch.com/site/petalbot)" "nobbycosmic.com"
114.119.128.37 - - [07/Sep/2022:03:05:28 -0700] "GET /NJCA/NY07/Pictures/?C=M%3BO%3DA HTTP/1.1" 200 1114 "https://nobbycosmic.com/NJCA/NY07/Pictures?S=D" "Mozilla/5.0 (Linux; Android 7.0;) AppleWebKit/537.36 (KHTML, like Gecko) Mobile Safari/537.36 (compatible; PetalBot;+https://webmaster.petalsearch.com/site/petalbot)" "nobbycosmic.com"
114.119.128.39 - - [07/Sep/2022:03:06:51 -0700] "GET /NJCA/BBQ10/?C=N%3BO%3DD HTTP/1.1" 200 1589 "https://nobbycosmic.com/NJCA/BBQ10?N=D" "Mozilla/5.0 (Linux; Android 7.0;) AppleWebKit/537.36 (KHTML, like Gecko) Mobile Safari/537.36 (compatible; PetalBot;+https://webmaster.petalsearch.com/site/petalbot)" "nobbycosmic.com"
114.119.128.39 - - [07/Sep/2022:03:08:15 -0700] "GET /NJCA/NY11/Pictures/?C=S%3BO%3DA HTTP/1.1" 200 1862 "https://nobbycosmic.com/NJCA/NY11/Pictures?C=D%3BO%3DA" "Mozilla/5.0 (Linux; Android 7.0;) AppleWebKit/537.36 (KHTML, like Gecko) Mobile Safari/537.36 (compatible; PetalBot;+https://webmaster.petalsearch.com/site/petalbot)" "nobbycosmic.com"
114.119.128.26 - - [07/Sep/2022:03:09:40 -0700] "GET /NJCA/Document/ONTARIO_VOLUNTEER_AWARD_NOMINATION_FORM.pdf HTTP/1.1" 200 37170 "https://nobbycosmic.com/NJCA/Document?D=A" "Mozilla/5.0 (Linux; Android 7.0;) AppleWebKit/537.36 (KHTML, like Gecko) Mobile Safari/537.36 (compatible; PetalBot;+https://webmaster.petalsearch.com/site/petalbot)" "nobbycosmic.com"
114.119.128.26 - - [07/Sep/2022:03:10:58 -0700] "GET /Card/Card09/?C=D%3BO%3DA HTTP/1.1" 200 447 "https://nobbycosmic.com/Card/Card09" "Mozilla/5.0 (Linux; Android 7.0;) AppleWebKit/537.36 (KHTML, like Gecko) Mobile Safari/537.36 (compatible; PetalBot;+https://webmaster.petalsearch.com/site/petalbot)" "nobbycosmic.com"
114.119.128.37 - - [07/Sep/2022:03:12:22 -0700] "GET /NJCA/JCCC/JCCCNJCABooking.pdf HTTP/1.1" 200 76441 "https://nobbycosmic.com/NJCA/JCCC" "Mozilla/5.0 (Linux; Android 7.0;) AppleWebKit/537.36 (KHTML, like Gecko) Mobile Safari/537.36 (compatible; PetalBot;+https://webmaster.petalsearch.com/site/petalbot)" "nobbycosmic.com"
114.119.128.34 - - [07/Sep/2022:03:13:47 -0700] "GET /NJCA/NY10?N=A HTTP/1.1" 301 1420 "https://nobbycosmic.com/NJCA/NY10?N=D" "Mozilla/5.0 (Linux; Android 7.0;) AppleWebKit/537.36 (KHTML, like Gecko) Mobile Safari/537.36 (compatible; PetalBot;+https://webmaster.petalsearch.com/site/petalbot)" "nobbycosmic.com"
114.119.128.34 - - [07/Sep/2022:03:13:48 -0700] "GET /NJCA/NY10/?N=A HTTP/1.1" 200 997 "https://nobbycosmic.com/NJCA/NY10?N=D" "Mozilla/5.0 (Linux; Android 7.0;) AppleWebKit/537.36 (KHTML, like Gecko) Mobile Safari/537.36 (compatible; PetalBot;+https://webmaster.petalsearch.com/site/petalbot)" "nobbycosmic.com"
216.244.66.200 - - [07/Sep/2022:03:14:27 -0700] "GET /robots.txt HTTP/1.1" 200 61 "-" "Mozilla/5.0 (compatible; DotBot/1.2; +https://opensiteexplorer.org/dotbot; help@moz.com)" "nobbycosmic.com"
114.119.128.37 - - [07/Sep/2022:03:15:10 -0700] "GET /NJCA/JCCC?N=A HTTP/1.1" 301 1421 "https://nobbycosmic.com/NJCA/JCCC?D=D" "Mozilla/5.0 (Linux; Android 7.0;) AppleWebKit/537.36 (KHTML, like Gecko) Mobile Safari/537.36 (compatible; PetalBot;+https://webmaster.petalsearch.com/site/petalbot)" "nobbycosmic.com"
114.119.128.37 - - [07/Sep/2022:03:15:11 -0700] "GET /NJCA/JCCC/?N=A HTTP/1.1" 200 777 "https://nobbycosmic.com/NJCA/JCCC?D=D" "Mozilla/5.0 (Linux; Android 7.0;) AppleWebKit/537.36 (KHTML, like Gecko) Mobile Safari/537.36 (compatible; PetalBot;+https://webmaster.petalsearch.com/site/petalbot)" "nobbycosmic.com"
207.46.13.30 - - [07/Sep/2022:03:28:48 -0700] "GET /NJCA/NY10/Picture2/?C=M;O=A HTTP/1.1" 200 1296 "-" "Mozilla/5.0 (compatible; bingbot/2.0; +http://www.bing.com/bingbot.htm)" "nobbycosmic.com"
157.55.39.182 - - [07/Sep/2022:03:52:44 -0700] "GET /Utagoe/2020SummerMori/2020080810MoriUta.jpg HTTP/1.1" 200 81365 "-" "Mozilla/5.0 (compatible; bingbot/2.0; +http://www.bing.com/bingbot.htm)" "nobbycosmic.com"
207.46.13.30 - - [07/Sep/2022:03:54:40 -0700] "GET /Homepage/Tickets/Ticket2/Ticket237.jpg HTTP/1.1" 200 22561 "-" "Mozilla/5.0 (compatible; bingbot/2.0; +http://www.bing.com/bingbot.htm)" "nobbycosmic.com"
216.244.66.200 - - [07/Sep/2022:04:01:36 -0700] "GET /robots.txt HTTP/1.1" 200 61 "-" "Mozilla/5.0 (compatible; DotBot/1.2; +https://opensiteexplorer.org/dotbot; help@moz.com)" "nobbycosmic.com"
157.55.39.183 - - [07/Sep/2022:04:21:00 -0700] "GET /Utagoe/ConsulUtagoe/ConsulUtagoe20101.htm HTTP/1.1" 200 1992 "-" "Mozilla/5.0 (compatible; bingbot/2.0; +http://www.bing.com/bingbot.htm)" "www.nobbycosmic.com"
185.191.171.20 - - [07/Sep/2022:04:28:41 -0700] "GET /robots.txt HTTP/1.1" 200 75 "-" "Mozilla/5.0 (compatible; SemrushBot/7~bl; +http://www.semrush.com/bot.html)" "nobbycosmic.com"
185.191.171.24 - - [07/Sep/2022:04:28:42 -0700] "GET /NJCA/NY10/NYP102.htm HTTP/1.1" 200 1181 "-" "Mozilla/5.0 (compatible; SemrushBot/7~bl; +http://www.semrush.com/bot.html)" "nobbycosmic.com"
114.119.128.37 - - [07/Sep/2022:04:33:33 -0700] "GET /NJCA/JCCC/?C=M%3BO%3DA HTTP/1.1" 200 777 "https://nobbycosmic.com/NJCA/JCCC" "Mozilla/5.0 (Linux; Android 7.0;) AppleWebKit/537.36 (KHTML, like Gecko) Mobile Safari/537.36 (compatible; PetalBot;+https://webmaster.petalsearch.com/site/petalbot)" "nobbycosmic.com"
114.119.128.37 - - [07/Sep/2022:04:34:48 -0700] "GET /NJCA/NY12/JCCCFloorNY2012.pdf HTTP/1.1" 200 316478 "https://nobbycosmic.com/NJCA/NY12?M=A" "Mozilla/5.0 (Linux; Android 7.0;) AppleWebKit/537.36 (KHTML, like Gecko) Mobile Safari/537.36 (compatible; PetalBot;+https://webmaster.petalsearch.com/site/petalbot)" "nobbycosmic.com"
114.119.128.37 - - [07/Sep/2022:04:36:16 -0700] "GET /TSN/TSNFront.htm HTTP/1.1" 200 2591 "https://www2.mellow-club.org/link/seniorlink.htm" "Mozilla/5.0 (Linux; Android 7.0;) AppleWebKit/537.36 (KHTML, like Gecko) Mobile Safari/537.36 (compatible; PetalBot;+https://webmaster.petalsearch.com/site/petalbot)" "nobbycosmic.com"
51.222.253.11 - - [07/Sep/2022:04:36:53 -0700] "GET /robots.txt HTTP/1.1" 200 75 "-" "Mozilla/5.0 (compatible; AhrefsBot/7.0; +http://ahrefs.com/robot/)" "www.nobbycosmic.com"
207.46.13.34 - - [07/Sep/2022:04:36:54 -0700] "GET /Homepage/Tickets/Ticket2/TicketA06.jpg HTTP/1.1" 200 21117 "-" "Mozilla/5.0 (compatible; bingbot/2.0; +http://www.bing.com/bingbot.htm)" "nobbycosmic.com"
51.222.253.3 - - [07/Sep/2022:04:36:54 -0700] "GET / HTTP/1.1" 200 3158 "-" "Mozilla/5.0 (compatible; AhrefsBot/7.0; +http://ahrefs.com/robot/)" "www.nobbycosmic.com"
114.119.128.26 - - [07/Sep/2022:04:37:35 -0700] "GET /Utagoe/Temp/?C=N%3BO%3DD HTTP/1.1" 200 472 "https://nobbycosmic.com/Utagoe/Temp?C=D%3BO%3DA" "Mozilla/5.0 (Linux; Android 7.0;) AppleWebKit/537.36 (KHTML, like Gecko) Mobile Safari/537.36 (compatible; PetalBot;+https://webmaster.petalsearch.com/site/petalbot)" "nobbycosmic.com"
114.119.128.34 - - [07/Sep/2022:04:39:02 -0700] "GET /NJCA/BBQ09?D=D HTTP/1.1" 301 1423 "https://nobbycosmic.com/NJCA/BBQ09?D=A" "Mozilla/5.0 (Linux; Android 7.0;) AppleWebKit/537.36 (KHTML, like Gecko) Mobile Safari/537.36 (compatible; PetalBot;+https://webmaster.petalsearch.com/site/petalbot)" "nobbycosmic.com"
114.119.128.34 - - [07/Sep/2022:04:39:03 -0700] "GET /NJCA/BBQ09/?D=D HTTP/1.1" 200 1271 "https://nobbycosmic.com/NJCA/BBQ09?D=A" "Mozilla/5.0 (Linux; Android 7.0;) AppleWebKit/537.36 (KHTML, like Gecko) Mobile Safari/537.36 (compatible; PetalBot;+https://webmaster.petalsearch.com/site/petalbot)" "nobbycosmic.com"
104.157.130.150 - - [07/Sep/2022:04:44:53 -0700] "GET /Post/JCCC202209061.pdf HTTP/1.1" 200 241235 "-" "Mozilla/5.0 (Windows NT 10.0; Win64; x64) AppleWebKit/537.36 (KHTML, like Gecko) Chrome/104.0.0.0 Safari/537.36" "nobbycosmic.com"
104.157.130.150 - - [07/Sep/2022:04:44:53 -0700] "GET /favicon.ico HTTP/1.1" 404 88 "https://nobbycosmic.com/Post/JCCC202209061.pdf" "Mozilla/5.0 (Windows NT 10.0; Win64; x64) AppleWebKit/537.36 (KHTML, like Gecko) Chrome/104.0.0.0 Safari/537.36" "nobbycosmic.com"
104.157.130.150 - - [07/Sep/2022:04:46:13 -0700] "GET /Post/JSS202109161.pdf HTTP/1.1" 200 397663 "-" "Mozilla/5.0 (Windows NT 10.0; Win64; x64) AppleWebKit/537.36 (KHTML, like Gecko) Chrome/104.0.0.0 Safari/537.36" "nobbycosmic.com"
104.157.130.150 - - [07/Sep/2022:04:46:37 -0700] "GET /Post/JF202209061.pdf HTTP/1.1" 200 187394 "-" "Mozilla/5.0 (Windows NT 10.0; Win64; x64) AppleWebKit/537.36 (KHTML, like Gecko) Chrome/104.0.0.0 Safari/537.36" "nobbycosmic.com"
157.55.39.183 - - [07/Sep/2022:04:52:58 -0700] "GET /Utagoe/Pictures/V09062.jpg HTTP/1.1" 200 19672 "-" "Mozilla/5.0 (compatible; bingbot/2.0; +http://www.bing.com/bingbot.htm)" "www.nobbycosmic.com"
216.244.66.200 - - [07/Sep/2022:05:10:39 -0700] "GET /robots.txt HTTP/1.1" 200 61 "-" "Mozilla/5.0 (compatible; DotBot/1.2; +https://opensiteexplorer.org/dotbot; help@moz.com)" "nobbycosmic.com"
87.250.224.124 - - [07/Sep/2022:05:23:57 -0700] "GET /robots.txt HTTP/1.1" 200 61 "-" "Mozilla/5.0 (compatible; YandexBot/3.0; +http://yandex.com/bots)" "www.nobbycosmic.com"
87.250.224.140 - - [07/Sep/2022:05:24:01 -0700] "GET / HTTP/1.1" 200 3158 "-" "Mozilla/5.0 (compatible; YandexBot/3.0; +http://yandex.com/bots)" "www.nobbycosmic.com"
87.250.224.104 - - [07/Sep/2022:05:25:34 -0700] "GET /robots.txt HTTP/1.1" 200 61 "-" "Mozilla/5.0 (compatible; YandexBot/3.0; +http://yandex.com/bots)" "nobbycosmic.com"
42.83.147.34 - - [07/Sep/2022:05:39:20 -0700] "GET / HTTP/1.1" 200 3158 "-" "Mozilla/5.0 (Windows NT 6.1; Win64; x64) AppleWebKit/537.36 (KHTML, like Gecko)Chrome/74.0.3729.169 Safari/537.36" "nobbycosmic.com"
35.88.218.64 - - [07/Sep/2022:05:48:26 -0700] "GET / HTTP/1.1" 200 10838 "-" "Mozilla/5.0 (iPhone; CPU iPhone OS 13_5 like Mac OS X) AppleWebKit/605.1.15 (KHTML, like Gecko) CriOS/83.0.4103.88 Mobile/15E148 Safari/604.1" "nobbycosmic.com"
111.239.254.112 - - [07/Sep/2022:05:48:27 -0700] "GET /Utagoe/2022Summer/2022082701Sun.jpg HTTP/1.1" 200 43206 "https://ameblo.jp/" "Mozilla/5.0 (iPhone; CPU iPhone OS 15_6_1 like Mac OS X) AppleWebKit/605.1.15 (KHTML, like Gecko) Version/15.6.1 Mobile/15E148 Safari/604.1" "nobbycosmic.com"
111.239.254.112 - - [07/Sep/2022:05:48:29 -0700] "GET /Utagoe/2022Summer/2022082702BlueSky.jpg HTTP/1.1" 200 30483 "https://ameblo.jp/" "Mozilla/5.0 (iPhone; CPU iPhone OS 15_6_1 like Mac OS X) AppleWebKit/605.1.15 (KHTML, like Gecko) Version/15.6.1 Mobile/15E148 Safari/604.1" "nobbycosmic.com"
111.239.254.112 - - [07/Sep/2022:05:48:30 -0700] "GET /Utagoe/2022Summer/2022082703Tree.JPG HTTP/1.1" 200 130838 "https://ameblo.jp/" "Mozilla/5.0 (iPhone; CPU iPhone OS 15_6_1 like Mac OS X) AppleWebKit/605.1.15 (KHTML, like Gecko) Version/15.6.1 Mobile/15E148 Safari/604.1" "nobbycosmic.com"
111.239.254.112 - - [07/Sep/2022:05:48:33 -0700] "GET /Utagoe/2022Summer/2022082704Tree.jpg HTTP/1.1" 200 107210 "https://ameblo.jp/" "Mozilla/5.0 (iPhone; CPU iPhone OS 15_6_1 like Mac OS X) AppleWebKit/605.1.15 (KHTML, like Gecko) Version/15.6.1 Mobile/15E148 Safari/604.1" "nobbycosmic.com"
111.239.254.112 - - [07/Sep/2022:05:48:35 -0700] "GET /Utagoe/2022Summer/2022082705Prep.jpg HTTP/1.1" 200 83979 "https://ameblo.jp/" "Mozilla/5.0 (iPhone; CPU iPhone OS 15_6_1 like Mac OS X) AppleWebKit/605.1.15 (KHTML, like Gecko) Version/15.6.1 Mobile/15E148 Safari/604.1" "nobbycosmic.com"
111.239.254.112 - - [07/Sep/2022:05:48:36 -0700] "GET /Utagoe/2022Summer/2022082706Prep.jpg HTTP/1.1" 200 129100 "https://ameblo.jp/" "Mozilla/5.0 (iPhone; CPU iPhone OS 15_6_1 like Mac OS X) AppleWebKit/605.1.15 (KHTML, like Gecko) Version/15.6.1 Mobile/15E148 Safari/604.1" "nobbycosmic.com"
111.239.254.112 - - [07/Sep/2022:05:48:43 -0700] "GET /Utagoe/2022Summer/2022082708Session.JPG HTTP/1.1" 200 133126 "https://ameblo.jp/" "Mozilla/5.0 (iPhone; CPU iPhone OS 15_6_1 like Mac OS X) AppleWebKit/605.1.15 (KHTML, like Gecko) Version/15.6.1 Mobile/15E148 Safari/604.1" "nobbycosmic.com"
111.239.254.112 - - [07/Sep/2022:05:48:44 -0700] "GET /Utagoe/2022Summer/2022082707Session.JPG HTTP/1.1" 200 148214 "https://ameblo.jp/" "Mozilla/5.0 (iPhone; CPU iPhone OS 15_6_1 like Mac OS X) AppleWebKit/605.1.15 (KHTML, like Gecko) Version/15.6.1 Mobile/15E148 Safari/604.1" "nobbycosmic.com"
111.239.254.112 - - [07/Sep/2022:05:48:46 -0700] "GET /Utagoe/2022Summer/2022082710Band.JPG HTTP/1.1" 200 139648 "https://ameblo.jp/" "Mozilla/5.0 (iPhone; CPU iPhone OS 15_6_1 like Mac OS X) AppleWebKit/605.1.15 (KHTML, like Gecko) Version/15.6.1 Mobile/15E148 Safari/604.1" "nobbycosmic.com"
111.239.254.112 - - [07/Sep/2022:05:48:49 -0700] "GET /Utagoe/2022Summer/2022082709Band.JPG HTTP/1.1" 200 132981 "https://ameblo.jp/" "Mozilla/5.0 (iPhone; CPU iPhone OS 15_6_1 like Mac OS X) AppleWebKit/605.1.15 (KHTML, like Gecko) Version/15.6.1 Mobile/15E148 Safari/604.1" "nobbycosmic.com"
111.239.254.112 - - [07/Sep/2022:05:48:51 -0700] "GET /Utagoe/2022Summer/2022082710Lunch.JPG HTTP/1.1" 200 148867 "https://ameblo.jp/" "Mozilla/5.0 (iPhone; CPU iPhone OS 15_6_1 like Mac OS X) AppleWebKit/605.1.15 (KHTML, like Gecko) Version/15.6.1 Mobile/15E148 Safari/604.1" "nobbycosmic.com"
111.239.254.112 - - [07/Sep/2022:05:48:53 -0700] "GET /Utagoe/2022Summer/2022082711Lunch.JPG HTTP/1.1" 200 137587 "https://ameblo.jp/" "Mozilla/5.0 (iPhone; CPU iPhone OS 15_6_1 like Mac OS X) AppleWebKit/605.1.15 (KHTML, like Gecko) Version/15.6.1 Mobile/15E148 Safari/604.1" "nobbycosmic.com"
111.239.254.112 - - [07/Sep/2022:05:48:56 -0700] "GET /Utagoe/2022Summer/2022082712Songs.JPG HTTP/1.1" 200 128747 "https://ameblo.jp/" "Mozilla/5.0 (iPhone; CPU iPhone OS 15_6_1 like Mac OS X) AppleWebKit/605.1.15 (KHTML, like Gecko) Version/15.6.1 Mobile/15E148 Safari/604.1" "nobbycosmic.com"
111.239.254.112 - - [07/Sep/2022:05:48:57 -0700] "GET /Utagoe/2022Summer/2022082713Songs.JPG HTTP/1.1" 200 147773 "https://ameblo.jp/" "Mozilla/5.0 (iPhone; CPU iPhone OS 15_6_1 like Mac OS X) AppleWebKit/605.1.15 (KHTML, like Gecko) Version/15.6.1 Mobile/15E148 Safari/604.1" "nobbycosmic.com"
216.244.66.200 - - [07/Sep/2022:06:01:33 -0700] "GET /robots.txt HTTP/1.1" 200 61 "-" "Mozilla/5.0 (compatible; DotBot/1.2; +https://opensiteexplorer.org/dotbot; help@moz.com)" "nobbycosmic.com"
34.220.128.40 - - [07/Sep/2022:06:10:47 -0700] "GET / HTTP/1.1" 200 10838 "-" "Mozilla/5.0 (Windows NT 6.1; Win64; x64) AppleWebKit/537.36 (KHTML, like Gecko) Chrome/72.0.3626.109 Safari/537.36" "nobbycosmic.com"
216.244.66.200 - - [07/Sep/2022:06:48:24 -0700] "GET /robots.txt HTTP/1.1" 200 61 "-" "Mozilla/5.0 (compatible; DotBot/1.2; +https://opensiteexplorer.org/dotbot; help@moz.com)" "nobbycosmic.com"
157.55.39.183 - - [07/Sep/2022:06:52:25 -0700] "GET /Temp/JF20160623.pdf HTTP/1.1" 404 88 "-" "Mozilla/5.0 (compatible; bingbot/2.0; +http://www.bing.com/bingbot.htm)" "nobbycosmic.com"
23.233.81.238 - - [07/Sep/2022:07:10:49 -0700] "GET /BabyTalks/FTFMember/MemberLists/FTFMemberListABC.htm HTTP/1.1" 401 90 "-" "Mozilla/5.0 (iPhone; CPU iPhone OS 15_6_1 like Mac OS X) AppleWebKit/605.1.15 (KHTML, like Gecko) Version/15.6.1 Mobile/15E148 Safari/604.1" "nobbycosmic.com"
23.233.81.238 - FTF [07/Sep/2022:07:11:00 -0700] "GET /BabyTalks/FTFMember/MemberLists/FTFMemberListABC.htm HTTP/1.1" 200 64232 "-" "Mozilla/5.0 (iPhone; CPU iPhone OS 15_6_1 like Mac OS X) AppleWebKit/605.1.15 (KHTML, like Gecko) Version/15.6.1 Mobile/15E148 Safari/604.1" "nobbycosmic.com"
23.233.81.238 - - [07/Sep/2022:07:11:01 -0700] "GET /favicon.ico HTTP/1.1" 404 88 "https://nobbycosmic.com/BabyTalks/FTFMember/MemberLists/FTFMemberListABC.htm" "Mozilla/5.0 (iPhone; CPU iPhone OS 15_6_1 like Mac OS X) AppleWebKit/605.1.15 (KHTML, like Gecko) Version/15.6.1 Mobile/15E148 Safari/604.1" "nobbycosmic.com"
216.244.66.200 - - [07/Sep/2022:07:34:50 -0700] "GET /robots.txt HTTP/1.1" 200 61 "-" "Mozilla/5.0 (compatible; DotBot/1.2; +https://opensiteexplorer.org/dotbot; help@moz.com)" "nobbycosmic.com"
157.55.39.182 - - [07/Sep/2022:07:46:36 -0700] "GET /NJCA/Document/OfficeFinancePropertyTax20130922.pdf HTTP/1.1" 200 11060 "-" "Mozilla/5.0 (compatible; bingbot/2.0; +http://www.bing.com/bingbot.htm)" "nobbycosmic.com"
157.55.39.182 - - [07/Sep/2022:08:02:59 -0700] "GET /Post/JF202109021.pdf HTTP/1.1" 304 - "-" "Mozilla/5.0 (compatible; bingbot/2.0; +http://www.bing.com/bingbot.htm)" "nobbycosmic.com"
95.108.213.29 - - [07/Sep/2022:08:07:20 -0700] "GET /robots.txt HTTP/1.1" 200 61 "-" "Mozilla/5.0 (compatible; YandexBot/3.0; +http://yandex.com/bots)" "nobbycosmic.com"
87.250.224.185 - - [07/Sep/2022:08:07:24 -0700] "GET / HTTP/1.1" 200 3158 "-" "Mozilla/5.0 (compatible; YandexBot/3.0; +http://yandex.com/bots)" "nobbycosmic.com"
141.8.142.91 - - [07/Sep/2022:08:07:25 -0700] "GET / HTTP/1.1" 200 3158 "-" "Mozilla/5.0 (compatible; YandexBot/3.0; +http://yandex.com/bots)" "www.nobbycosmic.com"
157.55.39.183 - - [07/Sep/2022:08:12:48 -0700] "GET /Utagoe/1011.htm HTTP/1.1" 200 2545 "-" "Mozilla/5.0 (compatible; bingbot/2.0; +http://www.bing.com/bingbot.htm)" "nobbycosmic.com"
216.244.66.200 - - [07/Sep/2022:08:21:16 -0700] "GET /robots.txt HTTP/1.1" 200 61 "-" "Mozilla/5.0 (compatible; DotBot/1.2; +https://opensiteexplorer.org/dotbot; help@moz.com)" "nobbycosmic.com"
20.169.46.57 - - [07/Sep/2022:08:40:31 -0700] "GET //wp-includes/ID3/license.txt HTTP/1.1" 404 73 "-" "Mozilla/5.0 (Windows NT 10.0; Win64; x64) AppleWebKit/537.36 (KHTML, like Gecko) Chrome/95.0.4638.69 Safari/537.36" "nobbycosmic.com"
20.169.46.57 - - [07/Sep/2022:08:40:32 -0700] "GET //feed/ HTTP/1.1" 404 73 "-" "Mozilla/5.0 (Windows NT 10.0; Win64; x64) AppleWebKit/537.36 (KHTML, like Gecko) Chrome/95.0.4638.69 Safari/537.36" "nobbycosmic.com"
20.169.46.57 - - [07/Sep/2022:08:40:32 -0700] "GET //web/wp-includes/wlwmanifest.xml HTTP/1.1" 404 73 "-" "Mozilla/5.0 (Windows NT 10.0; Win64; x64) AppleWebKit/537.36 (KHTML, like Gecko) Chrome/95.0.4638.69 Safari/537.36" "nobbycosmic.com"
20.169.46.57 - - [07/Sep/2022:08:40:32 -0700] "GET //wordpress/wp-includes/wlwmanifest.xml HTTP/1.1" 404 73 "-" "Mozilla/5.0 (Windows NT 10.0; Win64; x64) AppleWebKit/537.36 (KHTML, like Gecko) Chrome/95.0.4638.69 Safari/537.36" "nobbycosmic.com"
20.169.46.57 - - [07/Sep/2022:08:40:32 -0700] "GET //wp/wp-includes/wlwmanifest.xml HTTP/1.1" 404 73 "-" "Mozilla/5.0 (Windows NT 10.0; Win64; x64) AppleWebKit/537.36 (KHTML, like Gecko) Chrome/95.0.4638.69 Safari/537.36" "nobbycosmic.com"
20.169.46.57 - - [07/Sep/2022:08:40:32 -0700] "GET //2020/wp-includes/wlwmanifest.xml HTTP/1.1" 404 73 "-" "Mozilla/5.0 (Windows NT 10.0; Win64; x64) AppleWebKit/537.36 (KHTML, like Gecko) Chrome/95.0.4638.69 Safari/537.36" "nobbycosmic.com"
20.169.46.57 - - [07/Sep/2022:08:40:33 -0700] "GET //2019/wp-includes/wlwmanifest.xml HTTP/1.1" 404 73 "-" "Mozilla/5.0 (Windows NT 10.0; Win64; x64) AppleWebKit/537.36 (KHTML, like Gecko) Chrome/95.0.4638.69 Safari/537.36" "nobbycosmic.com"
20.169.46.57 - - [07/Sep/2022:08:40:33 -0700] "GET //2021/wp-includes/wlwmanifest.xml HTTP/1.1" 404 73 "-" "Mozilla/5.0 (Windows NT 10.0; Win64; x64) AppleWebKit/537.36 (KHTML, like Gecko) Chrome/95.0.4638.69 Safari/537.36" "nobbycosmic.com"
20.169.46.57 - - [07/Sep/2022:08:40:33 -0700] "GET //shop/wp-includes/wlwmanifest.xml HTTP/1.1" 404 73 "-" "Mozilla/5.0 (Windows NT 10.0; Win64; x64) AppleWebKit/537.36 (KHTML, like Gecko) Chrome/95.0.4638.69 Safari/537.36" "nobbycosmic.com"
20.169.46.57 - - [07/Sep/2022:08:40:33 -0700] "GET //test/wp-includes/wlwmanifest.xml HTTP/1.1" 404 73 "-" "Mozilla/5.0 (Windows NT 10.0; Win64; x64) AppleWebKit/537.36 (KHTML, like Gecko) Chrome/95.0.4638.69 Safari/537.36" "nobbycosmic.com"
20.169.46.57 - - [07/Sep/2022:08:40:33 -0700] "GET //site/wp-includes/wlwmanifest.xml HTTP/1.1" 404 73 "-" "Mozilla/5.0 (Windows NT 10.0; Win64; x64) AppleWebKit/537.36 (KHTML, like Gecko) Chrome/95.0.4638.69 Safari/537.36" "nobbycosmic.com"
20.169.46.57 - - [07/Sep/2022:08:40:33 -0700] "GET //cms/wp-includes/wlwmanifest.xml HTTP/1.1" 404 73 "-" "Mozilla/5.0 (Windows NT 10.0; Win64; x64) AppleWebKit/537.36 (KHTML, like Gecko) Chrome/95.0.4638.69 Safari/537.36" "nobbycosmic.com"
142.188.86.13 - - [07/Sep/2022:08:46:47 -0700] "GET /Utagoe/2022Summer/Utagoe202208.htm HTTP/1.1" 304 - "android-app://com.google.android.gm/" "Mozilla/5.0 (Linux; Android 12; Pixel 6a) AppleWebKit/537.36 (KHTML, like Gecko) Chrome/104.0.0.0 Mobile Safari/537.36" "nobbycosmic.com"
142.188.86.13 - - [07/Sep/2022:08:46:48 -0700] "GET /Utagoe/2022Summer/2022082703Tree.JPG HTTP/1.1" 304 - "https://nobbycosmic.com/Utagoe/2022Summer/Utagoe202208.htm" "Mozilla/5.0 (Linux; Android 12; Pixel 6a) AppleWebKit/537.36 (KHTML, like Gecko) Chrome/104.0.0.0 Mobile Safari/537.36" "nobbycosmic.com"
142.188.86.13 - - [07/Sep/2022:08:46:48 -0700] "GET /Utagoe/2022Summer/2022082708Session.JPG HTTP/1.1" 304 - "https://nobbycosmic.com/Utagoe/2022Summer/Utagoe202208.htm" "Mozilla/5.0 (Linux; Android 12; Pixel 6a) AppleWebKit/537.36 (KHTML, like Gecko) Chrome/104.0.0.0 Mobile Safari/537.36" "nobbycosmic.com"
142.188.86.13 - - [07/Sep/2022:08:46:48 -0700] "GET /Utagoe/2022Summer/2022082707Session.JPG HTTP/1.1" 304 - "https://nobbycosmic.com/Utagoe/2022Summer/Utagoe202208.htm" "Mozilla/5.0 (Linux; Android 12; Pixel 6a) AppleWebKit/537.36 (KHTML, like Gecko) Chrome/104.0.0.0 Mobile Safari/537.36" "nobbycosmic.com"
142.188.86.13 - - [07/Sep/2022:08:46:48 -0700] "GET /Utagoe/2022Summer/2022082710Band.JPG HTTP/1.1" 304 - "https://nobbycosmic.com/Utagoe/2022Summer/Utagoe202208.htm" "Mozilla/5.0 (Linux; Android 12; Pixel 6a) AppleWebKit/537.36 (KHTML, like Gecko) Chrome/104.0.0.0 Mobile Safari/537.36" "nobbycosmic.com"
142.188.86.13 - - [07/Sep/2022:08:46:48 -0700] "GET /Utagoe/2022Summer/2022082709Band.JPG HTTP/1.1" 304 - "https://nobbycosmic.com/Utagoe/2022Summer/Utagoe202208.htm" "Mozilla/5.0 (Linux; Android 12; Pixel 6a) AppleWebKit/537.36 (KHTML, like Gecko) Chrome/104.0.0.0 Mobile Safari/537.36" "nobbycosmic.com"
142.188.86.13 - - [07/Sep/2022:08:46:48 -0700] "GET /Utagoe/2022Summer/2022082713Songs.JPG HTTP/1.1" 304 - "https://nobbycosmic.com/Utagoe/2022Summer/Utagoe202208.htm" "Mozilla/5.0 (Linux; Android 12; Pixel 6a) AppleWebKit/537.36 (KHTML, like Gecko) Chrome/104.0.0.0 Mobile Safari/537.36" "nobbycosmic.com"
142.188.86.13 - - [07/Sep/2022:08:46:48 -0700] "GET /Utagoe/2022Summer/2022082711Lunch.JPG HTTP/1.1" 304 - "https://nobbycosmic.com/Utagoe/2022Summer/Utagoe202208.htm" "Mozilla/5.0 (Linux; Android 12; Pixel 6a) AppleWebKit/537.36 (KHTML, like Gecko) Chrome/104.0.0.0 Mobile Safari/537.36" "nobbycosmic.com"
142.188.86.13 - - [07/Sep/2022:08:46:48 -0700] "GET /Utagoe/2022Summer/2022082710Lunch.JPG HTTP/1.1" 304 - "https://nobbycosmic.com/Utagoe/2022Summer/Utagoe202208.htm" "Mozilla/5.0 (Linux; Android 12; Pixel 6a) AppleWebKit/537.36 (KHTML, like Gecko) Chrome/104.0.0.0 Mobile Safari/537.36" "nobbycosmic.com"
142.188.86.13 - - [07/Sep/2022:08:46:48 -0700] "GET /Utagoe/2022Summer/2022082712Songs.JPG HTTP/1.1" 304 - "https://nobbycosmic.com/Utagoe/2022Summer/Utagoe202208.htm" "Mozilla/5.0 (Linux; Android 12; Pixel 6a) AppleWebKit/537.36 (KHTML, like Gecko) Chrome/104.0.0.0 Mobile Safari/537.36" "nobbycosmic.com"
142.188.86.13 - - [07/Sep/2022:08:46:48 -0700] "GET /favicon.ico HTTP/1.1" 404 88 "https://nobbycosmic.com/Utagoe/2022Summer/Utagoe202208.htm" "Mozilla/5.0 (Linux; Android 12; Pixel 6a) AppleWebKit/537.36 (KHTML, like Gecko) Chrome/104.0.0.0 Mobile Safari/537.36" "nobbycosmic.com"
216.244.66.200 - - [07/Sep/2022:09:08:03 -0700] "GET /robots.txt HTTP/1.1" 200 61 "-" "Mozilla/5.0 (compatible; DotBot/1.2; +https://opensiteexplorer.org/dotbot; help@moz.com)" "nobbycosmic.com"
72.140.209.180 - - [07/Sep/2022:09:10:46 -0700] "GET /BabyTalks/BTList.htm HTTP/1.1" 200 10238 "-" "Mozilla/5.0 (Macintosh; Intel Mac OS X 10_12_6) AppleWebKit/605.1.15 (KHTML, like Gecko)" "nobbycosmic.com"
72.140.209.180 - - [07/Sep/2022:09:10:46 -0700] "GET /apple-touch-icon-precomposed.png HTTP/1.1" 404 88 "-" "Safari/12607.3.10 CFNetwork/811.11 Darwin/16.7.0 (x86_64)" "nobbycosmic.com"
72.140.209.180 - - [07/Sep/2022:09:10:46 -0700] "GET /apple-touch-icon.png HTTP/1.1" 404 88 "-" "Safari/12607.3.10 CFNetwork/811.11 Darwin/16.7.0 (x86_64)" "nobbycosmic.com"
72.140.209.180 - - [07/Sep/2022:09:10:46 -0700] "GET /favicon.ico HTTP/1.1" 404 88 "-" "Safari/12607.3.10 CFNetwork/811.11 Darwin/16.7.0 (x86_64)" "nobbycosmic.com"
72.140.209.180 - - [07/Sep/2022:09:10:46 -0700] "GET /apple-touch-icon-precomposed.png HTTP/1.1" 404 88 "-" "Safari/12607.3.10 CFNetwork/811.11 Darwin/16.7.0 (x86_64)" "nobbycosmic.com"
72.140.209.180 - - [07/Sep/2022:09:10:46 -0700] "GET /apple-touch-icon.png HTTP/1.1" 404 88 "-" "Safari/12607.3.10 CFNetwork/811.11 Darwin/16.7.0 (x86_64)" "nobbycosmic.com"
72.140.209.180 - - [07/Sep/2022:09:10:47 -0700] "GET /favicon.ico HTTP/1.1" 404 88 "-" "Safari/12607.3.10 CFNetwork/811.11 Darwin/16.7.0 (x86_64)" "nobbycosmic.com"
72.140.209.180 - - [07/Sep/2022:09:10:47 -0700] "GET /BabyTalks/BTList.htm HTTP/1.1" 200 10238 "-" "Mozilla/5.0 (iPhone; CPU iPhone OS 12_1_3 like Mac OS X) AppleWebKit/605.1.15 (KHTML, like Gecko) Version/12.0 Mobile/15E148 Safari/604.1" "nobbycosmic.com"
72.140.209.180 - - [07/Sep/2022:09:10:47 -0700] "GET /apple-touch-icon-precomposed.png HTTP/1.1" 404 88 "-" "Safari/12607.3.10 CFNetwork/811.11 Darwin/16.7.0 (x86_64)" "nobbycosmic.com"
72.140.209.180 - - [07/Sep/2022:09:10:47 -0700] "GET /apple-touch-icon.png HTTP/1.1" 404 88 "-" "Safari/12607.3.10 CFNetwork/811.11 Darwin/16.7.0 (x86_64)" "nobbycosmic.com"
72.140.209.180 - - [07/Sep/2022:09:10:47 -0700] "GET /favicon.ico HTTP/1.1" 404 88 "-" "Safari/12607.3.10 CFNetwork/811.11 Darwin/16.7.0 (x86_64)" "nobbycosmic.com"
72.140.209.180 - - [07/Sep/2022:09:10:47 -0700] "GET /apple-touch-icon-precomposed.png HTTP/1.1" 404 88 "-" "Safari/12607.3.10 CFNetwork/811.11 Darwin/16.7.0 (x86_64)" "nobbycosmic.com"
72.140.209.180 - - [07/Sep/2022:09:10:47 -0700] "GET /apple-touch-icon.png HTTP/1.1" 404 88 "-" "Safari/12607.3.10 CFNetwork/811.11 Darwin/16.7.0 (x86_64)" "nobbycosmic.com"
72.140.209.180 - - [07/Sep/2022:09:10:47 -0700] "GET /favicon.ico HTTP/1.1" 404 88 "-" "Safari/12607.3.10 CFNetwork/811.11 Darwin/16.7.0 (x86_64)" "nobbycosmic.com"
157.55.39.183 - - [07/Sep/2022:09:25:46 -0700] "GET /Utagoe/2010NJCABBQ/Utagoe.htm HTTP/1.1" 404 88 "-" "Mozilla/5.0 (compatible; bingbot/2.0; +http://www.bing.com/bingbot.htm)" "www.nobbycosmic.com"
157.55.39.183 - - [07/Sep/2022:09:28:05 -0700] "GET /Homepage/Tickets/Ticket2/Ticket231.jpg HTTP/1.1" 200 22346 "-" "Mozilla/5.0 (compatible; bingbot/2.0; +http://www.bing.com/bingbot.htm)" "nobbycosmic.com"
157.55.39.182 - - [07/Sep/2022:09:40:27 -0700] "GET /BabyTalks/BTList.htm HTTP/1.1" 200 10238 "-" "Mozilla/5.0 (compatible; bingbot/2.0; +http://www.bing.com/bingbot.htm)" "nobbycosmic.com"
149.5.224.241 - - [07/Sep/2022:09:54:39 -0700] "GET /Temp/JF201212011.jpg HTTP/1.1" 404 73 "-" "-" "nobbycosmic.com"
207.46.13.34 - - [07/Sep/2022:10:01:36 -0700] "GET /Utagoe/2012Fall/?N=D HTTP/1.1" 200 449 "-" "Mozilla/5.0 (compatible; bingbot/2.0; +http://www.bing.com/bingbot.htm)" "nobbycosmic.com"
114.119.128.26 - - [07/Sep/2022:10:10:39 -0700] "GET / HTTP/1.1" 200 3158 "-" "Mozilla/5.0 (Linux; Android 7.0;) AppleWebKit/537.36 (KHTML, like Gecko) Mobile Safari/537.36 (compatible; PetalBot;+https://webmaster.petalsearch.com/site/petalbot)" "www.nobbycosmic.com"
216.244.66.200 - - [07/Sep/2022:10:11:51 -0700] "GET /robots.txt HTTP/1.1" 200 61 "-" "Mozilla/5.0 (compatible; DotBot/1.2; +https://opensiteexplorer.org/dotbot; help@moz.com)" "nobbycosmic.com"
114.119.128.26 - - [07/Sep/2022:10:12:03 -0700] "GET /Utagoe/NJCC/?C=S%3BO%3DA HTTP/1.1" 200 397 "https://nobbycosmic.com/Utagoe/NJCC/?C=N%3BO%3DD" "Mozilla/5.0 (Linux; Android 7.0;) AppleWebKit/537.36 (KHTML, like Gecko) Mobile Safari/537.36 (compatible; PetalBot;+https://webmaster.petalsearch.com/site/petalbot)" "nobbycosmic.com"
114.119.128.26 - - [07/Sep/2022:10:13:30 -0700] "GET /NJCA/NY08/Pictures/ HTTP/1.1" 200 1381 "https://nobbycosmic.com/NJCA/NY08?M=D" "Mozilla/5.0 (Linux; Android 7.0;) AppleWebKit/537.36 (KHTML, like Gecko) Mobile Safari/537.36 (compatible; PetalBot;+https://webmaster.petalsearch.com/site/petalbot)" "nobbycosmic.com"
114.119.128.39 - - [07/Sep/2022:10:15:00 -0700] "GET /Card/Card14/?C=M%3BO%3DA HTTP/1.1" 200 523 "https://nobbycosmic.com/Card/Card14/?C=D%3BO%3DA" "Mozilla/5.0 (Linux; Android 7.0;) AppleWebKit/537.36 (KHTML, like Gecko) Mobile Safari/537.36 (compatible; PetalBot;+https://webmaster.petalsearch.com/site/petalbot)" "nobbycosmic.com"
114.119.128.39 - - [07/Sep/2022:10:16:25 -0700] "GET /Card/Card03?C=D%3BO%3DA HTTP/1.1" 301 1427 "https://nobbycosmic.com/Card/Card03" "Mozilla/5.0 (Linux; Android 7.0;) AppleWebKit/537.36 (KHTML, like Gecko) Mobile Safari/537.36 (compatible; PetalBot;+https://webmaster.petalsearch.com/site/petalbot)" "nobbycosmic.com"
114.119.128.39 - - [07/Sep/2022:10:16:29 -0700] "GET /Card/Card03/?C=D%3BO%3DA HTTP/1.1" 200 446 "https://nobbycosmic.com/Card/Card03" "Mozilla/5.0 (Linux; Android 7.0;) AppleWebKit/537.36 (KHTML, like Gecko) Mobile Safari/537.36 (compatible; PetalBot;+https://webmaster.petalsearch.com/site/petalbot)" "nobbycosmic.com"
114.119.128.253 - - [07/Sep/2022:10:17:45 -0700] "GET /NJCA/NY08?C=N%3BO%3DD HTTP/1.1" 301 1430 "https://nobbycosmic.com/NJCA/NY08?S=A" "Mozilla/5.0 (Linux; Android 7.0;) AppleWebKit/537.36 (KHTML, like Gecko) Mobile Safari/537.36 (compatible; PetalBot;+https://webmaster.petalsearch.com/site/petalbot)" "nobbycosmic.com"
114.119.128.253 - - [07/Sep/2022:10:17:46 -0700] "GET /NJCA/NY08/?C=N%3BO%3DD HTTP/1.1" 200 776 "https://nobbycosmic.com/NJCA/NY08?S=A" "Mozilla/5.0 (Linux; Android 7.0;) AppleWebKit/537.36 (KHTML, like Gecko) Mobile Safari/537.36 (compatible; PetalBot;+https://webmaster.petalsearch.com/site/petalbot)" "nobbycosmic.com"
149.5.224.146 - - [07/Sep/2022:10:18:51 -0700] "GET /Temp/JF201212013.jpg HTTP/1.1" 404 73 "-" "-" "nobbycosmic.com"
114.119.128.253 - - [07/Sep/2022:10:19:07 -0700] "GET /NJCA/Charity?C=M%3BO%3DA HTTP/1.1" 301 1431 "https://nobbycosmic.com/NJCA/Charity" "Mozilla/5.0 (Linux; Android 7.0;) AppleWebKit/537.36 (KHTML, like Gecko) Mobile Safari/537.36 (compatible; PetalBot;+https://webmaster.petalsearch.com/site/petalbot)" "nobbycosmic.com"
114.119.128.253 - - [07/Sep/2022:10:19:10 -0700] "GET /NJCA/Charity/?C=M%3BO%3DA HTTP/1.1" 200 502 "https://nobbycosmic.com/NJCA/Charity" "Mozilla/5.0 (Linux; Android 7.0;) AppleWebKit/537.36 (KHTML, like Gecko) Mobile Safari/537.36 (compatible; PetalBot;+https://webmaster.petalsearch.com/site/petalbot)" "nobbycosmic.com"
114.119.128.37 - - [07/Sep/2022:10:20:41 -0700] "GET /NJCA/NY11/Pictures?D=A HTTP/1.1" 301 1428 "https://nobbycosmic.com/NJCA/NY11/Pictures?D=D" "Mozilla/5.0 (Linux; Android 7.0;) AppleWebKit/537.36 (KHTML, like Gecko) Mobile Safari/537.36 (compatible; PetalBot;+https://webmaster.petalsearch.com/site/petalbot)" "nobbycosmic.com"
114.119.128.37 - - [07/Sep/2022:10:20:41 -0700] "GET /NJCA/NY11/Pictures/?D=A HTTP/1.1" 200 1862 "https://nobbycosmic.com/NJCA/NY11/Pictures?D=D" "Mozilla/5.0 (Linux; Android 7.0;) AppleWebKit/537.36 (KHTML, like Gecko) Mobile Safari/537.36 (compatible; PetalBot;+https://webmaster.petalsearch.com/site/petalbot)" "nobbycosmic.com"
114.119.128.253 - - [07/Sep/2022:10:21:58 -0700] "GET /NJCA/BBQ07/BBQ2007E_out.pdf HTTP/1.1" 200 950391 "https://nobbycosmic.com/NJCA/BBQ07?C=D%3BO%3DA" "Mozilla/5.0 (Linux; Android 7.0;) AppleWebKit/537.36 (KHTML, like Gecko) Mobile Safari/537.36 (compatible; PetalBot;+https://webmaster.petalsearch.com/site/petalbot)" "nobbycosmic.com"
114.119.128.37 - - [07/Sep/2022:10:23:23 -0700] "GET /NJCA/Document/HBRPayForm.doc HTTP/1.1" 200 39424 "https://nobbycosmic.com/NJCA/Document?D=A" "Mozilla/5.0 (Linux; Android 7.0;) AppleWebKit/537.36 (KHTML, like Gecko) Mobile Safari/537.36 (compatible; PetalBot;+https://webmaster.petalsearch.com/site/petalbot)" "nobbycosmic.com"
114.119.128.37 - - [07/Sep/2022:10:24:42 -0700] "GET /Card/Card17 HTTP/1.1" 301 1414 "https://nobbycosmic.com/Card?C=D%3BO%3DA" "Mozilla/5.0 (Linux; Android 7.0;) AppleWebKit/537.36 (KHTML, like Gecko) Mobile Safari/537.36 (compatible; PetalBot;+https://webmaster.petalsearch.com/site/petalbot)" "nobbycosmic.com"
