114.119.128.26 - - [02/Sep/2022:17:48:15 -0700] "GET /NJCA/NY08/Pictures/?C=M%3BO%3DA HTTP/1.1" 200 1381 "https://nobbycosmic.com/NJCA/NY08/Pictures" "Mozilla/5.0 (Linux; Android 7.0;) AppleWebKit/537.36 (KHTML, like Gecko) Mobile Safari/537.36 (compatible; PetalBot;+https://webmaster.petalsearch.com/site/petalbot)" "nobbycosmic.com"
147.92.153.17 - - [02/Sep/2022:17:49:43 -0700] "GET /Utagoe/2021SummerMori/Utagoe202108.htm HTTP/1.1" 200 2780 "-" "Mozilla/5.0 (compatible; Linespider/1.1; +https://lin.ee/4dwXkTH)" "nobbycosmic.com"
114.119.128.40 - - [02/Sep/2022:17:51:14 -0700] "GET /Utagoe/Nostalgia HTTP/1.1" 301 1418 "https://nobbycosmic.com/Utagoe" "Mozilla/5.0 (Linux; Android 7.0;) AppleWebKit/537.36 (KHTML, like Gecko) Mobile Safari/537.36 (compatible; PetalBot;+https://webmaster.petalsearch.com/site/petalbot)" "nobbycosmic.com"
114.119.128.40 - - [02/Sep/2022:17:51:21 -0700] "GET /Utagoe/Nostalgia/ HTTP/1.1" 200 459 "https://nobbycosmic.com/Utagoe" "Mozilla/5.0 (Linux; Android 7.0;) AppleWebKit/537.36 (KHTML, like Gecko) Mobile Safari/537.36 (compatible; PetalBot;+https://webmaster.petalsearch.com/site/petalbot)" "nobbycosmic.com"
185.191.171.38 - - [02/Sep/2022:17:53:11 -0700] "GET /robots.txt HTTP/1.1" 200 75 "-" "Mozilla/5.0 (compatible; SemrushBot/7~bl; +http://www.semrush.com/bot.html)" "www.nobbycosmic.com"
185.191.171.9 - - [02/Sep/2022:17:53:11 -0700] "GET /home HTTP/1.1" 200 3157 "-" "Mozilla/5.0 (compatible; SemrushBot/7~bl; +http://www.semrush.com/bot.html)" "www.nobbycosmic.com"
5.45.207.145 - - [02/Sep/2022:17:55:08 -0700] "GET /robots.txt HTTP/1.1" 200 61 "-" "Mozilla/5.0 (compatible; YandexBot/3.0; +http://yandex.com/bots)" "nobbycosmic.com"
5.45.207.103 - - [02/Sep/2022:17:55:12 -0700] "GET /Post/JSS202112171.pdf HTTP/1.1" 200 175564 "-" "Mozilla/5.0 (compatible; YandexBot/3.0; +http://yandex.com/bots)" "nobbycosmic.com"
216.244.66.200 - - [02/Sep/2022:18:06:08 -0700] "GET /robots.txt HTTP/1.1" 200 61 "-" "Mozilla/5.0 (compatible; DotBot/1.2; +https://opensiteexplorer.org/dotbot; help@moz.com)" "nobbycosmic.com"
157.55.39.163 - - [02/Sep/2022:18:07:22 -0700] "GET /Homepage/Tickets/Ticket2/Ticket233.jpg HTTP/1.1" 200 24363 "-" "Mozilla/5.0 (compatible; bingbot/2.0; +http://www.bing.com/bingbot.htm)" "nobbycosmic.com"
114.119.128.26 - - [02/Sep/2022:18:13:06 -0700] "GET /NJCA/Temp HTTP/1.1" 301 1415 "https://nobbycosmic.com/NJCA?N=A" "Mozilla/5.0 (Linux; Android 7.0;) AppleWebKit/537.36 (KHTML, like Gecko) Mobile Safari/537.36 (compatible; PetalBot;+https://webmaster.petalsearch.com/site/petalbot)" "nobbycosmic.com"
114.119.128.26 - - [02/Sep/2022:18:13:11 -0700] "GET /NJCA/Temp/ HTTP/1.1" 200 404 "https://nobbycosmic.com/NJCA?N=A" "Mozilla/5.0 (Linux; Android 7.0;) AppleWebKit/537.36 (KHTML, like Gecko) Mobile Safari/537.36 (compatible; PetalBot;+https://webmaster.petalsearch.com/site/petalbot)" "nobbycosmic.com"
186.206.167.211 - - [02/Sep/2022:18:13:39 -0700] "GET /Utagoe/2021SummerMori/Combined1.pdf HTTP/1.1" 200 147216 "-" "Mozilla/5.0 (Windows NT 10.0) AppleWebKit/537.36 (KHTML, like Gecko) Chrome/104.0.0.0 Safari/537.36" "nobbycosmic.com"
186.206.167.211 - - [02/Sep/2022:18:13:41 -0700] "GET /favicon.ico HTTP/1.1" 404 88 "https://nobbycosmic.com/Utagoe/2021SummerMori/Combined1.pdf" "Mozilla/5.0 (Windows NT 10.0) AppleWebKit/537.36 (KHTML, like Gecko) Chrome/104.0.0.0 Safari/537.36" "nobbycosmic.com"
114.119.128.26 - - [02/Sep/2022:18:16:09 -0700] "GET /NJCA/AGM09/NJCAAGM2009Minutes.doc HTTP/1.1" 200 33280 "https://nobbycosmic.com/NJCA/AGM09?N=D" "Mozilla/5.0 (Linux; Android 7.0;) AppleWebKit/537.36 (KHTML, like Gecko) Mobile Safari/537.36 (compatible; PetalBot;+https://webmaster.petalsearch.com/site/petalbot)" "nobbycosmic.com"
114.119.128.26 - - [02/Sep/2022:18:29:43 -0700] "GET /Utagoe/15/?C=N%3BO%3DD HTTP/1.1" 200 659 "https://nobbycosmic.com/Utagoe/15" "Mozilla/5.0 (Linux; Android 7.0;) AppleWebKit/537.36 (KHTML, like Gecko) Mobile Safari/537.36 (compatible; PetalBot;+https://webmaster.petalsearch.com/site/petalbot)" "nobbycosmic.com"
147.92.153.14 - - [02/Sep/2022:18:29:46 -0700] "GET /Utagoe/2020UtagoeKouyou/Utagoe202009.htm HTTP/1.1" 200 2428 "-" "Mozilla/5.0 (compatible; Linespider/1.1; +https://lin.ee/4dwXkTH)" "nobbycosmic.com"
114.119.128.40 - - [02/Sep/2022:18:34:51 -0700] "GET /Card/Card2020/?C=N%3BO%3DD HTTP/1.1" 200 502 "https://nobbycosmic.com/Card/Card2020" "Mozilla/5.0 (Linux; Android 7.0;) AppleWebKit/537.36 (KHTML, like Gecko) Mobile Safari/537.36 (compatible; PetalBot;+https://webmaster.petalsearch.com/site/petalbot)" "nobbycosmic.com"
114.119.128.40 - - [02/Sep/2022:18:43:25 -0700] "GET /Utagoe/Nostalgia/?C=S%3BO%3DA HTTP/1.1" 200 459 "https://nobbycosmic.com/Utagoe/Nostalgia?C=M%3BO%3DA" "Mozilla/5.0 (Linux; Android 7.0;) AppleWebKit/537.36 (KHTML, like Gecko) Mobile Safari/537.36 (compatible; PetalBot;+https://webmaster.petalsearch.com/site/petalbot)" "nobbycosmic.com"
114.119.128.26 - - [02/Sep/2022:18:46:19 -0700] "GET /Card/Card17/?C=M%3BO%3DA HTTP/1.1" 200 490 "https://nobbycosmic.com/Card/Card17?C=S%3BO%3DA" "Mozilla/5.0 (Linux; Android 7.0;) AppleWebKit/537.36 (KHTML, like Gecko) Mobile Safari/537.36 (compatible; PetalBot;+https://webmaster.petalsearch.com/site/petalbot)" "nobbycosmic.com"
157.55.39.65 - - [02/Sep/2022:18:53:55 -0700] "GET /Utagoe/2010W2.jpg HTTP/1.1" 200 37339 "-" "Mozilla/5.0 (compatible; bingbot/2.0; +http://www.bing.com/bingbot.htm)" "www.nobbycosmic.com"
216.244.66.200 - - [02/Sep/2022:18:54:35 -0700] "GET /robots.txt HTTP/1.1" 200 61 "-" "Mozilla/5.0 (compatible; DotBot/1.2; +https://opensiteexplorer.org/dotbot; help@moz.com)" "nobbycosmic.com"
114.119.128.40 - - [02/Sep/2022:18:56:28 -0700] "GET /Card/Card12/Ecard2012.htm HTTP/1.1" 200 934 "https://nobbycosmic.com/Card/Card12/" "Mozilla/5.0 (Linux; Android 7.0;) AppleWebKit/537.36 (KHTML, like Gecko) Mobile Safari/537.36 (compatible; PetalBot;+https://webmaster.petalsearch.com/site/petalbot)" "nobbycosmic.com"
201.57.54.196 - - [02/Sep/2022:18:56:51 -0700] "GET /Utagoe/2021SummerMori/Combined1.pdf HTTP/1.1" 200 147216 "-" "Mozilla/5.0 (Windows NT 10.0; WOW64) AppleWebKit/537.36 (KHTML, like Gecko) Chrome/103.0.0.0 Safari/537.36" "nobbycosmic.com"
114.119.128.40 - - [02/Sep/2022:18:59:13 -0700] "GET /NJCA/NY08/ HTTP/1.1" 200 776 "https://nobbycosmic.com/NJCA/NY08/Pictures?N=A" "Mozilla/5.0 (Linux; Android 7.0;) AppleWebKit/537.36 (KHTML, like Gecko) Mobile Safari/537.36 (compatible; PetalBot;+https://webmaster.petalsearch.com/site/petalbot)" "nobbycosmic.com"
114.119.128.26 - - [02/Sep/2022:19:04:00 -0700] "GET /NJCA/Volunteer?C=M%3BO%3DA HTTP/1.1" 301 1433 "https://nobbycosmic.com/NJCA/Volunteer?C=D%3BO%3DA" "Mozilla/5.0 (Linux; Android 7.0;) AppleWebKit/537.36 (KHTML, like Gecko) Mobile Safari/537.36 (compatible; PetalBot;+https://webmaster.petalsearch.com/site/petalbot)" "nobbycosmic.com"
114.119.128.26 - - [02/Sep/2022:19:04:02 -0700] "GET /NJCA/Volunteer/?C=M%3BO%3DA HTTP/1.1" 200 427 "https://nobbycosmic.com/NJCA/Volunteer?C=D%3BO%3DA" "Mozilla/5.0 (Linux; Android 7.0;) AppleWebKit/537.36 (KHTML, like Gecko) Mobile Safari/537.36 (compatible; PetalBot;+https://webmaster.petalsearch.com/site/petalbot)" "nobbycosmic.com"
221.171.103.216 - - [02/Sep/2022:19:08:23 -0700] "GET /Utagoe/2022Summer/Utagoe202208.htm HTTP/1.1" 200 2832 "https://mail.yahoo.co.jp/" "Mozilla/5.0 (Windows NT 10.0; Win64; x64) AppleWebKit/537.36 (KHTML, like Gecko) Chrome/105.0.0.0 Safari/537.36" "nobbycosmic.com"
221.171.103.216 - - [02/Sep/2022:19:08:23 -0700] "GET /Utagoe/2022Summer/2022082701Sun.jpg HTTP/1.1" 200 43206 "https://nobbycosmic.com/Utagoe/2022Summer/Utagoe202208.htm" "Mozilla/5.0 (Windows NT 10.0; Win64; x64) AppleWebKit/537.36 (KHTML, like Gecko) Chrome/105.0.0.0 Safari/537.36" "nobbycosmic.com"
221.171.103.216 - - [02/Sep/2022:19:08:23 -0700] "GET /Utagoe/2022Summer/2022082702BlueSky.jpg HTTP/1.1" 200 30483 "https://nobbycosmic.com/Utagoe/2022Summer/Utagoe202208.htm" "Mozilla/5.0 (Windows NT 10.0; Win64; x64) AppleWebKit/537.36 (KHTML, like Gecko) Chrome/105.0.0.0 Safari/537.36" "nobbycosmic.com"
221.171.103.216 - - [02/Sep/2022:19:08:23 -0700] "GET /Utagoe/2022Summer/2022082703Tree.JPG HTTP/1.1" 200 130838 "https://nobbycosmic.com/Utagoe/2022Summer/Utagoe202208.htm" "Mozilla/5.0 (Windows NT 10.0; Win64; x64) AppleWebKit/537.36 (KHTML, like Gecko) Chrome/105.0.0.0 Safari/537.36" "nobbycosmic.com"
221.171.103.216 - - [02/Sep/2022:19:08:24 -0700] "GET /Utagoe/2022Summer/2022082710Band.JPG HTTP/1.1" 200 139648 "https://nobbycosmic.com/Utagoe/2022Summer/Utagoe202208.htm" "Mozilla/5.0 (Windows NT 10.0; Win64; x64) AppleWebKit/537.36 (KHTML, like Gecko) Chrome/105.0.0.0 Safari/537.36" "nobbycosmic.com"
221.171.103.216 - - [02/Sep/2022:19:08:24 -0700] "GET /Utagoe/2022Summer/2022082707Session.JPG HTTP/1.1" 200 148214 "https://nobbycosmic.com/Utagoe/2022Summer/Utagoe202208.htm" "Mozilla/5.0 (Windows NT 10.0; Win64; x64) AppleWebKit/537.36 (KHTML, like Gecko) Chrome/105.0.0.0 Safari/537.36" "nobbycosmic.com"
221.171.103.216 - - [02/Sep/2022:19:08:24 -0700] "GET /Utagoe/2022Summer/2022082711Lunch.JPG HTTP/1.1" 200 137587 "https://nobbycosmic.com/Utagoe/2022Summer/Utagoe202208.htm" "Mozilla/5.0 (Windows NT 10.0; Win64; x64) AppleWebKit/537.36 (KHTML, like Gecko) Chrome/105.0.0.0 Safari/537.36" "nobbycosmic.com"
221.171.103.216 - - [02/Sep/2022:19:08:24 -0700] "GET /Utagoe/2022Summer/2022082708Session.JPG HTTP/1.1" 200 133126 "https://nobbycosmic.com/Utagoe/2022Summer/Utagoe202208.htm" "Mozilla/5.0 (Windows NT 10.0; Win64; x64) AppleWebKit/537.36 (KHTML, like Gecko) Chrome/105.0.0.0 Safari/537.36" "nobbycosmic.com"
221.171.103.216 - - [02/Sep/2022:19:08:24 -0700] "GET /Utagoe/2022Summer/2022082709Band.JPG HTTP/1.1" 200 132981 "https://nobbycosmic.com/Utagoe/2022Summer/Utagoe202208.htm" "Mozilla/5.0 (Windows NT 10.0; Win64; x64) AppleWebKit/537.36 (KHTML, like Gecko) Chrome/105.0.0.0 Safari/537.36" "nobbycosmic.com"
221.171.103.216 - - [02/Sep/2022:19:08:25 -0700] "GET /Utagoe/2022Summer/2022082710Lunch.JPG HTTP/1.1" 200 148867 "https://nobbycosmic.com/Utagoe/2022Summer/Utagoe202208.htm" "Mozilla/5.0 (Windows NT 10.0; Win64; x64) AppleWebKit/537.36 (KHTML, like Gecko) Chrome/105.0.0.0 Safari/537.36" "nobbycosmic.com"
221.171.103.216 - - [02/Sep/2022:19:08:25 -0700] "GET /Utagoe/2022Summer/2022082704Tree.jpg HTTP/1.1" 200 107210 "https://nobbycosmic.com/Utagoe/2022Summer/Utagoe202208.htm" "Mozilla/5.0 (Windows NT 10.0; Win64; x64) AppleWebKit/537.36 (KHTML, like Gecko) Chrome/105.0.0.0 Safari/537.36" "nobbycosmic.com"
221.171.103.216 - - [02/Sep/2022:19:08:25 -0700] "GET /Utagoe/2022Summer/2022082705Prep.jpg HTTP/1.1" 200 83979 "https://nobbycosmic.com/Utagoe/2022Summer/Utagoe202208.htm" "Mozilla/5.0 (Windows NT 10.0; Win64; x64) AppleWebKit/537.36 (KHTML, like Gecko) Chrome/105.0.0.0 Safari/537.36" "nobbycosmic.com"
221.171.103.216 - - [02/Sep/2022:19:08:25 -0700] "GET /Utagoe/2022Summer/2022082706Prep.jpg HTTP/1.1" 200 129100 "https://nobbycosmic.com/Utagoe/2022Summer/Utagoe202208.htm" "Mozilla/5.0 (Windows NT 10.0; Win64; x64) AppleWebKit/537.36 (KHTML, like Gecko) Chrome/105.0.0.0 Safari/537.36" "nobbycosmic.com"
221.171.103.216 - - [02/Sep/2022:19:08:25 -0700] "GET /Utagoe/2022Summer/2022082712Songs.JPG HTTP/1.1" 200 128747 "https://nobbycosmic.com/Utagoe/2022Summer/Utagoe202208.htm" "Mozilla/5.0 (Windows NT 10.0; Win64; x64) AppleWebKit/537.36 (KHTML, like Gecko) Chrome/105.0.0.0 Safari/537.36" "nobbycosmic.com"
221.171.103.216 - - [02/Sep/2022:19:08:26 -0700] "GET /Utagoe/2022Summer/2022082713Songs.JPG HTTP/1.1" 200 147773 "https://nobbycosmic.com/Utagoe/2022Summer/Utagoe202208.htm" "Mozilla/5.0 (Windows NT 10.0; Win64; x64) AppleWebKit/537.36 (KHTML, like Gecko) Chrome/105.0.0.0 Safari/537.36" "nobbycosmic.com"
221.171.103.216 - - [02/Sep/2022:19:08:27 -0700] "GET /favicon.ico HTTP/1.1" 404 88 "https://nobbycosmic.com/Utagoe/2022Summer/Utagoe202208.htm" "Mozilla/5.0 (Windows NT 10.0; Win64; x64) AppleWebKit/537.36 (KHTML, like Gecko) Chrome/105.0.0.0 Safari/537.36" "nobbycosmic.com"
221.171.103.216 - - [02/Sep/2022:19:09:35 -0700] "GET /Utagoe/2021SummerMori/Combined1.pdf HTTP/1.1" 200 147216 "https://nobbycosmic.com/Utagoe/2022Summer/Utagoe202208.htm" "Mozilla/5.0 (Windows NT 10.0; Win64; x64) AppleWebKit/537.36 (KHTML, like Gecko) Chrome/105.0.0.0 Safari/537.36" "nobbycosmic.com"
221.171.103.216 - - [02/Sep/2022:19:09:35 -0700] "GET /Utagoe/2021SummerMori/Combined1.pdf HTTP/1.1" 206 1025 "-" "Mozilla/5.0 (Windows NT 10.0; Win64; x64) AppleWebKit/537.36 (KHTML, like Gecko) Chrome/105.0.0.0 Safari/537.36" "nobbycosmic.com"
221.171.103.216 - - [02/Sep/2022:19:09:35 -0700] "GET /Utagoe/2021SummerMori/Combined1.pdf HTTP/1.1" 200 147216 "-" "Mozilla/5.0 (Windows NT 10.0; Win64; x64) AppleWebKit/537.36 (KHTML, like Gecko) Chrome/105.0.0.0 Safari/537.36" "nobbycosmic.com"
114.119.128.40 - - [02/Sep/2022:19:16:38 -0700] "GET /Card/Card14/?C=N%3BO%3DD HTTP/1.1" 200 523 "https://nobbycosmic.com/Card/Card14" "Mozilla/5.0 (Linux; Android 7.0;) AppleWebKit/537.36 (KHTML, like Gecko) Mobile Safari/537.36 (compatible; PetalBot;+https://webmaster.petalsearch.com/site/petalbot)" "nobbycosmic.com"
52.12.77.82 - - [02/Sep/2022:19:17:48 -0700] "GET /Utagoe/2022Summer/Utagoe202208.htm HTTP/1.1" 200 6849 "-" "Mozilla/5.0 (Windows NT 6.1; Win64; x64) AppleWebKit/537.36 (KHTML, like Gecko) Chrome/72.0.3626.109 Safari/537.36" "nobbycosmic.com"
34.222.59.114 - - [02/Sep/2022:19:21:09 -0700] "GET /favicon.ico HTTP/1.1" 404 73 "-" "Mozilla/5.0 (Windows NT 6.1; Win64; x64) AppleWebKit/537.36 (KHTML, like Gecko) Chrome/72.0.3626.109 Safari/537.36" "nobbycosmic.com"
35.160.40.203 - - [02/Sep/2022:19:26:08 -0700] "GET /Utagoe/2021SummerMori/Combined1.pdf HTTP/1.1" 200 147216 "-" "Mozilla/5.0 (Windows NT 6.1; Win64; x64) AppleWebKit/537.36 (KHTML, like Gecko) Chrome/72.0.3626.109 Safari/537.36" "nobbycosmic.com"
114.119.128.26 - - [02/Sep/2022:19:30:43 -0700] "GET /NJCA/NJCAToy/JpnToy04011.jpg HTTP/1.1" 200 14266 "https://nobbycosmic.com/NJCA/NJCAToy/NJCAToy.htm" "Mozilla/5.0 (Linux; Android 7.0;) AppleWebKit/537.36 (KHTML, like Gecko) Mobile Safari/537.36 (compatible; PetalBot;+https://webmaster.petalsearch.com/site/petalbot)" "nobbycosmic.com"
114.119.131.234 - - [02/Sep/2022:19:33:01 -0700] "GET /robots.txt HTTP/1.1" 200 75 "-" "Mozilla/5.0 (compatible;PetalBot;+https://webmaster.petalsearch.com/site/petalbot)" "nobbycosmic.com"
114.119.128.40 - - [02/Sep/2022:19:33:29 -0700] "GET /NJCA/NJCAToy?C=D%3BO%3DA HTTP/1.1" 301 1430 "https://nobbycosmic.com/NJCA/NJCAToy?D=A" "Mozilla/5.0 (Linux; Android 7.0;) AppleWebKit/537.36 (KHTML, like Gecko) Mobile Safari/537.36 (compatible; PetalBot;+https://webmaster.petalsearch.com/site/petalbot)" "nobbycosmic.com"
114.119.128.40 - - [02/Sep/2022:19:33:37 -0700] "GET /NJCA/NJCAToy/?C=D%3BO%3DA HTTP/1.1" 200 848 "https://nobbycosmic.com/NJCA/NJCAToy?D=A" "Mozilla/5.0 (Linux; Android 7.0;) AppleWebKit/537.36 (KHTML, like Gecko) Mobile Safari/537.36 (compatible; PetalBot;+https://webmaster.petalsearch.com/site/petalbot)" "nobbycosmic.com"
216.244.66.200 - - [02/Sep/2022:19:40:39 -0700] "GET /robots.txt HTTP/1.1" 200 61 "-" "Mozilla/5.0 (compatible; DotBot/1.2; +https://opensiteexplorer.org/dotbot; help@moz.com)" "nobbycosmic.com"
114.119.128.26 - - [02/Sep/2022:19:51:04 -0700] "GET /Utagoe/ConsulUtagoe/?C=M%3BO%3DA HTTP/1.1" 200 559 "https://nobbycosmic.com/Utagoe/ConsulUtagoe" "Mozilla/5.0 (Linux; Android 7.0;) AppleWebKit/537.36 (KHTML, like Gecko) Mobile Safari/537.36 (compatible; PetalBot;+https://webmaster.petalsearch.com/site/petalbot)" "nobbycosmic.com"
114.119.128.26 - - [02/Sep/2022:19:55:22 -0700] "GET /NJCA/BBQ99?D=A HTTP/1.1" 301 1423 "https://nobbycosmic.com/NJCA/BBQ99?M=D" "Mozilla/5.0 (Linux; Android 7.0;) AppleWebKit/537.36 (KHTML, like Gecko) Mobile Safari/537.36 (compatible; PetalBot;+https://webmaster.petalsearch.com/site/petalbot)" "nobbycosmic.com"
114.119.128.26 - - [02/Sep/2022:19:55:27 -0700] "GET /NJCA/BBQ99/?D=A HTTP/1.1" 200 644 "https://nobbycosmic.com/NJCA/BBQ99?M=D" "Mozilla/5.0 (Linux; Android 7.0;) AppleWebKit/537.36 (KHTML, like Gecko) Mobile Safari/537.36 (compatible; PetalBot;+https://webmaster.petalsearch.com/site/petalbot)" "nobbycosmic.com"
114.119.130.60 - - [02/Sep/2022:19:55:52 -0700] "GET /robots.txt HTTP/1.1" 200 75 "-" "Mozilla/5.0 (compatible;PetalBot;+https://webmaster.petalsearch.com/site/petalbot)" "nobbycosmic.com"
114.119.128.26 - - [02/Sep/2022:20:02:46 -0700] "GET /NJCA/Volunteer?D=D HTTP/1.1" 301 1424 "https://nobbycosmic.com/NJCA/Volunteer?D=A" "Mozilla/5.0 (Linux; Android 7.0;) AppleWebKit/537.36 (KHTML, like Gecko) Mobile Safari/537.36 (compatible; PetalBot;+https://webmaster.petalsearch.com/site/petalbot)" "nobbycosmic.com"
114.119.128.26 - - [02/Sep/2022:20:02:57 -0700] "GET /NJCA/Volunteer/?D=D HTTP/1.1" 200 427 "https://nobbycosmic.com/NJCA/Volunteer?D=A" "Mozilla/5.0 (Linux; Android 7.0;) AppleWebKit/537.36 (KHTML, like Gecko) Mobile Safari/537.36 (compatible; PetalBot;+https://webmaster.petalsearch.com/site/petalbot)" "nobbycosmic.com"
50.101.168.229 - - [02/Sep/2022:20:13:48 -0700] "GET /BabyTalks/BTList.htm HTTP/1.1" 200 10238 "-" "Mozilla/5.0 (iPhone; CPU iPhone OS 15_6_1 like Mac OS X) AppleWebKit/605.1.15 (KHTML, like Gecko) Version/15.6.1 Mobile/15E148 Safari/604.1" "nobbycosmic.com"
50.101.168.229 - - [02/Sep/2022:20:13:49 -0700] "GET /BabyTalks/BTFBanner1.jpg HTTP/1.1" 200 9524 "https://nobbycosmic.com/BabyTalks/BTList.htm" "Mozilla/5.0 (iPhone; CPU iPhone OS 15_6_1 like Mac OS X) AppleWebKit/605.1.15 (KHTML, like Gecko) Version/15.6.1 Mobile/15E148 Safari/604.1" "nobbycosmic.com"
50.101.168.229 - - [02/Sep/2022:20:13:49 -0700] "GET /BabyTalks/hiyoko.gif HTTP/1.1" 200 10361 "https://nobbycosmic.com/BabyTalks/BTList.htm" "Mozilla/5.0 (iPhone; CPU iPhone OS 15_6_1 like Mac OS X) AppleWebKit/605.1.15 (KHTML, like Gecko) Version/15.6.1 Mobile/15E148 Safari/604.1" "nobbycosmic.com"
50.101.168.229 - - [02/Sep/2022:20:13:49 -0700] "GET /BabyTalks/Group.jpg HTTP/1.1" 200 54379 "https://nobbycosmic.com/BabyTalks/BTList.htm" "Mozilla/5.0 (iPhone; CPU iPhone OS 15_6_1 like Mac OS X) AppleWebKit/605.1.15 (KHTML, like Gecko) Version/15.6.1 Mobile/15E148 Safari/604.1" "nobbycosmic.com"
50.101.168.229 - - [02/Sep/2022:20:13:49 -0700] "GET /BabyTalks/BTFBanner2.jpg HTTP/1.1" 200 4273 "https://nobbycosmic.com/BabyTalks/BTList.htm" "Mozilla/5.0 (iPhone; CPU iPhone OS 15_6_1 like Mac OS X) AppleWebKit/605.1.15 (KHTML, like Gecko) Version/15.6.1 Mobile/15E148 Safari/604.1" "nobbycosmic.com"
50.101.168.229 - - [02/Sep/2022:20:13:49 -0700] "GET /BabyTalks/blue_next.gif HTTP/1.1" 200 138 "https://nobbycosmic.com/BabyTalks/BTList.htm" "Mozilla/5.0 (iPhone; CPU iPhone OS 15_6_1 like Mac OS X) AppleWebKit/605.1.15 (KHTML, like Gecko) Version/15.6.1 Mobile/15E148 Safari/604.1" "nobbycosmic.com"
50.101.168.229 - - [02/Sep/2022:20:13:49 -0700] "GET /BabyTalks/SakuraMark2.jpg HTTP/1.1" 200 933 "https://nobbycosmic.com/BabyTalks/BTList.htm" "Mozilla/5.0 (iPhone; CPU iPhone OS 15_6_1 like Mac OS X) AppleWebKit/605.1.15 (KHTML, like Gecko) Version/15.6.1 Mobile/15E148 Safari/604.1" "nobbycosmic.com"
50.101.168.229 - - [02/Sep/2022:20:13:49 -0700] "GET /BabyTalks/FTFMemberDistChart.jpg HTTP/1.1" 200 61359 "https://nobbycosmic.com/BabyTalks/BTList.htm" "Mozilla/5.0 (iPhone; CPU iPhone OS 15_6_1 like Mac OS X) AppleWebKit/605.1.15 (KHTML, like Gecko) Version/15.6.1 Mobile/15E148 Safari/604.1" "nobbycosmic.com"
50.101.168.229 - - [02/Sep/2022:20:13:50 -0700] "GET /favicon.ico HTTP/1.1" 404 88 "https://nobbycosmic.com/BabyTalks/BTList.htm" "Mozilla/5.0 (iPhone; CPU iPhone OS 15_6_1 like Mac OS X) AppleWebKit/605.1.15 (KHTML, like Gecko) Version/15.6.1 Mobile/15E148 Safari/604.1" "nobbycosmic.com"
50.101.168.229 - - [02/Sep/2022:20:14:39 -0700] "GET /BabyTalks/FTFMember/MemberLists/FTFMemberListABC.htm HTTP/1.1" 401 90 "https://nobbycosmic.com/BabyTalks/BTList.htm" "Mozilla/5.0 (iPhone; CPU iPhone OS 15_6_1 like Mac OS X) AppleWebKit/605.1.15 (KHTML, like Gecko) Version/15.6.1 Mobile/15E148 Safari/604.1" "nobbycosmic.com"
50.101.168.229 - FTF [02/Sep/2022:20:15:38 -0700] "GET /BabyTalks/FTFMember/MemberLists/FTFMemberListABC.htm HTTP/1.1" 200 64232 "https://nobbycosmic.com/BabyTalks/BTList.htm" "Mozilla/5.0 (iPhone; CPU iPhone OS 15_6_1 like Mac OS X) AppleWebKit/605.1.15 (KHTML, like Gecko) Version/15.6.1 Mobile/15E148 Safari/604.1" "nobbycosmic.com"
216.244.66.200 - - [02/Sep/2022:20:26:58 -0700] "GET /robots.txt HTTP/1.1" 200 61 "-" "Mozilla/5.0 (compatible; DotBot/1.2; +https://opensiteexplorer.org/dotbot; help@moz.com)" "nobbycosmic.com"
114.119.128.40 - - [02/Sep/2022:21:05:43 -0700] "GET /NJCA/BBQ11 HTTP/1.1" 301 1418 "https://nobbycosmic.com/NJCA?M=A" "Mozilla/5.0 (Linux; Android 7.0;) AppleWebKit/537.36 (KHTML, like Gecko) Mobile Safari/537.36 (compatible; PetalBot;+https://webmaster.petalsearch.com/site/petalbot)" "nobbycosmic.com"
114.119.128.40 - - [02/Sep/2022:21:06:03 -0700] "GET /NJCA/BBQ11/ HTTP/1.1" 200 1906 "https://nobbycosmic.com/NJCA?M=A" "Mozilla/5.0 (Linux; Android 7.0;) AppleWebKit/537.36 (KHTML, like Gecko) Mobile Safari/537.36 (compatible; PetalBot;+https://webmaster.petalsearch.com/site/petalbot)" "nobbycosmic.com"
216.244.66.200 - - [02/Sep/2022:21:12:32 -0700] "GET /robots.txt HTTP/1.1" 200 61 "-" "Mozilla/5.0 (compatible; DotBot/1.2; +https://opensiteexplorer.org/dotbot; help@moz.com)" "nobbycosmic.com"
114.119.128.40 - - [02/Sep/2022:21:17:11 -0700] "GET /Card/Card03?C=S%3BO%3DA HTTP/1.1" 301 1427 "https://nobbycosmic.com/Card/Card03?C=D%3BO%3DA" "Mozilla/5.0 (Linux; Android 7.0;) AppleWebKit/537.36 (KHTML, like Gecko) Mobile Safari/537.36 (compatible; PetalBot;+https://webmaster.petalsearch.com/site/petalbot)" "nobbycosmic.com"
114.119.128.40 - - [02/Sep/2022:21:17:22 -0700] "GET /Card/Card03/?C=S%3BO%3DA HTTP/1.1" 200 446 "https://nobbycosmic.com/Card/Card03?C=D%3BO%3DA" "Mozilla/5.0 (Linux; Android 7.0;) AppleWebKit/537.36 (KHTML, like Gecko) Mobile Safari/537.36 (compatible; PetalBot;+https://webmaster.petalsearch.com/site/petalbot)" "nobbycosmic.com"
111.110.225.60 - - [02/Sep/2022:21:32:55 -0700] "GET /Utagoe/2022Summer/Utagoe202208.htm HTTP/1.1" 200 2832 "-" "Mozilla/5.0 (Windows NT 10.0; Win64; x64) AppleWebKit/537.36 (KHTML, like Gecko) Chrome/105.0.0.0 Safari/537.36 Edg/105.0.1343.25" "nobbycosmic.com"
111.110.225.60 - - [02/Sep/2022:21:32:56 -0700] "GET /Utagoe/2022Summer/2022082701Sun.jpg HTTP/1.1" 200 43206 "https://nobbycosmic.com/Utagoe/2022Summer/Utagoe202208.htm" "Mozilla/5.0 (Windows NT 10.0; Win64; x64) AppleWebKit/537.36 (KHTML, like Gecko) Chrome/105.0.0.0 Safari/537.36 Edg/105.0.1343.25" "nobbycosmic.com"
111.110.225.60 - - [02/Sep/2022:21:32:56 -0700] "GET /Utagoe/2022Summer/2022082702BlueSky.jpg HTTP/1.1" 200 30483 "https://nobbycosmic.com/Utagoe/2022Summer/Utagoe202208.htm" "Mozilla/5.0 (Windows NT 10.0; Win64; x64) AppleWebKit/537.36 (KHTML, like Gecko) Chrome/105.0.0.0 Safari/537.36 Edg/105.0.1343.25" "nobbycosmic.com"
111.110.225.60 - - [02/Sep/2022:21:32:56 -0700] "GET /Utagoe/2022Summer/2022082703Tree.JPG HTTP/1.1" 200 130838 "https://nobbycosmic.com/Utagoe/2022Summer/Utagoe202208.htm" "Mozilla/5.0 (Windows NT 10.0; Win64; x64) AppleWebKit/537.36 (KHTML, like Gecko) Chrome/105.0.0.0 Safari/537.36 Edg/105.0.1343.25" "nobbycosmic.com"
111.110.225.60 - - [02/Sep/2022:21:32:56 -0700] "GET /Utagoe/2022Summer/2022082704Tree.jpg HTTP/1.1" 200 107210 "https://nobbycosmic.com/Utagoe/2022Summer/Utagoe202208.htm" "Mozilla/5.0 (Windows NT 10.0; Win64; x64) AppleWebKit/537.36 (KHTML, like Gecko) Chrome/105.0.0.0 Safari/537.36 Edg/105.0.1343.25" "nobbycosmic.com"
111.110.225.60 - - [02/Sep/2022:21:32:56 -0700] "GET /Utagoe/2022Summer/2022082705Prep.jpg HTTP/1.1" 200 83979 "https://nobbycosmic.com/Utagoe/2022Summer/Utagoe202208.htm" "Mozilla/5.0 (Windows NT 10.0; Win64; x64) AppleWebKit/537.36 (KHTML, like Gecko) Chrome/105.0.0.0 Safari/537.36 Edg/105.0.1343.25" "nobbycosmic.com"
111.110.225.60 - - [02/Sep/2022:21:32:56 -0700] "GET /Utagoe/2022Summer/2022082707Session.JPG HTTP/1.1" 200 148214 "https://nobbycosmic.com/Utagoe/2022Summer/Utagoe202208.htm" "Mozilla/5.0 (Windows NT 10.0; Win64; x64) AppleWebKit/537.36 (KHTML, like Gecko) Chrome/105.0.0.0 Safari/537.36 Edg/105.0.1343.25" "nobbycosmic.com"
111.110.225.60 - - [02/Sep/2022:21:32:56 -0700] "GET /Utagoe/2022Summer/2022082711Lunch.JPG HTTP/1.1" 200 137587 "https://nobbycosmic.com/Utagoe/2022Summer/Utagoe202208.htm" "Mozilla/5.0 (Windows NT 10.0; Win64; x64) AppleWebKit/537.36 (KHTML, like Gecko) Chrome/105.0.0.0 Safari/537.36 Edg/105.0.1343.25" "nobbycosmic.com"
111.110.225.60 - - [02/Sep/2022:21:32:56 -0700] "GET /Utagoe/2022Summer/2022082712Songs.JPG HTTP/1.1" 200 128747 "https://nobbycosmic.com/Utagoe/2022Summer/Utagoe202208.htm" "Mozilla/5.0 (Windows NT 10.0; Win64; x64) AppleWebKit/537.36 (KHTML, like Gecko) Chrome/105.0.0.0 Safari/537.36 Edg/105.0.1343.25" "nobbycosmic.com"
111.110.225.60 - - [02/Sep/2022:21:32:56 -0700] "GET /Utagoe/2022Summer/2022082710Lunch.JPG HTTP/1.1" 200 148867 "https://nobbycosmic.com/Utagoe/2022Summer/Utagoe202208.htm" "Mozilla/5.0 (Windows NT 10.0; Win64; x64) AppleWebKit/537.36 (KHTML, like Gecko) Chrome/105.0.0.0 Safari/537.36 Edg/105.0.1343.25" "nobbycosmic.com"
111.110.225.60 - - [02/Sep/2022:21:32:57 -0700] "GET /Utagoe/2022Summer/2022082709Band.JPG HTTP/1.1" 200 132981 "https://nobbycosmic.com/Utagoe/2022Summer/Utagoe202208.htm" "Mozilla/5.0 (Windows NT 10.0; Win64; x64) AppleWebKit/537.36 (KHTML, like Gecko) Chrome/105.0.0.0 Safari/537.36 Edg/105.0.1343.25" "nobbycosmic.com"
111.110.225.60 - - [02/Sep/2022:21:32:57 -0700] "GET /Utagoe/2022Summer/2022082713Songs.JPG HTTP/1.1" 200 147773 "https://nobbycosmic.com/Utagoe/2022Summer/Utagoe202208.htm" "Mozilla/5.0 (Windows NT 10.0; Win64; x64) AppleWebKit/537.36 (KHTML, like Gecko) Chrome/105.0.0.0 Safari/537.36 Edg/105.0.1343.25" "nobbycosmic.com"
111.110.225.60 - - [02/Sep/2022:21:32:57 -0700] "GET /Utagoe/2022Summer/2022082710Band.JPG HTTP/1.1" 200 139648 "https://nobbycosmic.com/Utagoe/2022Summer/Utagoe202208.htm" "Mozilla/5.0 (Windows NT 10.0; Win64; x64) AppleWebKit/537.36 (KHTML, like Gecko) Chrome/105.0.0.0 Safari/537.36 Edg/105.0.1343.25" "nobbycosmic.com"
111.110.225.60 - - [02/Sep/2022:21:32:57 -0700] "GET /Utagoe/2022Summer/2022082706Prep.jpg HTTP/1.1" 200 129100 "https://nobbycosmic.com/Utagoe/2022Summer/Utagoe202208.htm" "Mozilla/5.0 (Windows NT 10.0; Win64; x64) AppleWebKit/537.36 (KHTML, like Gecko) Chrome/105.0.0.0 Safari/537.36 Edg/105.0.1343.25" "nobbycosmic.com"
111.110.225.60 - - [02/Sep/2022:21:32:57 -0700] "GET /Utagoe/2022Summer/2022082708Session.JPG HTTP/1.1" 200 133126 "https://nobbycosmic.com/Utagoe/2022Summer/Utagoe202208.htm" "Mozilla/5.0 (Windows NT 10.0; Win64; x64) AppleWebKit/537.36 (KHTML, like Gecko) Chrome/105.0.0.0 Safari/537.36 Edg/105.0.1343.25" "nobbycosmic.com"
111.110.225.60 - - [02/Sep/2022:21:32:58 -0700] "GET /favicon.ico HTTP/1.1" 404 88 "https://nobbycosmic.com/Utagoe/2022Summer/Utagoe202208.htm" "Mozilla/5.0 (Windows NT 10.0; Win64; x64) AppleWebKit/537.36 (KHTML, like Gecko) Chrome/105.0.0.0 Safari/537.36 Edg/105.0.1343.25" "nobbycosmic.com"
40.77.167.47 - - [02/Sep/2022:21:38:16 -0700] "GET /NJCA/NY08/Pictures/Prep20.jpg HTTP/1.1" 200 119847 "-" "Mozilla/5.0 (compatible; bingbot/2.0; +http://www.bing.com/bingbot.htm)" "nobbycosmic.com"
220.181.51.120 - - [02/Sep/2022:21:38:45 -0700] "GET /robots.txt HTTP/1.1" 200 75 "-" "Mozilla/5.0 (Windows NT 10.0; WOW64) AppleWebKit/537.36 (KHTML, like Gecko) Chrome/48.0.2564.116 Safari/537.36" "nobbycosmic.com"
220.181.108.112 - - [02/Sep/2022:21:38:58 -0700] "GET /NJCA/NY11/NY2011ProgramJ.pdf HTTP/1.1" 304 - "-" "Mozilla/5.0 (compatible; Baiduspider/2.0; +http://www.baidu.com/search/spider.html)" "nobbycosmic.com"
220.181.51.92 - - [02/Sep/2022:21:39:05 -0700] "GET /robots.txt HTTP/1.1" 200 75 "-" "Mozilla/5.0 (Windows NT 10.0; WOW64) AppleWebKit/537.36 (KHTML, like Gecko) Chrome/48.0.2564.116 Safari/537.36" "nobbycosmic.com"
216.244.66.200 - - [02/Sep/2022:21:58:20 -0700] "GET /robots.txt HTTP/1.1" 200 61 "-" "Mozilla/5.0 (compatible; DotBot/1.2; +https://opensiteexplorer.org/dotbot; help@moz.com)" "nobbycosmic.com"
23.100.7.152 - - [02/Sep/2022:22:10:49 -0700] "GET //ALFA_DATA/alfacgiapi/perl.alfa HTTP/1.1" 404 88 "-" "Mozilla/5.0 (Windows NT 5.1) AppleWebKit/537.36 (KHTML, like Gecko) Chrome/27.0.1453.93 Safari/537.36" "nobbycosmic.com"
157.55.39.37 - - [02/Sep/2022:22:19:35 -0700] "GET /Post/JSS202107251.pdf HTTP/1.1" 404 88 "-" "Mozilla/5.0 (compatible; bingbot/2.0; +http://www.bing.com/bingbot.htm)" "nobbycosmic.com"
208.67.104.40 - - [02/Sep/2022:22:21:01 -0700] "GET /cpanel HTTP/1.1" 404 88 "-" "Mozilla/5.0 (Macintosh; Intel Mac OS X 10_10_1) AppleWebKit/537.36 (KHTML, like Gecko) Chrome/39.0.2171.95 Safari/537.36" "nobbycosmic.com"
185.191.171.39 - - [02/Sep/2022:22:34:04 -0700] "GET /robots.txt HTTP/1.1" 200 75 "-" "Mozilla/5.0 (compatible; SemrushBot/7~bl; +http://www.semrush.com/bot.html)" "nobbycosmic.com"
185.191.171.5 - - [02/Sep/2022:22:34:06 -0700] "GET /Utagoe/0902.htm HTTP/1.1" 200 2432 "-" "Mozilla/5.0 (compatible; SemrushBot/7~bl; +http://www.semrush.com/bot.html)" "nobbycosmic.com"
216.244.66.200 - - [02/Sep/2022:22:44:16 -0700] "GET /robots.txt HTTP/1.1" 200 61 "-" "Mozilla/5.0 (compatible; DotBot/1.2; +https://opensiteexplorer.org/dotbot; help@moz.com)" "nobbycosmic.com"
216.244.66.200 - - [02/Sep/2022:22:48:28 -0700] "GET /NJCA/JCCC/JCCCBazaar2009.htm HTTP/1.1" 200 5020 "-" "Mozilla/5.0 (compatible; DotBot/1.2; +https://opensiteexplorer.org/dotbot; help@moz.com)" "nobbycosmic.com"
162.0.216.67 - - [02/Sep/2022:22:54:44 -0700] "GET /wp-login.php HTTP/1.1" 404 88 "http://nobbycosmic.com/wp-login.php" "Mozilla/5.0 (Windows NT 10.0; Win64; x64rv:95.0) Gecko/20100101 Firefox/95.0" "nobbycosmic.com"
114.119.128.26 - - [02/Sep/2022:22:55:20 -0700] "GET /NJCA/Document/ HTTP/1.1" 200 1525 "https://nobbycosmic.com/NJCA/?C=N%3BO%3DD" "Mozilla/5.0 (Linux; Android 7.0;) AppleWebKit/537.36 (KHTML, like Gecko) Mobile Safari/537.36 (compatible; PetalBot;+https://webmaster.petalsearch.com/site/petalbot)" "nobbycosmic.com"
157.55.39.65 - - [02/Sep/2022:23:00:40 -0700] "GET /Temp/Nissin20131029.pdf HTTP/1.1" 404 88 "-" "Mozilla/5.0 (compatible; bingbot/2.0; +http://www.bing.com/bingbot.htm)" "nobbycosmic.com"
114.119.128.40 - - [02/Sep/2022:23:03:41 -0700] "GET /NJCA/BBQ07/BBQ2007J_OUT.pdf HTTP/1.1" 200 51319 "https://nobbycosmic.com/NJCA/BBQ07/" "Mozilla/5.0 (Linux; Android 7.0;) AppleWebKit/537.36 (KHTML, like Gecko) Mobile Safari/537.36 (compatible; PetalBot;+https://webmaster.petalsearch.com/site/petalbot)" "nobbycosmic.com"
114.119.128.40 - - [02/Sep/2022:23:12:09 -0700] "GET /NJCA/Document/NJCAItemRentalAgreement.pdf HTTP/1.1" 200 114319 "https://nobbycosmic.com/NJCA/Document?C=D%3BO%3DA" "Mozilla/5.0 (Linux; Android 7.0;) AppleWebKit/537.36 (KHTML, like Gecko) Mobile Safari/537.36 (compatible; PetalBot;+https://webmaster.petalsearch.com/site/petalbot)" "nobbycosmic.com"
114.119.128.26 - - [02/Sep/2022:23:16:31 -0700] "GET /NJCA/BBQ06?C=N%3BO%3DD HTTP/1.1" 301 1432 "https://nobbycosmic.com/NJCA/BBQ06?M=A" "Mozilla/5.0 (Linux; Android 7.0;) AppleWebKit/537.36 (KHTML, like Gecko) Mobile Safari/537.36 (compatible; PetalBot;+https://webmaster.petalsearch.com/site/petalbot)" "nobbycosmic.com"
114.119.128.26 - - [02/Sep/2022:23:16:35 -0700] "GET /NJCA/BBQ06/?C=N%3BO%3DD HTTP/1.1" 200 996 "https://nobbycosmic.com/NJCA/BBQ06?M=A" "Mozilla/5.0 (Linux; Android 7.0;) AppleWebKit/537.36 (KHTML, like Gecko) Mobile Safari/537.36 (compatible; PetalBot;+https://webmaster.petalsearch.com/site/petalbot)" "nobbycosmic.com"
114.119.128.26 - - [02/Sep/2022:23:23:49 -0700] "GET /NJCA/NY08/Pictures?S=D HTTP/1.1" 301 1428 "https://nobbycosmic.com/NJCA/NY08/Pictures?S=A" "Mozilla/5.0 (Linux; Android 7.0;) AppleWebKit/537.36 (KHTML, like Gecko) Mobile Safari/537.36 (compatible; PetalBot;+https://webmaster.petalsearch.com/site/petalbot)" "nobbycosmic.com"
114.119.128.26 - - [02/Sep/2022:23:23:56 -0700] "GET /NJCA/NY08/Pictures/?S=D HTTP/1.1" 200 1381 "https://nobbycosmic.com/NJCA/NY08/Pictures?S=A" "Mozilla/5.0 (Linux; Android 7.0;) AppleWebKit/537.36 (KHTML, like Gecko) Mobile Safari/537.36 (compatible; PetalBot;+https://webmaster.petalsearch.com/site/petalbot)" "nobbycosmic.com"
216.244.66.200 - - [02/Sep/2022:23:30:18 -0700] "GET /robots.txt HTTP/1.1" 200 61 "-" "Mozilla/5.0 (compatible; DotBot/1.2; +https://opensiteexplorer.org/dotbot; help@moz.com)" "nobbycosmic.com"
114.119.128.26 - - [02/Sep/2022:23:38:16 -0700] "GET /NJCA/Volunteer/VolunteerListJCCCBazaar2010.htm HTTP/1.1" 200 2440 "https://nobbycosmic.com/NJCA/Volunteer/" "Mozilla/5.0 (Linux; Android 7.0;) AppleWebKit/537.36 (KHTML, like Gecko) Mobile Safari/537.36 (compatible; PetalBot;+https://webmaster.petalsearch.com/site/petalbot)" "nobbycosmic.com"
157.55.39.163 - - [02/Sep/2022:23:41:30 -0700] "GET /Homepage/Tickets/Ticket2/TicketA08.jpg HTTP/1.1" 200 20850 "-" "Mozilla/5.0 (compatible; bingbot/2.0; +http://www.bing.com/bingbot.htm)" "nobbycosmic.com"
157.55.39.163 - - [02/Sep/2022:23:48:44 -0700] "GET /post/2022%20job%20posting,%20m@h%20homemaker.pdf HTTP/1.1" 404 88 "-" "Mozilla/5.0 (compatible; bingbot/2.0; +http://www.bing.com/bingbot.htm)" "nobbycosmic.com"
114.119.140.234 - - [02/Sep/2022:23:49:57 -0700] "GET /robots.txt HTTP/1.1" 200 75 "-" "Mozilla/5.0 (compatible;PetalBot;+https://webmaster.petalsearch.com/site/petalbot)" "www.nobbycosmic.com"
114.119.128.40 - - [03/Sep/2022:00:15:41 -0700] "GET /Utagoe/SongBooks HTTP/1.1" 301 1420 "https://nobbycosmic.com/Utagoe" "Mozilla/5.0 (Linux; Android 7.0;) AppleWebKit/537.36 (KHTML, like Gecko) Mobile Safari/537.36 (compatible; PetalBot;+https://webmaster.petalsearch.com/site/petalbot)" "nobbycosmic.com"
114.119.128.40 - - [03/Sep/2022:00:15:50 -0700] "GET /Utagoe/SongBooks/ HTTP/1.1" 200 562 "https://nobbycosmic.com/Utagoe" "Mozilla/5.0 (Linux; Android 7.0;) AppleWebKit/537.36 (KHTML, like Gecko) Mobile Safari/537.36 (compatible; PetalBot;+https://webmaster.petalsearch.com/site/petalbot)" "nobbycosmic.com"
216.244.66.200 - - [03/Sep/2022:00:16:29 -0700] "GET /robots.txt HTTP/1.1" 200 61 "-" "Mozilla/5.0 (compatible; DotBot/1.2; +https://opensiteexplorer.org/dotbot; help@moz.com)" "nobbycosmic.com"
147.92.153.16 - - [03/Sep/2022:00:24:57 -0700] "GET /Utagoe/2022Summer/2022082701Sun.jpg HTTP/1.1" 200 43206 "-" "Mozilla/5.0 (compatible; Linespider/1.1; +https://lin.ee/4dwXkTH)" "nobbycosmic.com"
147.92.153.4 - - [03/Sep/2022:01:01:00 -0700] "GET /Utagoe/2022Summer/2022082708Session.JPG HTTP/1.1" 200 133126 "-" "Mozilla/5.0 (compatible; Linespider/1.1; +https://lin.ee/4dwXkTH)" "nobbycosmic.com"
216.244.66.200 - - [03/Sep/2022:01:03:11 -0700] "GET /robots.txt HTTP/1.1" 200 61 "-" "Mozilla/5.0 (compatible; DotBot/1.2; +https://opensiteexplorer.org/dotbot; help@moz.com)" "nobbycosmic.com"
157.55.39.37 - - [03/Sep/2022:01:20:24 -0700] "GET /Temp/JF20161124.pdf HTTP/1.1" 404 88 "-" "Mozilla/5.0 AppleWebKit/537.36 (KHTML, like Gecko; compatible; bingbot/2.0; +http://www.bing.com/bingbot.htm) Chrome/103.0.5060.134 Safari/537.36" "nobbycosmic.com"
147.92.153.8 - - [03/Sep/2022:01:41:00 -0700] "GET /Utagoe/2022Summer/2022082710Lunch.JPG HTTP/1.1" 200 148867 "-" "Mozilla/5.0 (compatible; Linespider/1.1; +https://lin.ee/4dwXkTH)" "nobbycosmic.com"
216.244.66.200 - - [03/Sep/2022:01:49:43 -0700] "GET /robots.txt HTTP/1.1" 200 61 "-" "Mozilla/5.0 (compatible; DotBot/1.2; +https://opensiteexplorer.org/dotbot; help@moz.com)" "nobbycosmic.com"
187.21.102.215 - - [03/Sep/2022:02:19:29 -0700] "GET /Utagoe/2022Summer/Utagoe202208.htm HTTP/1.1" 200 2832 "-" "Mozilla/5.0 (iPhone; CPU iPhone OS 15_6 like Mac OS X) AppleWebKit/605.1.15 (KHTML, like Gecko) CriOS/104.0.5112.99 Mobile/15E148 Safari/604.1" "nobbycosmic.com"
187.21.102.215 - - [03/Sep/2022:02:19:30 -0700] "GET /Utagoe/2022Summer/Utagoe202208.htm HTTP/1.1" 200 2832 "-" "Mozilla/5.0 (iPhone; CPU iPhone OS 15_6 like Mac OS X) AppleWebKit/605.1.15 (KHTML, like Gecko) CriOS/104.0.5112.99 Mobile/15E148 Safari/604.1" "nobbycosmic.com"
187.21.102.215 - - [03/Sep/2022:02:19:30 -0700] "GET /Utagoe/2022Summer/2022082703Tree.JPG HTTP/1.1" 304 - "https://nobbycosmic.com/Utagoe/2022Summer/Utagoe202208.htm" "Mozilla/5.0 (iPhone; CPU iPhone OS 15_6 like Mac OS X) AppleWebKit/605.1.15 (KHTML, like Gecko) CriOS/104.0.5112.99 Mobile/15E148 Safari/604.1" "nobbycosmic.com"
187.21.102.215 - - [03/Sep/2022:02:19:30 -0700] "GET /Utagoe/2022Summer/2022082708Session.JPG HTTP/1.1" 304 - "https://nobbycosmic.com/Utagoe/2022Summer/Utagoe202208.htm" "Mozilla/5.0 (iPhone; CPU iPhone OS 15_6 like Mac OS X) AppleWebKit/605.1.15 (KHTML, like Gecko) CriOS/104.0.5112.99 Mobile/15E148 Safari/604.1" "nobbycosmic.com"
187.21.102.215 - - [03/Sep/2022:02:19:30 -0700] "GET /Utagoe/2022Summer/2022082712Songs.JPG HTTP/1.1" 304 - "https://nobbycosmic.com/Utagoe/2022Summer/Utagoe202208.htm" "Mozilla/5.0 (iPhone; CPU iPhone OS 15_6 like Mac OS X) AppleWebKit/605.1.15 (KHTML, like Gecko) CriOS/104.0.5112.99 Mobile/15E148 Safari/604.1" "nobbycosmic.com"
187.21.102.215 - - [03/Sep/2022:02:19:30 -0700] "GET /Utagoe/2022Summer/2022082710Lunch.JPG HTTP/1.1" 304 - "https://nobbycosmic.com/Utagoe/2022Summer/Utagoe202208.htm" "Mozilla/5.0 (iPhone; CPU iPhone OS 15_6 like Mac OS X) AppleWebKit/605.1.15 (KHTML, like Gecko) CriOS/104.0.5112.99 Mobile/15E148 Safari/604.1" "nobbycosmic.com"
187.21.102.215 - - [03/Sep/2022:02:19:30 -0700] "GET /favicon.ico HTTP/1.1" 404 88 "-" "Mozilla/5.0 (iPhone; CPU iPhone OS 15_6 like Mac OS X) AppleWebKit/605.1.15 (KHTML, like Gecko) CriOS/104.0.5112.99 Mobile/15E148 Safari/604.1" "nobbycosmic.com"
187.21.102.215 - - [03/Sep/2022:02:19:30 -0700] "GET /Utagoe/2022Summer/2022082713Songs.JPG HTTP/1.1" 304 - "https://nobbycosmic.com/Utagoe/2022Summer/Utagoe202208.htm" "Mozilla/5.0 (iPhone; CPU iPhone OS 15_6 like Mac OS X) AppleWebKit/605.1.15 (KHTML, like Gecko) CriOS/104.0.5112.99 Mobile/15E148 Safari/604.1" "nobbycosmic.com"
187.21.102.215 - - [03/Sep/2022:02:19:30 -0700] "GET /Utagoe/2022Summer/2022082710Band.JPG HTTP/1.1" 304 - "https://nobbycosmic.com/Utagoe/2022Summer/Utagoe202208.htm" "Mozilla/5.0 (iPhone; CPU iPhone OS 15_6 like Mac OS X) AppleWebKit/605.1.15 (KHTML, like Gecko) CriOS/104.0.5112.99 Mobile/15E148 Safari/604.1" "nobbycosmic.com"
187.21.102.215 - - [03/Sep/2022:02:19:30 -0700] "GET /Utagoe/2022Summer/2022082709Band.JPG HTTP/1.1" 304 - "https://nobbycosmic.com/Utagoe/2022Summer/Utagoe202208.htm" "Mozilla/5.0 (iPhone; CPU iPhone OS 15_6 like Mac OS X) AppleWebKit/605.1.15 (KHTML, like Gecko) CriOS/104.0.5112.99 Mobile/15E148 Safari/604.1" "nobbycosmic.com"
187.21.102.215 - - [03/Sep/2022:02:19:30 -0700] "GET /Utagoe/2022Summer/2022082707Session.JPG HTTP/1.1" 304 - "https://nobbycosmic.com/Utagoe/2022Summer/Utagoe202208.htm" "Mozilla/5.0 (iPhone; CPU iPhone OS 15_6 like Mac OS X) AppleWebKit/605.1.15 (KHTML, like Gecko) CriOS/104.0.5112.99 Mobile/15E148 Safari/604.1" "nobbycosmic.com"
187.21.102.215 - - [03/Sep/2022:02:19:30 -0700] "GET /Utagoe/2022Summer/2022082711Lunch.JPG HTTP/1.1" 304 - "https://nobbycosmic.com/Utagoe/2022Summer/Utagoe202208.htm" "Mozilla/5.0 (iPhone; CPU iPhone OS 15_6 like Mac OS X) AppleWebKit/605.1.15 (KHTML, like Gecko) CriOS/104.0.5112.99 Mobile/15E148 Safari/604.1" "nobbycosmic.com"
187.21.102.215 - - [03/Sep/2022:02:19:30 -0700] "GET /favicon.ico HTTP/1.1" 404 88 "-" "Mozilla/5.0 (iPhone; CPU iPhone OS 15_6 like Mac OS X) AppleWebKit/605.1.15 (KHTML, like Gecko) CriOS/104.0.5112.99 Mobile/15E148 Safari/604.1" "nobbycosmic.com"
147.92.153.5 - - [03/Sep/2022:02:21:00 -0700] "GET /Utagoe/2022Summer/2022082704Tree.jpg HTTP/1.1" 200 107210 "-" "Mozilla/5.0 (compatible; Linespider/1.1; +https://lin.ee/4dwXkTH)" "nobbycosmic.com"
157.55.39.163 - - [03/Sep/2022:02:29:14 -0700] "GET /Temp/Takobituary.pdf HTTP/1.1" 404 88 "-" "Mozilla/5.0 (compatible; bingbot/2.0; +http://www.bing.com/bingbot.htm)" "nobbycosmic.com"
216.244.66.200 - - [03/Sep/2022:02:36:49 -0700] "GET /robots.txt HTTP/1.1" 200 61 "-" "Mozilla/5.0 (compatible; DotBot/1.2; +https://opensiteexplorer.org/dotbot; help@moz.com)" "nobbycosmic.com"
157.55.39.163 - - [03/Sep/2022:02:52:16 -0700] "GET /Utagoe/10/JCCC2D.pdf HTTP/1.1" 200 43749 "-" "Mozilla/5.0 (compatible; bingbot/2.0; +http://www.bing.com/bingbot.htm)" "nobbycosmic.com"
35.86.215.22 - - [03/Sep/2022:02:58:25 -0700] "GET / HTTP/1.1" 200 3158 "-" "Mozilla/4.0 (compatible; MSIE 6.0; Windows NT 5.1; FSL 7.0.6.01001)" "nobbycosmic.com"
147.92.153.16 - - [03/Sep/2022:03:01:00 -0700] "GET /Utagoe/2022Summer/2022082702BlueSky.jpg HTTP/1.1" 200 30483 "-" "Mozilla/5.0 (compatible; Linespider/1.1; +https://lin.ee/4dwXkTH)" "nobbycosmic.com"
17.121.112.195 - - [03/Sep/2022:03:05:58 -0700] "GET /robots.txt HTTP/1.1" 200 75 "-" "Mozilla/5.0 (Macintosh; Intel Mac OS X 10_15_5) AppleWebKit/605.1.15 (KHTML, like Gecko) Version/13.1.1 Safari/605.1.15 (Applebot/0.1; +http://www.apple.com/go/applebot)" "nobbycosmic.com"
17.121.112.195 - - [03/Sep/2022:03:05:58 -0700] "GET /BabyTalks/BTList.htm HTTP/1.1" 200 10238 "-" "Mozilla/5.0 (Macintosh; Intel Mac OS X 10_15_5) AppleWebKit/605.1.15 (KHTML, like Gecko) Version/13.1.1 Safari/605.1.15 (Applebot/0.1; +http://www.apple.com/go/applebot)" "nobbycosmic.com"
54.36.149.63 - - [03/Sep/2022:03:12:11 -0700] "GET /robots.txt HTTP/1.1" 200 75 "-" "Mozilla/5.0 (compatible; AhrefsBot/7.0; +http://ahrefs.com/robot/)" "www.nobbycosmic.com"
51.222.253.9 - - [03/Sep/2022:03:12:12 -0700] "GET / HTTP/1.1" 200 3158 "-" "Mozilla/5.0 (compatible; AhrefsBot/7.0; +http://ahrefs.com/robot/)" "www.nobbycosmic.com"
157.55.39.65 - - [03/Sep/2022:03:19:06 -0700] "GET /BabyTalks/BTFCanada.pdf HTTP/1.1" 304 - "-" "Mozilla/5.0 (compatible; bingbot/2.0; +http://www.bing.com/bingbot.htm)" "nobbycosmic.com"
157.55.39.36 - - [03/Sep/2022:03:22:02 -0700] "GET /BabyTalks/BTList.htm HTTP/1.1" 200 10238 "-" "Mozilla/5.0 (compatible; bingbot/2.0; +http://www.bing.com/bingbot.htm)" "nobbycosmic.com"
216.244.66.200 - - [03/Sep/2022:03:24:33 -0700] "GET /robots.txt HTTP/1.1" 200 61 "-" "Mozilla/5.0 (compatible; DotBot/1.2; +https://opensiteexplorer.org/dotbot; help@moz.com)" "nobbycosmic.com"
147.92.153.17 - - [03/Sep/2022:03:40:59 -0700] "GET /Utagoe/2022Summer/2022082710Band.JPG HTTP/1.1" 200 139648 "-" "Mozilla/5.0 (compatible; Linespider/1.1; +https://lin.ee/4dwXkTH)" "nobbycosmic.com"
5.45.207.154 - - [03/Sep/2022:03:41:00 -0700] "GET /robots.txt HTTP/1.1" 200 61 "-" "Mozilla/5.0 (compatible; YandexBot/3.0; +http://yandex.com/bots)" "nobbycosmic.com"
5.45.207.105 - - [03/Sep/2022:03:41:04 -0700] "GET /Post/JSS202112101.pdf HTTP/1.1" 200 4198493 "-" "Mozilla/5.0 (compatible; YandexBot/3.0; +http://yandex.com/bots)" "nobbycosmic.com"
54.36.148.233 - - [03/Sep/2022:03:46:17 -0700] "GET /robots.txt HTTP/1.1" 200 75 "-" "Mozilla/5.0 (compatible; AhrefsBot/7.0; +http://ahrefs.com/robot/)" "nobbycosmic.com"
185.191.171.45 - - [03/Sep/2022:04:04:16 -0700] "GET /robots.txt HTTP/1.1" 200 75 "-" "Mozilla/5.0 (compatible; SemrushBot/7~bl; +http://www.semrush.com/bot.html)" "nobbycosmic.com"
185.191.171.16 - - [03/Sep/2022:04:04:18 -0700] "GET /Utagoe/0102.htm HTTP/1.1" 200 1584 "-" "Mozilla/5.0 (compatible; SemrushBot/7~bl; +http://www.semrush.com/bot.html)" "nobbycosmic.com"
216.244.66.200 - - [03/Sep/2022:04:12:24 -0700] "GET /robots.txt HTTP/1.1" 200 61 "-" "Mozilla/5.0 (compatible; DotBot/1.2; +https://opensiteexplorer.org/dotbot; help@moz.com)" "nobbycosmic.com"
54.36.149.92 - - [03/Sep/2022:04:14:49 -0700] "GET /robots.txt HTTP/1.1" 200 75 "-" "Mozilla/5.0 (compatible; AhrefsBot/7.0; +http://ahrefs.com/robot/)" "nobbycosmic.com"
51.222.253.10 - - [03/Sep/2022:04:14:50 -0700] "GET / HTTP/1.1" 200 3158 "-" "Mozilla/5.0 (compatible; AhrefsBot/7.0; +http://ahrefs.com/robot/)" "nobbycosmic.com"
147.92.153.19 - - [03/Sep/2022:04:21:00 -0700] "GET /Utagoe/2022Summer/2022082712Songs.JPG HTTP/1.1" 200 128747 "-" "Mozilla/5.0 (compatible; Linespider/1.1; +https://lin.ee/4dwXkTH)" "nobbycosmic.com"
185.191.171.35 - - [03/Sep/2022:04:35:21 -0700] "GET /Utagoe/2015Summer/Utagoe201508.htm HTTP/1.1" 200 5360 "-" "Mozilla/5.0 (compatible; SemrushBot/7~bl; +http://www.semrush.com/bot.html)" "nobbycosmic.com"
68.126.192.247 - - [03/Sep/2022:04:49:19 -0700] "GET / HTTP/1.1" 200 10838 "-" "Mozilla/5.0 (Windows NT 6.3; Win64; x64) AppleWebKit/537.36 (KHTML, like Gecko) Chrome/102.0.0.0 Safari/537.36" "nobbycosmic.com"
147.92.153.10 - - [03/Sep/2022:05:01:00 -0700] "GET /Utagoe/2022Summer/2022082711Lunch.JPG HTTP/1.1" 200 137587 "-" "Mozilla/5.0 (compatible; Linespider/1.1; +https://lin.ee/4dwXkTH)" "nobbycosmic.com"
216.244.66.200 - - [03/Sep/2022:05:01:22 -0700] "GET /robots.txt HTTP/1.1" 200 61 "-" "Mozilla/5.0 (compatible; DotBot/1.2; +https://opensiteexplorer.org/dotbot; help@moz.com)" "nobbycosmic.com"
114.119.128.40 - - [03/Sep/2022:05:03:13 -0700] "GET /Card/Card18 HTTP/1.1" 301 1414 "https://nobbycosmic.com/Card?C=D%3BO%3DA" "Mozilla/5.0 (Linux; Android 7.0;) AppleWebKit/537.36 (KHTML, like Gecko) Mobile Safari/537.36 (compatible; PetalBot;+https://webmaster.petalsearch.com/site/petalbot)" "nobbycosmic.com"
114.119.128.40 - - [03/Sep/2022:05:03:14 -0700] "GET /Card/Card18/ HTTP/1.1" 200 546 "https://nobbycosmic.com/Card?C=D%3BO%3DA" "Mozilla/5.0 (Linux; Android 7.0;) AppleWebKit/537.36 (KHTML, like Gecko) Mobile Safari/537.36 (compatible; PetalBot;+https://webmaster.petalsearch.com/site/petalbot)" "nobbycosmic.com"
114.119.128.40 - - [03/Sep/2022:05:08:48 -0700] "GET /Utagoe/Brasil.htm HTTP/1.1" 200 6264 "https://nobbycosmic.com/Utagoe" "Mozilla/5.0 (Linux; Android 7.0;) AppleWebKit/537.36 (KHTML, like Gecko) Mobile Safari/537.36 (compatible; PetalBot;+https://webmaster.petalsearch.com/site/petalbot)" "nobbycosmic.com"
114.119.128.26 - - [03/Sep/2022:05:11:22 -0700] "GET /Card/Card19?C=M%3BO%3DA HTTP/1.1" 301 1427 "https://nobbycosmic.com/Card/Card19?C=D%3BO%3DA" "Mozilla/5.0 (Linux; Android 7.0;) AppleWebKit/537.36 (KHTML, like Gecko) Mobile Safari/537.36 (compatible; PetalBot;+https://webmaster.petalsearch.com/site/petalbot)" "nobbycosmic.com"
114.119.128.26 - - [03/Sep/2022:05:11:23 -0700] "GET /Card/Card19/?C=M%3BO%3DA HTTP/1.1" 200 531 "https://nobbycosmic.com/Card/Card19?C=D%3BO%3DA" "Mozilla/5.0 (Linux; Android 7.0;) AppleWebKit/537.36 (KHTML, like Gecko) Mobile Safari/537.36 (compatible; PetalBot;+https://webmaster.petalsearch.com/site/petalbot)" "nobbycosmic.com"
114.119.128.26 - - [03/Sep/2022:05:13:01 -0700] "GET /NJCA/Transfer?D=A HTTP/1.1" 301 1423 "https://nobbycosmic.com/NJCA/Transfer?M=D" "Mozilla/5.0 (Linux; Android 7.0;) AppleWebKit/537.36 (KHTML, like Gecko) Mobile Safari/537.36 (compatible; PetalBot;+https://webmaster.petalsearch.com/site/petalbot)" "nobbycosmic.com"
114.119.128.26 - - [03/Sep/2022:05:13:02 -0700] "GET /NJCA/Transfer/?D=A HTTP/1.1" 200 635 "https://nobbycosmic.com/NJCA/Transfer?M=D" "Mozilla/5.0 (Linux; Android 7.0;) AppleWebKit/537.36 (KHTML, like Gecko) Mobile Safari/537.36 (compatible; PetalBot;+https://webmaster.petalsearch.com/site/petalbot)" "nobbycosmic.com"
114.119.128.26 - - [03/Sep/2022:05:16:30 -0700] "GET /NJCA/JCCC?C=S%3BO%3DA HTTP/1.1" 301 1430 "https://nobbycosmic.com/NJCA/JCCC?N=D" "Mozilla/5.0 (Linux; Android 7.0;) AppleWebKit/537.36 (KHTML, like Gecko) Mobile Safari/537.36 (compatible; PetalBot;+https://webmaster.petalsearch.com/site/petalbot)" "nobbycosmic.com"
114.119.128.26 - - [03/Sep/2022:05:16:33 -0700] "GET /NJCA/JCCC/?C=S%3BO%3DA HTTP/1.1" 200 777 "https://nobbycosmic.com/NJCA/JCCC?N=D" "Mozilla/5.0 (Linux; Android 7.0;) AppleWebKit/537.36 (KHTML, like Gecko) Mobile Safari/537.36 (compatible; PetalBot;+https://webmaster.petalsearch.com/site/petalbot)" "nobbycosmic.com"
114.119.128.40 - - [03/Sep/2022:05:18:14 -0700] "GET /NJCA/Document/NJCAAnnualActionReminder.pdf HTTP/1.1" 200 60964 "https://nobbycosmic.com/NJCA/Document/?C=M%3BO%3DA" "Mozilla/5.0 (Linux; Android 7.0;) AppleWebKit/537.36 (KHTML, like Gecko) Mobile Safari/537.36 (compatible; PetalBot;+https://webmaster.petalsearch.com/site/petalbot)" "nobbycosmic.com"
114.119.128.40 - - [03/Sep/2022:05:19:50 -0700] "GET /NJCA/NY06?S=D HTTP/1.1" 301 1421 "https://nobbycosmic.com/NJCA/NY06?S=A" "Mozilla/5.0 (Linux; Android 7.0;) AppleWebKit/537.36 (KHTML, like Gecko) Mobile Safari/537.36 (compatible; PetalBot;+https://webmaster.petalsearch.com/site/petalbot)" "nobbycosmic.com"
114.119.128.40 - - [03/Sep/2022:05:19:51 -0700] "GET /NJCA/NY06/?S=D HTTP/1.1" 200 1583 "https://nobbycosmic.com/NJCA/NY06?S=A" "Mozilla/5.0 (Linux; Android 7.0;) AppleWebKit/537.36 (KHTML, like Gecko) Mobile Safari/537.36 (compatible; PetalBot;+https://webmaster.petalsearch.com/site/petalbot)" "nobbycosmic.com"
114.119.128.40 - - [03/Sep/2022:05:21:34 -0700] "GET /Card/Card07/?C=N%3BO%3DD HTTP/1.1" 200 443 "https://nobbycosmic.com/Card/Card07" "Mozilla/5.0 (Linux; Android 7.0;) AppleWebKit/537.36 (KHTML, like Gecko) Mobile Safari/537.36 (compatible; PetalBot;+https://webmaster.petalsearch.com/site/petalbot)" "nobbycosmic.com"
114.119.128.40 - - [03/Sep/2022:05:23:17 -0700] "GET /NJCA/BBQ10/?C=S%3BO%3DA HTTP/1.1" 200 1589 "https://nobbycosmic.com/NJCA/BBQ10/?C=D%3BO%3DA" "Mozilla/5.0 (Linux; Android 7.0;) AppleWebKit/537.36 (KHTML, like Gecko) Mobile Safari/537.36 (compatible; PetalBot;+https://webmaster.petalsearch.com/site/petalbot)" "nobbycosmic.com"
114.119.128.40 - - [03/Sep/2022:05:25:17 -0700] "GET /Card/Card10?C=M%3BO%3DA HTTP/1.1" 301 1427 "https://nobbycosmic.com/Card/Card10" "Mozilla/5.0 (Linux; Android 7.0;) AppleWebKit/537.36 (KHTML, like Gecko) Mobile Safari/537.36 (compatible; PetalBot;+https://webmaster.petalsearch.com/site/petalbot)" "nobbycosmic.com"
