114.119.129.176 - - [31/Aug/2022:17:01:56 -0700] "GET /robots.txt HTTP/1.1" 200 75 "-" "Mozilla/5.0 (compatible;PetalBot;+https://webmaster.petalsearch.com/site/petalbot)" "www.nobbycosmic.com"
216.244.66.200 - - [31/Aug/2022:17:29:43 -0700] "GET /robots.txt HTTP/1.1" 200 61 "-" "Mozilla/5.0 (compatible; DotBot/1.2; +https://opensiteexplorer.org/dotbot; help@moz.com)" "nobbycosmic.com"
99.235.52.21 - - [31/Aug/2022:17:30:21 -0700] "GET /favicon.ico HTTP/1.1" 404 88 "https://nobbycosmic.com/Utagoe/2022Summer/Utagoe202208.htm" "Mozilla/5.0 (Macintosh; Intel Mac OS X 10_14_6) AppleWebKit/537.36 (KHTML, like Gecko) Chrome/104.0.0.0 Safari/537.36" "nobbycosmic.com"
99.235.52.21 - - [31/Aug/2022:17:31:25 -0700] "GET /favicon.ico HTTP/1.1" 404 88 "https://nobbycosmic.com/Utagoe/2022Summer/Utagoe202208.htm" "Mozilla/5.0 (Macintosh; Intel Mac OS X 10_14_6) AppleWebKit/537.36 (KHTML, like Gecko) Chrome/104.0.0.0 Safari/537.36" "nobbycosmic.com"
54.36.148.83 - - [31/Aug/2022:17:31:42 -0700] "GET /robots.txt HTTP/1.1" 200 75 "-" "Mozilla/5.0 (compatible; AhrefsBot/7.0; +http://ahrefs.com/robot/)" "nobbycosmic.com"
54.36.149.94 - - [31/Aug/2022:17:31:43 -0700] "GET /BabyTalks/BTList.htm HTTP/1.1" 200 10239 "-" "Mozilla/5.0 (compatible; AhrefsBot/7.0; +http://ahrefs.com/robot/)" "nobbycosmic.com"
54.36.148.198 - - [31/Aug/2022:17:31:46 -0700] "GET /BabyTalks/hiyoko.gif HTTP/1.1" 200 10361 "-" "Mozilla/5.0 (compatible; AhrefsBot/7.0; +http://ahrefs.com/robot/)" "nobbycosmic.com"
54.36.148.209 - - [31/Aug/2022:17:31:46 -0700] "GET /BabyTalks/BTFBanner1.jpg HTTP/1.1" 200 9524 "-" "Mozilla/5.0 (compatible; AhrefsBot/7.0; +http://ahrefs.com/robot/)" "nobbycosmic.com"
54.36.148.186 - - [31/Aug/2022:17:31:47 -0700] "GET /BabyTalks/FTFMemberDistChart.jpg HTTP/1.1" 200 61359 "-" "Mozilla/5.0 (compatible; AhrefsBot/7.0; +http://ahrefs.com/robot/)" "nobbycosmic.com"
54.36.149.32 - - [31/Aug/2022:17:31:48 -0700] "GET /BabyTalks/blue_next.gif HTTP/1.1" 200 138 "-" "Mozilla/5.0 (compatible; AhrefsBot/7.0; +http://ahrefs.com/robot/)" "nobbycosmic.com"
54.36.148.35 - - [31/Aug/2022:17:31:49 -0700] "GET /BabyTalks/BTList.htm HTTP/1.1" 200 10239 "-" "Mozilla/5.0 (compatible; AhrefsBot/7.0; +http://ahrefs.com/robot/)" "nobbycosmic.com"
54.36.148.48 - - [31/Aug/2022:17:31:49 -0700] "GET /BabyTalks/Group.jpg HTTP/1.1" 200 54379 "-" "Mozilla/5.0 (compatible; AhrefsBot/7.0; +http://ahrefs.com/robot/)" "nobbycosmic.com"
162.253.129.41 - - [31/Aug/2022:17:53:57 -0700] "GET /Utagoe/2022Summer/Utagoe202208.htm HTTP/1.1" 200 2832 "https://mail.yahoo.co.jp/" "Mozilla/5.0 (Windows NT 10.0; Win64; x64) AppleWebKit/537.36 (KHTML, like Gecko) Chrome/104.0.0.0 Safari/537.36" "nobbycosmic.com"
162.253.129.41 - - [31/Aug/2022:17:53:58 -0700] "GET /Utagoe/2022Summer/2022082702BlueSky.jpg HTTP/1.1" 200 30483 "https://nobbycosmic.com/Utagoe/2022Summer/Utagoe202208.htm" "Mozilla/5.0 (Windows NT 10.0; Win64; x64) AppleWebKit/537.36 (KHTML, like Gecko) Chrome/104.0.0.0 Safari/537.36" "nobbycosmic.com"
162.253.129.41 - - [31/Aug/2022:17:53:58 -0700] "GET /Utagoe/2022Summer/2022082701Sun.jpg HTTP/1.1" 200 43206 "https://nobbycosmic.com/Utagoe/2022Summer/Utagoe202208.htm" "Mozilla/5.0 (Windows NT 10.0; Win64; x64) AppleWebKit/537.36 (KHTML, like Gecko) Chrome/104.0.0.0 Safari/537.36" "nobbycosmic.com"
162.253.129.41 - - [31/Aug/2022:17:53:58 -0700] "GET /Utagoe/2022Summer/2022082704Tree.jpg HTTP/1.1" 200 107210 "https://nobbycosmic.com/Utagoe/2022Summer/Utagoe202208.htm" "Mozilla/5.0 (Windows NT 10.0; Win64; x64) AppleWebKit/537.36 (KHTML, like Gecko) Chrome/104.0.0.0 Safari/537.36" "nobbycosmic.com"
162.253.129.41 - - [31/Aug/2022:17:53:58 -0700] "GET /Utagoe/2022Summer/2022082705Prep.jpg HTTP/1.1" 200 83979 "https://nobbycosmic.com/Utagoe/2022Summer/Utagoe202208.htm" "Mozilla/5.0 (Windows NT 10.0; Win64; x64) AppleWebKit/537.36 (KHTML, like Gecko) Chrome/104.0.0.0 Safari/537.36" "nobbycosmic.com"
162.253.129.41 - - [31/Aug/2022:17:53:58 -0700] "GET /Utagoe/2022Summer/2022082703Tree.JPG HTTP/1.1" 200 130838 "https://nobbycosmic.com/Utagoe/2022Summer/Utagoe202208.htm" "Mozilla/5.0 (Windows NT 10.0; Win64; x64) AppleWebKit/537.36 (KHTML, like Gecko) Chrome/104.0.0.0 Safari/537.36" "nobbycosmic.com"
162.253.129.41 - - [31/Aug/2022:17:53:58 -0700] "GET /Utagoe/2022Summer/2022082706Prep.jpg HTTP/1.1" 200 129100 "https://nobbycosmic.com/Utagoe/2022Summer/Utagoe202208.htm" "Mozilla/5.0 (Windows NT 10.0; Win64; x64) AppleWebKit/537.36 (KHTML, like Gecko) Chrome/104.0.0.0 Safari/537.36" "nobbycosmic.com"
162.253.129.41 - - [31/Aug/2022:17:53:58 -0700] "GET /Utagoe/2022Summer/2022082707Session.JPG HTTP/1.1" 200 148214 "https://nobbycosmic.com/Utagoe/2022Summer/Utagoe202208.htm" "Mozilla/5.0 (Windows NT 10.0; Win64; x64) AppleWebKit/537.36 (KHTML, like Gecko) Chrome/104.0.0.0 Safari/537.36" "nobbycosmic.com"
162.253.129.41 - - [31/Aug/2022:17:53:58 -0700] "GET /Utagoe/2022Summer/2022082708Session.JPG HTTP/1.1" 200 133126 "https://nobbycosmic.com/Utagoe/2022Summer/Utagoe202208.htm" "Mozilla/5.0 (Windows NT 10.0; Win64; x64) AppleWebKit/537.36 (KHTML, like Gecko) Chrome/104.0.0.0 Safari/537.36" "nobbycosmic.com"
162.253.129.41 - - [31/Aug/2022:17:53:59 -0700] "GET /Utagoe/2022Summer/2022082710Band.JPG HTTP/1.1" 200 139648 "https://nobbycosmic.com/Utagoe/2022Summer/Utagoe202208.htm" "Mozilla/5.0 (Windows NT 10.0; Win64; x64) AppleWebKit/537.36 (KHTML, like Gecko) Chrome/104.0.0.0 Safari/537.36" "nobbycosmic.com"
162.253.129.41 - - [31/Aug/2022:17:53:59 -0700] "GET /Utagoe/2022Summer/2022082709Band.JPG HTTP/1.1" 200 132981 "https://nobbycosmic.com/Utagoe/2022Summer/Utagoe202208.htm" "Mozilla/5.0 (Windows NT 10.0; Win64; x64) AppleWebKit/537.36 (KHTML, like Gecko) Chrome/104.0.0.0 Safari/537.36" "nobbycosmic.com"
162.253.129.41 - - [31/Aug/2022:17:53:59 -0700] "GET /Utagoe/2022Summer/2022082711Lunch.JPG HTTP/1.1" 200 137587 "https://nobbycosmic.com/Utagoe/2022Summer/Utagoe202208.htm" "Mozilla/5.0 (Windows NT 10.0; Win64; x64) AppleWebKit/537.36 (KHTML, like Gecko) Chrome/104.0.0.0 Safari/537.36" "nobbycosmic.com"
162.253.129.41 - - [31/Aug/2022:17:53:59 -0700] "GET /Utagoe/2022Summer/2022082710Lunch.JPG HTTP/1.1" 200 148867 "https://nobbycosmic.com/Utagoe/2022Summer/Utagoe202208.htm" "Mozilla/5.0 (Windows NT 10.0; Win64; x64) AppleWebKit/537.36 (KHTML, like Gecko) Chrome/104.0.0.0 Safari/537.36" "nobbycosmic.com"
162.253.129.41 - - [31/Aug/2022:17:53:59 -0700] "GET /Utagoe/2022Summer/2022082712Songs.JPG HTTP/1.1" 200 128747 "https://nobbycosmic.com/Utagoe/2022Summer/Utagoe202208.htm" "Mozilla/5.0 (Windows NT 10.0; Win64; x64) AppleWebKit/537.36 (KHTML, like Gecko) Chrome/104.0.0.0 Safari/537.36" "nobbycosmic.com"
162.253.129.41 - - [31/Aug/2022:17:53:59 -0700] "GET /Utagoe/2022Summer/2022082713Songs.JPG HTTP/1.1" 200 147773 "https://nobbycosmic.com/Utagoe/2022Summer/Utagoe202208.htm" "Mozilla/5.0 (Windows NT 10.0; Win64; x64) AppleWebKit/537.36 (KHTML, like Gecko) Chrome/104.0.0.0 Safari/537.36" "nobbycosmic.com"
162.253.129.41 - - [31/Aug/2022:17:54:00 -0700] "GET /favicon.ico HTTP/1.1" 404 88 "https://nobbycosmic.com/Utagoe/2022Summer/Utagoe202208.htm" "Mozilla/5.0 (Windows NT 10.0; Win64; x64) AppleWebKit/537.36 (KHTML, like Gecko) Chrome/104.0.0.0 Safari/537.36" "nobbycosmic.com"
65.21.233.213 - - [31/Aug/2022:18:14:26 -0700] "GET /robots.txt HTTP/1.1" 200 61 "-" "Mozilla/5.0 (compatible; MJ12bot/v1.4.8; http://mj12bot.com/)" "nobbycosmic.com"
65.21.233.213 - - [31/Aug/2022:18:14:44 -0700] "GET /Utagoe/Wakamono/%E5%A1%ABtagoe.htm%22 HTTP/1.1" 404 88 "-" "Mozilla/5.0 (compatible; MJ12bot/v1.4.8; http://mj12bot.com/)" "nobbycosmic.com"
65.21.233.213 - - [31/Aug/2022:18:14:53 -0700] "GET /Utagoe/%E2%80%9CUtagoe.htm%22 HTTP/1.1" 404 88 "-" "Mozilla/5.0 (compatible; MJ12bot/v1.4.8; http://mj12bot.com/)" "nobbycosmic.com"
65.21.233.213 - - [31/Aug/2022:18:15:18 -0700] "GET /Utagoe/%E5%A1%ABtagoe.htm%22 HTTP/1.1" 404 88 "-" "Mozilla/5.0 (compatible; MJ12bot/v1.4.8; http://mj12bot.com/)" "nobbycosmic.com"
65.21.233.213 - - [31/Aug/2022:18:15:31 -0700] "GET /Utagoe/%E5%A1%ABtagoe.htm%22 HTTP/1.1" 404 88 "-" "Mozilla/5.0 (compatible; MJ12bot/v1.4.8; http://mj12bot.com/)" "nobbycosmic.com"
216.244.66.200 - - [31/Aug/2022:18:18:10 -0700] "GET /robots.txt HTTP/1.1" 200 61 "-" "Mozilla/5.0 (compatible; DotBot/1.2; +https://opensiteexplorer.org/dotbot; help@moz.com)" "nobbycosmic.com"
142.198.0.164 - - [31/Aug/2022:18:19:05 -0700] "GET /Utagoe/2022Summer/Utagoe202208.htm HTTP/1.1" 200 2832 "https://mail.yahoo.co.jp/" "Mozilla/5.0 (Windows NT 10.0; Win64; x64) AppleWebKit/537.36 (KHTML, like Gecko) Chrome/98.0.4758.80 Safari/537.36" "nobbycosmic.com"
142.198.0.164 - - [31/Aug/2022:18:19:05 -0700] "GET /Utagoe/2022Summer/2022082702BlueSky.jpg HTTP/1.1" 200 30483 "https://nobbycosmic.com/Utagoe/2022Summer/Utagoe202208.htm" "Mozilla/5.0 (Windows NT 10.0; Win64; x64) AppleWebKit/537.36 (KHTML, like Gecko) Chrome/98.0.4758.80 Safari/537.36" "nobbycosmic.com"
142.198.0.164 - - [31/Aug/2022:18:19:05 -0700] "GET /Utagoe/2022Summer/2022082701Sun.jpg HTTP/1.1" 200 43206 "https://nobbycosmic.com/Utagoe/2022Summer/Utagoe202208.htm" "Mozilla/5.0 (Windows NT 10.0; Win64; x64) AppleWebKit/537.36 (KHTML, like Gecko) Chrome/98.0.4758.80 Safari/537.36" "nobbycosmic.com"
142.198.0.164 - - [31/Aug/2022:18:19:05 -0700] "GET /Utagoe/2022Summer/2022082703Tree.JPG HTTP/1.1" 200 130838 "https://nobbycosmic.com/Utagoe/2022Summer/Utagoe202208.htm" "Mozilla/5.0 (Windows NT 10.0; Win64; x64) AppleWebKit/537.36 (KHTML, like Gecko) Chrome/98.0.4758.80 Safari/537.36" "nobbycosmic.com"
142.198.0.164 - - [31/Aug/2022:18:19:05 -0700] "GET /Utagoe/2022Summer/2022082704Tree.jpg HTTP/1.1" 200 107210 "https://nobbycosmic.com/Utagoe/2022Summer/Utagoe202208.htm" "Mozilla/5.0 (Windows NT 10.0; Win64; x64) AppleWebKit/537.36 (KHTML, like Gecko) Chrome/98.0.4758.80 Safari/537.36" "nobbycosmic.com"
142.198.0.164 - - [31/Aug/2022:18:19:06 -0700] "GET /Utagoe/2022Summer/2022082705Prep.jpg HTTP/1.1" 200 83979 "https://nobbycosmic.com/Utagoe/2022Summer/Utagoe202208.htm" "Mozilla/5.0 (Windows NT 10.0; Win64; x64) AppleWebKit/537.36 (KHTML, like Gecko) Chrome/98.0.4758.80 Safari/537.36" "nobbycosmic.com"
142.198.0.164 - - [31/Aug/2022:18:19:06 -0700] "GET /Utagoe/2022Summer/2022082707Session.JPG HTTP/1.1" 200 148214 "https://nobbycosmic.com/Utagoe/2022Summer/Utagoe202208.htm" "Mozilla/5.0 (Windows NT 10.0; Win64; x64) AppleWebKit/537.36 (KHTML, like Gecko) Chrome/98.0.4758.80 Safari/537.36" "nobbycosmic.com"
142.198.0.164 - - [31/Aug/2022:18:19:06 -0700] "GET /Utagoe/2022Summer/2022082706Prep.jpg HTTP/1.1" 200 129100 "https://nobbycosmic.com/Utagoe/2022Summer/Utagoe202208.htm" "Mozilla/5.0 (Windows NT 10.0; Win64; x64) AppleWebKit/537.36 (KHTML, like Gecko) Chrome/98.0.4758.80 Safari/537.36" "nobbycosmic.com"
142.198.0.164 - - [31/Aug/2022:18:19:06 -0700] "GET /Utagoe/2022Summer/2022082708Session.JPG HTTP/1.1" 200 133126 "https://nobbycosmic.com/Utagoe/2022Summer/Utagoe202208.htm" "Mozilla/5.0 (Windows NT 10.0; Win64; x64) AppleWebKit/537.36 (KHTML, like Gecko) Chrome/98.0.4758.80 Safari/537.36" "nobbycosmic.com"
142.198.0.164 - - [31/Aug/2022:18:19:06 -0700] "GET /Utagoe/2022Summer/2022082709Band.JPG HTTP/1.1" 200 132981 "https://nobbycosmic.com/Utagoe/2022Summer/Utagoe202208.htm" "Mozilla/5.0 (Windows NT 10.0; Win64; x64) AppleWebKit/537.36 (KHTML, like Gecko) Chrome/98.0.4758.80 Safari/537.36" "nobbycosmic.com"
142.198.0.164 - - [31/Aug/2022:18:19:06 -0700] "GET /Utagoe/2022Summer/2022082710Band.JPG HTTP/1.1" 200 139648 "https://nobbycosmic.com/Utagoe/2022Summer/Utagoe202208.htm" "Mozilla/5.0 (Windows NT 10.0; Win64; x64) AppleWebKit/537.36 (KHTML, like Gecko) Chrome/98.0.4758.80 Safari/537.36" "nobbycosmic.com"
142.198.0.164 - - [31/Aug/2022:18:19:06 -0700] "GET /Utagoe/2022Summer/2022082710Lunch.JPG HTTP/1.1" 200 148867 "https://nobbycosmic.com/Utagoe/2022Summer/Utagoe202208.htm" "Mozilla/5.0 (Windows NT 10.0; Win64; x64) AppleWebKit/537.36 (KHTML, like Gecko) Chrome/98.0.4758.80 Safari/537.36" "nobbycosmic.com"
142.198.0.164 - - [31/Aug/2022:18:19:06 -0700] "GET /Utagoe/2022Summer/2022082711Lunch.JPG HTTP/1.1" 200 137587 "https://nobbycosmic.com/Utagoe/2022Summer/Utagoe202208.htm" "Mozilla/5.0 (Windows NT 10.0; Win64; x64) AppleWebKit/537.36 (KHTML, like Gecko) Chrome/98.0.4758.80 Safari/537.36" "nobbycosmic.com"
142.198.0.164 - - [31/Aug/2022:18:19:06 -0700] "GET /Utagoe/2022Summer/2022082712Songs.JPG HTTP/1.1" 200 128747 "https://nobbycosmic.com/Utagoe/2022Summer/Utagoe202208.htm" "Mozilla/5.0 (Windows NT 10.0; Win64; x64) AppleWebKit/537.36 (KHTML, like Gecko) Chrome/98.0.4758.80 Safari/537.36" "nobbycosmic.com"
142.198.0.164 - - [31/Aug/2022:18:19:06 -0700] "GET /Utagoe/2022Summer/2022082713Songs.JPG HTTP/1.1" 200 147773 "https://nobbycosmic.com/Utagoe/2022Summer/Utagoe202208.htm" "Mozilla/5.0 (Windows NT 10.0; Win64; x64) AppleWebKit/537.36 (KHTML, like Gecko) Chrome/98.0.4758.80 Safari/537.36" "nobbycosmic.com"
142.198.0.164 - - [31/Aug/2022:18:19:07 -0700] "GET /favicon.ico HTTP/1.1" 404 88 "https://nobbycosmic.com/Utagoe/2022Summer/Utagoe202208.htm" "Mozilla/5.0 (Windows NT 10.0; Win64; x64) AppleWebKit/537.36 (KHTML, like Gecko) Chrome/98.0.4758.80 Safari/537.36" "nobbycosmic.com"
216.244.66.200 - - [31/Aug/2022:19:14:29 -0700] "GET /robots.txt HTTP/1.1" 200 61 "-" "Mozilla/5.0 (compatible; DotBot/1.2; +https://opensiteexplorer.org/dotbot; help@moz.com)" "nobbycosmic.com"
24.141.177.146 - - [31/Aug/2022:19:43:29 -0700] "GET /BabyTalks/BTList.htm HTTP/1.1" 200 10239 "android-app://com.google.android.gm/" "Mozilla/5.0 (Linux; Android 12; SM-G991W) AppleWebKit/537.36 (KHTML, like Gecko) Chrome/104.0.0.0 Mobile Safari/537.36" "nobbycosmic.com"
24.141.177.146 - - [31/Aug/2022:19:43:29 -0700] "GET /BabyTalks/BTFBanner1.jpg HTTP/1.1" 200 9524 "https://nobbycosmic.com/BabyTalks/BTList.htm" "Mozilla/5.0 (Linux; Android 12; SM-G991W) AppleWebKit/537.36 (KHTML, like Gecko) Chrome/104.0.0.0 Mobile Safari/537.36" "nobbycosmic.com"
24.141.177.146 - - [31/Aug/2022:19:43:29 -0700] "GET /BabyTalks/hiyoko.gif HTTP/1.1" 200 10361 "https://nobbycosmic.com/BabyTalks/BTList.htm" "Mozilla/5.0 (Linux; Android 12; SM-G991W) AppleWebKit/537.36 (KHTML, like Gecko) Chrome/104.0.0.0 Mobile Safari/537.36" "nobbycosmic.com"
24.141.177.146 - - [31/Aug/2022:19:43:29 -0700] "GET /BabyTalks/Group.jpg HTTP/1.1" 200 54379 "https://nobbycosmic.com/BabyTalks/BTList.htm" "Mozilla/5.0 (Linux; Android 12; SM-G991W) AppleWebKit/537.36 (KHTML, like Gecko) Chrome/104.0.0.0 Mobile Safari/537.36" "nobbycosmic.com"
24.141.177.146 - - [31/Aug/2022:19:43:29 -0700] "GET /BabyTalks/BTFBanner2.jpg HTTP/1.1" 200 4273 "https://nobbycosmic.com/BabyTalks/BTList.htm" "Mozilla/5.0 (Linux; Android 12; SM-G991W) AppleWebKit/537.36 (KHTML, like Gecko) Chrome/104.0.0.0 Mobile Safari/537.36" "nobbycosmic.com"
24.141.177.146 - - [31/Aug/2022:19:43:29 -0700] "GET /BabyTalks/blue_next.gif HTTP/1.1" 200 138 "https://nobbycosmic.com/BabyTalks/BTList.htm" "Mozilla/5.0 (Linux; Android 12; SM-G991W) AppleWebKit/537.36 (KHTML, like Gecko) Chrome/104.0.0.0 Mobile Safari/537.36" "nobbycosmic.com"
24.141.177.146 - - [31/Aug/2022:19:43:29 -0700] "GET /BabyTalks/SakuraMark2.jpg HTTP/1.1" 200 933 "https://nobbycosmic.com/BabyTalks/BTList.htm" "Mozilla/5.0 (Linux; Android 12; SM-G991W) AppleWebKit/537.36 (KHTML, like Gecko) Chrome/104.0.0.0 Mobile Safari/537.36" "nobbycosmic.com"
24.141.177.146 - - [31/Aug/2022:19:43:29 -0700] "GET /BabyTalks/FTFMemberDistChart.jpg HTTP/1.1" 200 61359 "https://nobbycosmic.com/BabyTalks/BTList.htm" "Mozilla/5.0 (Linux; Android 12; SM-G991W) AppleWebKit/537.36 (KHTML, like Gecko) Chrome/104.0.0.0 Mobile Safari/537.36" "nobbycosmic.com"
24.141.177.146 - - [31/Aug/2022:19:43:30 -0700] "GET /favicon.ico HTTP/1.1" 404 88 "https://nobbycosmic.com/BabyTalks/BTList.htm" "Mozilla/5.0 (Linux; Android 12; SM-G991W) AppleWebKit/537.36 (KHTML, like Gecko) Chrome/104.0.0.0 Mobile Safari/537.36" "nobbycosmic.com"
20.163.104.189 - - [31/Aug/2022:19:45:57 -0700] "GET /wp-admin/css/ HTTP/1.1" 404 88 "binance.com" "Mozilla/5.0 (Windows NT 10.0; Win64; x64) AppleWebKit/537.36 (KHTML, like Gecko) Chrome/90.0.4430.85 Safari/537.36" "nobbycosmic.com"
20.163.104.189 - - [31/Aug/2022:19:46:08 -0700] "GET /sites/default/files/ HTTP/1.1" 404 88 "binance.com" "Mozilla/5.0 (Windows NT 10.0; Win64; x64) AppleWebKit/537.36 (KHTML, like Gecko) Chrome/90.0.4430.85 Safari/537.36" "nobbycosmic.com"
20.163.104.189 - - [31/Aug/2022:19:46:14 -0700] "GET /admin/controller/extension/extension/ HTTP/1.1" 404 88 "binance.com" "Mozilla/5.0 (Windows NT 10.0; Win64; x64) AppleWebKit/537.36 (KHTML, like Gecko) Chrome/90.0.4430.85 Safari/537.36" "nobbycosmic.com"
20.163.104.189 - - [31/Aug/2022:19:46:30 -0700] "GET /uploads/ HTTP/1.1" 404 88 "binance.com" "Mozilla/5.0 (Windows NT 10.0; Win64; x64) AppleWebKit/537.36 (KHTML, like Gecko) Chrome/90.0.4430.85 Safari/537.36" "nobbycosmic.com"
20.163.104.189 - - [31/Aug/2022:19:46:34 -0700] "GET /images/ HTTP/1.1" 404 88 "binance.com" "Mozilla/5.0 (Windows NT 10.0; Win64; x64) AppleWebKit/537.36 (KHTML, like Gecko) Chrome/90.0.4430.85 Safari/537.36" "nobbycosmic.com"
20.163.104.189 - - [31/Aug/2022:19:46:37 -0700] "GET /files/ HTTP/1.1" 404 88 "binance.com" "Mozilla/5.0 (Windows NT 10.0; Win64; x64) AppleWebKit/537.36 (KHTML, like Gecko) Chrome/90.0.4430.85 Safari/537.36" "nobbycosmic.com"
24.141.177.146 - - [31/Aug/2022:19:50:01 -0700] "GET /BabyTalks/FTFMember/Content.htm HTTP/1.1" 401 90 "https://nobbycosmic.com/BabyTalks/BTList.htm" "Mozilla/5.0 (Linux; Android 12; SM-G991W) AppleWebKit/537.36 (KHTML, like Gecko) Chrome/104.0.0.0 Mobile Safari/537.36" "nobbycosmic.com"
24.141.177.146 - FTF [31/Aug/2022:19:50:23 -0700] "GET /BabyTalks/FTFMember/Content.htm HTTP/1.1" 200 6659 "https://nobbycosmic.com/BabyTalks/BTList.htm" "Mozilla/5.0 (Linux; Android 12; SM-G991W) AppleWebKit/537.36 (KHTML, like Gecko) Chrome/104.0.0.0 Mobile Safari/537.36" "nobbycosmic.com"
24.141.177.146 - FTF [31/Aug/2022:19:50:23 -0700] "GET /BabyTalks/FTFMember/hiyoko.gif HTTP/1.1" 200 10361 "https://nobbycosmic.com/BabyTalks/FTFMember/Content.htm" "Mozilla/5.0 (Linux; Android 12; SM-G991W) AppleWebKit/537.36 (KHTML, like Gecko) Chrome/104.0.0.0 Mobile Safari/537.36" "nobbycosmic.com"
24.141.177.146 - FTF [31/Aug/2022:19:53:18 -0700] "GET /BabyTalks/FTFMember/TripBB1.htm HTTP/1.1" 200 17296 "https://nobbycosmic.com/BabyTalks/FTFMember/Content.htm" "Mozilla/5.0 (Linux; Android 12; SM-G991W) AppleWebKit/537.36 (KHTML, like Gecko) Chrome/104.0.0.0 Mobile Safari/537.36" "nobbycosmic.com"
42.83.147.34 - - [31/Aug/2022:20:05:35 -0700] "GET / HTTP/1.1" 200 3158 "-" "Mozilla/5.0 (Windows NT 6.1; Win64; x64) AppleWebKit/537.36 (KHTML, like Gecko)Chrome/74.0.3729.169 Safari/537.36" "nobbycosmic.com"
24.141.177.146 - FTF [31/Aug/2022:20:18:52 -0700] "GET /BabyTalks/FTFMember/Ticket.htm HTTP/1.1" 200 5608 "https://nobbycosmic.com/BabyTalks/FTFMember/Content.htm" "Mozilla/5.0 (Linux; Android 12; SM-G991W) AppleWebKit/537.36 (KHTML, like Gecko) Chrome/104.0.0.0 Mobile Safari/537.36" "nobbycosmic.com"
24.141.177.146 - FTF [31/Aug/2022:20:22:46 -0700] "GET /BabyTalks/FTFMember/Passport2.htm HTTP/1.1" 200 8680 "https://nobbycosmic.com/BabyTalks/FTFMember/Content.htm" "Mozilla/5.0 (Linux; Android 12; SM-G991W) AppleWebKit/537.36 (KHTML, like Gecko) Chrome/104.0.0.0 Mobile Safari/537.36" "nobbycosmic.com"
24.141.177.146 - FTF [31/Aug/2022:20:24:30 -0700] "GET /BabyTalks/FTFMember/Passport.htm HTTP/1.1" 200 18157 "https://nobbycosmic.com/BabyTalks/FTFMember/Content.htm" "Mozilla/5.0 (Linux; Android 12; SM-G991W) AppleWebKit/537.36 (KHTML, like Gecko) Chrome/104.0.0.0 Mobile Safari/537.36" "nobbycosmic.com"
216.244.66.200 - - [31/Aug/2022:20:28:03 -0700] "GET /robots.txt HTTP/1.1" 200 61 "-" "Mozilla/5.0 (compatible; DotBot/1.2; +https://opensiteexplorer.org/dotbot; help@moz.com)" "nobbycosmic.com"
24.141.177.146 - FTF [31/Aug/2022:20:29:40 -0700] "GET /BabyTalks/FTFMember/US.htm HTTP/1.1" 200 4577 "https://nobbycosmic.com/BabyTalks/FTFMember/Content.htm" "Mozilla/5.0 (Linux; Android 12; SM-G991W) AppleWebKit/537.36 (KHTML, like Gecko) Chrome/104.0.0.0 Mobile Safari/537.36" "nobbycosmic.com"
24.141.177.146 - FTF [31/Aug/2022:20:30:15 -0700] "GET /BabyTalks/FTFMember/Passport3.htm HTTP/1.1" 200 9945 "https://nobbycosmic.com/BabyTalks/FTFMember/Content.htm" "Mozilla/5.0 (Linux; Android 12; SM-G991W) AppleWebKit/537.36 (KHTML, like Gecko) Chrome/104.0.0.0 Mobile Safari/537.36" "nobbycosmic.com"
24.141.177.146 - FTF [31/Aug/2022:20:30:44 -0700] "GET /BabyTalks/FTFMember/School2.htm HTTP/1.1" 200 5844 "https://nobbycosmic.com/BabyTalks/FTFMember/Content.htm" "Mozilla/5.0 (Linux; Android 12; SM-G991W) AppleWebKit/537.36 (KHTML, like Gecko) Chrome/104.0.0.0 Mobile Safari/537.36" "nobbycosmic.com"
173.252.111.119 - - [31/Aug/2022:20:46:50 -0700] "GET /BTFBanner1.jpg HTTP/1.1" 404 88 "-" "facebookexternalhit/1.1 (+http://www.facebook.com/externalhit_uatext.php)" "nobbycosmic.com"
114.119.128.26 - - [31/Aug/2022:20:54:01 -0700] "GET /NJCA/NY09/?C=D%3BO%3DA HTTP/1.1" 200 856 "https://nobbycosmic.com/NJCA/NY09?C=S%3BO%3DA" "Mozilla/5.0 (Linux; Android 7.0;) AppleWebKit/537.36 (KHTML, like Gecko) Mobile Safari/537.36 (compatible; PetalBot;+https://webmaster.petalsearch.com/site/petalbot)" "nobbycosmic.com"
114.119.128.40 - - [31/Aug/2022:20:58:36 -0700] "GET /NJCA/NJCAToy?N=A HTTP/1.1" 301 1420 "https://nobbycosmic.com/NJCA/NJCAToy?S=D" "Mozilla/5.0 (Linux; Android 7.0;) AppleWebKit/537.36 (KHTML, like Gecko) Mobile Safari/537.36 (compatible; PetalBot;+https://webmaster.petalsearch.com/site/petalbot)" "nobbycosmic.com"
114.119.128.40 - - [31/Aug/2022:20:58:38 -0700] "GET /NJCA/NJCAToy/?N=A HTTP/1.1" 200 848 "https://nobbycosmic.com/NJCA/NJCAToy?S=D" "Mozilla/5.0 (Linux; Android 7.0;) AppleWebKit/537.36 (KHTML, like Gecko) Mobile Safari/537.36 (compatible; PetalBot;+https://webmaster.petalsearch.com/site/petalbot)" "nobbycosmic.com"
87.250.224.41 - - [31/Aug/2022:21:03:43 -0700] "GET /robots.txt HTTP/1.1" 200 61 "-" "Mozilla/5.0 (compatible; YandexBot/3.0; +http://yandex.com/bots)" "nobbycosmic.com"
5.255.253.117 - - [31/Aug/2022:21:03:48 -0700] "GET /robots.txt HTTP/1.1" 200 61 "-" "Mozilla/5.0 (compatible; YandexBot/3.0; +http://yandex.com/bots)" "nobbycosmic.com"
87.250.224.25 - - [31/Aug/2022:21:03:52 -0700] "GET / HTTP/1.1" 200 3158 "-" "Mozilla/5.0 (compatible; YandexBot/3.0; +http://yandex.com/bots)" "nobbycosmic.com"
5.45.207.103 - - [31/Aug/2022:21:04:07 -0700] "GET / HTTP/1.1" 200 3158 "-" "Mozilla/5.0 (compatible; YandexBot/3.0; +http://yandex.com/bots)" "nobbycosmic.com"
5.45.207.122 - - [31/Aug/2022:21:06:10 -0700] "GET /robots.txt HTTP/1.1" 200 61 "-" "Mozilla/5.0 (compatible; YandexBot/3.0; +http://yandex.com/bots)" "www.nobbycosmic.com"
87.250.224.90 - - [31/Aug/2022:21:06:15 -0700] "GET /robots.txt HTTP/1.1" 200 61 "-" "Mozilla/5.0 (compatible; YandexBot/3.0; +http://yandex.com/bots)" "www.nobbycosmic.com"
5.255.253.147 - - [31/Aug/2022:21:06:19 -0700] "GET / HTTP/1.1" 200 3158 "-" "Mozilla/5.0 (compatible; YandexBot/3.0; +http://yandex.com/bots)" "www.nobbycosmic.com"
216.244.66.200 - - [31/Aug/2022:21:15:09 -0700] "GET /robots.txt HTTP/1.1" 200 61 "-" "Mozilla/5.0 (compatible; DotBot/1.2; +https://opensiteexplorer.org/dotbot; help@moz.com)" "nobbycosmic.com"
114.119.128.26 - - [31/Aug/2022:21:15:32 -0700] "GET /NJCA/BBQ02/?C=N%3BO%3DD HTTP/1.1" 200 798 "https://nobbycosmic.com/NJCA/BBQ02/?C=D%3BO%3DA" "Mozilla/5.0 (Linux; Android 7.0;) AppleWebKit/537.36 (KHTML, like Gecko) Mobile Safari/537.36 (compatible; PetalBot;+https://webmaster.petalsearch.com/site/petalbot)" "nobbycosmic.com"
114.119.128.40 - - [31/Aug/2022:21:17:55 -0700] "GET /Utagoe/NJCC/?C=D%3BO%3DA HTTP/1.1" 200 397 "https://nobbycosmic.com/Utagoe/NJCC/?C=M%3BO%3DA" "Mozilla/5.0 (Linux; Android 7.0;) AppleWebKit/537.36 (KHTML, like Gecko) Mobile Safari/537.36 (compatible; PetalBot;+https://webmaster.petalsearch.com/site/petalbot)" "nobbycosmic.com"
157.55.39.37 - - [31/Aug/2022:21:18:16 -0700] "GET /Temp/20130313ShinkikaiGolfRegForm.pdf HTTP/1.1" 404 88 "-" "Mozilla/5.0 (compatible; bingbot/2.0; +http://www.bing.com/bingbot.htm)" "nobbycosmic.com"
114.119.128.40 - - [31/Aug/2022:21:20:26 -0700] "GET /NJCA/AGM06?S=D HTTP/1.1" 301 1423 "https://nobbycosmic.com/NJCA/AGM06?S=A" "Mozilla/5.0 (Linux; Android 7.0;) AppleWebKit/537.36 (KHTML, like Gecko) Mobile Safari/537.36 (compatible; PetalBot;+https://webmaster.petalsearch.com/site/petalbot)" "nobbycosmic.com"
114.119.128.40 - - [31/Aug/2022:21:20:27 -0700] "GET /NJCA/AGM06/?S=D HTTP/1.1" 200 395 "https://nobbycosmic.com/NJCA/AGM06?S=A" "Mozilla/5.0 (Linux; Android 7.0;) AppleWebKit/537.36 (KHTML, like Gecko) Mobile Safari/537.36 (compatible; PetalBot;+https://webmaster.petalsearch.com/site/petalbot)" "nobbycosmic.com"
114.119.128.26 - - [31/Aug/2022:21:23:21 -0700] "GET /Utagoe/0205.htm HTTP/1.1" 200 2498 "https://nobbycosmic.com/Utagoe/" "Mozilla/5.0 (Linux; Android 7.0;) AppleWebKit/537.36 (KHTML, like Gecko) Mobile Safari/537.36 (compatible; PetalBot;+https://webmaster.petalsearch.com/site/petalbot)" "nobbycosmic.com"
114.119.128.26 - - [31/Aug/2022:21:25:49 -0700] "GET /NJCA/BBQ09?M=A HTTP/1.1" 301 1423 "https://nobbycosmic.com/NJCA/BBQ09?S=D" "Mozilla/5.0 (Linux; Android 7.0;) AppleWebKit/537.36 (KHTML, like Gecko) Mobile Safari/537.36 (compatible; PetalBot;+https://webmaster.petalsearch.com/site/petalbot)" "nobbycosmic.com"
114.119.128.26 - - [31/Aug/2022:21:25:50 -0700] "GET /NJCA/BBQ09/?M=A HTTP/1.1" 200 1271 "https://nobbycosmic.com/NJCA/BBQ09?S=D" "Mozilla/5.0 (Linux; Android 7.0;) AppleWebKit/537.36 (KHTML, like Gecko) Mobile Safari/537.36 (compatible; PetalBot;+https://webmaster.petalsearch.com/site/petalbot)" "nobbycosmic.com"
114.119.128.26 - - [31/Aug/2022:21:28:21 -0700] "GET /NJCA/Temp/?C=S%3BO%3DA HTTP/1.1" 200 404 "https://nobbycosmic.com/NJCA/Temp" "Mozilla/5.0 (Linux; Android 7.0;) AppleWebKit/537.36 (KHTML, like Gecko) Mobile Safari/537.36 (compatible; PetalBot;+https://webmaster.petalsearch.com/site/petalbot)" "nobbycosmic.com"
148.251.190.243 - - [31/Aug/2022:21:28:47 -0700] "GET /robots.txt HTTP/1.1" 200 75 "-" "Mozilla/5.0 (compatible; BLEXBot/1.0; +http://webmeup-crawler.com/)" "nobbycosmic.com"
148.251.190.243 - - [31/Aug/2022:21:28:47 -0700] "GET /about_us HTTP/1.1" 200 2945 "-" "Mozilla/5.0 (compatible; BLEXBot/1.0; +http://webmeup-crawler.com/)" "nobbycosmic.com"
148.251.190.243 - - [31/Aug/2022:21:29:19 -0700] "GET /contact_us HTTP/1.1" 200 6311 "-" "Mozilla/5.0 (compatible; BLEXBot/1.0; +http://webmeup-crawler.com/)" "nobbycosmic.com"
148.251.190.243 - - [31/Aug/2022:21:29:49 -0700] "GET /home HTTP/1.1" 200 3157 "-" "Mozilla/5.0 (compatible; BLEXBot/1.0; +http://webmeup-crawler.com/)" "nobbycosmic.com"
148.251.190.243 - - [31/Aug/2022:21:30:20 -0700] "GET /services HTTP/1.1" 200 2996 "-" "Mozilla/5.0 (compatible; BLEXBot/1.0; +http://webmeup-crawler.com/)" "nobbycosmic.com"
114.119.128.40 - - [31/Aug/2022:21:30:49 -0700] "GET /NJCA/Signs?S=D HTTP/1.1" 301 1420 "https://nobbycosmic.com/NJCA/Signs?S=A" "Mozilla/5.0 (Linux; Android 7.0;) AppleWebKit/537.36 (KHTML, like Gecko) Mobile Safari/537.36 (compatible; PetalBot;+https://webmaster.petalsearch.com/site/petalbot)" "nobbycosmic.com"
114.119.128.40 - - [31/Aug/2022:21:30:49 -0700] "GET /NJCA/Signs/?S=D HTTP/1.1" 200 633 "https://nobbycosmic.com/NJCA/Signs?S=A" "Mozilla/5.0 (Linux; Android 7.0;) AppleWebKit/537.36 (KHTML, like Gecko) Mobile Safari/537.36 (compatible; PetalBot;+https://webmaster.petalsearch.com/site/petalbot)" "nobbycosmic.com"
114.119.128.26 - - [31/Aug/2022:21:33:33 -0700] "GET /Card/Card98/?C=N%3BO%3DD HTTP/1.1" 200 440 "https://nobbycosmic.com/Card/Card98?C=S%3BO%3DA" "Mozilla/5.0 (Linux; Android 7.0;) AppleWebKit/537.36 (KHTML, like Gecko) Mobile Safari/537.36 (compatible; PetalBot;+https://webmaster.petalsearch.com/site/petalbot)" "nobbycosmic.com"
114.119.128.40 - - [31/Aug/2022:21:35:54 -0700] "GET /NJCA/BBQ10 HTTP/1.1" 301 1418 "https://nobbycosmic.com/NJCA?M=A" "Mozilla/5.0 (Linux; Android 7.0;) AppleWebKit/537.36 (KHTML, like Gecko) Mobile Safari/537.36 (compatible; PetalBot;+https://webmaster.petalsearch.com/site/petalbot)" "nobbycosmic.com"
114.119.128.40 - - [31/Aug/2022:21:35:56 -0700] "GET /NJCA/BBQ10/ HTTP/1.1" 200 1589 "https://nobbycosmic.com/NJCA?M=A" "Mozilla/5.0 (Linux; Android 7.0;) AppleWebKit/537.36 (KHTML, like Gecko) Mobile Safari/537.36 (compatible; PetalBot;+https://webmaster.petalsearch.com/site/petalbot)" "nobbycosmic.com"
114.119.128.40 - - [31/Aug/2022:21:38:20 -0700] "GET /Utagoe/2017Spring/TomoshibiRi201705.pdf HTTP/1.1" 200 318579 "http://nobbycosmic.com/Utagoe/2017Spring/Utagoe201705.htm" "Mozilla/5.0 (Linux; Android 7.0;) AppleWebKit/537.36 (KHTML, like Gecko) Mobile Safari/537.36 (compatible; PetalBot;+https://webmaster.petalsearch.com/site/petalbot)" "nobbycosmic.com"
114.119.128.40 - - [31/Aug/2022:21:40:56 -0700] "GET /Utagoe/Yuki?C=M%3BO%3DA HTTP/1.1" 301 1429 "https://nobbycosmic.com/Utagoe/Yuki?C=D%3BO%3DA" "Mozilla/5.0 (Linux; Android 7.0;) AppleWebKit/537.36 (KHTML, like Gecko) Mobile Safari/537.36 (compatible; PetalBot;+https://webmaster.petalsearch.com/site/petalbot)" "nobbycosmic.com"
114.119.128.40 - - [31/Aug/2022:21:40:56 -0700] "GET /Utagoe/Yuki/?C=M%3BO%3DA HTTP/1.1" 200 402 "https://nobbycosmic.com/Utagoe/Yuki?C=D%3BO%3DA" "Mozilla/5.0 (Linux; Android 7.0;) AppleWebKit/537.36 (KHTML, like Gecko) Mobile Safari/537.36 (compatible; PetalBot;+https://webmaster.petalsearch.com/site/petalbot)" "nobbycosmic.com"
114.119.128.40 - - [31/Aug/2022:21:43:25 -0700] "GET /Utagoe/SongBooks?C=N%3BO%3DD HTTP/1.1" 301 1433 "https://nobbycosmic.com/Utagoe/SongBooks?C=D%3BO%3DA" "Mozilla/5.0 (Linux; Android 7.0;) AppleWebKit/537.36 (KHTML, like Gecko) Mobile Safari/537.36 (compatible; PetalBot;+https://webmaster.petalsearch.com/site/petalbot)" "nobbycosmic.com"
114.119.128.40 - - [31/Aug/2022:21:43:26 -0700] "GET /Utagoe/SongBooks/?C=N%3BO%3DD HTTP/1.1" 200 562 "https://nobbycosmic.com/Utagoe/SongBooks?C=D%3BO%3DA" "Mozilla/5.0 (Linux; Android 7.0;) AppleWebKit/537.36 (KHTML, like Gecko) Mobile Safari/537.36 (compatible; PetalBot;+https://webmaster.petalsearch.com/site/petalbot)" "nobbycosmic.com"
114.119.128.40 - - [31/Aug/2022:21:45:52 -0700] "GET /NJCA/NY08/NYP082.htm HTTP/1.1" 200 1767 "https://nobbycosmic.com/NJCA/NY08/?C=S%3BO%3DA" "Mozilla/5.0 (Linux; Android 7.0;) AppleWebKit/537.36 (KHTML, like Gecko) Mobile Safari/537.36 (compatible; PetalBot;+https://webmaster.petalsearch.com/site/petalbot)" "nobbycosmic.com"
114.119.128.26 - - [31/Aug/2022:21:48:17 -0700] "GET /NJCA/BBQ09/?C=D%3BO%3DA HTTP/1.1" 200 1271 "https://nobbycosmic.com/NJCA/BBQ09?C=N%3BO%3DD" "Mozilla/5.0 (Linux; Android 7.0;) AppleWebKit/537.36 (KHTML, like Gecko) Mobile Safari/537.36 (compatible; PetalBot;+https://webmaster.petalsearch.com/site/petalbot)" "nobbycosmic.com"
114.119.128.26 - - [31/Aug/2022:21:50:51 -0700] "GET /NJCA/JCCC?N=D HTTP/1.1" 301 1421 "https://nobbycosmic.com/NJCA/JCCC?N=A" "Mozilla/5.0 (Linux; Android 7.0;) AppleWebKit/537.36 (KHTML, like Gecko) Mobile Safari/537.36 (compatible; PetalBot;+https://webmaster.petalsearch.com/site/petalbot)" "nobbycosmic.com"
114.119.128.26 - - [31/Aug/2022:21:50:52 -0700] "GET /NJCA/JCCC/?N=D HTTP/1.1" 200 777 "https://nobbycosmic.com/NJCA/JCCC?N=A" "Mozilla/5.0 (Linux; Android 7.0;) AppleWebKit/537.36 (KHTML, like Gecko) Mobile Safari/537.36 (compatible; PetalBot;+https://webmaster.petalsearch.com/site/petalbot)" "nobbycosmic.com"
114.119.128.26 - - [31/Aug/2022:21:53:12 -0700] "GET /NJCA/Document/HBRContactList.doc HTTP/1.1" 200 46592 "https://nobbycosmic.com/NJCA/Document/" "Mozilla/5.0 (Linux; Android 7.0;) AppleWebKit/537.36 (KHTML, like Gecko) Mobile Safari/537.36 (compatible; PetalBot;+https://webmaster.petalsearch.com/site/petalbot)" "nobbycosmic.com"
114.119.128.40 - - [31/Aug/2022:21:55:40 -0700] "GET /NJCA/Transfer/AGMReportInstruction.doc HTTP/1.1" 200 27648 "https://nobbycosmic.com/NJCA/Transfer/?C=S%3BO%3DA" "Mozilla/5.0 (Linux; Android 7.0;) AppleWebKit/537.36 (KHTML, like Gecko) Mobile Safari/537.36 (compatible; PetalBot;+https://webmaster.petalsearch.com/site/petalbot)" "nobbycosmic.com"
114.119.128.40 - - [31/Aug/2022:21:58:12 -0700] "GET /NJCA/Document?C=D%3BO%3DA HTTP/1.1" 301 1429 "https://nobbycosmic.com/NJCA/Document?D=D" "Mozilla/5.0 (Linux; Android 7.0;) AppleWebKit/537.36 (KHTML, like Gecko) Mobile Safari/537.36 (compatible; PetalBot;+https://webmaster.petalsearch.com/site/petalbot)" "nobbycosmic.com"
114.119.128.40 - - [31/Aug/2022:21:58:13 -0700] "GET /NJCA/Document/?C=D%3BO%3DA HTTP/1.1" 200 1525 "https://nobbycosmic.com/NJCA/Document?D=D" "Mozilla/5.0 (Linux; Android 7.0;) AppleWebKit/537.36 (KHTML, like Gecko) Mobile Safari/537.36 (compatible; PetalBot;+https://webmaster.petalsearch.com/site/petalbot)" "nobbycosmic.com"
114.119.128.26 - - [31/Aug/2022:22:01:02 -0700] "GET /NJCA/Charity?C=S%3BO%3DA HTTP/1.1" 301 1431 "https://nobbycosmic.com/NJCA/Charity" "Mozilla/5.0 (Linux; Android 7.0;) AppleWebKit/537.36 (KHTML, like Gecko) Mobile Safari/537.36 (compatible; PetalBot;+https://webmaster.petalsearch.com/site/petalbot)" "nobbycosmic.com"
114.119.128.26 - - [31/Aug/2022:22:01:02 -0700] "GET /NJCA/Charity/?C=S%3BO%3DA HTTP/1.1" 200 502 "https://nobbycosmic.com/NJCA/Charity" "Mozilla/5.0 (Linux; Android 7.0;) AppleWebKit/537.36 (KHTML, like Gecko) Mobile Safari/537.36 (compatible; PetalBot;+https://webmaster.petalsearch.com/site/petalbot)" "nobbycosmic.com"
216.244.66.200 - - [31/Aug/2022:22:01:48 -0700] "GET /robots.txt HTTP/1.1" 200 61 "-" "Mozilla/5.0 (compatible; DotBot/1.2; +https://opensiteexplorer.org/dotbot; help@moz.com)" "nobbycosmic.com"
114.119.128.40 - - [31/Aug/2022:22:03:04 -0700] "GET /NJCA/BBQ08?C=N%3BO%3DD HTTP/1.1" 301 1432 "https://nobbycosmic.com/NJCA/BBQ08?C=S%3BO%3DA" "Mozilla/5.0 (Linux; Android 7.0;) AppleWebKit/537.36 (KHTML, like Gecko) Mobile Safari/537.36 (compatible; PetalBot;+https://webmaster.petalsearch.com/site/petalbot)" "nobbycosmic.com"
114.119.128.40 - - [31/Aug/2022:22:03:05 -0700] "GET /NJCA/BBQ08/?C=N%3BO%3DD HTTP/1.1" 200 623 "https://nobbycosmic.com/NJCA/BBQ08?C=S%3BO%3DA" "Mozilla/5.0 (Linux; Android 7.0;) AppleWebKit/537.36 (KHTML, like Gecko) Mobile Safari/537.36 (compatible; PetalBot;+https://webmaster.petalsearch.com/site/petalbot)" "nobbycosmic.com"
114.119.128.26 - - [31/Aug/2022:22:05:31 -0700] "GET /NJCA/Volunteer/NJCANatsuMatsuri2010.htm HTTP/1.1" 200 1169 "https://nobbycosmic.com/NJCA/Volunteer/" "Mozilla/5.0 (Linux; Android 7.0;) AppleWebKit/537.36 (KHTML, like Gecko) Mobile Safari/537.36 (compatible; PetalBot;+https://webmaster.petalsearch.com/site/petalbot)" "nobbycosmic.com"
114.119.128.26 - - [31/Aug/2022:22:08:12 -0700] "GET /NJCA/NY12/2012NYStr.htm HTTP/1.1" 200 16149 "https://nobbycosmic.com/NJCA/NY12?D=A" "Mozilla/5.0 (Linux; Android 7.0;) AppleWebKit/537.36 (KHTML, like Gecko) Mobile Safari/537.36 (compatible; PetalBot;+https://webmaster.petalsearch.com/site/petalbot)" "nobbycosmic.com"
157.55.39.36 - - [31/Aug/2022:22:08:21 -0700] "GET /Post/Nissin202103173.pdf HTTP/1.1" 404 88 "-" "Mozilla/5.0 (compatible; bingbot/2.0; +http://www.bing.com/bingbot.htm)" "www.nobbycosmic.com"
114.119.128.26 - - [31/Aug/2022:22:10:36 -0700] "GET /Utagoe/Nostalgia?C=M%3BO%3DA HTTP/1.1" 301 1432 "https://nobbycosmic.com/Utagoe/Nostalgia?C=D%3BO%3DA" "Mozilla/5.0 (Linux; Android 7.0;) AppleWebKit/537.36 (KHTML, like Gecko) Mobile Safari/537.36 (compatible; PetalBot;+https://webmaster.petalsearch.com/site/petalbot)" "nobbycosmic.com"
114.119.128.26 - - [31/Aug/2022:22:10:38 -0700] "GET /Utagoe/Nostalgia/?C=M%3BO%3DA HTTP/1.1" 200 459 "https://nobbycosmic.com/Utagoe/Nostalgia?C=D%3BO%3DA" "Mozilla/5.0 (Linux; Android 7.0;) AppleWebKit/537.36 (KHTML, like Gecko) Mobile Safari/537.36 (compatible; PetalBot;+https://webmaster.petalsearch.com/site/petalbot)" "nobbycosmic.com"
137.226.113.44 - - [31/Aug/2022:22:11:45 -0700] "GET / HTTP/1.1" 200 3158 "-" "Mozilla/5.0 zgrab/0.x (compatible; Researchscan/http; +http://researchscan.comsys.rwth-aachen.de)" "www.nobbycosmic.com"
114.119.128.40 - - [31/Aug/2022:22:13:08 -0700] "GET /NJCA/?C=N%3BO%3DD HTTP/1.1" 200 1569 "https://nobbycosmic.com/NJCA?C=N%3BO%3DD" "Mozilla/5.0 (Linux; Android 7.0;) AppleWebKit/537.36 (KHTML, like Gecko) Mobile Safari/537.36 (compatible; PetalBot;+https://webmaster.petalsearch.com/site/petalbot)" "nobbycosmic.com"
114.119.128.26 - - [31/Aug/2022:22:15:29 -0700] "GET /NJCA/NY08/Pictures/?C=D%3BO%3DA HTTP/1.1" 200 1381 "https://nobbycosmic.com/NJCA/NY08/Pictures?C=D%3BO%3DA" "Mozilla/5.0 (Linux; Android 7.0;) AppleWebKit/537.36 (KHTML, like Gecko) Mobile Safari/537.36 (compatible; PetalBot;+https://webmaster.petalsearch.com/site/petalbot)" "nobbycosmic.com"
114.119.128.26 - - [31/Aug/2022:22:18:03 -0700] "GET /NJCA/BBQ11?N=D HTTP/1.1" 301 1422 "https://nobbycosmic.com/NJCA/BBQ11?N=A" "Mozilla/5.0 (Linux; Android 7.0;) AppleWebKit/537.36 (KHTML, like Gecko) Mobile Safari/537.36 (compatible; PetalBot;+https://webmaster.petalsearch.com/site/petalbot)" "nobbycosmic.com"
114.119.128.26 - - [31/Aug/2022:22:18:05 -0700] "GET /NJCA/BBQ11/?N=D HTTP/1.1" 200 1906 "https://nobbycosmic.com/NJCA/BBQ11?N=A" "Mozilla/5.0 (Linux; Android 7.0;) AppleWebKit/537.36 (KHTML, like Gecko) Mobile Safari/537.36 (compatible; PetalBot;+https://webmaster.petalsearch.com/site/petalbot)" "nobbycosmic.com"
114.119.128.40 - - [31/Aug/2022:22:20:25 -0700] "GET /NJCA/Transfer?M=D HTTP/1.1" 301 1423 "https://nobbycosmic.com/NJCA/Transfer?M=A" "Mozilla/5.0 (Linux; Android 7.0;) AppleWebKit/537.36 (KHTML, like Gecko) Mobile Safari/537.36 (compatible; PetalBot;+https://webmaster.petalsearch.com/site/petalbot)" "nobbycosmic.com"
114.119.128.40 - - [31/Aug/2022:22:20:26 -0700] "GET /NJCA/Transfer/?M=D HTTP/1.1" 200 635 "https://nobbycosmic.com/NJCA/Transfer?M=A" "Mozilla/5.0 (Linux; Android 7.0;) AppleWebKit/537.36 (KHTML, like Gecko) Mobile Safari/537.36 (compatible; PetalBot;+https://webmaster.petalsearch.com/site/petalbot)" "nobbycosmic.com"
114.119.128.26 - - [31/Aug/2022:22:22:56 -0700] "GET /NJCA/NY10/NYPStr10V.htm HTTP/1.1" 200 9623 "https://nobbycosmic.com/NJCA/NY10/" "Mozilla/5.0 (Linux; Android 7.0;) AppleWebKit/537.36 (KHTML, like Gecko) Mobile Safari/537.36 (compatible; PetalBot;+https://webmaster.petalsearch.com/site/petalbot)" "nobbycosmic.com"
114.119.128.26 - - [31/Aug/2022:22:25:30 -0700] "GET /Utagoe/Pictures/?C=N%3BO%3DD HTTP/1.1" 200 922 "https://nobbycosmic.com/Utagoe/Pictures" "Mozilla/5.0 (Linux; Android 7.0;) AppleWebKit/537.36 (KHTML, like Gecko) Mobile Safari/537.36 (compatible; PetalBot;+https://webmaster.petalsearch.com/site/petalbot)" "nobbycosmic.com"
114.119.128.26 - - [31/Aug/2022:22:28:01 -0700] "GET /NJCA/NY10/NYP101.htm HTTP/1.1" 200 1409 "https://nobbycosmic.com/NJCA/NY10/NYP100.htm" "Mozilla/5.0 (Linux; Android 7.0;) AppleWebKit/537.36 (KHTML, like Gecko) Mobile Safari/537.36 (compatible; PetalBot;+https://webmaster.petalsearch.com/site/petalbot)" "nobbycosmic.com"
114.119.128.40 - - [31/Aug/2022:22:30:26 -0700] "GET /NJCA/AGM07/?C=N%3BO%3DD HTTP/1.1" 200 411 "https://nobbycosmic.com/NJCA/AGM07/?C=D%3BO%3DA" "Mozilla/5.0 (Linux; Android 7.0;) AppleWebKit/537.36 (KHTML, like Gecko) Mobile Safari/537.36 (compatible; PetalBot;+https://webmaster.petalsearch.com/site/petalbot)" "nobbycosmic.com"
114.119.128.26 - - [31/Aug/2022:22:33:03 -0700] "GET /NJCA/Temp?D=A HTTP/1.1" 301 1420 "https://nobbycosmic.com/NJCA/Temp?M=D" "Mozilla/5.0 (Linux; Android 7.0;) AppleWebKit/537.36 (KHTML, like Gecko) Mobile Safari/537.36 (compatible; PetalBot;+https://webmaster.petalsearch.com/site/petalbot)" "nobbycosmic.com"
114.119.128.26 - - [31/Aug/2022:22:33:04 -0700] "GET /NJCA/Temp/?D=A HTTP/1.1" 200 404 "https://nobbycosmic.com/NJCA/Temp?M=D" "Mozilla/5.0 (Linux; Android 7.0;) AppleWebKit/537.36 (KHTML, like Gecko) Mobile Safari/537.36 (compatible; PetalBot;+https://webmaster.petalsearch.com/site/petalbot)" "nobbycosmic.com"
157.55.39.65 - - [31/Aug/2022:22:35:37 -0700] "GET /Utagoe/2020SummerMori/2020080805MoriUta.JPG HTTP/1.1" 200 139731 "-" "Mozilla/5.0 (compatible; bingbot/2.0; +http://www.bing.com/bingbot.htm)" "nobbycosmic.com"
216.244.66.200 - - [31/Aug/2022:22:48:23 -0700] "GET /robots.txt HTTP/1.1" 200 61 "-" "Mozilla/5.0 (compatible; DotBot/1.2; +https://opensiteexplorer.org/dotbot; help@moz.com)" "nobbycosmic.com"
40.77.167.47 - - [31/Aug/2022:23:27:40 -0700] "GET /NJCA/BBQ99/99KITCH3.jpg HTTP/1.1" 200 16382 "-" "Mozilla/5.0 (compatible; bingbot/2.0; +http://www.bing.com/bingbot.htm)" "nobbycosmic.com"
216.244.66.200 - - [31/Aug/2022:23:34:40 -0700] "GET /robots.txt HTTP/1.1" 200 61 "-" "Mozilla/5.0 (compatible; DotBot/1.2; +https://opensiteexplorer.org/dotbot; help@moz.com)" "nobbycosmic.com"
157.55.39.36 - - [31/Aug/2022:23:40:49 -0700] "GET /Utagoe/2020SummerMori/2020080810MoriUta.jpg HTTP/1.1" 200 81365 "-" "Mozilla/5.0 (compatible; bingbot/2.0; +http://www.bing.com/bingbot.htm)" "nobbycosmic.com"
194.38.20.161 - - [31/Aug/2022:23:49:49 -0700] "GET /assets/plugins/file-uploader/server/php/index.php?file=tf2rghf.jpg HTTP/1.1" 404 73 "-" "ALittle Client" "nobbycosmic.com"
216.244.66.200 - - [01/Sep/2022:00:20:58 -0700] "GET /robots.txt HTTP/1.1" 200 61 "-" "Mozilla/5.0 (compatible; DotBot/1.2; +https://opensiteexplorer.org/dotbot; help@moz.com)" "www.nobbycosmic.com"
216.244.66.200 - - [01/Sep/2022:00:20:58 -0700] "GET /robots.txt HTTP/1.1" 200 61 "-" "Mozilla/5.0 (compatible; DotBot/1.2; +https://opensiteexplorer.org/dotbot; help@moz.com)" "nobbycosmic.com"
185.228.138.240 - - [01/Sep/2022:00:37:06 -0700] "GET /Utagoe/Kaneko/Utagoe201302O.jpg HTTP/1.1" 200 92926 "-" "Mozilla/5.0 (Windows NT 10.0; rv:91.0) Gecko/20100101 Firefox/91.0" "nobbycosmic.com"
185.220.101.75 - - [01/Sep/2022:00:37:11 -0700] "GET /Utagoe/Kaneko/Utagoe2013022.jpg HTTP/1.1" 200 438204 "-" "Mozilla/5.0 (Windows NT 10.0; rv:91.0) Gecko/20100101 Firefox/91.0" "nobbycosmic.com"
114.119.144.222 - - [01/Sep/2022:00:50:29 -0700] "GET /robots.txt HTTP/1.1" 200 75 "-" "Mozilla/5.0 (compatible;PetalBot;+https://webmaster.petalsearch.com/site/petalbot)" "nobbycosmic.com"
109.70.100.23 - - [01/Sep/2022:00:50:35 -0700] "GET /Utagoe/Kaneko/Utagoe2013021.jpg HTTP/1.1" 200 488965 "-" "Mozilla/5.0 (Windows NT 10.0; rv:91.0) Gecko/20100101 Firefox/91.0" "nobbycosmic.com"
193.142.146.213 - - [01/Sep/2022:01:01:24 -0700] "GET /Utagoe/Kaneko/Utagoe201302B.jpg HTTP/1.1" 200 35388 "-" "Mozilla/5.0 (Windows NT 10.0; rv:91.0) Gecko/20100101 Firefox/91.0" "nobbycosmic.com"
114.119.135.158 - - [01/Sep/2022:01:04:02 -0700] "GET /robots.txt HTTP/1.1" 200 75 "-" "Mozilla/5.0 (compatible;PetalBot;+https://webmaster.petalsearch.com/site/petalbot)" "nobbycosmic.com"
216.244.66.200 - - [01/Sep/2022:01:07:00 -0700] "GET /robots.txt HTTP/1.1" 200 61 "-" "Mozilla/5.0 (compatible; DotBot/1.2; +https://opensiteexplorer.org/dotbot; help@moz.com)" "nobbycosmic.com"
185.191.171.33 - - [01/Sep/2022:01:12:45 -0700] "GET /robots.txt HTTP/1.1" 200 75 "-" "Mozilla/5.0 (compatible; SemrushBot/7~bl; +http://www.semrush.com/bot.html)" "nobbycosmic.com"
185.191.171.41 - - [01/Sep/2022:01:12:45 -0700] "GET /NJCA/NY10/NYPStr10.htm HTTP/1.1" 200 9617 "-" "Mozilla/5.0 (compatible; SemrushBot/7~bl; +http://www.semrush.com/bot.html)" "nobbycosmic.com"
51.222.253.5 - - [01/Sep/2022:01:32:21 -0700] "GET /robots.txt HTTP/1.1" 200 75 "-" "Mozilla/5.0 (compatible; AhrefsBot/7.0; +http://ahrefs.com/robot/)" "www.nobbycosmic.com"
51.222.253.15 - - [01/Sep/2022:01:32:22 -0700] "GET / HTTP/1.1" 200 3158 "-" "Mozilla/5.0 (compatible; AhrefsBot/7.0; +http://ahrefs.com/robot/)" "www.nobbycosmic.com"
216.244.66.200 - - [01/Sep/2022:01:52:38 -0700] "GET /robots.txt HTTP/1.1" 200 61 "-" "Mozilla/5.0 (compatible; DotBot/1.2; +https://opensiteexplorer.org/dotbot; help@moz.com)" "nobbycosmic.com"
157.55.39.37 - - [01/Sep/2022:02:08:24 -0700] "GET /Post/JF202207141.pdf HTTP/1.1" 200 9198114 "-" "Mozilla/5.0 (compatible; bingbot/2.0; +http://www.bing.com/bingbot.htm)" "nobbycosmic.com"
216.244.66.200 - - [01/Sep/2022:02:38:10 -0700] "GET /robots.txt HTTP/1.1" 200 61 "-" "Mozilla/5.0 (compatible; DotBot/1.2; +https://opensiteexplorer.org/dotbot; help@moz.com)" "nobbycosmic.com"
54.36.148.42 - - [01/Sep/2022:02:41:28 -0700] "GET / HTTP/1.1" 200 3158 "-" "Mozilla/5.0 (compatible; AhrefsBot/7.0; +http://ahrefs.com/robot/)" "nobbycosmic.com"
40.77.167.23 - - [01/Sep/2022:02:51:54 -0700] "GET /post/jf202208041.pdf HTTP/1.1" 404 88 "-" "Mozilla/5.0 (compatible; bingbot/2.0; +http://www.bing.com/bingbot.htm)" "nobbycosmic.com"
40.77.167.31 - - [01/Sep/2022:02:56:36 -0700] "GET /Utagoe/60th/ HTTP/1.1" 200 488 "-" "Mozilla/5.0 (compatible; bingbot/2.0; +http://www.bing.com/bingbot.htm)" "www.nobbycosmic.com"
40.77.167.31 - - [01/Sep/2022:02:58:57 -0700] "GET /post/jccc202208041.pdf HTTP/1.1" 404 88 "-" "Mozilla/5.0 (compatible; bingbot/2.0; +http://www.bing.com/bingbot.htm)" "nobbycosmic.com"
216.244.66.200 - - [01/Sep/2022:03:24:03 -0700] "GET /robots.txt HTTP/1.1" 200 61 "-" "Mozilla/5.0 (compatible; DotBot/1.2; +https://opensiteexplorer.org/dotbot; help@moz.com)" "nobbycosmic.com"
114.119.128.26 - - [01/Sep/2022:03:33:19 -0700] "GET /Card/Card99?C=M%3BO%3DA HTTP/1.1" 301 1428 "https://nobbycosmic.com/Card/Card99?C=N%3BO%3DD" "Mozilla/5.0 (Linux; Android 7.0;) AppleWebKit/537.36 (KHTML, like Gecko) Mobile Safari/537.36 (compatible; PetalBot;+https://webmaster.petalsearch.com/site/petalbot)" "nobbycosmic.com"
114.119.128.26 - - [01/Sep/2022:03:33:25 -0700] "GET /Card/Card99/?C=M%3BO%3DA HTTP/1.1" 200 455 "https://nobbycosmic.com/Card/Card99?C=N%3BO%3DD" "Mozilla/5.0 (Linux; Android 7.0;) AppleWebKit/537.36 (KHTML, like Gecko) Mobile Safari/537.36 (compatible; PetalBot;+https://webmaster.petalsearch.com/site/petalbot)" "nobbycosmic.com"
114.119.130.31 - - [01/Sep/2022:04:03:45 -0700] "GET /robots.txt HTTP/1.1" 200 75 "-" "Mozilla/5.0 (compatible;PetalBot;+https://webmaster.petalsearch.com/site/petalbot)" "www.nobbycosmic.com"
216.244.66.200 - - [01/Sep/2022:04:09:56 -0700] "GET /robots.txt HTTP/1.1" 200 61 "-" "Mozilla/5.0 (compatible; DotBot/1.2; +https://opensiteexplorer.org/dotbot; help@moz.com)" "nobbycosmic.com"
60.188.11.28 - - [01/Sep/2022:04:19:46 -0700] "GET / HTTP/1.1" 200 3158 "-" "Mozilla/5.0 (iPhone; CPU iPhone OS 10_3 like Mac OS X) AppleWebKit/602.1.50 (KHTML, like Gecko) CriOS/56.0.2924.75 Mobile/14E5239e YisouSpider/5.0 Safari/602.1" "nobbycosmic.com"
114.119.128.40 - - [01/Sep/2022:04:22:44 -0700] "GET /NJCA/BBQ06?C=M%3BO%3DA HTTP/1.1" 301 1432 "https://nobbycosmic.com/NJCA/BBQ06?M=A" "Mozilla/5.0 (Linux; Android 7.0;) AppleWebKit/537.36 (KHTML, like Gecko) Mobile Safari/537.36 (compatible; PetalBot;+https://webmaster.petalsearch.com/site/petalbot)" "nobbycosmic.com"
114.119.128.40 - - [01/Sep/2022:04:22:45 -0700] "GET /NJCA/BBQ06/?C=M%3BO%3DA HTTP/1.1" 200 996 "https://nobbycosmic.com/NJCA/BBQ06?M=A" "Mozilla/5.0 (Linux; Android 7.0;) AppleWebKit/537.36 (KHTML, like Gecko) Mobile Safari/537.36 (compatible; PetalBot;+https://webmaster.petalsearch.com/site/petalbot)" "nobbycosmic.com"
114.119.128.26 - - [01/Sep/2022:04:26:31 -0700] "GET /NJCA/NY12/PicturePages/NYP12.htm HTTP/1.1" 200 1294 "https://nobbycosmic.com/NJCA/NY12/PicturePages?M=A" "Mozilla/5.0 (Linux; Android 7.0;) AppleWebKit/537.36 (KHTML, like Gecko) Mobile Safari/537.36 (compatible; PetalBot;+https://webmaster.petalsearch.com/site/petalbot)" "nobbycosmic.com"
61.124.99.140 - - [01/Sep/2022:04:28:50 -0700] "GET /Utagoe/2022Summer/Utagoe202208.htm HTTP/1.1" 200 2832 "-" "Mozilla/5.0 (Windows NT 10.0; Win64; x64) AppleWebKit/537.36 (KHTML, like Gecko) Chrome/104.0.5112.102 Safari/537.36 Edg/104.0.1293.70" "nobbycosmic.com"
61.124.99.140 - - [01/Sep/2022:04:28:50 -0700] "GET /Utagoe/2022Summer/2022082701Sun.jpg HTTP/1.1" 200 43206 "https://nobbycosmic.com/Utagoe/2022Summer/Utagoe202208.htm" "Mozilla/5.0 (Windows NT 10.0; Win64; x64) AppleWebKit/537.36 (KHTML, like Gecko) Chrome/104.0.5112.102 Safari/537.36 Edg/104.0.1293.70" "nobbycosmic.com"
61.124.99.140 - - [01/Sep/2022:04:28:50 -0700] "GET /Utagoe/2022Summer/2022082702BlueSky.jpg HTTP/1.1" 200 30483 "https://nobbycosmic.com/Utagoe/2022Summer/Utagoe202208.htm" "Mozilla/5.0 (Windows NT 10.0; Win64; x64) AppleWebKit/537.36 (KHTML, like Gecko) Chrome/104.0.5112.102 Safari/537.36 Edg/104.0.1293.70" "nobbycosmic.com"
61.124.99.140 - - [01/Sep/2022:04:28:51 -0700] "GET /Utagoe/2022Summer/2022082704Tree.jpg HTTP/1.1" 200 107210 "https://nobbycosmic.com/Utagoe/2022Summer/Utagoe202208.htm" "Mozilla/5.0 (Windows NT 10.0; Win64; x64) AppleWebKit/537.36 (KHTML, like Gecko) Chrome/104.0.5112.102 Safari/537.36 Edg/104.0.1293.70" "nobbycosmic.com"
61.124.99.140 - - [01/Sep/2022:04:28:51 -0700] "GET /Utagoe/2022Summer/2022082703Tree.JPG HTTP/1.1" 200 130838 "https://nobbycosmic.com/Utagoe/2022Summer/Utagoe202208.htm" "Mozilla/5.0 (Windows NT 10.0; Win64; x64) AppleWebKit/537.36 (KHTML, like Gecko) Chrome/104.0.5112.102 Safari/537.36 Edg/104.0.1293.70" "nobbycosmic.com"
61.124.99.140 - - [01/Sep/2022:04:28:51 -0700] "GET /Utagoe/2022Summer/2022082705Prep.jpg HTTP/1.1" 200 83979 "https://nobbycosmic.com/Utagoe/2022Summer/Utagoe202208.htm" "Mozilla/5.0 (Windows NT 10.0; Win64; x64) AppleWebKit/537.36 (KHTML, like Gecko) Chrome/104.0.5112.102 Safari/537.36 Edg/104.0.1293.70" "nobbycosmic.com"
61.124.99.140 - - [01/Sep/2022:04:28:51 -0700] "GET /Utagoe/2022Summer/2022082706Prep.jpg HTTP/1.1" 200 129100 "https://nobbycosmic.com/Utagoe/2022Summer/Utagoe202208.htm" "Mozilla/5.0 (Windows NT 10.0; Win64; x64) AppleWebKit/537.36 (KHTML, like Gecko) Chrome/104.0.5112.102 Safari/537.36 Edg/104.0.1293.70" "nobbycosmic.com"
61.124.99.140 - - [01/Sep/2022:04:28:53 -0700] "GET /Utagoe/2022Summer/2022082707Session.JPG HTTP/1.1" 200 148214 "https://nobbycosmic.com/Utagoe/2022Summer/Utagoe202208.htm" "Mozilla/5.0 (Windows NT 10.0; Win64; x64) AppleWebKit/537.36 (KHTML, like Gecko) Chrome/104.0.5112.102 Safari/537.36 Edg/104.0.1293.70" "nobbycosmic.com"
