114.119.128.40 - - [03/Sep/2022:05:25:18 -0700] "GET /Card/Card10/?C=M%3BO%3DA HTTP/1.1" 200 472 "https://nobbycosmic.com/Card/Card10" "Mozilla/5.0 (Linux; Android 7.0;) AppleWebKit/537.36 (KHTML, like Gecko) Mobile Safari/537.36 (compatible; PetalBot;+https://webmaster.petalsearch.com/site/petalbot)" "nobbycosmic.com"
114.119.128.26 - - [03/Sep/2022:05:26:45 -0700] "GET /NJCA/BBQ10/Hula1.JPG HTTP/1.1" 200 62698 "https://nobbycosmic.com/NJCA/BBQ10/BBQPicture2010.htm" "Mozilla/5.0 (Linux; Android 7.0;) AppleWebKit/537.36 (KHTML, like Gecko) Mobile Safari/537.36 (compatible; PetalBot;+https://webmaster.petalsearch.com/site/petalbot)" "nobbycosmic.com"
185.191.171.2 - - [03/Sep/2022:05:27:33 -0700] "GET /robots.txt HTTP/1.1" 200 75 "-" "Mozilla/5.0 (compatible; SemrushBot/7~bl; +http://www.semrush.com/bot.html)" "nobbycosmic.com"
185.191.171.43 - - [03/Sep/2022:05:27:33 -0700] "GET /NJCA/NY11/NYP111.htm HTTP/1.1" 200 1809 "-" "Mozilla/5.0 (compatible; SemrushBot/7~bl; +http://www.semrush.com/bot.html)" "nobbycosmic.com"
114.119.128.26 - - [03/Sep/2022:05:28:22 -0700] "GET /NJCA/BBQ98/?C=N%3BO%3DD HTTP/1.1" 200 635 "https://nobbycosmic.com/NJCA/BBQ98/?C=S%3BO%3DA" "Mozilla/5.0 (Linux; Android 7.0;) AppleWebKit/537.36 (KHTML, like Gecko) Mobile Safari/537.36 (compatible; PetalBot;+https://webmaster.petalsearch.com/site/petalbot)" "nobbycosmic.com"
40.77.167.23 - - [03/Sep/2022:05:30:02 -0700] "GET /Temp/JF20140711.pdf HTTP/1.1" 404 88 "-" "Mozilla/5.0 AppleWebKit/537.36 (KHTML, like Gecko; compatible; bingbot/2.0; +http://www.bing.com/bingbot.htm) Chrome/103.0.5060.134 Safari/537.36" "nobbycosmic.com"
114.119.128.40 - - [03/Sep/2022:05:30:09 -0700] "GET /NJCA/Volunteer/?C=M%3BO%3DA HTTP/1.1" 200 427 "https://nobbycosmic.com/NJCA/Volunteer?C=D%3BO%3DA" "Mozilla/5.0 (Linux; Android 7.0;) AppleWebKit/537.36 (KHTML, like Gecko) Mobile Safari/537.36 (compatible; PetalBot;+https://webmaster.petalsearch.com/site/petalbot)" "nobbycosmic.com"
114.119.128.40 - - [03/Sep/2022:05:31:50 -0700] "GET /NJCA/Signs/Udon2012.pdf HTTP/1.1" 200 40950 "https://nobbycosmic.com/NJCA/Signs" "Mozilla/5.0 (Linux; Android 7.0;) AppleWebKit/537.36 (KHTML, like Gecko) Mobile Safari/537.36 (compatible; PetalBot;+https://webmaster.petalsearch.com/site/petalbot)" "nobbycosmic.com"
114.119.128.40 - - [03/Sep/2022:05:33:32 -0700] "GET /NJCA/AGM07/?C=S%3BO%3DA HTTP/1.1" 200 411 "https://nobbycosmic.com/NJCA/AGM07" "Mozilla/5.0 (Linux; Android 7.0;) AppleWebKit/537.36 (KHTML, like Gecko) Mobile Safari/537.36 (compatible; PetalBot;+https://webmaster.petalsearch.com/site/petalbot)" "nobbycosmic.com"
114.119.128.40 - - [03/Sep/2022:05:35:19 -0700] "GET /Utagoe/Kaneko/?C=N%3BO%3DD HTTP/1.1" 200 470 "https://nobbycosmic.com/Utagoe/Kaneko?C=N%3BO%3DD" "Mozilla/5.0 (Linux; Android 7.0;) AppleWebKit/537.36 (KHTML, like Gecko) Mobile Safari/537.36 (compatible; PetalBot;+https://webmaster.petalsearch.com/site/petalbot)" "nobbycosmic.com"
114.119.128.40 - - [03/Sep/2022:05:37:05 -0700] "GET /NJCA/Document/HBRRules.pdf HTTP/1.1" 200 54845 "https://nobbycosmic.com/NJCA/Document/?C=M%3BO%3DA" "Mozilla/5.0 (Linux; Android 7.0;) AppleWebKit/537.36 (KHTML, like Gecko) Mobile Safari/537.36 (compatible; PetalBot;+https://webmaster.petalsearch.com/site/petalbot)" "nobbycosmic.com"
114.119.128.26 - - [03/Sep/2022:05:38:47 -0700] "GET /Card/?C=M%3BO%3DA HTTP/1.1" 200 582 "https://nobbycosmic.com/Card?C=D%3BO%3DA" "Mozilla/5.0 (Linux; Android 7.0;) AppleWebKit/537.36 (KHTML, like Gecko) Mobile Safari/537.36 (compatible; PetalBot;+https://webmaster.petalsearch.com/site/petalbot)" "nobbycosmic.com"
114.119.128.40 - - [03/Sep/2022:05:40:30 -0700] "GET /NJCA/NY09/NYP090.htm HTTP/1.1" 200 1876 "https://nobbycosmic.com/NJCA/NY09?C=N%3BO%3DD" "Mozilla/5.0 (Linux; Android 7.0;) AppleWebKit/537.36 (KHTML, like Gecko) Mobile Safari/537.36 (compatible; PetalBot;+https://webmaster.petalsearch.com/site/petalbot)" "nobbycosmic.com"
147.92.153.16 - - [03/Sep/2022:05:41:00 -0700] "GET /Utagoe/2022Summer/2022082713Songs.JPG HTTP/1.1" 200 147773 "-" "Mozilla/5.0 (compatible; Linespider/1.1; +https://lin.ee/4dwXkTH)" "nobbycosmic.com"
114.119.128.26 - - [03/Sep/2022:05:42:20 -0700] "GET /JCCC/JCCC20201119.pdf HTTP/1.1" 200 793013 "https://nobbycosmic.com/JCCC/?C=M%3BO%3DA" "Mozilla/5.0 (Linux; Android 7.0;) AppleWebKit/537.36 (KHTML, like Gecko) Mobile Safari/537.36 (compatible; PetalBot;+https://webmaster.petalsearch.com/site/petalbot)" "nobbycosmic.com"
114.119.128.40 - - [03/Sep/2022:05:44:13 -0700] "GET /NJCA/BBQ07/Pictures?C=M%3BO%3DA HTTP/1.1" 301 1439 "https://nobbycosmic.com/NJCA/BBQ07/Pictures?C=D%3BO%3DA" "Mozilla/5.0 (Linux; Android 7.0;) AppleWebKit/537.36 (KHTML, like Gecko) Mobile Safari/537.36 (compatible; PetalBot;+https://webmaster.petalsearch.com/site/petalbot)" "nobbycosmic.com"
114.119.128.40 - - [03/Sep/2022:05:44:15 -0700] "GET /NJCA/BBQ07/Pictures/?C=M%3BO%3DA HTTP/1.1" 200 918 "https://nobbycosmic.com/NJCA/BBQ07/Pictures?C=D%3BO%3DA" "Mozilla/5.0 (Linux; Android 7.0;) AppleWebKit/537.36 (KHTML, like Gecko) Mobile Safari/537.36 (compatible; PetalBot;+https://webmaster.petalsearch.com/site/petalbot)" "nobbycosmic.com"
114.119.128.26 - - [03/Sep/2022:05:45:49 -0700] "GET /Utagoe/Kaneko/Kaneko.htm HTTP/1.1" 200 695 "https://nobbycosmic.com/Utagoe/Kaneko?C=N%3BO%3DD" "Mozilla/5.0 (Linux; Android 7.0;) AppleWebKit/537.36 (KHTML, like Gecko) Mobile Safari/537.36 (compatible; PetalBot;+https://webmaster.petalsearch.com/site/petalbot)" "nobbycosmic.com"
114.119.128.40 - - [03/Sep/2022:05:47:30 -0700] "GET /NJCA/NY11/NYOrder2011.xls HTTP/1.1" 200 28672 "https://nobbycosmic.com/NJCA/NY11/?C=S%3BO%3DA" "Mozilla/5.0 (Linux; Android 7.0;) AppleWebKit/537.36 (KHTML, like Gecko) Mobile Safari/537.36 (compatible; PetalBot;+https://webmaster.petalsearch.com/site/petalbot)" "nobbycosmic.com"
135.23.185.133 - - [03/Sep/2022:05:49:16 -0700] "GET /BabyTalks/BTList.htm HTTP/1.1" 200 10238 "-" "Mozilla/5.0 (iPhone; CPU iPhone OS 15_5 like Mac OS X) AppleWebKit/605.1.15 (KHTML, like Gecko) Version/15.5 Mobile/15E148 Safari/604.1" "nobbycosmic.com"
135.23.185.133 - - [03/Sep/2022:05:49:16 -0700] "GET /BabyTalks/BTFBanner1.jpg HTTP/1.1" 200 9524 "https://nobbycosmic.com/BabyTalks/BTList.htm" "Mozilla/5.0 (iPhone; CPU iPhone OS 15_5 like Mac OS X) AppleWebKit/605.1.15 (KHTML, like Gecko) Version/15.5 Mobile/15E148 Safari/604.1" "nobbycosmic.com"
135.23.185.133 - - [03/Sep/2022:05:49:16 -0700] "GET /BabyTalks/hiyoko.gif HTTP/1.1" 200 10361 "https://nobbycosmic.com/BabyTalks/BTList.htm" "Mozilla/5.0 (iPhone; CPU iPhone OS 15_5 like Mac OS X) AppleWebKit/605.1.15 (KHTML, like Gecko) Version/15.5 Mobile/15E148 Safari/604.1" "nobbycosmic.com"
135.23.185.133 - - [03/Sep/2022:05:49:16 -0700] "GET /BabyTalks/Group.jpg HTTP/1.1" 200 54379 "https://nobbycosmic.com/BabyTalks/BTList.htm" "Mozilla/5.0 (iPhone; CPU iPhone OS 15_5 like Mac OS X) AppleWebKit/605.1.15 (KHTML, like Gecko) Version/15.5 Mobile/15E148 Safari/604.1" "nobbycosmic.com"
135.23.185.133 - - [03/Sep/2022:05:49:16 -0700] "GET /BabyTalks/BTFBanner2.jpg HTTP/1.1" 200 4273 "https://nobbycosmic.com/BabyTalks/BTList.htm" "Mozilla/5.0 (iPhone; CPU iPhone OS 15_5 like Mac OS X) AppleWebKit/605.1.15 (KHTML, like Gecko) Version/15.5 Mobile/15E148 Safari/604.1" "nobbycosmic.com"
135.23.185.133 - - [03/Sep/2022:05:49:17 -0700] "GET /BabyTalks/blue_next.gif HTTP/1.1" 200 138 "https://nobbycosmic.com/BabyTalks/BTList.htm" "Mozilla/5.0 (iPhone; CPU iPhone OS 15_5 like Mac OS X) AppleWebKit/605.1.15 (KHTML, like Gecko) Version/15.5 Mobile/15E148 Safari/604.1" "nobbycosmic.com"
135.23.185.133 - - [03/Sep/2022:05:49:17 -0700] "GET /BabyTalks/SakuraMark2.jpg HTTP/1.1" 200 933 "https://nobbycosmic.com/BabyTalks/BTList.htm" "Mozilla/5.0 (iPhone; CPU iPhone OS 15_5 like Mac OS X) AppleWebKit/605.1.15 (KHTML, like Gecko) Version/15.5 Mobile/15E148 Safari/604.1" "nobbycosmic.com"
135.23.185.133 - - [03/Sep/2022:05:49:17 -0700] "GET /BabyTalks/FTFMemberDistChart.jpg HTTP/1.1" 200 61359 "https://nobbycosmic.com/BabyTalks/BTList.htm" "Mozilla/5.0 (iPhone; CPU iPhone OS 15_5 like Mac OS X) AppleWebKit/605.1.15 (KHTML, like Gecko) Version/15.5 Mobile/15E148 Safari/604.1" "nobbycosmic.com"
114.119.128.26 - - [03/Sep/2022:05:49:18 -0700] "GET /Card/Card13?C=S%3BO%3DA HTTP/1.1" 301 1427 "https://nobbycosmic.com/Card/Card13?C=D%3BO%3DA" "Mozilla/5.0 (Linux; Android 7.0;) AppleWebKit/537.36 (KHTML, like Gecko) Mobile Safari/537.36 (compatible; PetalBot;+https://webmaster.petalsearch.com/site/petalbot)" "nobbycosmic.com"
114.119.128.26 - - [03/Sep/2022:05:49:22 -0700] "GET /Card/Card13/?C=S%3BO%3DA HTTP/1.1" 200 537 "https://nobbycosmic.com/Card/Card13?C=D%3BO%3DA" "Mozilla/5.0 (Linux; Android 7.0;) AppleWebKit/537.36 (KHTML, like Gecko) Mobile Safari/537.36 (compatible; PetalBot;+https://webmaster.petalsearch.com/site/petalbot)" "nobbycosmic.com"
135.23.185.133 - - [03/Sep/2022:05:50:05 -0700] "GET /BabyTalks/FTFMember/Content.htm HTTP/1.1" 401 90 "https://nobbycosmic.com/BabyTalks/BTList.htm" "Mozilla/5.0 (iPhone; CPU iPhone OS 15_5 like Mac OS X) AppleWebKit/605.1.15 (KHTML, like Gecko) Version/15.5 Mobile/15E148 Safari/604.1" "nobbycosmic.com"
135.23.185.133 - FTF [03/Sep/2022:05:50:15 -0700] "GET /BabyTalks/FTFMember/Content.htm HTTP/1.1" 200 6659 "https://nobbycosmic.com/BabyTalks/BTList.htm" "Mozilla/5.0 (iPhone; CPU iPhone OS 15_5 like Mac OS X) AppleWebKit/605.1.15 (KHTML, like Gecko) Version/15.5 Mobile/15E148 Safari/604.1" "nobbycosmic.com"
135.23.185.133 - FTF [03/Sep/2022:05:50:16 -0700] "GET /BabyTalks/FTFMember/hiyoko.gif HTTP/1.1" 200 10361 "https://nobbycosmic.com/BabyTalks/FTFMember/Content.htm" "Mozilla/5.0 (iPhone; CPU iPhone OS 15_5 like Mac OS X) AppleWebKit/605.1.15 (KHTML, like Gecko) Version/15.5 Mobile/15E148 Safari/604.1" "nobbycosmic.com"
135.23.185.133 - FTF [03/Sep/2022:05:50:25 -0700] "GET /BabyTalks/FTFMember/SelfIntro.htm HTTP/1.1" 200 14187 "https://nobbycosmic.com/BabyTalks/FTFMember/Content.htm" "Mozilla/5.0 (iPhone; CPU iPhone OS 15_5 like Mac OS X) AppleWebKit/605.1.15 (KHTML, like Gecko) Version/15.5 Mobile/15E148 Safari/604.1" "nobbycosmic.com"
135.23.185.133 - FTF [03/Sep/2022:05:50:26 -0700] "GET /BabyTalks/FTFMember/Pictures/Iguchi1.jpg HTTP/1.1" 404 88 "https://nobbycosmic.com/BabyTalks/FTFMember/SelfIntro.htm" "Mozilla/5.0 (iPhone; CPU iPhone OS 15_5 like Mac OS X) AppleWebKit/605.1.15 (KHTML, like Gecko) Version/15.5 Mobile/15E148 Safari/604.1" "nobbycosmic.com"
135.23.185.133 - FTF [03/Sep/2022:05:50:26 -0700] "GET /BabyTalks/FTFMember/Pictures/lake.jpg HTTP/1.1" 404 88 "https://nobbycosmic.com/BabyTalks/FTFMember/SelfIntro.htm" "Mozilla/5.0 (iPhone; CPU iPhone OS 15_5 like Mac OS X) AppleWebKit/605.1.15 (KHTML, like Gecko) Version/15.5 Mobile/15E148 Safari/604.1" "nobbycosmic.com"
135.23.185.133 - FTF [03/Sep/2022:05:50:26 -0700] "GET /BabyTalks/FTFMember/Pictures/fest2.jpg HTTP/1.1" 404 88 "https://nobbycosmic.com/BabyTalks/FTFMember/SelfIntro.htm" "Mozilla/5.0 (iPhone; CPU iPhone OS 15_5 like Mac OS X) AppleWebKit/605.1.15 (KHTML, like Gecko) Version/15.5 Mobile/15E148 Safari/604.1" "nobbycosmic.com"
114.119.128.40 - - [03/Sep/2022:05:50:56 -0700] "GET /NJCA/JCCC/JCCCNJCABooking.doc HTTP/1.1" 200 45056 "https://nobbycosmic.com/NJCA/JCCC/?C=D%3BO%3DA" "Mozilla/5.0 (Linux; Android 7.0;) AppleWebKit/537.36 (KHTML, like Gecko) Mobile Safari/537.36 (compatible; PetalBot;+https://webmaster.petalsearch.com/site/petalbot)" "nobbycosmic.com"
135.23.185.133 - FTF [03/Sep/2022:05:51:24 -0700] "GET /BabyTalks/FTFMember/SelfIntro22.htm HTTP/1.1" 200 1826 "https://nobbycosmic.com/BabyTalks/FTFMember/Content.htm" "Mozilla/5.0 (iPhone; CPU iPhone OS 15_5 like Mac OS X) AppleWebKit/605.1.15 (KHTML, like Gecko) Version/15.5 Mobile/15E148 Safari/604.1" "nobbycosmic.com"
135.23.185.133 - FTF [03/Sep/2022:05:51:57 -0700] "GET /BabyTalks/FTFMember/SelfIntro21.htm HTTP/1.1" 200 5888 "https://nobbycosmic.com/BabyTalks/FTFMember/Content.htm" "Mozilla/5.0 (iPhone; CPU iPhone OS 15_5 like Mac OS X) AppleWebKit/605.1.15 (KHTML, like Gecko) Version/15.5 Mobile/15E148 Safari/604.1" "nobbycosmic.com"
114.119.128.40 - - [03/Sep/2022:05:52:34 -0700] "GET /NJCA/Charity?S=A HTTP/1.1" 301 1422 "https://nobbycosmic.com/NJCA/Charity?S=D" "Mozilla/5.0 (Linux; Android 7.0;) AppleWebKit/537.36 (KHTML, like Gecko) Mobile Safari/537.36 (compatible; PetalBot;+https://webmaster.petalsearch.com/site/petalbot)" "nobbycosmic.com"
114.119.128.40 - - [03/Sep/2022:05:52:39 -0700] "GET /NJCA/Charity/?S=A HTTP/1.1" 200 502 "https://nobbycosmic.com/NJCA/Charity?S=D" "Mozilla/5.0 (Linux; Android 7.0;) AppleWebKit/537.36 (KHTML, like Gecko) Mobile Safari/537.36 (compatible; PetalBot;+https://webmaster.petalsearch.com/site/petalbot)" "nobbycosmic.com"
135.23.185.133 - FTF [03/Sep/2022:05:53:39 -0700] "GET /BabyTalks/FTFMember/SelfIntro20.htm HTTP/1.1" 200 4443 "https://nobbycosmic.com/BabyTalks/FTFMember/Content.htm" "Mozilla/5.0 (iPhone; CPU iPhone OS 15_5 like Mac OS X) AppleWebKit/605.1.15 (KHTML, like Gecko) Version/15.5 Mobile/15E148 Safari/604.1" "nobbycosmic.com"
114.119.128.40 - - [03/Sep/2022:05:54:20 -0700] "GET /NJCA/NY06/NYP061.htm HTTP/1.1" 200 1520 "https://nobbycosmic.com/NJCA/NY06?C=N%3BO%3DD" "Mozilla/5.0 (Linux; Android 7.0;) AppleWebKit/537.36 (KHTML, like Gecko) Mobile Safari/537.36 (compatible; PetalBot;+https://webmaster.petalsearch.com/site/petalbot)" "nobbycosmic.com"
135.23.185.133 - FTF [03/Sep/2022:05:54:56 -0700] "GET /BabyTalks/FTFMember/SelfIntro19.htm HTTP/1.1" 200 4984 "https://nobbycosmic.com/BabyTalks/FTFMember/Content.htm" "Mozilla/5.0 (iPhone; CPU iPhone OS 15_5 like Mac OS X) AppleWebKit/605.1.15 (KHTML, like Gecko) Version/15.5 Mobile/15E148 Safari/604.1" "nobbycosmic.com"
114.119.128.40 - - [03/Sep/2022:05:56:06 -0700] "GET /NJCA/NY07 HTTP/1.1" 301 1417 "https://nobbycosmic.com/NJCA/NY07/Pictures?N=A" "Mozilla/5.0 (Linux; Android 7.0;) AppleWebKit/537.36 (KHTML, like Gecko) Mobile Safari/537.36 (compatible; PetalBot;+https://webmaster.petalsearch.com/site/petalbot)" "nobbycosmic.com"
114.119.128.40 - - [03/Sep/2022:05:56:09 -0700] "GET /NJCA/NY07/ HTTP/1.1" 200 530 "https://nobbycosmic.com/NJCA/NY07/Pictures?N=A" "Mozilla/5.0 (Linux; Android 7.0;) AppleWebKit/537.36 (KHTML, like Gecko) Mobile Safari/537.36 (compatible; PetalBot;+https://webmaster.petalsearch.com/site/petalbot)" "nobbycosmic.com"
135.23.185.133 - FTF [03/Sep/2022:05:57:12 -0700] "GET /BabyTalks/FTFMember/Study.htm HTTP/1.1" 200 3870 "https://nobbycosmic.com/BabyTalks/FTFMember/Content.htm" "Mozilla/5.0 (iPhone; CPU iPhone OS 15_5 like Mac OS X) AppleWebKit/605.1.15 (KHTML, like Gecko) Version/15.5 Mobile/15E148 Safari/604.1" "nobbycosmic.com"
114.119.128.40 - - [03/Sep/2022:05:57:47 -0700] "GET /NJCA/Temp/?C=D%3BO%3DA HTTP/1.1" 200 404 "https://nobbycosmic.com/NJCA/Temp/?C=S%3BO%3DA" "Mozilla/5.0 (Linux; Android 7.0;) AppleWebKit/537.36 (KHTML, like Gecko) Mobile Safari/537.36 (compatible; PetalBot;+https://webmaster.petalsearch.com/site/petalbot)" "nobbycosmic.com"
114.119.128.40 - - [03/Sep/2022:05:59:34 -0700] "GET /NJCA/NY10/JCCCMapNY2010E.pdf HTTP/1.1" 200 113697 "https://nobbycosmic.com/NJCA/NY10" "Mozilla/5.0 (Linux; Android 7.0;) AppleWebKit/537.36 (KHTML, like Gecko) Mobile Safari/537.36 (compatible; PetalBot;+https://webmaster.petalsearch.com/site/petalbot)" "nobbycosmic.com"
114.119.128.40 - - [03/Sep/2022:06:01:18 -0700] "GET /NJCA/NY11/?M=A HTTP/1.1" 200 855 "https://nobbycosmic.com/NJCA/NY11?D=D" "Mozilla/5.0 (Linux; Android 7.0;) AppleWebKit/537.36 (KHTML, like Gecko) Mobile Safari/537.36 (compatible; PetalBot;+https://webmaster.petalsearch.com/site/petalbot)" "nobbycosmic.com"
124.223.196.50 - - [03/Sep/2022:06:01:42 -0700] "GET / HTTP/1.1" 200 3158 "http://nobbycosmic.com" "Mozilla/5.0 (Linux; Android 6.0; Nexus 5 Build/MRA58N) AppleWebKit/537.36 (KHTML, like Gecko) Chrome/81.0.4044.138 Mobile Safari/537.36" "nobbycosmic.com"
114.119.128.40 - - [03/Sep/2022:06:02:59 -0700] "GET /Utagoe/1011.htm HTTP/1.1" 200 2545 "https://nobbycosmic.com/Utagoe" "Mozilla/5.0 (Linux; Android 7.0;) AppleWebKit/537.36 (KHTML, like Gecko) Mobile Safari/537.36 (compatible; PetalBot;+https://webmaster.petalsearch.com/site/petalbot)" "nobbycosmic.com"
114.119.128.40 - - [03/Sep/2022:06:04:45 -0700] "GET /Utagoe/Wakamono HTTP/1.1" 301 1418 "https://nobbycosmic.com/Utagoe" "Mozilla/5.0 (Linux; Android 7.0;) AppleWebKit/537.36 (KHTML, like Gecko) Mobile Safari/537.36 (compatible; PetalBot;+https://webmaster.petalsearch.com/site/petalbot)" "nobbycosmic.com"
114.119.128.40 - - [03/Sep/2022:06:04:48 -0700] "GET /Utagoe/Wakamono/ HTTP/1.1" 200 604 "https://nobbycosmic.com/Utagoe" "Mozilla/5.0 (Linux; Android 7.0;) AppleWebKit/537.36 (KHTML, like Gecko) Mobile Safari/537.36 (compatible; PetalBot;+https://webmaster.petalsearch.com/site/petalbot)" "nobbycosmic.com"
114.119.128.26 - - [03/Sep/2022:06:06:26 -0700] "GET /Utagoe/15/Utagoe2015Questionnaire.pdf HTTP/1.1" 200 41861 "https://nobbycosmic.com/Utagoe/15/?C=D%3BO%3DA" "Mozilla/5.0 (Linux; Android 7.0;) AppleWebKit/537.36 (KHTML, like Gecko) Mobile Safari/537.36 (compatible; PetalBot;+https://webmaster.petalsearch.com/site/petalbot)" "nobbycosmic.com"
114.119.128.40 - - [03/Sep/2022:06:08:14 -0700] "GET /Utagoe/Wakamono?C=N%3BO%3DD HTTP/1.1" 301 1432 "https://nobbycosmic.com/Utagoe/Wakamono?C=S%3BO%3DA" "Mozilla/5.0 (Linux; Android 7.0;) AppleWebKit/537.36 (KHTML, like Gecko) Mobile Safari/537.36 (compatible; PetalBot;+https://webmaster.petalsearch.com/site/petalbot)" "nobbycosmic.com"
40.77.167.47 - - [03/Sep/2022:06:12:04 -0700] "GET /Homepage/Tickets/Ticket2/TicketA12.jpg HTTP/1.1" 200 20395 "-" "Mozilla/5.0 (compatible; bingbot/2.0; +http://www.bing.com/bingbot.htm)" "nobbycosmic.com"
114.119.128.40 - - [03/Sep/2022:06:13:47 -0700] "GET /NJCA/BBQ09/NJCABBQProgram2009.pdf HTTP/1.1" 200 44571 "https://nobbycosmic.com/NJCA/BBQ09?D=A" "Mozilla/5.0 (Linux; Android 7.0;) AppleWebKit/537.36 (KHTML, like Gecko) Mobile Safari/537.36 (compatible; PetalBot;+https://webmaster.petalsearch.com/site/petalbot)" "nobbycosmic.com"
216.244.66.200 - - [03/Sep/2022:06:19:14 -0700] "GET /robots.txt HTTP/1.1" 200 61 "-" "Mozilla/5.0 (compatible; DotBot/1.2; +https://opensiteexplorer.org/dotbot; help@moz.com)" "www.nobbycosmic.com"
216.244.66.200 - - [03/Sep/2022:06:19:14 -0700] "GET /robots.txt HTTP/1.1" 200 61 "-" "Mozilla/5.0 (compatible; DotBot/1.2; +https://opensiteexplorer.org/dotbot; help@moz.com)" "nobbycosmic.com"
147.92.153.3 - - [03/Sep/2022:06:21:00 -0700] "GET /Utagoe/2022Summer/2022082707Session.JPG HTTP/1.1" 200 148214 "-" "Mozilla/5.0 (compatible; Linespider/1.1; +https://lin.ee/4dwXkTH)" "nobbycosmic.com"
185.191.171.13 - - [03/Sep/2022:06:21:53 -0700] "GET /BTF/P2010/P2010.htm HTTP/1.1" 404 88 "-" "Mozilla/5.0 (compatible; SemrushBot/7~bl; +http://www.semrush.com/bot.html)" "nobbycosmic.com"
157.55.39.163 - - [03/Sep/2022:06:33:24 -0700] "GET /Homepage/Tickets/Ticket2/TicketA07.jpg HTTP/1.1" 200 22125 "-" "Mozilla/5.0 (compatible; bingbot/2.0; +http://www.bing.com/bingbot.htm)" "nobbycosmic.com"
46.17.101.45 - - [03/Sep/2022:06:56:20 -0700] "GET //wp-includes/ID3/license.txt HTTP/1.1" 404 73 "-" "Mozilla/5.0 (Windows NT 10.0; Win64; x64) AppleWebKit/537.36 (KHTML, like Gecko) Chrome/95.0.4638.69 Safari/537.36" "nobbycosmic.com"
46.17.101.45 - - [03/Sep/2022:06:56:20 -0700] "GET //feed/ HTTP/1.1" 404 73 "-" "Mozilla/5.0 (Windows NT 10.0; Win64; x64) AppleWebKit/537.36 (KHTML, like Gecko) Chrome/95.0.4638.69 Safari/537.36" "nobbycosmic.com"
46.17.101.45 - - [03/Sep/2022:06:56:22 -0700] "GET //blog/wp-includes/wlwmanifest.xml HTTP/1.1" 404 73 "-" "Mozilla/5.0 (Windows NT 10.0; Win64; x64) AppleWebKit/537.36 (KHTML, like Gecko) Chrome/95.0.4638.69 Safari/537.36" "nobbycosmic.com"
46.17.101.45 - - [03/Sep/2022:06:56:22 -0700] "GET //web/wp-includes/wlwmanifest.xml HTTP/1.1" 404 73 "-" "Mozilla/5.0 (Windows NT 10.0; Win64; x64) AppleWebKit/537.36 (KHTML, like Gecko) Chrome/95.0.4638.69 Safari/537.36" "nobbycosmic.com"
46.17.101.45 - - [03/Sep/2022:06:56:23 -0700] "GET //wordpress/wp-includes/wlwmanifest.xml HTTP/1.1" 404 73 "-" "Mozilla/5.0 (Windows NT 10.0; Win64; x64) AppleWebKit/537.36 (KHTML, like Gecko) Chrome/95.0.4638.69 Safari/537.36" "nobbycosmic.com"
46.17.101.45 - - [03/Sep/2022:06:56:23 -0700] "GET //wp/wp-includes/wlwmanifest.xml HTTP/1.1" 404 73 "-" "Mozilla/5.0 (Windows NT 10.0; Win64; x64) AppleWebKit/537.36 (KHTML, like Gecko) Chrome/95.0.4638.69 Safari/537.36" "nobbycosmic.com"
46.17.101.45 - - [03/Sep/2022:06:56:24 -0700] "GET //2020/wp-includes/wlwmanifest.xml HTTP/1.1" 404 73 "-" "Mozilla/5.0 (Windows NT 10.0; Win64; x64) AppleWebKit/537.36 (KHTML, like Gecko) Chrome/95.0.4638.69 Safari/537.36" "nobbycosmic.com"
46.17.101.45 - - [03/Sep/2022:06:56:25 -0700] "GET //2021/wp-includes/wlwmanifest.xml HTTP/1.1" 404 73 "-" "Mozilla/5.0 (Windows NT 10.0; Win64; x64) AppleWebKit/537.36 (KHTML, like Gecko) Chrome/95.0.4638.69 Safari/537.36" "nobbycosmic.com"
46.17.101.45 - - [03/Sep/2022:06:56:25 -0700] "GET //shop/wp-includes/wlwmanifest.xml HTTP/1.1" 404 73 "-" "Mozilla/5.0 (Windows NT 10.0; Win64; x64) AppleWebKit/537.36 (KHTML, like Gecko) Chrome/95.0.4638.69 Safari/537.36" "nobbycosmic.com"
46.17.101.45 - - [03/Sep/2022:06:56:26 -0700] "GET //wp1/wp-includes/wlwmanifest.xml HTTP/1.1" 404 73 "-" "Mozilla/5.0 (Windows NT 10.0; Win64; x64) AppleWebKit/537.36 (KHTML, like Gecko) Chrome/95.0.4638.69 Safari/537.36" "nobbycosmic.com"
46.17.101.45 - - [03/Sep/2022:06:56:26 -0700] "GET //test/wp-includes/wlwmanifest.xml HTTP/1.1" 404 73 "-" "Mozilla/5.0 (Windows NT 10.0; Win64; x64) AppleWebKit/537.36 (KHTML, like Gecko) Chrome/95.0.4638.69 Safari/537.36" "nobbycosmic.com"
46.17.101.45 - - [03/Sep/2022:06:56:27 -0700] "GET //site/wp-includes/wlwmanifest.xml HTTP/1.1" 404 73 "-" "Mozilla/5.0 (Windows NT 10.0; Win64; x64) AppleWebKit/537.36 (KHTML, like Gecko) Chrome/95.0.4638.69 Safari/537.36" "nobbycosmic.com"
46.17.101.45 - - [03/Sep/2022:06:56:28 -0700] "GET //cms/wp-includes/wlwmanifest.xml HTTP/1.1" 404 73 "-" "Mozilla/5.0 (Windows NT 10.0; Win64; x64) AppleWebKit/537.36 (KHTML, like Gecko) Chrome/95.0.4638.69 Safari/537.36" "nobbycosmic.com"
147.92.153.15 - - [03/Sep/2022:07:01:00 -0700] "GET /Utagoe/2022Summer/2022082706Prep.jpg HTTP/1.1" 200 129100 "-" "Mozilla/5.0 (compatible; Linespider/1.1; +https://lin.ee/4dwXkTH)" "nobbycosmic.com"
216.244.66.200 - - [03/Sep/2022:07:13:51 -0700] "GET /robots.txt HTTP/1.1" 200 61 "-" "Mozilla/5.0 (compatible; DotBot/1.2; +https://opensiteexplorer.org/dotbot; help@moz.com)" "nobbycosmic.com"
157.55.39.37 - - [03/Sep/2022:07:17:17 -0700] "GET /Homepage/Tickets/Ticket2/TicketA22.jpg HTTP/1.1" 200 22393 "-" "Mozilla/5.0 (compatible; bingbot/2.0; +http://www.bing.com/bingbot.htm)" "nobbycosmic.com"
114.119.128.40 - - [03/Sep/2022:07:20:42 -0700] "GET /NJCA/BBQ10/NJCABBQLeaf2010J.pdf HTTP/1.1" 200 168201 "https://nobbycosmic.com/NJCA/BBQ10/?C=D%3BO%3DA" "Mozilla/5.0 (Linux; Android 7.0;) AppleWebKit/537.36 (KHTML, like Gecko) Mobile Safari/537.36 (compatible; PetalBot;+https://webmaster.petalsearch.com/site/petalbot)" "nobbycosmic.com"
147.92.153.13 - - [03/Sep/2022:07:40:59 -0700] "GET /Utagoe/2022Summer/2022082709Band.JPG HTTP/1.1" 200 132981 "-" "Mozilla/5.0 (compatible; Linespider/1.1; +https://lin.ee/4dwXkTH)" "nobbycosmic.com"
40.77.167.23 - - [03/Sep/2022:07:56:07 -0700] "GET /Utagoe/Kaneko/ HTTP/1.1" 200 470 "-" "Mozilla/5.0 (compatible; bingbot/2.0; +http://www.bing.com/bingbot.htm)" "nobbycosmic.com"
216.244.66.200 - - [03/Sep/2022:08:01:37 -0700] "GET /robots.txt HTTP/1.1" 200 61 "-" "Mozilla/5.0 (compatible; DotBot/1.2; +https://opensiteexplorer.org/dotbot; help@moz.com)" "nobbycosmic.com"
147.92.153.10 - - [03/Sep/2022:08:21:00 -0700] "GET /Utagoe/2022Summer/2022082703Tree.JPG HTTP/1.1" 200 130838 "-" "Mozilla/5.0 (compatible; Linespider/1.1; +https://lin.ee/4dwXkTH)" "nobbycosmic.com"
135.23.182.145 - - [03/Sep/2022:08:27:23 -0700] "GET /BabyTalks/BTList.htm HTTP/1.1" 200 10238 "-" "Mozilla/5.0 (Windows NT 10.0; Win64; x64) AppleWebKit/537.36 (KHTML, like Gecko) Chrome/104.0.5112.81 Safari/537.36 Edg/104.0.1293.54" "nobbycosmic.com"
135.23.182.145 - - [03/Sep/2022:08:27:23 -0700] "GET /BabyTalks/BTFBanner1.jpg HTTP/1.1" 200 9524 "https://nobbycosmic.com/BabyTalks/BTList.htm" "Mozilla/5.0 (Windows NT 10.0; Win64; x64) AppleWebKit/537.36 (KHTML, like Gecko) Chrome/104.0.5112.81 Safari/537.36 Edg/104.0.1293.54" "nobbycosmic.com"
135.23.182.145 - - [03/Sep/2022:08:27:23 -0700] "GET /BabyTalks/hiyoko.gif HTTP/1.1" 200 10361 "https://nobbycosmic.com/BabyTalks/BTList.htm" "Mozilla/5.0 (Windows NT 10.0; Win64; x64) AppleWebKit/537.36 (KHTML, like Gecko) Chrome/104.0.5112.81 Safari/537.36 Edg/104.0.1293.54" "nobbycosmic.com"
135.23.182.145 - - [03/Sep/2022:08:27:23 -0700] "GET /BabyTalks/BTFBanner2.jpg HTTP/1.1" 200 4273 "https://nobbycosmic.com/BabyTalks/BTList.htm" "Mozilla/5.0 (Windows NT 10.0; Win64; x64) AppleWebKit/537.36 (KHTML, like Gecko) Chrome/104.0.5112.81 Safari/537.36 Edg/104.0.1293.54" "nobbycosmic.com"
135.23.182.145 - - [03/Sep/2022:08:27:23 -0700] "GET /BabyTalks/Group.jpg HTTP/1.1" 200 54379 "https://nobbycosmic.com/BabyTalks/BTList.htm" "Mozilla/5.0 (Windows NT 10.0; Win64; x64) AppleWebKit/537.36 (KHTML, like Gecko) Chrome/104.0.5112.81 Safari/537.36 Edg/104.0.1293.54" "nobbycosmic.com"
135.23.182.145 - - [03/Sep/2022:08:27:23 -0700] "GET /BabyTalks/blue_next.gif HTTP/1.1" 200 138 "https://nobbycosmic.com/BabyTalks/BTList.htm" "Mozilla/5.0 (Windows NT 10.0; Win64; x64) AppleWebKit/537.36 (KHTML, like Gecko) Chrome/104.0.5112.81 Safari/537.36 Edg/104.0.1293.54" "nobbycosmic.com"
135.23.182.145 - - [03/Sep/2022:08:27:23 -0700] "GET /BabyTalks/SakuraMark2.jpg HTTP/1.1" 200 933 "https://nobbycosmic.com/BabyTalks/BTList.htm" "Mozilla/5.0 (Windows NT 10.0; Win64; x64) AppleWebKit/537.36 (KHTML, like Gecko) Chrome/104.0.5112.81 Safari/537.36 Edg/104.0.1293.54" "nobbycosmic.com"
135.23.182.145 - - [03/Sep/2022:08:27:23 -0700] "GET /BabyTalks/FTFMemberDistChart.jpg HTTP/1.1" 200 61359 "https://nobbycosmic.com/BabyTalks/BTList.htm" "Mozilla/5.0 (Windows NT 10.0; Win64; x64) AppleWebKit/537.36 (KHTML, like Gecko) Chrome/104.0.5112.81 Safari/537.36 Edg/104.0.1293.54" "nobbycosmic.com"
135.23.182.145 - - [03/Sep/2022:08:27:24 -0700] "GET /favicon.ico HTTP/1.1" 404 88 "https://nobbycosmic.com/BabyTalks/BTList.htm" "Mozilla/5.0 (Windows NT 10.0; Win64; x64) AppleWebKit/537.36 (KHTML, like Gecko) Chrome/104.0.5112.81 Safari/537.36 Edg/104.0.1293.54" "nobbycosmic.com"
157.55.39.37 - - [03/Sep/2022:08:35:34 -0700] "GET /NJCA/BBQ11/BBQ11V.htm HTTP/1.1" 200 3119 "-" "Mozilla/5.0 (compatible; bingbot/2.0; +http://www.bing.com/bingbot.htm)" "nobbycosmic.com"
216.244.66.200 - - [03/Sep/2022:08:49:07 -0700] "GET /robots.txt HTTP/1.1" 200 61 "-" "Mozilla/5.0 (compatible; DotBot/1.2; +https://opensiteexplorer.org/dotbot; help@moz.com)" "nobbycosmic.com"
147.92.153.10 - - [03/Sep/2022:09:00:59 -0700] "GET /Utagoe/2022Summer/2022082705Prep.jpg HTTP/1.1" 200 83979 "-" "Mozilla/5.0 (compatible; Linespider/1.1; +https://lin.ee/4dwXkTH)" "nobbycosmic.com"
216.244.66.200 - - [03/Sep/2022:09:37:05 -0700] "GET /robots.txt HTTP/1.1" 200 61 "-" "Mozilla/5.0 (compatible; DotBot/1.2; +https://opensiteexplorer.org/dotbot; help@moz.com)" "nobbycosmic.com"
17.121.113.101 - - [03/Sep/2022:10:03:59 -0700] "GET /Temp/ShinkikaiGolf2010.jpg HTTP/1.1" 404 88 "-" "Mozilla/5.0 (Macintosh; Intel Mac OS X 10_15_5) AppleWebKit/605.1.15 (KHTML, like Gecko) Version/13.1.1 Safari/605.1.15 (Applebot/0.1; +http://www.apple.com/go/applebot)" "nobbycosmic.com"
185.191.171.43 - - [03/Sep/2022:10:20:50 -0700] "GET /robots.txt HTTP/1.1" 200 75 "-" "Mozilla/5.0 (compatible; SemrushBot/7~bl; +http://www.semrush.com/bot.html)" "nobbycosmic.com"
185.191.171.16 - - [03/Sep/2022:10:20:52 -0700] "GET /Utagoe/2013Winter/utagoe201302.htm HTTP/1.1" 200 3323 "-" "Mozilla/5.0 (compatible; SemrushBot/7~bl; +http://www.semrush.com/bot.html)" "nobbycosmic.com"
216.244.66.200 - - [03/Sep/2022:10:26:27 -0700] "GET /robots.txt HTTP/1.1" 200 61 "-" "Mozilla/5.0 (compatible; DotBot/1.2; +https://opensiteexplorer.org/dotbot; help@moz.com)" "nobbycosmic.com"
97.108.25.245 - - [03/Sep/2022:10:26:29 -0700] "GET /BabyTalks/FTFRule.htm HTTP/1.1" 200 2929 "-" "Mozilla/5.0 (iPhone; CPU iPhone OS 15_6_1 like Mac OS X) AppleWebKit/605.1.15 (KHTML, like Gecko) Version/15.6.1 Mobile/15E148 Safari/604.1" "nobbycosmic.com"
97.108.25.245 - - [03/Sep/2022:10:27:00 -0700] "GET /apple-touch-icon-precomposed.png HTTP/1.1" 404 88 "-" "Mozilla/5.0 (Macintosh; Intel Mac OS X 10_11_1) AppleWebKit/601.2.4 (KHTML, like Gecko) Version/9.0.1 Safari/601.2.4 facebookexternalhit/1.1 Facebot Twitterbot/1.0" "nobbycosmic.com"
97.108.25.245 - - [03/Sep/2022:10:27:00 -0700] "GET /favicon.ico HTTP/1.1" 404 88 "-" "Mozilla/5.0 (Macintosh; Intel Mac OS X 10_11_1) AppleWebKit/601.2.4 (KHTML, like Gecko) Version/9.0.1 Safari/601.2.4 facebookexternalhit/1.1 Facebot Twitterbot/1.0" "nobbycosmic.com"
97.108.25.245 - - [03/Sep/2022:10:27:00 -0700] "GET /apple-touch-icon.png HTTP/1.1" 404 88 "-" "Mozilla/5.0 (Macintosh; Intel Mac OS X 10_11_1) AppleWebKit/601.2.4 (KHTML, like Gecko) Version/9.0.1 Safari/601.2.4 facebookexternalhit/1.1 Facebot Twitterbot/1.0" "nobbycosmic.com"
147.92.179.111 - - [03/Sep/2022:10:27:12 -0700] "GET /BabyTalks/FTFRule.htm HTTP/1.1" 200 2929 "-" "facebookexternalhit/1.1;line-poker/1.0" "nobbycosmic.com"
147.92.179.110 - - [03/Sep/2022:10:29:14 -0700] "GET /BabyTalks/FTFRule.htm HTTP/1.1" 200 2929 "-" "facebookexternalhit/1.1;line-poker/1.0" "nobbycosmic.com"
72.143.198.196 - - [03/Sep/2022:10:29:18 -0700] "GET /BabyTalks/FTFRule.htm HTTP/1.1" 200 2929 "-" "Mozilla/5.0 (iPhone; CPU iPhone OS 15_5 like Mac OS X) AppleWebKit/605.1.15 (KHTML, like Gecko) Mobile/15E148 Safari Line/12.13.0" "nobbycosmic.com"
54.36.148.12 - - [03/Sep/2022:10:57:00 -0700] "GET /robots.txt HTTP/1.1" 200 75 "-" "Mozilla/5.0 (compatible; AhrefsBot/7.0; +http://ahrefs.com/robot/)" "www.nobbycosmic.com"
216.244.66.200 - - [03/Sep/2022:11:05:04 -0700] "GET /NJCA/NY10/NYP101.htm HTTP/1.1" 200 3336 "-" "Mozilla/5.0 (compatible; DotBot/1.2; +https://opensiteexplorer.org/dotbot; help@moz.com)" "nobbycosmic.com"
72.136.111.139 - - [03/Sep/2022:11:10:16 -0700] "GET /NJCA/NJCAPamphlet2009.pdf HTTP/1.1" 200 138786 "https://www.google.com/" "Mozilla/5.0 (Linux; Android 8.0.0; SAMSUNG SM-G950W Build/R16NW) AppleWebKit/537.36 (KHTML, like Gecko) SamsungBrowser/7.0 Chrome/59.0.3071.125 Mobile Safari/537.36" "nobbycosmic.com"
72.136.111.139 - - [03/Sep/2022:11:11:28 -0700] "GET /NJCA/NJCAPamphlet2009.pdf HTTP/1.1" 200 138786 "https://www.google.com/" "Mozilla/5.0 (Linux; Android 8.0.0; SAMSUNG SM-G950W Build/R16NW) AppleWebKit/537.36 (KHTML, like Gecko) SamsungBrowser/7.0 Chrome/59.0.3071.125 Mobile Safari/537.36" "nobbycosmic.com"
216.244.66.200 - - [03/Sep/2022:11:13:49 -0700] "GET /robots.txt HTTP/1.1" 200 61 "-" "Mozilla/5.0 (compatible; DotBot/1.2; +https://opensiteexplorer.org/dotbot; help@moz.com)" "nobbycosmic.com"
35.185.241.102 - - [03/Sep/2022:11:14:36 -0700] "GET / HTTP/1.1" 200 10838 "-" "Mozilla/5.0 (Windows NT 6.1; WOW64; Trident/7.0; rv:11.0) like Gecko" "nobbycosmic.com"
35.185.241.102 - - [03/Sep/2022:11:14:36 -0700] "GET / HTTP/1.1" 200 10838 "-" "Mozilla/5.0 (Windows NT 6.1; WOW64; Trident/7.0; rv:11.0) like Gecko" "nobbycosmic.com"
35.185.241.102 - - [03/Sep/2022:11:14:36 -0700] "GET / HTTP/1.1" 200 10838 "-" "Mozilla/5.0 (Windows NT 6.1; WOW64; Trident/7.0; rv:11.0) like Gecko" "nobbycosmic.com"
35.185.241.102 - - [03/Sep/2022:11:14:36 -0700] "GET / HTTP/1.1" 200 10838 "-" "Mozilla/5.0 (Windows NT 6.1; WOW64; Trident/7.0; rv:11.0) like Gecko" "nobbycosmic.com"
35.185.241.102 - - [03/Sep/2022:11:14:36 -0700] "GET / HTTP/1.1" 200 10838 "-" "Mozilla/5.0 (Windows NT 6.1; WOW64; Trident/7.0; rv:11.0) like Gecko" "nobbycosmic.com"
157.55.39.65 - - [03/Sep/2022:11:15:32 -0700] "GET /Post/JF20200903.pdf HTTP/1.1" 404 88 "-" "Mozilla/5.0 (compatible; bingbot/2.0; +http://www.bing.com/bingbot.htm)" "nobbycosmic.com"
15.228.86.224 - - [03/Sep/2022:11:17:03 -0700] "GET /Utagoe/2022Summer/2022082703Tree.JPG HTTP/1.1" 200 130838 "https://ameblo.jp/" "Mozilla/5.0 (Windows NT 10.0; Win64; x64) AppleWebKit/537.36 (KHTML, like Gecko) Chrome/104.0.5112.102 Safari/537.36 Edg/104.0.1293.70" "nobbycosmic.com"
15.228.86.224 - - [03/Sep/2022:11:17:03 -0700] "GET /Utagoe/2022Summer/2022082701Sun.jpg HTTP/1.1" 200 43206 "https://ameblo.jp/" "Mozilla/5.0 (Windows NT 10.0; Win64; x64) AppleWebKit/537.36 (KHTML, like Gecko) Chrome/104.0.5112.102 Safari/537.36 Edg/104.0.1293.70" "nobbycosmic.com"
15.228.86.224 - - [03/Sep/2022:11:17:03 -0700] "GET /Utagoe/2022Summer/2022082705Prep.jpg HTTP/1.1" 200 83979 "https://ameblo.jp/" "Mozilla/5.0 (Windows NT 10.0; Win64; x64) AppleWebKit/537.36 (KHTML, like Gecko) Chrome/104.0.5112.102 Safari/537.36 Edg/104.0.1293.70" "nobbycosmic.com"
15.228.86.224 - - [03/Sep/2022:11:17:03 -0700] "GET /Utagoe/2022Summer/2022082702BlueSky.jpg HTTP/1.1" 200 30483 "https://ameblo.jp/" "Mozilla/5.0 (Windows NT 10.0; Win64; x64) AppleWebKit/537.36 (KHTML, like Gecko) Chrome/104.0.5112.102 Safari/537.36 Edg/104.0.1293.70" "nobbycosmic.com"
15.228.86.224 - - [03/Sep/2022:11:17:03 -0700] "GET /Utagoe/2022Summer/2022082704Tree.jpg HTTP/1.1" 200 107210 "https://ameblo.jp/" "Mozilla/5.0 (Windows NT 10.0; Win64; x64) AppleWebKit/537.36 (KHTML, like Gecko) Chrome/104.0.5112.102 Safari/537.36 Edg/104.0.1293.70" "nobbycosmic.com"
15.228.86.224 - - [03/Sep/2022:11:17:03 -0700] "GET /Utagoe/2022Summer/2022082706Prep.jpg HTTP/1.1" 200 129100 "https://ameblo.jp/" "Mozilla/5.0 (Windows NT 10.0; Win64; x64) AppleWebKit/537.36 (KHTML, like Gecko) Chrome/104.0.5112.102 Safari/537.36 Edg/104.0.1293.70" "nobbycosmic.com"
15.228.86.224 - - [03/Sep/2022:11:17:04 -0700] "GET /Utagoe/2022Summer/2022082708Session.JPG HTTP/1.1" 200 133126 "https://ameblo.jp/" "Mozilla/5.0 (Windows NT 10.0; Win64; x64) AppleWebKit/537.36 (KHTML, like Gecko) Chrome/104.0.5112.102 Safari/537.36 Edg/104.0.1293.70" "nobbycosmic.com"
15.228.86.224 - - [03/Sep/2022:11:17:04 -0700] "GET /Utagoe/2022Summer/2022082707Session.JPG HTTP/1.1" 200 148214 "https://ameblo.jp/" "Mozilla/5.0 (Windows NT 10.0; Win64; x64) AppleWebKit/537.36 (KHTML, like Gecko) Chrome/104.0.5112.102 Safari/537.36 Edg/104.0.1293.70" "nobbycosmic.com"
15.228.86.224 - - [03/Sep/2022:11:17:04 -0700] "GET /Utagoe/2022Summer/2022082710Band.JPG HTTP/1.1" 200 139648 "https://ameblo.jp/" "Mozilla/5.0 (Windows NT 10.0; Win64; x64) AppleWebKit/537.36 (KHTML, like Gecko) Chrome/104.0.5112.102 Safari/537.36 Edg/104.0.1293.70" "nobbycosmic.com"
15.228.86.224 - - [03/Sep/2022:11:17:04 -0700] "GET /Utagoe/2022Summer/2022082709Band.JPG HTTP/1.1" 200 132981 "https://ameblo.jp/" "Mozilla/5.0 (Windows NT 10.0; Win64; x64) AppleWebKit/537.36 (KHTML, like Gecko) Chrome/104.0.5112.102 Safari/537.36 Edg/104.0.1293.70" "nobbycosmic.com"
15.228.86.224 - - [03/Sep/2022:11:17:04 -0700] "GET /Utagoe/2022Summer/2022082710Lunch.JPG HTTP/1.1" 200 148867 "https://ameblo.jp/" "Mozilla/5.0 (Windows NT 10.0; Win64; x64) AppleWebKit/537.36 (KHTML, like Gecko) Chrome/104.0.5112.102 Safari/537.36 Edg/104.0.1293.70" "nobbycosmic.com"
15.228.86.224 - - [03/Sep/2022:11:17:04 -0700] "GET /Utagoe/2022Summer/2022082711Lunch.JPG HTTP/1.1" 200 137587 "https://ameblo.jp/" "Mozilla/5.0 (Windows NT 10.0; Win64; x64) AppleWebKit/537.36 (KHTML, like Gecko) Chrome/104.0.5112.102 Safari/537.36 Edg/104.0.1293.70" "nobbycosmic.com"
15.228.86.224 - - [03/Sep/2022:11:17:04 -0700] "GET /Utagoe/2022Summer/2022082712Songs.JPG HTTP/1.1" 200 128747 "https://ameblo.jp/" "Mozilla/5.0 (Windows NT 10.0; Win64; x64) AppleWebKit/537.36 (KHTML, like Gecko) Chrome/104.0.5112.102 Safari/537.36 Edg/104.0.1293.70" "nobbycosmic.com"
15.228.86.224 - - [03/Sep/2022:11:17:04 -0700] "GET /Utagoe/2022Summer/2022082713Songs.JPG HTTP/1.1" 200 147773 "https://ameblo.jp/" "Mozilla/5.0 (Windows NT 10.0; Win64; x64) AppleWebKit/537.36 (KHTML, like Gecko) Chrome/104.0.5112.102 Safari/537.36 Edg/104.0.1293.70" "nobbycosmic.com"
185.191.171.43 - - [03/Sep/2022:11:20:32 -0700] "GET /robots.txt HTTP/1.1" 200 75 "-" "Mozilla/5.0 (compatible; SemrushBot/7~bl; +http://www.semrush.com/bot.html)" "www.nobbycosmic.com"
185.191.171.40 - - [03/Sep/2022:11:20:32 -0700] "GET /about_us HTTP/1.1" 200 2945 "-" "Mozilla/5.0 (compatible; SemrushBot/7~bl; +http://www.semrush.com/bot.html)" "www.nobbycosmic.com"
42.236.10.89 - - [03/Sep/2022:11:28:32 -0700] "GET / HTTP/1.1" 200 3158 "https://www.nobbycosmic.com/" "Mozilla/5.0 (Windows NT 6.1; WOW64) AppleWebKit/537.36 (KHTML, like Gecko) Chrome/50.0.2661.102 Safari/537.36; 360Spider" "www.nobbycosmic.com"
42.236.10.116 - - [03/Sep/2022:11:29:44 -0700] "GET / HTTP/1.1" 200 3158 "https://www.nobbycosmic.com/" "Mozilla/5.0 (Windows NT 6.1; WOW64) AppleWebKit/537.36 (KHTML, like Gecko) Chrome/50.0.2661.102 Safari/537.36; 360Spider" "www.nobbycosmic.com"
65.95.106.242 - - [03/Sep/2022:11:37:11 -0700] "GET /BabyTalks/BTList.htm HTTP/1.1" 200 10238 "-" "Mozilla/5.0 (Windows NT 10.0; Win64; x64) AppleWebKit/537.36 (KHTML, like Gecko) Chrome/104.0.0.0 Safari/537.36" "nobbycosmic.com"
65.95.106.242 - - [03/Sep/2022:11:37:12 -0700] "GET /BabyTalks/BTFBanner1.jpg HTTP/1.1" 200 9524 "https://nobbycosmic.com/BabyTalks/BTList.htm" "Mozilla/5.0 (Windows NT 10.0; Win64; x64) AppleWebKit/537.36 (KHTML, like Gecko) Chrome/104.0.0.0 Safari/537.36" "nobbycosmic.com"
65.95.106.242 - - [03/Sep/2022:11:37:12 -0700] "GET /BabyTalks/hiyoko.gif HTTP/1.1" 200 10361 "https://nobbycosmic.com/BabyTalks/BTList.htm" "Mozilla/5.0 (Windows NT 10.0; Win64; x64) AppleWebKit/537.36 (KHTML, like Gecko) Chrome/104.0.0.0 Safari/537.36" "nobbycosmic.com"
65.95.106.242 - - [03/Sep/2022:11:37:12 -0700] "GET /BabyTalks/Group.jpg HTTP/1.1" 200 54379 "https://nobbycosmic.com/BabyTalks/BTList.htm" "Mozilla/5.0 (Windows NT 10.0; Win64; x64) AppleWebKit/537.36 (KHTML, like Gecko) Chrome/104.0.0.0 Safari/537.36" "nobbycosmic.com"
65.95.106.242 - - [03/Sep/2022:11:37:12 -0700] "GET /BabyTalks/blue_next.gif HTTP/1.1" 200 138 "https://nobbycosmic.com/BabyTalks/BTList.htm" "Mozilla/5.0 (Windows NT 10.0; Win64; x64) AppleWebKit/537.36 (KHTML, like Gecko) Chrome/104.0.0.0 Safari/537.36" "nobbycosmic.com"
65.95.106.242 - - [03/Sep/2022:11:37:12 -0700] "GET /BabyTalks/BTFBanner2.jpg HTTP/1.1" 200 4273 "https://nobbycosmic.com/BabyTalks/BTList.htm" "Mozilla/5.0 (Windows NT 10.0; Win64; x64) AppleWebKit/537.36 (KHTML, like Gecko) Chrome/104.0.0.0 Safari/537.36" "nobbycosmic.com"
65.95.106.242 - - [03/Sep/2022:11:37:12 -0700] "GET /BabyTalks/SakuraMark2.jpg HTTP/1.1" 200 933 "https://nobbycosmic.com/BabyTalks/BTList.htm" "Mozilla/5.0 (Windows NT 10.0; Win64; x64) AppleWebKit/537.36 (KHTML, like Gecko) Chrome/104.0.0.0 Safari/537.36" "nobbycosmic.com"
65.95.106.242 - - [03/Sep/2022:11:37:12 -0700] "GET /BabyTalks/FTFMemberDistChart.jpg HTTP/1.1" 200 61359 "https://nobbycosmic.com/BabyTalks/BTList.htm" "Mozilla/5.0 (Windows NT 10.0; Win64; x64) AppleWebKit/537.36 (KHTML, like Gecko) Chrome/104.0.0.0 Safari/537.36" "nobbycosmic.com"
65.95.106.242 - - [03/Sep/2022:11:37:13 -0700] "GET /favicon.ico HTTP/1.1" 404 88 "https://nobbycosmic.com/BabyTalks/BTList.htm" "Mozilla/5.0 (Windows NT 10.0; Win64; x64) AppleWebKit/537.36 (KHTML, like Gecko) Chrome/104.0.0.0 Safari/537.36" "nobbycosmic.com"
189.6.209.193 - - [03/Sep/2022:11:37:36 -0700] "GET /Utagoe/2022Summer/2022082703Tree.JPG HTTP/1.1" 304 - "https://ameblo.jp/" "Mozilla/5.0 (Windows NT 10.0; Win64; x64) AppleWebKit/537.36 (KHTML, like Gecko) Chrome/104.0.5112.102 Safari/537.36 Edg/104.0.1293.70 OpenWave/94.4.3233.34" "nobbycosmic.com"
189.6.209.193 - - [03/Sep/2022:11:37:36 -0700] "GET /Utagoe/2022Summer/2022082708Session.JPG HTTP/1.1" 304 - "https://ameblo.jp/" "Mozilla/5.0 (Windows NT 10.0; Win64; x64) AppleWebKit/537.36 (KHTML, like Gecko) Chrome/104.0.5112.102 Safari/537.36 Edg/104.0.1293.70 OpenWave/94.4.3233.34" "nobbycosmic.com"
189.6.209.193 - - [03/Sep/2022:11:37:36 -0700] "GET /Utagoe/2022Summer/2022082707Session.JPG HTTP/1.1" 304 - "https://ameblo.jp/" "Mozilla/5.0 (Windows NT 10.0; Win64; x64) AppleWebKit/537.36 (KHTML, like Gecko) Chrome/104.0.5112.102 Safari/537.36 Edg/104.0.1293.70 OpenWave/94.4.3233.34" "nobbycosmic.com"
189.6.209.193 - - [03/Sep/2022:11:37:36 -0700] "GET /Utagoe/2022Summer/2022082709Band.JPG HTTP/1.1" 304 - "https://ameblo.jp/" "Mozilla/5.0 (Windows NT 10.0; Win64; x64) AppleWebKit/537.36 (KHTML, like Gecko) Chrome/104.0.5112.102 Safari/537.36 Edg/104.0.1293.70 OpenWave/94.4.3233.34" "nobbycosmic.com"
189.6.209.193 - - [03/Sep/2022:11:37:36 -0700] "GET /Utagoe/2022Summer/2022082710Band.JPG HTTP/1.1" 304 - "https://ameblo.jp/" "Mozilla/5.0 (Windows NT 10.0; Win64; x64) AppleWebKit/537.36 (KHTML, like Gecko) Chrome/104.0.5112.102 Safari/537.36 Edg/104.0.1293.70 OpenWave/94.4.3233.34" "nobbycosmic.com"
189.6.209.193 - - [03/Sep/2022:11:37:36 -0700] "GET /Utagoe/2022Summer/2022082710Lunch.JPG HTTP/1.1" 304 - "https://ameblo.jp/" "Mozilla/5.0 (Windows NT 10.0; Win64; x64) AppleWebKit/537.36 (KHTML, like Gecko) Chrome/104.0.5112.102 Safari/537.36 Edg/104.0.1293.70 OpenWave/94.4.3233.34" "nobbycosmic.com"
189.6.209.193 - - [03/Sep/2022:11:37:37 -0700] "GET /Utagoe/2022Summer/2022082711Lunch.JPG HTTP/1.1" 304 - "https://ameblo.jp/" "Mozilla/5.0 (Windows NT 10.0; Win64; x64) AppleWebKit/537.36 (KHTML, like Gecko) Chrome/104.0.5112.102 Safari/537.36 Edg/104.0.1293.70 OpenWave/94.4.3233.34" "nobbycosmic.com"
189.6.209.193 - - [03/Sep/2022:11:37:39 -0700] "GET /Utagoe/2022Summer/2022082712Songs.JPG HTTP/1.1" 304 - "https://ameblo.jp/" "Mozilla/5.0 (Windows NT 10.0; Win64; x64) AppleWebKit/537.36 (KHTML, like Gecko) Chrome/104.0.5112.102 Safari/537.36 Edg/104.0.1293.70 OpenWave/94.4.3233.34" "nobbycosmic.com"
189.6.209.193 - - [03/Sep/2022:11:37:39 -0700] "GET /Utagoe/2022Summer/2022082713Songs.JPG HTTP/1.1" 304 - "https://ameblo.jp/" "Mozilla/5.0 (Windows NT 10.0; Win64; x64) AppleWebKit/537.36 (KHTML, like Gecko) Chrome/104.0.5112.102 Safari/537.36 Edg/104.0.1293.70 OpenWave/94.4.3233.34" "nobbycosmic.com"
114.119.128.40 - - [03/Sep/2022:11:38:55 -0700] "GET /NJCA/NY09/Pictures?D=A HTTP/1.1" 301 1428 "https://nobbycosmic.com/NJCA/NY09/Pictures?S=D" "Mozilla/5.0 (Linux; Android 7.0;) AppleWebKit/537.36 (KHTML, like Gecko) Mobile Safari/537.36 (compatible; PetalBot;+https://webmaster.petalsearch.com/site/petalbot)" "nobbycosmic.com"
114.119.128.40 - - [03/Sep/2022:11:39:01 -0700] "GET /NJCA/NY09/Pictures/?D=A HTTP/1.1" 200 1210 "https://nobbycosmic.com/NJCA/NY09/Pictures?S=D" "Mozilla/5.0 (Linux; Android 7.0;) AppleWebKit/537.36 (KHTML, like Gecko) Mobile Safari/537.36 (compatible; PetalBot;+https://webmaster.petalsearch.com/site/petalbot)" "nobbycosmic.com"
114.119.128.40 - - [03/Sep/2022:11:55:56 -0700] "GET /Card/Card06?C=S%3BO%3DA HTTP/1.1" 301 1428 "https://nobbycosmic.com/Card/Card06?C=D%3BO%3DA" "Mozilla/5.0 (Linux; Android 7.0;) AppleWebKit/537.36 (KHTML, like Gecko) Mobile Safari/537.36 (compatible; PetalBot;+https://webmaster.petalsearch.com/site/petalbot)" "nobbycosmic.com"
114.119.128.40 - - [03/Sep/2022:11:56:10 -0700] "GET /Card/Card06/?C=S%3BO%3DA HTTP/1.1" 200 452 "https://nobbycosmic.com/Card/Card06?C=D%3BO%3DA" "Mozilla/5.0 (Linux; Android 7.0;) AppleWebKit/537.36 (KHTML, like Gecko) Mobile Safari/537.36 (compatible; PetalBot;+https://webmaster.petalsearch.com/site/petalbot)" "nobbycosmic.com"
114.119.128.40 - - [03/Sep/2022:11:58:19 -0700] "GET /NJCA/NY06?C=S%3BO%3DA HTTP/1.1" 301 1430 "https://nobbycosmic.com/NJCA/NY06?D=A" "Mozilla/5.0 (Linux; Android 7.0;) AppleWebKit/537.36 (KHTML, like Gecko) Mobile Safari/537.36 (compatible; PetalBot;+https://webmaster.petalsearch.com/site/petalbot)" "nobbycosmic.com"
114.119.128.40 - - [03/Sep/2022:11:58:23 -0700] "GET /NJCA/NY06/?C=S%3BO%3DA HTTP/1.1" 200 1583 "https://nobbycosmic.com/NJCA/NY06?D=A" "Mozilla/5.0 (Linux; Android 7.0;) AppleWebKit/537.36 (KHTML, like Gecko) Mobile Safari/537.36 (compatible; PetalBot;+https://webmaster.petalsearch.com/site/petalbot)" "nobbycosmic.com"
216.244.66.200 - - [03/Sep/2022:12:01:00 -0700] "GET /robots.txt HTTP/1.1" 200 61 "-" "Mozilla/5.0 (compatible; DotBot/1.2; +https://opensiteexplorer.org/dotbot; help@moz.com)" "nobbycosmic.com"
157.55.39.65 - - [03/Sep/2022:12:11:16 -0700] "GET /NJCA/BBQ99/99Recept.jpg HTTP/1.1" 200 17092 "-" "Mozilla/5.0 (compatible; bingbot/2.0; +http://www.bing.com/bingbot.htm)" "nobbycosmic.com"
46.161.27.155 - - [03/Sep/2022:12:14:27 -0700] "GET /wp-login.php HTTP/1.1" 404 88 "http://nobbycosmic.com/wp-login.php" "Mozilla/5.0 (Windows NT 10.0; Win64; x64) AppleWebKit/537.36 (KHTML, like Gecko) Chrome/64.0.3282.140 Safari/537.36 Edge/18.17763" "nobbycosmic.com"
37.120.210.109 - - [03/Sep/2022:12:20:58 -0700] "GET /BabyTalks/BTFLeaf.pdf HTTP/1.1" 200 187997 "https://search.yahoo.co.jp/" "Mozilla/5.0 (iPhone; CPU iPhone OS 15_6 like Mac OS X) AppleWebKit/605.1.15 (KHTML, like Gecko) Version/15.6 Mobile/15E148 Safari/604.1" "nobbycosmic.com"
37.120.210.109 - - [03/Sep/2022:12:21:04 -0700] "GET /favicon.ico HTTP/1.1" 404 88 "https://nobbycosmic.com/BabyTalks/BTFLeaf.pdf" "Mozilla/5.0 (iPhone; CPU iPhone OS 15_6 like Mac OS X) AppleWebKit/605.1.15 (KHTML, like Gecko) Version/15.6 Mobile/15E148 Safari/604.1" "nobbycosmic.com"
37.120.210.109 - - [03/Sep/2022:12:22:19 -0700] "GET /BabyTalks/BTFLeaf.pdf HTTP/1.1" 200 187997 "https://search.yahoo.co.jp/" "Mozilla/5.0 (iPhone; CPU iPhone OS 15_6 like Mac OS X) AppleWebKit/605.1.15 (KHTML, like Gecko) Version/15.6 Mobile/15E148 Safari/604.1" "nobbycosmic.com"
157.55.39.163 - - [03/Sep/2022:12:44:18 -0700] "GET /Homepage/Tickets/Ticket2/TicketA37.jpg HTTP/1.1" 200 23512 "-" "Mozilla/5.0 (compatible; bingbot/2.0; +http://www.bing.com/bingbot.htm)" "nobbycosmic.com"
216.244.66.200 - - [03/Sep/2022:12:48:08 -0700] "GET /robots.txt HTTP/1.1" 200 61 "-" "Mozilla/5.0 (compatible; DotBot/1.2; +https://opensiteexplorer.org/dotbot; help@moz.com)" "nobbycosmic.com"
97.108.73.91 - - [03/Sep/2022:13:32:31 -0700] "GET / HTTP/1.1" 200 3158 "-" "Mozilla/5.0 (iPhone; CPU iPhone OS 15_6 like Mac OS X) AppleWebKit/605.1.15 (KHTML, like Gecko) Version/15.6 Mobile/15E148 Safari/604.1" "nobbycosmic.com"
216.244.66.200 - - [03/Sep/2022:13:35:06 -0700] "GET /robots.txt HTTP/1.1" 200 61 "-" "Mozilla/5.0 (compatible; DotBot/1.2; +https://opensiteexplorer.org/dotbot; help@moz.com)" "nobbycosmic.com"
114.119.128.26 - - [03/Sep/2022:13:38:27 -0700] "GET /NJCA/Transfer/?C=D%3BO%3DA HTTP/1.1" 200 635 "https://nobbycosmic.com/NJCA/Transfer?S=A" "Mozilla/5.0 (Linux; Android 7.0;) AppleWebKit/537.36 (KHTML, like Gecko) Mobile Safari/537.36 (compatible; PetalBot;+https://webmaster.petalsearch.com/site/petalbot)" "nobbycosmic.com"
114.119.128.26 - - [03/Sep/2022:13:40:15 -0700] "GET /NJCA/BBQ08/Pictures?M=A HTTP/1.1" 301 1430 "https://nobbycosmic.com/NJCA/BBQ08/Pictures?D=D" "Mozilla/5.0 (Linux; Android 7.0;) AppleWebKit/537.36 (KHTML, like Gecko) Mobile Safari/537.36 (compatible; PetalBot;+https://webmaster.petalsearch.com/site/petalbot)" "nobbycosmic.com"
114.119.128.26 - - [03/Sep/2022:13:40:16 -0700] "GET /NJCA/BBQ08/Pictures/?M=A HTTP/1.1" 200 774 "https://nobbycosmic.com/NJCA/BBQ08/Pictures?D=D" "Mozilla/5.0 (Linux; Android 7.0;) AppleWebKit/537.36 (KHTML, like Gecko) Mobile Safari/537.36 (compatible; PetalBot;+https://webmaster.petalsearch.com/site/petalbot)" "nobbycosmic.com"
114.119.128.26 - - [03/Sep/2022:13:43:14 -0700] "GET /NJCA/NJCAToy?D=D HTTP/1.1" 301 1421 "https://nobbycosmic.com/NJCA/NJCAToy?D=A" "Mozilla/5.0 (Linux; Android 7.0;) AppleWebKit/537.36 (KHTML, like Gecko) Mobile Safari/537.36 (compatible; PetalBot;+https://webmaster.petalsearch.com/site/petalbot)" "nobbycosmic.com"
114.119.128.26 - - [03/Sep/2022:13:43:19 -0700] "GET /NJCA/NJCAToy/?D=D HTTP/1.1" 200 848 "https://nobbycosmic.com/NJCA/NJCAToy?D=A" "Mozilla/5.0 (Linux; Android 7.0;) AppleWebKit/537.36 (KHTML, like Gecko) Mobile Safari/537.36 (compatible; PetalBot;+https://webmaster.petalsearch.com/site/petalbot)" "nobbycosmic.com"
114.119.128.40 - - [03/Sep/2022:13:44:54 -0700] "GET /NJCA/BBQ06/?C=D%3BO%3DA HTTP/1.1" 200 996 "https://nobbycosmic.com/NJCA/BBQ06?C=N%3BO%3DD" "Mozilla/5.0 (Linux; Android 7.0;) AppleWebKit/537.36 (KHTML, like Gecko) Mobile Safari/537.36 (compatible; PetalBot;+https://webmaster.petalsearch.com/site/petalbot)" "nobbycosmic.com"
114.119.128.26 - - [03/Sep/2022:13:45:26 -0700] "GET /Utagoe/10?C=N%3BO%3DD HTTP/1.1" 301 1427 "https://nobbycosmic.com/Utagoe/10" "Mozilla/5.0 (Linux; Android 7.0;) AppleWebKit/537.36 (KHTML, like Gecko) Mobile Safari/537.36 (compatible; PetalBot;+https://webmaster.petalsearch.com/site/petalbot)" "nobbycosmic.com"
114.119.128.26 - - [03/Sep/2022:13:45:31 -0700] "GET /Utagoe/10/?C=N%3BO%3DD HTTP/1.1" 200 1339 "https://nobbycosmic.com/Utagoe/10" "Mozilla/5.0 (Linux; Android 7.0;) AppleWebKit/537.36 (KHTML, like Gecko) Mobile Safari/537.36 (compatible; PetalBot;+https://webmaster.petalsearch.com/site/petalbot)" "nobbycosmic.com"
114.119.128.26 - - [03/Sep/2022:13:48:54 -0700] "GET /NJCA/Temp/ HTTP/1.1" 200 404 "https://nobbycosmic.com/NJCA?C=S%3BO%3DA" "Mozilla/5.0 (Linux; Android 7.0;) AppleWebKit/537.36 (KHTML, like Gecko) Mobile Safari/537.36 (compatible; PetalBot;+https://webmaster.petalsearch.com/site/petalbot)" "nobbycosmic.com"
114.119.128.26 - - [03/Sep/2022:13:49:03 -0700] "GET /NJCA/Document/InsuranceRenewal2012J.doc HTTP/1.1" 200 27648 "https://nobbycosmic.com/NJCA/Document?D=D" "Mozilla/5.0 (Linux; Android 7.0;) AppleWebKit/537.36 (KHTML, like Gecko) Mobile Safari/537.36 (compatible; PetalBot;+https://webmaster.petalsearch.com/site/petalbot)" "nobbycosmic.com"
51.222.253.7 - - [03/Sep/2022:13:49:20 -0700] "GET / HTTP/1.1" 200 3158 "-" "Mozilla/5.0 (compatible; AhrefsBot/7.0; +http://ahrefs.com/robot/)" "www.nobbycosmic.com"
