157.55.39.182 - - [10/Sep/2022:20:23:42 -0700] "GET /Post/JF20200214.pdf HTTP/1.1" 404 88 "-" "Mozilla/5.0 (compatible; bingbot/2.0; +http://www.bing.com/bingbot.htm)" "nobbycosmic.com"
184.145.27.239 - - [10/Sep/2022:20:28:28 -0700] "GET / HTTP/1.1" 200 3158 "-" "Mozilla/5.0 (iPhone; CPU iPhone OS 15_6_1 like Mac OS X) AppleWebKit/605.1.15 (KHTML, like Gecko) Version/15.6.1 Mobile/15E148 Safari/604.1" "nobbycosmic.com"
216.244.66.200 - - [10/Sep/2022:20:31:41 -0700] "GET /robots.txt HTTP/1.1" 200 61 "-" "Mozilla/5.0 (compatible; DotBot/1.2; +https://opensiteexplorer.org/dotbot; help@moz.com)" "nobbycosmic.com"
99.229.211.11 - - [10/Sep/2022:20:48:09 -0700] "GET /BabyTalks/BTList.htm HTTP/1.1" 200 10238 "http://www.e-maple.net/" "Mozilla/5.0 (iPhone; CPU iPhone OS 15_3_1 like Mac OS X) AppleWebKit/605.1.15 (KHTML, like Gecko) Version/15.3 Mobile/15E148 Safari/604.1" "nobbycosmic.com"
99.229.211.11 - - [10/Sep/2022:20:48:09 -0700] "GET /BabyTalks/BTFBanner1.jpg HTTP/1.1" 200 9524 "https://nobbycosmic.com/BabyTalks/BTList.htm" "Mozilla/5.0 (iPhone; CPU iPhone OS 15_3_1 like Mac OS X) AppleWebKit/605.1.15 (KHTML, like Gecko) Version/15.3 Mobile/15E148 Safari/604.1" "nobbycosmic.com"
99.229.211.11 - - [10/Sep/2022:20:48:10 -0700] "GET /BabyTalks/hiyoko.gif HTTP/1.1" 200 10361 "https://nobbycosmic.com/BabyTalks/BTList.htm" "Mozilla/5.0 (iPhone; CPU iPhone OS 15_3_1 like Mac OS X) AppleWebKit/605.1.15 (KHTML, like Gecko) Version/15.3 Mobile/15E148 Safari/604.1" "nobbycosmic.com"
99.229.211.11 - - [10/Sep/2022:20:48:10 -0700] "GET /BabyTalks/BTFBanner2.jpg HTTP/1.1" 200 4273 "https://nobbycosmic.com/BabyTalks/BTList.htm" "Mozilla/5.0 (iPhone; CPU iPhone OS 15_3_1 like Mac OS X) AppleWebKit/605.1.15 (KHTML, like Gecko) Version/15.3 Mobile/15E148 Safari/604.1" "nobbycosmic.com"
99.229.211.11 - - [10/Sep/2022:20:48:10 -0700] "GET /BabyTalks/Group.jpg HTTP/1.1" 200 54379 "https://nobbycosmic.com/BabyTalks/BTList.htm" "Mozilla/5.0 (iPhone; CPU iPhone OS 15_3_1 like Mac OS X) AppleWebKit/605.1.15 (KHTML, like Gecko) Version/15.3 Mobile/15E148 Safari/604.1" "nobbycosmic.com"
99.229.211.11 - - [10/Sep/2022:20:48:10 -0700] "GET /BabyTalks/blue_next.gif HTTP/1.1" 200 138 "https://nobbycosmic.com/BabyTalks/BTList.htm" "Mozilla/5.0 (iPhone; CPU iPhone OS 15_3_1 like Mac OS X) AppleWebKit/605.1.15 (KHTML, like Gecko) Version/15.3 Mobile/15E148 Safari/604.1" "nobbycosmic.com"
99.229.211.11 - - [10/Sep/2022:20:48:10 -0700] "GET /BabyTalks/SakuraMark2.jpg HTTP/1.1" 200 933 "https://nobbycosmic.com/BabyTalks/BTList.htm" "Mozilla/5.0 (iPhone; CPU iPhone OS 15_3_1 like Mac OS X) AppleWebKit/605.1.15 (KHTML, like Gecko) Version/15.3 Mobile/15E148 Safari/604.1" "nobbycosmic.com"
99.229.211.11 - - [10/Sep/2022:20:48:10 -0700] "GET /BabyTalks/FTFMemberDistChart.jpg HTTP/1.1" 200 61359 "https://nobbycosmic.com/BabyTalks/BTList.htm" "Mozilla/5.0 (iPhone; CPU iPhone OS 15_3_1 like Mac OS X) AppleWebKit/605.1.15 (KHTML, like Gecko) Version/15.3 Mobile/15E148 Safari/604.1" "nobbycosmic.com"
99.229.211.11 - - [10/Sep/2022:20:48:11 -0700] "GET /favicon.ico HTTP/1.1" 404 88 "https://nobbycosmic.com/BabyTalks/BTList.htm" "Mozilla/5.0 (iPhone; CPU iPhone OS 15_3_1 like Mac OS X) AppleWebKit/605.1.15 (KHTML, like Gecko) Version/15.3 Mobile/15E148 Safari/604.1" "nobbycosmic.com"
99.229.211.11 - - [10/Sep/2022:20:53:31 -0700] "GET /BabyTalks/BTList.htm HTTP/1.1" 200 10238 "-" "Mozilla/5.0 (iPhone; CPU iPhone OS 15_3_1 like Mac OS X) AppleWebKit/605.1.15 (KHTML, like Gecko) Version/15.3 Mobile/15E148 Safari/604.1" "nobbycosmic.com"
207.46.13.30 - - [10/Sep/2022:20:56:13 -0700] "GET /Post/JF202111102.pdf HTTP/1.1" 304 - "-" "Mozilla/5.0 (compatible; bingbot/2.0; +http://www.bing.com/bingbot.htm)" "nobbycosmic.com"
157.55.39.184 - - [10/Sep/2022:21:02:43 -0700] "GET /Homepage/Tickets/Ticket2/TicketA48.jpg HTTP/1.1" 200 23145 "-" "Mozilla/5.0 (compatible; bingbot/2.0; +http://www.bing.com/bingbot.htm)" "nobbycosmic.com"
185.191.171.22 - - [10/Sep/2022:21:16:22 -0700] "GET /robots.txt HTTP/1.1" 200 75 "-" "Mozilla/5.0 (compatible; SemrushBot/7~bl; +http://www.semrush.com/bot.html)" "nobbycosmic.com"
185.191.171.18 - - [10/Sep/2022:21:16:22 -0700] "GET /NJCA/BBQ10/BBQKitchen2010.htm HTTP/1.1" 200 752 "-" "Mozilla/5.0 (compatible; SemrushBot/7~bl; +http://www.semrush.com/bot.html)" "nobbycosmic.com"
216.244.66.200 - - [10/Sep/2022:21:22:19 -0700] "GET /robots.txt HTTP/1.1" 200 61 "-" "Mozilla/5.0 (compatible; DotBot/1.2; +https://opensiteexplorer.org/dotbot; help@moz.com)" "nobbycosmic.com"
173.33.3.232 - - [10/Sep/2022:21:32:13 -0700] "GET /BabyTalks/FTFRule.htm HTTP/1.1" 200 2929 "-" "Mozilla/5.0 (iPhone; CPU iPhone OS 15_6_1 like Mac OS X) AppleWebKit/605.1.15 (KHTML, like Gecko) Version/15.6.1 Mobile/15E148 Safari/604.1" "nobbycosmic.com"
173.33.3.232 - - [10/Sep/2022:21:32:13 -0700] "GET /favicon.ico HTTP/1.1" 404 88 "https://nobbycosmic.com/BabyTalks/FTFRule.htm" "Mozilla/5.0 (iPhone; CPU iPhone OS 15_6_1 like Mac OS X) AppleWebKit/605.1.15 (KHTML, like Gecko) Version/15.6.1 Mobile/15E148 Safari/604.1" "nobbycosmic.com"
157.55.39.184 - - [10/Sep/2022:21:37:57 -0700] "GET /Utagoe/2018Spring/?C=S;O=A HTTP/1.1" 200 481 "-" "Mozilla/5.0 (compatible; bingbot/2.0; +http://www.bing.com/bingbot.htm)" "www.nobbycosmic.com"
51.222.253.12 - - [10/Sep/2022:21:45:04 -0700] "GET /TSN/TSNFront.htm HTTP/1.1" 200 2591 "-" "Mozilla/5.0 (compatible; AhrefsBot/7.0; +http://ahrefs.com/robot/)" "nobbycosmic.com"
51.222.253.5 - - [10/Sep/2022:21:45:08 -0700] "GET /TSN/Wine2007tsn.jpg HTTP/1.1" 200 41731 "-" "Mozilla/5.0 (compatible; AhrefsBot/7.0; +http://ahrefs.com/robot/)" "nobbycosmic.com"
51.222.253.18 - - [10/Sep/2022:21:45:09 -0700] "GET /TSN/Toronto_City_Hall_at_night.jpg HTTP/1.1" 200 11300 "-" "Mozilla/5.0 (compatible; AhrefsBot/7.0; +http://ahrefs.com/robot/)" "nobbycosmic.com"
51.222.253.5 - - [10/Sep/2022:21:45:09 -0700] "GET /TSN/Rogers_Center-restitched.jpg HTTP/1.1" 200 15708 "-" "Mozilla/5.0 (compatible; AhrefsBot/7.0; +http://ahrefs.com/robot/)" "nobbycosmic.com"
51.222.253.3 - - [10/Sep/2022:21:45:10 -0700] "GET /TSN/UofT.jpg HTTP/1.1" 200 18548 "-" "Mozilla/5.0 (compatible; AhrefsBot/7.0; +http://ahrefs.com/robot/)" "nobbycosmic.com"
51.222.253.6 - - [10/Sep/2022:21:45:11 -0700] "GET /TSN/Hto_Park_Urban_Beach_2.jpg HTTP/1.1" 200 9440 "-" "Mozilla/5.0 (compatible; AhrefsBot/7.0; +http://ahrefs.com/robot/)" "nobbycosmic.com"
51.222.253.6 - - [10/Sep/2022:21:45:11 -0700] "GET /TSN/Toronto_2007.jpg HTTP/1.1" 200 4961 "-" "Mozilla/5.0 (compatible; AhrefsBot/7.0; +http://ahrefs.com/robot/)" "nobbycosmic.com"
216.244.66.200 - - [10/Sep/2022:22:12:59 -0700] "GET /robots.txt HTTP/1.1" 200 61 "-" "Mozilla/5.0 (compatible; DotBot/1.2; +https://opensiteexplorer.org/dotbot; help@moz.com)" "nobbycosmic.com"
185.191.171.1 - - [10/Sep/2022:22:18:48 -0700] "GET /robots.txt HTTP/1.1" 200 75 "-" "Mozilla/5.0 (compatible; SemrushBot/7~bl; +http://www.semrush.com/bot.html)" "nobbycosmic.com"
185.191.171.17 - - [10/Sep/2022:22:18:49 -0700] "GET /Utagoe/2014Summer/Utagoe201408.htm HTTP/1.1" 200 3381 "-" "Mozilla/5.0 (compatible; SemrushBot/7~bl; +http://www.semrush.com/bot.html)" "nobbycosmic.com"
220.181.51.113 - - [10/Sep/2022:22:34:08 -0700] "GET /robots.txt HTTP/1.1" 200 75 "-" "Mozilla/5.0 (Windows NT 10.0; WOW64) AppleWebKit/537.36 (KHTML, like Gecko) Chrome/48.0.2564.116 Safari/537.36" "nobbycosmic.com"
220.181.108.82 - - [10/Sep/2022:22:34:09 -0700] "GET /NJCA/NY11/NY2011ProgramJ.pdf HTTP/1.1" 304 - "-" "Mozilla/5.0 (compatible; Baiduspider/2.0; +http://www.baidu.com/search/spider.html)" "nobbycosmic.com"
51.222.253.20 - - [10/Sep/2022:22:37:18 -0700] "GET /robots.txt HTTP/1.1" 200 75 "-" "Mozilla/5.0 (compatible; AhrefsBot/7.0; +http://ahrefs.com/robot/)" "nobbycosmic.com"
141.95.94.17 - - [10/Sep/2022:22:46:50 -0700] "GET / HTTP/1.1" 200 3158 "-" "Mozilla/5.0 (Linux; Android 10; Pixel Build/QP1A.190711.019; wv) AppleWebKit/537.36 (KHTML, like Gecko) Chrome/76.0.3809.132 Mobile Safari/537.36" "nobbycosmic.com"
141.95.94.17 - - [10/Sep/2022:22:47:04 -0700] "GET /env.js HTTP/1.1" 404 88 "-" "Mozilla/5.0 (Linux; Android 10; Pixel Build/QP1A.190711.019; wv) AppleWebKit/537.36 (KHTML, like Gecko) Chrome/76.0.3809.132 Mobile Safari/537.36" "nobbycosmic.com"
141.95.94.17 - - [10/Sep/2022:22:47:09 -0700] "GET /frontend_dev.php/$ HTTP/1.1" 404 88 "-" "Mozilla/5.0 (Linux; Android 10; Pixel Build/QP1A.190711.019; wv) AppleWebKit/537.36 (KHTML, like Gecko) Chrome/76.0.3809.132 Mobile Safari/537.36" "nobbycosmic.com"
141.95.94.17 - - [10/Sep/2022:22:47:12 -0700] "GET /phpinfo HTTP/1.1" 404 88 "-" "Mozilla/5.0 (Linux; Android 10; Pixel Build/QP1A.190711.019; wv) AppleWebKit/537.36 (KHTML, like Gecko) Chrome/76.0.3809.132 Mobile Safari/537.36" "nobbycosmic.com"
141.95.94.17 - - [10/Sep/2022:22:47:15 -0700] "GET /tmp/phpinfo.php HTTP/1.1" 403 170 "-" "Mozilla/5.0 (Linux; Android 10; Pixel Build/QP1A.190711.019; wv) AppleWebKit/537.36 (KHTML, like Gecko) Chrome/76.0.3809.132 Mobile Safari/537.36" "nobbycosmic.com"
141.95.94.17 - - [10/Sep/2022:22:47:18 -0700] "GET /phpinfo/phpinfo.php HTTP/1.1" 404 88 "-" "Mozilla/5.0 (Linux; Android 10; Pixel Build/QP1A.190711.019; wv) AppleWebKit/537.36 (KHTML, like Gecko) Chrome/76.0.3809.132 Mobile Safari/537.36" "nobbycosmic.com"
141.95.94.17 - - [10/Sep/2022:22:47:21 -0700] "GET /php-info.php HTTP/1.1" 404 88 "-" "Mozilla/5.0 (Linux; Android 10; Pixel Build/QP1A.190711.019; wv) AppleWebKit/537.36 (KHTML, like Gecko) Chrome/76.0.3809.132 Mobile Safari/537.36" "nobbycosmic.com"
141.95.94.17 - - [10/Sep/2022:22:47:24 -0700] "GET /pinfo.php HTTP/1.1" 404 88 "-" "Mozilla/5.0 (Linux; Android 10; Pixel Build/QP1A.190711.019; wv) AppleWebKit/537.36 (KHTML, like Gecko) Chrome/76.0.3809.132 Mobile Safari/537.36" "nobbycosmic.com"
141.95.94.17 - - [10/Sep/2022:22:47:26 -0700] "GET /phpinfo.php HTTP/1.1" 404 88 "-" "Mozilla/5.0 (Linux; Android 10; Pixel Build/QP1A.190711.019; wv) AppleWebKit/537.36 (KHTML, like Gecko) Chrome/76.0.3809.132 Mobile Safari/537.36" "nobbycosmic.com"
141.95.94.17 - - [10/Sep/2022:22:47:29 -0700] "GET /configs/s3_config.json HTTP/1.1" 404 88 "-" "Mozilla/5.0 (Linux; Android 10; Pixel Build/QP1A.190711.019; wv) AppleWebKit/537.36 (KHTML, like Gecko) Chrome/76.0.3809.132 Mobile Safari/537.36" "nobbycosmic.com"
141.95.94.17 - - [10/Sep/2022:22:47:38 -0700] "GET /wp-config.php.bak HTTP/1.1" 404 88 "-" "Mozilla/5.0 (Linux; Android 10; Pixel Build/QP1A.190711.019; wv) AppleWebKit/537.36 (KHTML, like Gecko) Chrome/76.0.3809.132 Mobile Safari/537.36" "nobbycosmic.com"
141.95.94.17 - - [10/Sep/2022:22:47:41 -0700] "GET /settings.php.bak HTTP/1.1" 404 88 "-" "Mozilla/5.0 (Linux; Android 10; Pixel Build/QP1A.190711.019; wv) AppleWebKit/537.36 (KHTML, like Gecko) Chrome/76.0.3809.132 Mobile Safari/537.36" "nobbycosmic.com"
141.95.94.17 - - [10/Sep/2022:22:47:45 -0700] "GET /src/phpinfo.php HTTP/1.1" 404 88 "-" "Mozilla/5.0 (Linux; Android 10; Pixel Build/QP1A.190711.019; wv) AppleWebKit/537.36 (KHTML, like Gecko) Chrome/76.0.3809.132 Mobile Safari/537.36" "nobbycosmic.com"
141.95.94.17 - - [10/Sep/2022:22:47:48 -0700] "GET /temp.php HTTP/1.1" 404 88 "-" "Mozilla/5.0 (Linux; Android 10; Pixel Build/QP1A.190711.019; wv) AppleWebKit/537.36 (KHTML, like Gecko) Chrome/76.0.3809.132 Mobile Safari/537.36" "nobbycosmic.com"
141.95.94.17 - - [10/Sep/2022:22:47:51 -0700] "GET /linusadmin-phpinfo.php HTTP/1.1" 404 88 "-" "Mozilla/5.0 (Linux; Android 10; Pixel Build/QP1A.190711.019; wv) AppleWebKit/537.36 (KHTML, like Gecko) Chrome/76.0.3809.132 Mobile Safari/537.36" "nobbycosmic.com"
141.95.94.17 - - [10/Sep/2022:22:47:52 -0700] "GET /php.php HTTP/1.1" 404 88 "-" "Mozilla/5.0 (Linux; Android 10; Pixel Build/QP1A.190711.019; wv) AppleWebKit/537.36 (KHTML, like Gecko) Chrome/76.0.3809.132 Mobile Safari/537.36" "nobbycosmic.com"
141.95.94.17 - - [10/Sep/2022:22:47:58 -0700] "GET /info.php HTTP/1.1" 404 88 "-" "Mozilla/5.0 (Linux; Android 10; Pixel Build/QP1A.190711.019; wv) AppleWebKit/537.36 (KHTML, like Gecko) Chrome/76.0.3809.132 Mobile Safari/537.36" "nobbycosmic.com"
141.95.94.17 - - [10/Sep/2022:22:48:01 -0700] "GET /config/aws.yml HTTP/1.1" 404 88 "-" "Mozilla/5.0 (Linux; Android 10; Pixel Build/QP1A.190711.019; wv) AppleWebKit/537.36 (KHTML, like Gecko) Chrome/76.0.3809.132 Mobile Safari/537.36" "nobbycosmic.com"
141.95.94.17 - - [10/Sep/2022:22:48:04 -0700] "GET /_profiler/phpinfo HTTP/1.1" 404 88 "-" "Mozilla/5.0 (Linux; Android 10; Pixel Build/QP1A.190711.019; wv) AppleWebKit/537.36 (KHTML, like Gecko) Chrome/76.0.3809.132 Mobile Safari/537.36" "nobbycosmic.com"
141.95.94.17 - - [10/Sep/2022:22:48:08 -0700] "GET /_profiler/phpinfo.php HTTP/1.1" 404 88 "-" "Mozilla/5.0 (Linux; Android 10; Pixel Build/QP1A.190711.019; wv) AppleWebKit/537.36 (KHTML, like Gecko) Chrome/76.0.3809.132 Mobile Safari/537.36" "nobbycosmic.com"
141.95.94.17 - - [10/Sep/2022:22:48:14 -0700] "GET /infos.php HTTP/1.1" 404 88 "-" "Mozilla/5.0 (Linux; Android 10; Pixel Build/QP1A.190711.019; wv) AppleWebKit/537.36 (KHTML, like Gecko) Chrome/76.0.3809.132 Mobile Safari/537.36" "nobbycosmic.com"
141.95.94.17 - - [10/Sep/2022:22:48:17 -0700] "GET /php_info.php HTTP/1.1" 404 88 "-" "Mozilla/5.0 (Linux; Android 10; Pixel Build/QP1A.190711.019; wv) AppleWebKit/537.36 (KHTML, like Gecko) Chrome/76.0.3809.132 Mobile Safari/537.36" "nobbycosmic.com"
141.95.94.17 - - [10/Sep/2022:22:48:20 -0700] "GET /app_dev.php/_profiler/phpinfo HTTP/1.1" 404 88 "-" "Mozilla/5.0 (Linux; Android 10; Pixel Build/QP1A.190711.019; wv) AppleWebKit/537.36 (KHTML, like Gecko) Chrome/76.0.3809.132 Mobile Safari/537.36" "nobbycosmic.com"
141.95.94.17 - - [10/Sep/2022:22:48:26 -0700] "GET /configuration.php-dist HTTP/1.1" 404 88 "-" "Mozilla/5.0 (Linux; Android 10; Pixel Build/QP1A.190711.019; wv) AppleWebKit/537.36 (KHTML, like Gecko) Chrome/76.0.3809.132 Mobile Safari/537.36" "nobbycosmic.com"
141.95.94.17 - - [10/Sep/2022:22:48:35 -0700] "GET /config.json HTTP/1.1" 404 88 "-" "Mozilla/5.0 (Linux; Android 10; Pixel Build/QP1A.190711.019; wv) AppleWebKit/537.36 (KHTML, like Gecko) Chrome/76.0.3809.132 Mobile Safari/537.36" "nobbycosmic.com"
141.95.94.17 - - [10/Sep/2022:22:48:38 -0700] "GET /debug/default/view?panel=config HTTP/1.1" 404 88 "-" "Mozilla/5.0 (Linux; Android 10; Pixel Build/QP1A.190711.019; wv) AppleWebKit/537.36 (KHTML, like Gecko) Chrome/76.0.3809.132 Mobile Safari/537.36" "nobbycosmic.com"
141.95.94.17 - - [10/Sep/2022:22:48:41 -0700] "GET /web/debug/default/view?panel=config HTTP/1.1" 404 88 "-" "Mozilla/5.0 (Linux; Android 10; Pixel Build/QP1A.190711.019; wv) AppleWebKit/537.36 (KHTML, like Gecko) Chrome/76.0.3809.132 Mobile Safari/537.36" "nobbycosmic.com"
141.95.94.17 - - [10/Sep/2022:22:48:45 -0700] "GET /frontend/web/debug/default/view?panel=config HTTP/1.1" 404 88 "-" "Mozilla/5.0 (Linux; Android 10; Pixel Build/QP1A.190711.019; wv) AppleWebKit/537.36 (KHTML, like Gecko) Chrome/76.0.3809.132 Mobile Safari/537.36" "nobbycosmic.com"
141.95.94.17 - - [10/Sep/2022:22:48:48 -0700] "GET /_ignition/health-check HTTP/1.1" 404 88 "-" "Mozilla/5.0 (Linux; Android 10; Pixel Build/QP1A.190711.019; wv) AppleWebKit/537.36 (KHTML, like Gecko) Chrome/76.0.3809.132 Mobile Safari/537.36" "nobbycosmic.com"
207.46.13.34 - - [10/Sep/2022:22:56:55 -0700] "GET /BabyTalks/FTFMemberDistChart.jpg HTTP/1.1" 200 61359 "-" "Mozilla/5.0 (Windows NT 6.1; WOW64) AppleWebKit/534+ (KHTML, like Gecko) BingPreview/1.0b" "nobbycosmic.com"
216.244.66.200 - - [10/Sep/2022:23:03:45 -0700] "GET /robots.txt HTTP/1.1" 200 61 "-" "Mozilla/5.0 (compatible; DotBot/1.2; +https://opensiteexplorer.org/dotbot; help@moz.com)" "nobbycosmic.com"
195.201.201.62 - - [10/Sep/2022:23:06:49 -0700] "GET /manager/ HTTP/1.1" 404 88 "http://nobbycosmic.com/manager/" "2ip bot/1.1 (+http://2ip.io)" "nobbycosmic.com"
195.201.201.61 - - [10/Sep/2022:23:06:49 -0700] "GET /admin/ HTTP/1.1" 404 88 "http://nobbycosmic.com/admin/" "2ip bot/1.1 (+http://2ip.io)" "nobbycosmic.com"
195.201.201.63 - - [10/Sep/2022:23:06:49 -0700] "GET / HTTP/1.1" 200 3158 "http://nobbycosmic.com" "2ip bot/1.1 (+http://2ip.io)" "nobbycosmic.com"
195.201.201.63 - - [10/Sep/2022:23:06:49 -0700] "GET / HTTP/1.1" 200 3158 "http://nobbycosmic.com" "2ip bot/1.1 (+http://2ip.io)" "nobbycosmic.com"
195.201.201.63 - - [10/Sep/2022:23:06:49 -0700] "GET / HTTP/1.1" 200 3158 "http://nobbycosmic.com" "2ip bot/1.1 (+http://2ip.io)" "nobbycosmic.com"
195.201.201.60 - - [10/Sep/2022:23:06:49 -0700] "GET / HTTP/1.1" 200 3158 "http://nobbycosmic.com" "2ip bot/1.1 (+http://2ip.io)" "nobbycosmic.com"
157.55.39.182 - - [10/Sep/2022:23:18:01 -0700] "GET /Cosmic/Webpage/Cosmicwebpage.htm HTTP/1.1" 200 1455 "-" "Mozilla/5.0 (compatible; bingbot/2.0; +http://www.bing.com/bingbot.htm)" "nobbycosmic.com"
35.86.215.22 - - [10/Sep/2022:23:46:07 -0700] "GET / HTTP/1.1" 200 3158 "-" "Mozilla/4.0 (compatible; MSIE 6.0; Windows NT 5.1; FSL 7.0.6.01001)" "nobbycosmic.com"
157.55.39.182 - - [10/Sep/2022:23:53:44 -0700] "GET /NJCA/JCCC/Jcomm2.pdf HTTP/1.1" 200 23044 "-" "Mozilla/5.0 (compatible; bingbot/2.0; +http://www.bing.com/bingbot.htm)" "nobbycosmic.com"
216.244.66.200 - - [10/Sep/2022:23:54:08 -0700] "GET /robots.txt HTTP/1.1" 200 61 "-" "Mozilla/5.0 (compatible; DotBot/1.2; +https://opensiteexplorer.org/dotbot; help@moz.com)" "nobbycosmic.com"
157.55.39.182 - - [11/Sep/2022:00:35:07 -0700] "GET /Homepage/Tickets/Ticket2/TicketA29.jpg HTTP/1.1" 200 20588 "-" "Mozilla/5.0 (compatible; bingbot/2.0; +http://www.bing.com/bingbot.htm)" "nobbycosmic.com"
157.55.39.183 - - [11/Sep/2022:00:36:51 -0700] "GET /Post/JF20190425.pdf HTTP/1.1" 404 88 "-" "Mozilla/5.0 (compatible; bingbot/2.0; +http://www.bing.com/bingbot.htm)" "www.nobbycosmic.com"
44.234.48.35 - - [11/Sep/2022:00:40:57 -0700] "GET / HTTP/1.1" 200 3158 "-" "Mozilla/4.0 (compatible; MSIE 6.0; Windows NT 5.1; FSL 7.0.6.01001)" "nobbycosmic.com"
157.55.39.183 - - [11/Sep/2022:00:43:21 -0700] "GET /Homepage/Tickets/Ticket2/TicketA18.jpg HTTP/1.1" 200 23871 "-" "Mozilla/5.0 AppleWebKit/537.36 (KHTML, like Gecko; compatible; bingbot/2.0; +http://www.bing.com/bingbot.htm) Chrome/103.0.5060.134 Safari/537.36" "nobbycosmic.com"
216.244.66.200 - - [11/Sep/2022:00:45:11 -0700] "GET /robots.txt HTTP/1.1" 200 61 "-" "Mozilla/5.0 (compatible; DotBot/1.2; +https://opensiteexplorer.org/dotbot; help@moz.com)" "nobbycosmic.com"
51.222.253.17 - - [11/Sep/2022:01:15:11 -0700] "GET / HTTP/1.1" 200 3158 "-" "Mozilla/5.0 (compatible; AhrefsBot/7.0; +http://ahrefs.com/robot/)" "nobbycosmic.com"
65.109.14.218 - - [11/Sep/2022:01:16:39 -0700] "GET /wp-content/themes/seotheme/mar.php HTTP/1.1" 404 88 "www.google.com" "Mozlila/5.0 (Linux; Android 7.0; SM-G892A Bulid/NRD90M; wv) AppleWebKit/537.36 (KHTML, like Gecko) Version/4.0 Chrome/60.0.3112.107 Moblie Safari/537.36" "nobbycosmic.com"
65.109.14.218 - - [11/Sep/2022:01:16:43 -0700] "GET /wp-content/themes/seotheme/mar.php HTTP/1.1" 404 88 "www.google.com" "Mozlila/5.0 (Linux; Android 7.0; SM-G892A Bulid/NRD90M; wv) AppleWebKit/537.36 (KHTML, like Gecko) Version/4.0 Chrome/60.0.3112.107 Moblie Safari/537.36" "nobbycosmic.com"
216.244.66.200 - - [11/Sep/2022:01:35:04 -0700] "GET /robots.txt HTTP/1.1" 200 61 "-" "Mozilla/5.0 (compatible; DotBot/1.2; +https://opensiteexplorer.org/dotbot; help@moz.com)" "nobbycosmic.com"
216.244.66.200 - - [11/Sep/2022:01:35:04 -0700] "GET /robots.txt HTTP/1.1" 200 61 "-" "Mozilla/5.0 (compatible; DotBot/1.2; +https://opensiteexplorer.org/dotbot; help@moz.com)" "www.nobbycosmic.com"
157.55.39.182 - - [11/Sep/2022:02:11:36 -0700] "GET /NJCA/NY06/PEnt1.jpg HTTP/1.1" 200 95410 "-" "Mozilla/5.0 (compatible; bingbot/2.0; +http://www.bing.com/bingbot.htm)" "nobbycosmic.com"
216.244.66.200 - - [11/Sep/2022:02:25:29 -0700] "GET /robots.txt HTTP/1.1" 200 61 "-" "Mozilla/5.0 (compatible; DotBot/1.2; +https://opensiteexplorer.org/dotbot; help@moz.com)" "nobbycosmic.com"
110.235.239.58 - - [11/Sep/2022:02:34:40 -0700] "GET /wp-content/plugins/elementor/readme.txt HTTP/1.1" 404 88 "-" "Mozilla/5.0 (Windows NT 5.1) AppleWebKit/537.36 (KHTML, like Gecko) Chrome/36.0.1985.67 Safari/537.36" "www.nobbycosmic.com"
207.46.13.30 - - [11/Sep/2022:02:40:04 -0700] "GET /Homepage/Tickets/Ticket2/TicketA24.jpg HTTP/1.1" 200 22857 "-" "Mozilla/5.0 (compatible; bingbot/2.0; +http://www.bing.com/bingbot.htm)" "nobbycosmic.com"
216.244.66.200 - - [11/Sep/2022:03:17:49 -0700] "GET /robots.txt HTTP/1.1" 200 61 "-" "Mozilla/5.0 (compatible; DotBot/1.2; +https://opensiteexplorer.org/dotbot; help@moz.com)" "nobbycosmic.com"
64.124.8.53 - - [11/Sep/2022:03:19:50 -0700] "GET /robots.txt HTTP/1.1" 200 75 "-" "Mozilla/5.0 (X11; Linux x86_64) AppleWebKit/537.36 (KHTML, like Gecko) Chrome/61.0.3163.79 Safari/537.36" "nobbycosmic.com"
64.124.8.53 - - [11/Sep/2022:03:19:50 -0700] "GET /home HTTP/1.1" 200 3157 "-" "Mozilla/5.0 (X11; Linux x86_64) AppleWebKit/537.36 (KHTML, like Gecko) Chrome/61.0.3163.79 Safari/537.36" "nobbycosmic.com"
207.46.13.30 - - [11/Sep/2022:04:05:13 -0700] "GET /Homepage/Tickets/Ticket2/TicketA12.jpg HTTP/1.1" 200 20395 "-" "Mozilla/5.0 (compatible; bingbot/2.0; +http://www.bing.com/bingbot.htm)" "nobbycosmic.com"
66.249.79.71 - - [11/Sep/2022:04:06:33 -0700] "GET /favicon.ico HTTP/1.1" 404 88 "-" "Googlebot-Image/1.0" "nobbycosmic.com"
216.244.66.200 - - [11/Sep/2022:04:10:53 -0700] "GET /robots.txt HTTP/1.1" 200 61 "-" "Mozilla/5.0 (compatible; DotBot/1.2; +https://opensiteexplorer.org/dotbot; help@moz.com)" "nobbycosmic.com"
157.55.39.183 - - [11/Sep/2022:04:24:03 -0700] "GET /Utagoe/2017Spring/?C=M;O=A HTTP/1.1" 200 524 "-" "Mozilla/5.0 (compatible; bingbot/2.0; +http://www.bing.com/bingbot.htm)" "nobbycosmic.com"
67.193.169.165 - - [11/Sep/2022:04:35:12 -0700] "GET / HTTP/1.1" 200 3158 "-" "Mozilla/5.0 (iPad; CPU OS 12_3_1 like Mac OS X) AppleWebKit/605.1.15 (KHTML, like Gecko) Version/12.1.1 Mobile/15E148 Safari/604.1" "nobbycosmic.com"
216.244.66.200 - - [11/Sep/2022:05:03:31 -0700] "GET /robots.txt HTTP/1.1" 200 61 "-" "Mozilla/5.0 (compatible; DotBot/1.2; +https://opensiteexplorer.org/dotbot; help@moz.com)" "nobbycosmic.com"
67.193.169.165 - - [11/Sep/2022:05:04:49 -0700] "GET / HTTP/1.1" 200 3158 "-" "Mozilla/5.0 (iPad; CPU OS 12_3_1 like Mac OS X) AppleWebKit/605.1.15 (KHTML, like Gecko) Version/12.1.1 Mobile/15E148 Safari/604.1" "nobbycosmic.com"
67.193.169.165 - - [11/Sep/2022:05:04:50 -0700] "GET /favicon.ico HTTP/1.1" 404 88 "https://nobbycosmic.com/" "Mozilla/5.0 (iPad; CPU OS 12_3_1 like Mac OS X) AppleWebKit/605.1.15 (KHTML, like Gecko) Version/12.1.1 Mobile/15E148 Safari/604.1" "nobbycosmic.com"
157.55.39.184 - - [11/Sep/2022:05:08:09 -0700] "GET /Cosmic/Zero.pdf HTTP/1.1" 200 1152204 "-" "Mozilla/5.0 (compatible; bingbot/2.0; +http://www.bing.com/bingbot.htm)" "nobbycosmic.com"
164.132.128.23 - - [11/Sep/2022:05:38:08 -0700] "GET /archivarix.cms.php HTTP/1.1" 404 88 "-" "Mozilla/5.0 (Macintosh; Intel Mac OS X 10_15_7) AppleWebKit/537.36 (KHTML, like Gecko) Chrome/103.0.5060.134 Safari/537.36" "nobbycosmic.com"
45.88.97.217 - - [11/Sep/2022:05:39:45 -0700] "HEAD /contact_us HTTP/1.1" 200 - "https://www.nobbycosmic.com" "Mozilla/5.0 (Windows NT 10.0; Win64; x64) AppleWebKit/537.36 (KHTML, like Gecko) Chrome/96.0.4664.45 Safari/537.36" "www.nobbycosmic.com"
45.88.97.217 - - [11/Sep/2022:05:39:45 -0700] "GET /contact_us HTTP/1.1" 200 6311 "https://www.nobbycosmic.com" "Mozilla/5.0 (Windows NT 10.0; Win64; x64) AppleWebKit/537.36 (KHTML, like Gecko) Chrome/96.0.4664.45 Safari/537.36" "www.nobbycosmic.com"
157.55.39.184 - - [11/Sep/2022:05:41:22 -0700] "GET /NJCA/NY07/BoothApplication07.doc HTTP/1.1" 200 34816 "-" "Mozilla/5.0 (compatible; bingbot/2.0; +http://www.bing.com/bingbot.htm)" "nobbycosmic.com"
216.244.66.200 - - [11/Sep/2022:05:54:31 -0700] "GET /robots.txt HTTP/1.1" 200 61 "-" "Mozilla/5.0 (compatible; DotBot/1.2; +https://opensiteexplorer.org/dotbot; help@moz.com)" "nobbycosmic.com"
185.191.171.4 - - [11/Sep/2022:06:01:09 -0700] "GET /robots.txt HTTP/1.1" 200 75 "-" "Mozilla/5.0 (compatible; SemrushBot/7~bl; +http://www.semrush.com/bot.html)" "nobbycosmic.com"
185.191.171.44 - - [11/Sep/2022:06:01:09 -0700] "GET /NJCA/NY10/NYP103.htm HTTP/1.1" 200 726 "-" "Mozilla/5.0 (compatible; SemrushBot/7~bl; +http://www.semrush.com/bot.html)" "nobbycosmic.com"
64.229.200.234 - - [11/Sep/2022:06:20:02 -0700] "GET /BabyTalks/BTFLeaf.pdf HTTP/1.1" 200 187997 "https://www.google.ca/" "Mozilla/5.0 (Macintosh; Intel Mac OS X 10_15_6) AppleWebKit/605.1.15 (KHTML, like Gecko) Version/15.6.1 Safari/605.1.15" "nobbycosmic.com"
64.229.200.234 - - [11/Sep/2022:06:20:03 -0700] "GET /favicon.ico HTTP/1.1" 404 88 "https://nobbycosmic.com/BabyTalks/BTFLeaf.pdf" "Mozilla/5.0 (Macintosh; Intel Mac OS X 10_15_6) AppleWebKit/605.1.15 (KHTML, like Gecko) Version/15.6.1 Safari/605.1.15" "nobbycosmic.com"
64.229.200.234 - - [11/Sep/2022:06:37:33 -0700] "GET /BabyTalks/BTFLeaf.pdf HTTP/1.1" 200 187997 "https://www.google.ca/" "Mozilla/5.0 (Macintosh; Intel Mac OS X 10_15_6) AppleWebKit/605.1.15 (KHTML, like Gecko) Version/15.6.1 Safari/605.1.15" "nobbycosmic.com"
114.86.124.201 - - [11/Sep/2022:06:39:14 -0700] "GET / HTTP/1.1" 200 3158 "-" "Mozilla/5.0 (Windows NT 10.0; Win64; x64) AppleWebKit/537.36 (KHTML, like Gecko) Chrome/85.0.4183.121 Safari/537.36" "nobbycosmic.com"
114.86.124.201 - - [11/Sep/2022:06:39:16 -0700] "GET /contact_us HTTP/1.1" 200 6311 "-" "Mozilla/5.0 (Windows NT 10.0; Win64; x64) AppleWebKit/537.36 (KHTML, like Gecko) Chrome/85.0.4183.121 Safari/537.36" "nobbycosmic.com"
216.244.66.200 - - [11/Sep/2022:06:45:43 -0700] "GET /robots.txt HTTP/1.1" 200 61 "-" "Mozilla/5.0 (compatible; DotBot/1.2; +https://opensiteexplorer.org/dotbot; help@moz.com)" "nobbycosmic.com"
99.247.32.11 - - [11/Sep/2022:06:48:01 -0700] "GET /BabyTalks/FTFMember/Passport.htm HTTP/1.1" 401 90 "https://nobbycosmic.com/BabyTalks/FTFMember/Content.htm" "Mozilla/5.0 (iPhone; CPU iPhone OS 15_6_1 like Mac OS X) AppleWebKit/605.1.15 (KHTML, like Gecko) Version/15.6.1 Mobile/15E148 Safari/604.1" "nobbycosmic.com"
114.119.135.254 - - [11/Sep/2022:06:49:49 -0700] "GET /robots.txt HTTP/1.1" 200 75 "-" "Mozilla/5.0 (compatible;PetalBot;+https://webmaster.petalsearch.com/site/petalbot)" "www.nobbycosmic.com"
184.145.27.239 - - [11/Sep/2022:07:17:47 -0700] "GET /BabyTalks/Group.jpg HTTP/1.1" 200 54379 "https://nobbycosmic.com/BabyTalks/BTList.htm" "Mozilla/5.0 (iPhone; CPU iPhone OS 15_6_1 like Mac OS X) AppleWebKit/605.1.15 (KHTML, like Gecko) Version/15.6.1 Mobile/15E148 Safari/604.1" "nobbycosmic.com"
216.244.66.200 - - [11/Sep/2022:07:36:14 -0700] "GET /robots.txt HTTP/1.1" 200 61 "-" "Mozilla/5.0 (compatible; DotBot/1.2; +https://opensiteexplorer.org/dotbot; help@moz.com)" "nobbycosmic.com"
207.46.13.34 - - [11/Sep/2022:07:37:38 -0700] "GET /Utagoe/2014Fall/?C=S;O=A HTTP/1.1" 200 518 "-" "Mozilla/5.0 (compatible; bingbot/2.0; +http://www.bing.com/bingbot.htm)" "nobbycosmic.com"
157.55.39.183 - - [11/Sep/2022:08:16:55 -0700] "GET /JCCC/JCCC20210108.pdf HTTP/1.1" 304 - "-" "Mozilla/5.0 (compatible; bingbot/2.0; +http://www.bing.com/bingbot.htm)" "nobbycosmic.com"
216.244.66.200 - - [11/Sep/2022:08:26:20 -0700] "GET /robots.txt HTTP/1.1" 200 61 "-" "Mozilla/5.0 (compatible; DotBot/1.2; +https://opensiteexplorer.org/dotbot; help@moz.com)" "nobbycosmic.com"
64.229.84.90 - - [11/Sep/2022:08:29:57 -0700] "GET /BabyTalks/BTList.htm HTTP/1.1" 200 10238 "android-app://com.google.android.gm/" "Mozilla/5.0 (Linux; Android 12; SM-G970W) AppleWebKit/537.36 (KHTML, like Gecko) Chrome/105.0.0.0 Mobile Safari/537.36" "nobbycosmic.com"
64.229.84.90 - - [11/Sep/2022:08:29:58 -0700] "GET /BabyTalks/BTFBanner1.jpg HTTP/1.1" 200 9524 "https://nobbycosmic.com/BabyTalks/BTList.htm" "Mozilla/5.0 (Linux; Android 12; SM-G970W) AppleWebKit/537.36 (KHTML, like Gecko) Chrome/105.0.0.0 Mobile Safari/537.36" "nobbycosmic.com"
64.229.84.90 - - [11/Sep/2022:08:29:58 -0700] "GET /BabyTalks/hiyoko.gif HTTP/1.1" 200 10361 "https://nobbycosmic.com/BabyTalks/BTList.htm" "Mozilla/5.0 (Linux; Android 12; SM-G970W) AppleWebKit/537.36 (KHTML, like Gecko) Chrome/105.0.0.0 Mobile Safari/537.36" "nobbycosmic.com"
64.229.84.90 - - [11/Sep/2022:08:29:58 -0700] "GET /BabyTalks/BTFBanner2.jpg HTTP/1.1" 200 4273 "https://nobbycosmic.com/BabyTalks/BTList.htm" "Mozilla/5.0 (Linux; Android 12; SM-G970W) AppleWebKit/537.36 (KHTML, like Gecko) Chrome/105.0.0.0 Mobile Safari/537.36" "nobbycosmic.com"
64.229.84.90 - - [11/Sep/2022:08:29:58 -0700] "GET /BabyTalks/blue_next.gif HTTP/1.1" 200 138 "https://nobbycosmic.com/BabyTalks/BTList.htm" "Mozilla/5.0 (Linux; Android 12; SM-G970W) AppleWebKit/537.36 (KHTML, like Gecko) Chrome/105.0.0.0 Mobile Safari/537.36" "nobbycosmic.com"
64.229.84.90 - - [11/Sep/2022:08:29:58 -0700] "GET /BabyTalks/SakuraMark2.jpg HTTP/1.1" 200 933 "https://nobbycosmic.com/BabyTalks/BTList.htm" "Mozilla/5.0 (Linux; Android 12; SM-G970W) AppleWebKit/537.36 (KHTML, like Gecko) Chrome/105.0.0.0 Mobile Safari/537.36" "nobbycosmic.com"
64.229.84.90 - - [11/Sep/2022:08:29:58 -0700] "GET /BabyTalks/FTFMemberDistChart.jpg HTTP/1.1" 200 61359 "https://nobbycosmic.com/BabyTalks/BTList.htm" "Mozilla/5.0 (Linux; Android 12; SM-G970W) AppleWebKit/537.36 (KHTML, like Gecko) Chrome/105.0.0.0 Mobile Safari/537.36" "nobbycosmic.com"
64.229.84.90 - - [11/Sep/2022:08:29:58 -0700] "GET /BabyTalks/Group.jpg HTTP/1.1" 200 54379 "https://nobbycosmic.com/BabyTalks/BTList.htm" "Mozilla/5.0 (Linux; Android 12; SM-G970W) AppleWebKit/537.36 (KHTML, like Gecko) Chrome/105.0.0.0 Mobile Safari/537.36" "nobbycosmic.com"
64.229.84.90 - - [11/Sep/2022:08:29:58 -0700] "GET /favicon.ico HTTP/1.1" 404 88 "https://nobbycosmic.com/BabyTalks/BTList.htm" "Mozilla/5.0 (Linux; Android 12; SM-G970W) AppleWebKit/537.36 (KHTML, like Gecko) Chrome/105.0.0.0 Mobile Safari/537.36" "nobbycosmic.com"
64.229.84.90 - - [11/Sep/2022:08:30:16 -0700] "GET /BabyTalks/FTFMember/MemberLists/FTFMemberListPCD.htm HTTP/1.1" 401 90 "https://nobbycosmic.com/BabyTalks/BTList.htm" "Mozilla/5.0 (Linux; Android 12; SM-G970W) AppleWebKit/537.36 (KHTML, like Gecko) Chrome/105.0.0.0 Mobile Safari/537.36" "nobbycosmic.com"
64.229.84.90 - FTF [11/Sep/2022:08:30:19 -0700] "GET /BabyTalks/FTFMember/MemberLists/FTFMemberListPCD.htm HTTP/1.1" 200 63018 "https://nobbycosmic.com/BabyTalks/BTList.htm" "Mozilla/5.0 (Linux; Android 12; SM-G970W) AppleWebKit/537.36 (KHTML, like Gecko) Chrome/105.0.0.0 Mobile Safari/537.36" "nobbycosmic.com"
64.229.84.90 - FTF [11/Sep/2022:08:30:44 -0700] "GET /BabyTalks/FTFMember/MemberLists/FTFMemberListABC.htm HTTP/1.1" 200 64178 "https://nobbycosmic.com/BabyTalks/BTList.htm" "Mozilla/5.0 (Linux; Android 12; SM-G970W) AppleWebKit/537.36 (KHTML, like Gecko) Chrome/105.0.0.0 Mobile Safari/537.36" "nobbycosmic.com"
207.46.13.30 - - [11/Sep/2022:08:34:49 -0700] "GET /Temp/SKK20120614.pdf HTTP/1.1" 404 88 "-" "Mozilla/5.0 (compatible; bingbot/2.0; +http://www.bing.com/bingbot.htm)" "nobbycosmic.com"
40.77.167.96 - - [11/Sep/2022:09:03:30 -0700] "GET /robots.txt HTTP/1.1" 200 75 "-" "Mozilla/5.0 (compatible; bingbot/2.0; +http://www.bing.com/bingbot.htm)" "www.nobbycosmic.com"
157.55.39.183 - - [11/Sep/2022:09:03:39 -0700] "GET /Utagoe/Utagoe1.htm HTTP/1.1" 404 88 "-" "Mozilla/5.0 (compatible; bingbot/2.0; +http://www.bing.com/bingbot.htm)" "www.nobbycosmic.com"
216.244.66.200 - - [11/Sep/2022:09:16:07 -0700] "GET /robots.txt HTTP/1.1" 200 61 "-" "Mozilla/5.0 (compatible; DotBot/1.2; +https://opensiteexplorer.org/dotbot; help@moz.com)" "www.nobbycosmic.com"
216.244.66.200 - - [11/Sep/2022:09:16:07 -0700] "GET /robots.txt HTTP/1.1" 200 61 "-" "Mozilla/5.0 (compatible; DotBot/1.2; +https://opensiteexplorer.org/dotbot; help@moz.com)" "nobbycosmic.com"
185.191.171.3 - - [11/Sep/2022:10:02:22 -0700] "GET /robots.txt HTTP/1.1" 200 75 "-" "Mozilla/5.0 (compatible; SemrushBot/7~bl; +http://www.semrush.com/bot.html)" "nobbycosmic.com"
185.191.171.35 - - [11/Sep/2022:10:02:25 -0700] "GET /JCCC/JCCP_Program_final_2011.pdf. HTTP/1.1" 404 88 "-" "Mozilla/5.0 (compatible; SemrushBot/7~bl; +http://www.semrush.com/bot.html)" "nobbycosmic.com"
157.55.39.183 - - [11/Sep/2022:10:08:15 -0700] "GET /Temp/JF20141002.pdf HTTP/1.1" 404 88 "-" "Mozilla/5.0 (compatible; bingbot/2.0; +http://www.bing.com/bingbot.htm)" "nobbycosmic.com"
216.244.66.200 - - [11/Sep/2022:10:08:23 -0700] "GET /robots.txt HTTP/1.1" 200 61 "-" "Mozilla/5.0 (compatible; DotBot/1.2; +https://opensiteexplorer.org/dotbot; help@moz.com)" "nobbycosmic.com"
44.234.48.35 - - [11/Sep/2022:10:10:27 -0700] "GET / HTTP/1.1" 200 3158 "-" "Mozilla/4.0 (compatible; MSIE 6.0; Windows NT 5.1; FSL 7.0.6.01001)" "nobbycosmic.com"
157.55.39.184 - - [11/Sep/2022:10:12:20 -0700] "GET /Utagoe/2017Fall/?C=S;O=A HTTP/1.1" 200 520 "-" "Mozilla/5.0 (compatible; bingbot/2.0; +http://www.bing.com/bingbot.htm)" "nobbycosmic.com"
157.55.39.183 - - [11/Sep/2022:10:40:37 -0700] "GET /Utagoe/Pictures/V09062.jpg HTTP/1.1" 200 19672 "-" "Mozilla/5.0 (compatible; bingbot/2.0; +http://www.bing.com/bingbot.htm)" "www.nobbycosmic.com"
185.191.171.8 - - [11/Sep/2022:10:56:21 -0700] "GET /NJCA/NY09/NYPStr9.htm HTTP/1.1" 200 10219 "-" "Mozilla/5.0 (compatible; SemrushBot/7~bl; +http://www.semrush.com/bot.html)" "nobbycosmic.com"
216.244.66.200 - - [11/Sep/2022:10:59:29 -0700] "GET /robots.txt HTTP/1.1" 200 61 "-" "Mozilla/5.0 (compatible; DotBot/1.2; +https://opensiteexplorer.org/dotbot; help@moz.com)" "nobbycosmic.com"
185.191.171.9 - - [11/Sep/2022:10:59:42 -0700] "GET /Cosmic/Webpage/Cosmicwebpage0.htm HTTP/1.1" 200 1775 "-" "Mozilla/5.0 (compatible; SemrushBot/7~bl; +http://www.semrush.com/bot.html)" "nobbycosmic.com"
185.191.171.26 - - [11/Sep/2022:11:02:34 -0700] "GET /robots.txt HTTP/1.1" 200 75 "-" "Mozilla/5.0 (compatible; SemrushBot/7~bl; +http://www.semrush.com/bot.html)" "nobbycosmic.com"
185.191.171.5 - - [11/Sep/2022:11:02:38 -0700] "GET /NJCA/NY11/NYP11.htm HTTP/1.1" 200 1485 "-" "Mozilla/5.0 (compatible; SemrushBot/7~bl; +http://www.semrush.com/bot.html)" "nobbycosmic.com"
114.119.143.172 - - [11/Sep/2022:11:16:32 -0700] "GET /robots.txt HTTP/1.1" 200 75 "-" "Mozilla/5.0 (compatible;PetalBot;+https://webmaster.petalsearch.com/site/petalbot)" "nobbycosmic.com"
109.233.192.83 - - [11/Sep/2022:11:26:24 -0700] "GET /wp-login.php HTTP/1.1" 404 88 "http://nobbycosmic.com/wp-login.php" "Mozilla/5.0 (Windows NT 10.0; Win64; x64; rv:96.0) Gecko/20100101 Firefox/96" "nobbycosmic.com"
157.55.39.183 - - [11/Sep/2022:11:44:15 -0700] "GET /Post/JSS202110121.pdf HTTP/1.1" 304 - "-" "Mozilla/5.0 (compatible; bingbot/2.0; +http://www.bing.com/bingbot.htm)" "nobbycosmic.com"
216.244.66.200 - - [11/Sep/2022:11:50:03 -0700] "GET /robots.txt HTTP/1.1" 200 61 "-" "Mozilla/5.0 (compatible; DotBot/1.2; +https://opensiteexplorer.org/dotbot; help@moz.com)" "nobbycosmic.com"
207.46.13.34 - - [11/Sep/2022:12:00:42 -0700] "GET /NJCA/NY06/Daifuku4.jpg HTTP/1.1" 200 112803 "-" "Mozilla/5.0 (compatible; bingbot/2.0; +http://www.bing.com/bingbot.htm)" "nobbycosmic.com"
157.55.39.184 - - [11/Sep/2022:12:10:49 -0700] "GET /Utagoe/Wakamono/ HTTP/1.1" 200 604 "-" "Mozilla/5.0 (compatible; bingbot/2.0; +http://www.bing.com/bingbot.htm)" "www.nobbycosmic.com"
216.244.66.200 - - [11/Sep/2022:12:40:36 -0700] "GET /robots.txt HTTP/1.1" 200 61 "-" "Mozilla/5.0 (compatible; DotBot/1.2; +https://opensiteexplorer.org/dotbot; help@moz.com)" "nobbycosmic.com"
157.55.39.182 - - [11/Sep/2022:12:43:27 -0700] "GET /Post/JF202101082.pdf HTTP/1.1" 404 88 "-" "Mozilla/5.0 (compatible; bingbot/2.0; +http://www.bing.com/bingbot.htm)" "www.nobbycosmic.com"
44.234.48.35 - - [11/Sep/2022:13:12:57 -0700] "GET / HTTP/1.1" 200 3158 "-" "Mozilla/4.0 (compatible; MSIE 6.0; Windows NT 5.1; FSL 7.0.6.01001)" "nobbycosmic.com"
157.55.39.182 - - [11/Sep/2022:13:16:20 -0700] "GET /NJCA/NY07/?D=A HTTP/1.1" 200 530 "-" "Mozilla/5.0 (compatible; bingbot/2.0; +http://www.bing.com/bingbot.htm)" "www.nobbycosmic.com"
216.244.66.200 - - [11/Sep/2022:13:17:27 -0700] "GET /NJCA/Document/?S=A HTTP/1.1" 200 7609 "-" "Mozilla/5.0 (compatible; DotBot/1.2; +https://opensiteexplorer.org/dotbot; help@moz.com)" "nobbycosmic.com"
157.55.39.183 - - [11/Sep/2022:13:19:53 -0700] "GET /NJCA/NY06/NYP061.htm HTTP/1.1" 200 1520 "-" "Mozilla/5.0 (compatible; bingbot/2.0; +http://www.bing.com/bingbot.htm)" "nobbycosmic.com"
157.55.39.183 - - [11/Sep/2022:13:26:14 -0700] "GET /Cosmic/ HTTP/1.1" 200 1082 "-" "Mozilla/5.0 (compatible; bingbot/2.0; +http://www.bing.com/bingbot.htm)" "nobbycosmic.com"
216.244.66.200 - - [11/Sep/2022:13:31:51 -0700] "GET /robots.txt HTTP/1.1" 200 61 "-" "Mozilla/5.0 (compatible; DotBot/1.2; +https://opensiteexplorer.org/dotbot; help@moz.com)" "nobbycosmic.com"
54.147.144.98 - - [11/Sep/2022:13:40:29 -0700] "GET / HTTP/1.1" 200 3158 "-" "Mozilla/4.0 (compatible; MSIE 8.0; Windows NT 6.0; Trident/4.0)" "nobbycosmic.com"
157.55.39.184 - - [11/Sep/2022:13:42:00 -0700] "GET /Utagoe/2017Spring/ HTTP/1.1" 200 526 "-" "Mozilla/5.0 (compatible; bingbot/2.0; +http://www.bing.com/bingbot.htm)" "nobbycosmic.com"
207.46.13.34 - - [11/Sep/2022:13:45:21 -0700] "GET /Homepage/Tickets/Special/LimitedEx.htm HTTP/1.1" 200 1029 "-" "Mozilla/5.0 AppleWebKit/537.36 (KHTML, like Gecko; compatible; bingbot/2.0; +http://www.bing.com/bingbot.htm) Chrome/103.0.5060.134 Safari/537.36" "nobbycosmic.com"
157.55.39.184 - - [11/Sep/2022:14:07:49 -0700] "GET /Post/JF202102061.pdf HTTP/1.1" 404 88 "-" "Mozilla/5.0 (compatible; bingbot/2.0; +http://www.bing.com/bingbot.htm)" "nobbycosmic.com"
34.217.30.131 - - [11/Sep/2022:14:10:21 -0700] "GET / HTTP/1.1" 200 3158 "-" "Mozilla/5.0 (X11; Linux x86_64) AppleWebKit/537.36 (KHTML, like Gecko) Chrome/83.0.4103.97 Safari/537.36" "nobbycosmic.com"
35.88.185.235 - - [11/Sep/2022:14:10:43 -0700] "GET /favicon.ico HTTP/1.1" 404 88 "-" "Mozilla/5.0 (X11; Linux x86_64) AppleWebKit/537.36 (KHTML, like Gecko) Chrome/83.0.4103.97 Safari/537.36" "nobbycosmic.com"
35.88.185.235 - - [11/Sep/2022:14:10:48 -0700] "GET / HTTP/1.1" 200 3158 "-" "Mozilla/5.0 (X11; Linux x86_64) AppleWebKit/537.36 (KHTML, like Gecko) Chrome/83.0.4103.97 Safari/537.36" "nobbycosmic.com"
34.222.162.80 - - [11/Sep/2022:14:12:24 -0700] "GET / HTTP/1.1" 200 3158 "-" "Mozilla/5.0 (X11; Linux x86_64) AppleWebKit/537.36 (KHTML, like Gecko) Chrome/83.0.4103.97 Safari/537.36" "nobbycosmic.com"
18.236.114.255 - - [11/Sep/2022:14:14:15 -0700] "GET /favicon.ico HTTP/1.1" 404 88 "http://nobbycosmic.com/favicon.ico" "Mozilla/5.0 (X11; Linux x86_64) AppleWebKit/537.36 (KHTML, like Gecko) Chrome/83.0.4103.97 Safari/537.36" "nobbycosmic.com"
18.236.114.255 - - [11/Sep/2022:14:14:15 -0700] "GET / HTTP/1.1" 200 3158 "http://nobbycosmic.com" "Mozilla/5.0 (X11; Linux x86_64) AppleWebKit/537.36 (KHTML, like Gecko) Chrome/83.0.4103.97 Safari/537.36" "nobbycosmic.com"
216.244.66.200 - - [11/Sep/2022:14:22:30 -0700] "GET /robots.txt HTTP/1.1" 200 61 "-" "Mozilla/5.0 (compatible; DotBot/1.2; +https://opensiteexplorer.org/dotbot; help@moz.com)" "nobbycosmic.com"
114.119.144.64 - - [11/Sep/2022:14:28:11 -0700] "GET /robots.txt HTTP/1.1" 200 75 "-" "Mozilla/5.0 (compatible;PetalBot;+https://webmaster.petalsearch.com/site/petalbot)" "www.nobbycosmic.com"
207.46.13.34 - - [11/Sep/2022:14:35:16 -0700] "GET /Temp/Music/Brazil1.pdf HTTP/1.1" 404 88 "-" "Mozilla/5.0 (compatible; bingbot/2.0; +http://www.bing.com/bingbot.htm)" "nobbycosmic.com"
207.46.13.34 - - [11/Sep/2022:14:43:27 -0700] "GET /Homepage/Tickets/Ticket2/Ticket208.jpg HTTP/1.1" 200 23912 "-" "Mozilla/5.0 (compatible; bingbot/2.0; +http://www.bing.com/bingbot.htm)" "nobbycosmic.com"
24.150.42.226 - - [11/Sep/2022:14:59:11 -0700] "GET /BabyTalks/BTFLeaf.pdf HTTP/1.1" 200 187997 "-" "Mozilla/5.0 (iPhone; CPU iPhone OS 15_6_1 like Mac OS X) AppleWebKit/605.1.15 (KHTML, like Gecko) Version/15.6.1 Mobile/15E148 Safari/604.1" "nobbycosmic.com"
24.150.42.226 - - [11/Sep/2022:14:59:14 -0700] "GET /favicon.ico HTTP/1.1" 404 88 "https://nobbycosmic.com/BabyTalks/BTFLeaf.pdf" "Mozilla/5.0 (iPhone; CPU iPhone OS 15_6_1 like Mac OS X) AppleWebKit/605.1.15 (KHTML, like Gecko) Version/15.6.1 Mobile/15E148 Safari/604.1" "nobbycosmic.com"
207.46.13.30 - - [11/Sep/2022:15:02:35 -0700] "GET /Utagoe/2012Winter/?N=A HTTP/1.1" 200 502 "-" "Mozilla/5.0 (compatible; bingbot/2.0; +http://www.bing.com/bingbot.htm)" "www.nobbycosmic.com"
142.126.179.214 - - [11/Sep/2022:15:06:09 -0700] "GET /BabyTalks/BTFLeaf.pdf HTTP/1.1" 200 187997 "-" "Mozilla/5.0 (iPhone; CPU iPhone OS 15_6_1 like Mac OS X) AppleWebKit/605.1.15 (KHTML, like Gecko) Version/15.6.1 Mobile/15E148 Safari/604.1" "nobbycosmic.com"
142.126.179.214 - - [11/Sep/2022:15:06:11 -0700] "GET /favicon.ico HTTP/1.1" 404 88 "https://nobbycosmic.com/BabyTalks/BTFLeaf.pdf" "Mozilla/5.0 (iPhone; CPU iPhone OS 15_6_1 like Mac OS X) AppleWebKit/605.1.15 (KHTML, like Gecko) Version/15.6.1 Mobile/15E148 Safari/604.1" "nobbycosmic.com"
216.244.66.200 - - [11/Sep/2022:15:12:34 -0700] "GET /robots.txt HTTP/1.1" 200 61 "-" "Mozilla/5.0 (compatible; DotBot/1.2; +https://opensiteexplorer.org/dotbot; help@moz.com)" "nobbycosmic.com"
1.192.195.5 - - [11/Sep/2022:15:47:43 -0700] "GET /Utagoe/2013Summer/utagoe201308.htm HTTP/1.1" 200 3159 "https://nobbycosmic.com/Utagoe/2013Summer/utagoe201308.htm" "Mozilla/5.0(compatible;MSIE9.0;WindowsNT6.1;Trident/5.0)" "nobbycosmic.com"
1.192.195.11 - - [11/Sep/2022:15:48:24 -0700] "GET /Utagoe/2013Summer/utagoe201308.htm HTTP/1.1" 200 3159 "https://nobbycosmic.com/Utagoe/2013Summer/utagoe201308.htm" "Mozilla/5.0(compatible;MSIE9.0;WindowsNT6.1;Trident/5.0)" "nobbycosmic.com"
27.115.124.40 - - [11/Sep/2022:15:48:25 -0700] "GET /Utagoe/0905.htm HTTP/1.1" 200 3026 "https://nobbycosmic.com/Utagoe/0905.htm" "Mozilla/5.0(compatible;MSIE9.0;WindowsNT6.1;Trident/5.0)" "nobbycosmic.com"
27.115.124.40 - - [11/Sep/2022:15:48:29 -0700] "GET /Utagoe/2013Summer/utagoe201308.htm HTTP/1.1" 200 3159 "https://nobbycosmic.com/Utagoe/2013Summer/utagoe201308.htm" "Mozilla/5.0(compatible;MSIE9.0;WindowsNT6.1;Trident/5.0)" "nobbycosmic.com"
216.244.66.200 - - [11/Sep/2022:16:04:03 -0700] "GET /robots.txt HTTP/1.1" 200 61 "-" "Mozilla/5.0 (compatible; DotBot/1.2; +https://opensiteexplorer.org/dotbot; help@moz.com)" "nobbycosmic.com"
51.222.253.3 - - [11/Sep/2022:16:31:16 -0700] "GET /robots.txt HTTP/1.1" 200 75 "-" "Mozilla/5.0 (compatible; AhrefsBot/7.0; +http://ahrefs.com/robot/)" "nobbycosmic.com"
51.222.253.19 - - [11/Sep/2022:16:31:17 -0700] "GET / HTTP/1.1" 200 3158 "-" "Mozilla/5.0 (compatible; AhrefsBot/7.0; +http://ahrefs.com/robot/)" "nobbycosmic.com"
1.192.192.8 - - [11/Sep/2022:16:37:23 -0700] "GET /Utagoe/1002.htm HTTP/1.1" 200 2553 "https://nobbycosmic.com/Utagoe/1002.htm" "Mozilla/5.0(compatible;MSIE9.0;WindowsNT6.1;Trident/5.0)" "nobbycosmic.com"
216.244.66.200 - - [11/Sep/2022:16:55:42 -0700] "GET /robots.txt HTTP/1.1" 200 61 "-" "Mozilla/5.0 (compatible; DotBot/1.2; +https://opensiteexplorer.org/dotbot; help@moz.com)" "nobbycosmic.com"
207.46.13.34 - - [11/Sep/2022:17:02:19 -0700] "GET /Post/JF20190321.pdf HTTP/1.1" 404 88 "-" "Mozilla/5.0 (compatible; bingbot/2.0; +http://www.bing.com/bingbot.htm)" "nobbycosmic.com"
207.46.13.30 - - [11/Sep/2022:17:05:16 -0700] "GET /Homepage/Tickets/Ticket2/Ticket237.jpg HTTP/1.1" 200 22561 "-" "Mozilla/5.0 (compatible; bingbot/2.0; +http://www.bing.com/bingbot.htm)" "nobbycosmic.com"
207.46.13.34 - - [11/Sep/2022:17:07:10 -0700] "GET /Utagoe/2020SummerMori/202007196Park.jpg HTTP/1.1" 200 48886 "-" "Mozilla/5.0 (compatible; bingbot/2.0; +http://www.bing.com/bingbot.htm)" "nobbycosmic.com"
207.46.13.30 - - [11/Sep/2022:17:13:17 -0700] "GET /Homepage/Tickets/Ticket2/Ticket213.jpg HTTP/1.1" 200 24345 "-" "Mozilla/5.0 (compatible; bingbot/2.0; +http://www.bing.com/bingbot.htm)" "nobbycosmic.com"
157.55.39.183 - - [11/Sep/2022:17:15:16 -0700] "GET /BabyTalks/FTFMember/Content.htm HTTP/1.1" 401 90 "-" "Mozilla/5.0 AppleWebKit/537.36 (KHTML, like Gecko; compatible; bingbot/2.0; +http://www.bing.com/bingbot.htm) Chrome/103.0.5060.134 Safari/537.36" "nobbycosmic.com"
72.140.94.245 - - [11/Sep/2022:17:19:50 -0700] "GET /BabyTalks/BTList.htm HTTP/1.1" 200 10238 "-" "Mozilla/5.0 (Macintosh; Intel Mac OS X 10_15_7) AppleWebKit/537.36 (KHTML, like Gecko) Chrome/103.0.0.0 Safari/537.36" "nobbycosmic.com"
72.140.94.245 - - [11/Sep/2022:17:19:50 -0700] "GET /BabyTalks/BTFBanner1.jpg HTTP/1.1" 200 9524 "https://nobbycosmic.com/BabyTalks/BTList.htm" "Mozilla/5.0 (Macintosh; Intel Mac OS X 10_15_7) AppleWebKit/537.36 (KHTML, like Gecko) Chrome/103.0.0.0 Safari/537.36" "nobbycosmic.com"
72.140.94.245 - - [11/Sep/2022:17:19:50 -0700] "GET /BabyTalks/hiyoko.gif HTTP/1.1" 200 10361 "https://nobbycosmic.com/BabyTalks/BTList.htm" "Mozilla/5.0 (Macintosh; Intel Mac OS X 10_15_7) AppleWebKit/537.36 (KHTML, like Gecko) Chrome/103.0.0.0 Safari/537.36" "nobbycosmic.com"
72.140.94.245 - - [11/Sep/2022:17:19:50 -0700] "GET /BabyTalks/Group.jpg HTTP/1.1" 200 54379 "https://nobbycosmic.com/BabyTalks/BTList.htm" "Mozilla/5.0 (Macintosh; Intel Mac OS X 10_15_7) AppleWebKit/537.36 (KHTML, like Gecko) Chrome/103.0.0.0 Safari/537.36" "nobbycosmic.com"
72.140.94.245 - - [11/Sep/2022:17:19:50 -0700] "GET /BabyTalks/BTFBanner2.jpg HTTP/1.1" 200 4273 "https://nobbycosmic.com/BabyTalks/BTList.htm" "Mozilla/5.0 (Macintosh; Intel Mac OS X 10_15_7) AppleWebKit/537.36 (KHTML, like Gecko) Chrome/103.0.0.0 Safari/537.36" "nobbycosmic.com"
72.140.94.245 - - [11/Sep/2022:17:19:50 -0700] "GET /BabyTalks/SakuraMark2.jpg HTTP/1.1" 200 933 "https://nobbycosmic.com/BabyTalks/BTList.htm" "Mozilla/5.0 (Macintosh; Intel Mac OS X 10_15_7) AppleWebKit/537.36 (KHTML, like Gecko) Chrome/103.0.0.0 Safari/537.36" "nobbycosmic.com"
72.140.94.245 - - [11/Sep/2022:17:19:50 -0700] "GET /BabyTalks/blue_next.gif HTTP/1.1" 200 138 "https://nobbycosmic.com/BabyTalks/BTList.htm" "Mozilla/5.0 (Macintosh; Intel Mac OS X 10_15_7) AppleWebKit/537.36 (KHTML, like Gecko) Chrome/103.0.0.0 Safari/537.36" "nobbycosmic.com"
72.140.94.245 - - [11/Sep/2022:17:19:50 -0700] "GET /BabyTalks/FTFMemberDistChart.jpg HTTP/1.1" 200 61359 "https://nobbycosmic.com/BabyTalks/BTList.htm" "Mozilla/5.0 (Macintosh; Intel Mac OS X 10_15_7) AppleWebKit/537.36 (KHTML, like Gecko) Chrome/103.0.0.0 Safari/537.36" "nobbycosmic.com"
202.241.129.88 - - [11/Sep/2022:17:24:41 -0700] "GET / HTTP/1.1" 200 3158 "-" "Mozilla/5.0 (Macintosh; Intel Mac OS X 10_15_6) AppleWebKit/605.1.15 (KHTML, like Gecko) Version/15.6.1 Safari/605.1.15" "nobbycosmic.com"
216.244.66.200 - - [11/Sep/2022:17:47:00 -0700] "GET /robots.txt HTTP/1.1" 200 61 "-" "Mozilla/5.0 (compatible; DotBot/1.2; +https://opensiteexplorer.org/dotbot; help@moz.com)" "nobbycosmic.com"
17.121.115.152 - - [11/Sep/2022:17:53:35 -0700] "GET /robots.txt HTTP/1.1" 200 75 "-" "Mozilla/5.0 (Macintosh; Intel Mac OS X 10_15_5) AppleWebKit/605.1.15 (KHTML, like Gecko) Version/13.1.1 Safari/605.1.15 (Applebot/0.1; +http://www.apple.com/go/applebot)" "nobbycosmic.com"
17.121.115.152 - - [11/Sep/2022:17:53:35 -0700] "GET /Utagoe/Utagoe.htm HTTP/1.1" 200 3880 "-" "Mozilla/5.0 (Macintosh; Intel Mac OS X 10_15_5) AppleWebKit/605.1.15 (KHTML, like Gecko) Version/13.1.1 Safari/605.1.15 (Applebot/0.1; +http://www.apple.com/go/applebot)" "nobbycosmic.com"
54.36.148.64 - - [11/Sep/2022:17:56:52 -0700] "GET /robots.txt HTTP/1.1" 200 75 "-" "Mozilla/5.0 (compatible; AhrefsBot/7.0; +http://ahrefs.com/robot/)" "nobbycosmic.com"
185.191.171.24 - - [11/Sep/2022:18:03:26 -0700] "GET /robots.txt HTTP/1.1" 200 75 "-" "Mozilla/5.0 (compatible; SemrushBot/7~bl; +http://www.semrush.com/bot.html)" "nobbycosmic.com"
185.191.171.9 - - [11/Sep/2022:18:03:27 -0700] "GET /NJCA/NY12/PicturePages/NYP122.htm HTTP/1.1" 200 1317 "-" "Mozilla/5.0 (compatible; SemrushBot/7~bl; +http://www.semrush.com/bot.html)" "nobbycosmic.com"
194.38.20.161 - - [11/Sep/2022:18:10:39 -0700] "GET /wp-content/plugins/advanced_file_manager_5/php/connector.minimal.php HTTP/1.1" 404 73 "-" "ALittle Client" "nobbycosmic.com"
207.46.13.30 - - [11/Sep/2022:18:18:53 -0700] "GET /Post/JF202012101.pdf HTTP/1.1" 404 88 "-" "Mozilla/5.0 (compatible; bingbot/2.0; +http://www.bing.com/bingbot.htm)" "nobbycosmic.com"
173.33.3.232 - - [11/Sep/2022:18:31:14 -0700] "GET /BabyTalks/BTList.htm HTTP/1.1" 200 10238 "-" "Mozilla/5.0 (Macintosh; Intel Mac OS X 10_15_7) AppleWebKit/605.1.15 (KHTML, like Gecko) Version/15.6.1 Safari/605.1.15" "nobbycosmic.com"
173.33.3.232 - - [11/Sep/2022:18:31:15 -0700] "GET /BabyTalks/BTFBanner1.jpg HTTP/1.1" 200 9524 "https://nobbycosmic.com/BabyTalks/BTList.htm" "Mozilla/5.0 (Macintosh; Intel Mac OS X 10_15_7) AppleWebKit/605.1.15 (KHTML, like Gecko) Version/15.6.1 Safari/605.1.15" "nobbycosmic.com"
173.33.3.232 - - [11/Sep/2022:18:31:15 -0700] "GET /BabyTalks/hiyoko.gif HTTP/1.1" 200 10361 "https://nobbycosmic.com/BabyTalks/BTList.htm" "Mozilla/5.0 (Macintosh; Intel Mac OS X 10_15_7) AppleWebKit/605.1.15 (KHTML, like Gecko) Version/15.6.1 Safari/605.1.15" "nobbycosmic.com"
173.33.3.232 - - [11/Sep/2022:18:31:15 -0700] "GET /BabyTalks/BTFBanner2.jpg HTTP/1.1" 200 4273 "https://nobbycosmic.com/BabyTalks/BTList.htm" "Mozilla/5.0 (Macintosh; Intel Mac OS X 10_15_7) AppleWebKit/605.1.15 (KHTML, like Gecko) Version/15.6.1 Safari/605.1.15" "nobbycosmic.com"
173.33.3.232 - - [11/Sep/2022:18:31:15 -0700] "GET /BabyTalks/blue_next.gif HTTP/1.1" 200 138 "https://nobbycosmic.com/BabyTalks/BTList.htm" "Mozilla/5.0 (Macintosh; Intel Mac OS X 10_15_7) AppleWebKit/605.1.15 (KHTML, like Gecko) Version/15.6.1 Safari/605.1.15" "nobbycosmic.com"
173.33.3.232 - - [11/Sep/2022:18:31:15 -0700] "GET /BabyTalks/Group.jpg HTTP/1.1" 200 54379 "https://nobbycosmic.com/BabyTalks/BTList.htm" "Mozilla/5.0 (Macintosh; Intel Mac OS X 10_15_7) AppleWebKit/605.1.15 (KHTML, like Gecko) Version/15.6.1 Safari/605.1.15" "nobbycosmic.com"
173.33.3.232 - - [11/Sep/2022:18:31:15 -0700] "GET /BabyTalks/SakuraMark2.jpg HTTP/1.1" 200 933 "https://nobbycosmic.com/BabyTalks/BTList.htm" "Mozilla/5.0 (Macintosh; Intel Mac OS X 10_15_7) AppleWebKit/605.1.15 (KHTML, like Gecko) Version/15.6.1 Safari/605.1.15" "nobbycosmic.com"
