114.119.128.26 - - [05/Sep/2022:14:13:18 -0700] "GET /NJCA/BBQ08/ HTTP/1.1" 200 623 "https://nobbycosmic.com/NJCA?M=A" "Mozilla/5.0 (Linux; Android 7.0;) AppleWebKit/537.36 (KHTML, like Gecko) Mobile Safari/537.36 (compatible; PetalBot;+https://webmaster.petalsearch.com/site/petalbot)" "nobbycosmic.com"
40.77.167.47 - - [05/Sep/2022:14:14:24 -0700] "GET /Utagoe/2020SummerMori/2020080808MoriUta.JPG HTTP/1.1" 200 141908 "-" "Mozilla/5.0 (compatible; bingbot/2.0; +http://www.bing.com/bingbot.htm)" "nobbycosmic.com"
114.119.128.40 - - [05/Sep/2022:14:14:46 -0700] "GET /NJCA/AGM07?C=D%3BO%3DA HTTP/1.1" 301 1431 "https://nobbycosmic.com/NJCA/AGM07?N=D" "Mozilla/5.0 (Linux; Android 7.0;) AppleWebKit/537.36 (KHTML, like Gecko) Mobile Safari/537.36 (compatible; PetalBot;+https://webmaster.petalsearch.com/site/petalbot)" "nobbycosmic.com"
114.119.128.40 - - [05/Sep/2022:14:14:51 -0700] "GET /NJCA/AGM07/?C=D%3BO%3DA HTTP/1.1" 200 411 "https://nobbycosmic.com/NJCA/AGM07?N=D" "Mozilla/5.0 (Linux; Android 7.0;) AppleWebKit/537.36 (KHTML, like Gecko) Mobile Safari/537.36 (compatible; PetalBot;+https://webmaster.petalsearch.com/site/petalbot)" "nobbycosmic.com"
114.119.128.26 - - [05/Sep/2022:14:16:27 -0700] "GET /home HTTP/1.1" 200 3157 "https://nobbycosmic.com/" "Mozilla/5.0 (Linux; Android 7.0;) AppleWebKit/537.36 (KHTML, like Gecko) Mobile Safari/537.36 (compatible; PetalBot;+https://webmaster.petalsearch.com/site/petalbot)" "nobbycosmic.com"
114.119.128.26 - - [05/Sep/2022:14:18:05 -0700] "GET /Utagoe/NYsongs HTTP/1.1" 301 1417 "https://nobbycosmic.com/Utagoe" "Mozilla/5.0 (Linux; Android 7.0;) AppleWebKit/537.36 (KHTML, like Gecko) Mobile Safari/537.36 (compatible; PetalBot;+https://webmaster.petalsearch.com/site/petalbot)" "nobbycosmic.com"
114.119.128.26 - - [05/Sep/2022:14:18:06 -0700] "GET /Utagoe/NYsongs/ HTTP/1.1" 200 377 "https://nobbycosmic.com/Utagoe" "Mozilla/5.0 (Linux; Android 7.0;) AppleWebKit/537.36 (KHTML, like Gecko) Mobile Safari/537.36 (compatible; PetalBot;+https://webmaster.petalsearch.com/site/petalbot)" "nobbycosmic.com"
114.119.128.26 - - [05/Sep/2022:14:19:48 -0700] "GET /NJCA/NY09?N=A HTTP/1.1" 301 1421 "https://nobbycosmic.com/NJCA/NY09?S=D" "Mozilla/5.0 (Linux; Android 7.0;) AppleWebKit/537.36 (KHTML, like Gecko) Mobile Safari/537.36 (compatible; PetalBot;+https://webmaster.petalsearch.com/site/petalbot)" "nobbycosmic.com"
114.119.128.26 - - [05/Sep/2022:14:19:55 -0700] "GET /NJCA/NY09/?N=A HTTP/1.1" 200 856 "https://nobbycosmic.com/NJCA/NY09?S=D" "Mozilla/5.0 (Linux; Android 7.0;) AppleWebKit/537.36 (KHTML, like Gecko) Mobile Safari/537.36 (compatible; PetalBot;+https://webmaster.petalsearch.com/site/petalbot)" "nobbycosmic.com"
114.119.128.26 - - [05/Sep/2022:14:21:26 -0700] "GET /Card/Card04/ HTTP/1.1" 200 450 "https://nobbycosmic.com/Card/?C=M%3BO%3DA" "Mozilla/5.0 (Linux; Android 7.0;) AppleWebKit/537.36 (KHTML, like Gecko) Mobile Safari/537.36 (compatible; PetalBot;+https://webmaster.petalsearch.com/site/petalbot)" "nobbycosmic.com"
114.119.128.40 - - [05/Sep/2022:14:24:22 -0700] "GET /NJCA/NY10/JCCCFloorNY2010.pdf HTTP/1.1" 200 443730 "https://nobbycosmic.com/NJCA/NY10?M=A" "Mozilla/5.0 (Linux; Android 7.0;) AppleWebKit/537.36 (KHTML, like Gecko) Mobile Safari/537.36 (compatible; PetalBot;+https://webmaster.petalsearch.com/site/petalbot)" "nobbycosmic.com"
114.119.128.40 - - [05/Sep/2022:14:24:43 -0700] "GET /NJCA/BBQ11/BBQMAP2011.pdf HTTP/1.1" 200 97537 "https://nobbycosmic.com/NJCA/BBQ11/?C=N%3BO%3DD" "Mozilla/5.0 (Linux; Android 7.0;) AppleWebKit/537.36 (KHTML, like Gecko) Mobile Safari/537.36 (compatible; PetalBot;+https://webmaster.petalsearch.com/site/petalbot)" "nobbycosmic.com"
114.119.128.26 - - [05/Sep/2022:14:26:22 -0700] "GET /Card/Card19/?C=D%3BO%3DA HTTP/1.1" 200 531 "https://nobbycosmic.com/Card/Card19?C=M%3BO%3DA" "Mozilla/5.0 (Linux; Android 7.0;) AppleWebKit/537.36 (KHTML, like Gecko) Mobile Safari/537.36 (compatible; PetalBot;+https://webmaster.petalsearch.com/site/petalbot)" "nobbycosmic.com"
114.119.128.26 - - [05/Sep/2022:14:27:50 -0700] "GET /Card/Card06/?C=S%3BO%3DA HTTP/1.1" 200 452 "https://nobbycosmic.com/Card/Card06?C=S%3BO%3DA" "Mozilla/5.0 (Linux; Android 7.0;) AppleWebKit/537.36 (KHTML, like Gecko) Mobile Safari/537.36 (compatible; PetalBot;+https://webmaster.petalsearch.com/site/petalbot)" "nobbycosmic.com"
114.119.128.26 - - [05/Sep/2022:14:29:30 -0700] "GET /Card/Card05 HTTP/1.1" 301 1414 "https://nobbycosmic.com/Card?C=D%3BO%3DA" "Mozilla/5.0 (Linux; Android 7.0;) AppleWebKit/537.36 (KHTML, like Gecko) Mobile Safari/537.36 (compatible; PetalBot;+https://webmaster.petalsearch.com/site/petalbot)" "nobbycosmic.com"
114.119.128.26 - - [05/Sep/2022:14:29:32 -0700] "GET /Card/Card05/ HTTP/1.1" 200 453 "https://nobbycosmic.com/Card?C=D%3BO%3DA" "Mozilla/5.0 (Linux; Android 7.0;) AppleWebKit/537.36 (KHTML, like Gecko) Mobile Safari/537.36 (compatible; PetalBot;+https://webmaster.petalsearch.com/site/petalbot)" "nobbycosmic.com"
114.119.128.26 - - [05/Sep/2022:14:31:12 -0700] "GET /Utagoe/Nostalgia/ HTTP/1.1" 200 459 "https://nobbycosmic.com/Utagoe?C=D%3BO%3DA" "Mozilla/5.0 (Linux; Android 7.0;) AppleWebKit/537.36 (KHTML, like Gecko) Mobile Safari/537.36 (compatible; PetalBot;+https://webmaster.petalsearch.com/site/petalbot)" "nobbycosmic.com"
114.119.128.26 - - [05/Sep/2022:14:32:47 -0700] "GET /NJCA/NY07?M=D HTTP/1.1" 301 1421 "https://nobbycosmic.com/NJCA/NY07?M=A" "Mozilla/5.0 (Linux; Android 7.0;) AppleWebKit/537.36 (KHTML, like Gecko) Mobile Safari/537.36 (compatible; PetalBot;+https://webmaster.petalsearch.com/site/petalbot)" "nobbycosmic.com"
114.119.128.26 - - [05/Sep/2022:14:32:47 -0700] "GET /NJCA/NY07/?M=D HTTP/1.1" 200 530 "https://nobbycosmic.com/NJCA/NY07?M=A" "Mozilla/5.0 (Linux; Android 7.0;) AppleWebKit/537.36 (KHTML, like Gecko) Mobile Safari/537.36 (compatible; PetalBot;+https://webmaster.petalsearch.com/site/petalbot)" "nobbycosmic.com"
216.244.66.200 - - [05/Sep/2022:14:33:21 -0700] "GET /robots.txt HTTP/1.1" 200 61 "-" "Mozilla/5.0 (compatible; DotBot/1.2; +https://opensiteexplorer.org/dotbot; help@moz.com)" "nobbycosmic.com"
114.119.128.26 - - [05/Sep/2022:14:34:16 -0700] "GET /Card/Card00/?C=M%3BO%3DA HTTP/1.1" 200 434 "https://nobbycosmic.com/Card/Card00?C=M%3BO%3DA" "Mozilla/5.0 (Linux; Android 7.0;) AppleWebKit/537.36 (KHTML, like Gecko) Mobile Safari/537.36 (compatible; PetalBot;+https://webmaster.petalsearch.com/site/petalbot)" "nobbycosmic.com"
114.119.128.40 - - [05/Sep/2022:14:35:58 -0700] "GET /JCCC/JCCC20200901.pdf HTTP/1.1" 200 135278 "https://nobbycosmic.com/JCCC/?C=M%3BO%3DA" "Mozilla/5.0 (Linux; Android 7.0;) AppleWebKit/537.36 (KHTML, like Gecko) Mobile Safari/537.36 (compatible; PetalBot;+https://webmaster.petalsearch.com/site/petalbot)" "nobbycosmic.com"
114.119.128.40 - - [05/Sep/2022:14:37:38 -0700] "GET /NJCA/AGM09 HTTP/1.1" 301 1418 "https://nobbycosmic.com/NJCA?M=A" "Mozilla/5.0 (Linux; Android 7.0;) AppleWebKit/537.36 (KHTML, like Gecko) Mobile Safari/537.36 (compatible; PetalBot;+https://webmaster.petalsearch.com/site/petalbot)" "nobbycosmic.com"
114.119.128.40 - - [05/Sep/2022:14:37:40 -0700] "GET /NJCA/AGM09/ HTTP/1.1" 200 473 "https://nobbycosmic.com/NJCA?M=A" "Mozilla/5.0 (Linux; Android 7.0;) AppleWebKit/537.36 (KHTML, like Gecko) Mobile Safari/537.36 (compatible; PetalBot;+https://webmaster.petalsearch.com/site/petalbot)" "nobbycosmic.com"
114.119.128.26 - - [05/Sep/2022:14:39:07 -0700] "GET /Card/Card06?C=M%3BO%3DA HTTP/1.1" 301 1428 "https://nobbycosmic.com/Card/Card06?C=S%3BO%3DA" "Mozilla/5.0 (Linux; Android 7.0;) AppleWebKit/537.36 (KHTML, like Gecko) Mobile Safari/537.36 (compatible; PetalBot;+https://webmaster.petalsearch.com/site/petalbot)" "nobbycosmic.com"
114.119.128.26 - - [05/Sep/2022:14:39:09 -0700] "GET /Card/Card06/?C=M%3BO%3DA HTTP/1.1" 200 452 "https://nobbycosmic.com/Card/Card06?C=S%3BO%3DA" "Mozilla/5.0 (Linux; Android 7.0;) AppleWebKit/537.36 (KHTML, like Gecko) Mobile Safari/537.36 (compatible; PetalBot;+https://webmaster.petalsearch.com/site/petalbot)" "nobbycosmic.com"
114.119.128.26 - - [05/Sep/2022:14:40:42 -0700] "GET /NJCA/NY08/?C=M%3BO%3DA HTTP/1.1" 200 776 "https://nobbycosmic.com/NJCA/NY08?N=D" "Mozilla/5.0 (Linux; Android 7.0;) AppleWebKit/537.36 (KHTML, like Gecko) Mobile Safari/537.36 (compatible; PetalBot;+https://webmaster.petalsearch.com/site/petalbot)" "nobbycosmic.com"
114.119.128.40 - - [05/Sep/2022:14:42:23 -0700] "GET /Utagoe/Ueno2009/?C=D%3BO%3DA HTTP/1.1" 200 602 "https://nobbycosmic.com/Utagoe/Ueno2009/?C=M%3BO%3DA" "Mozilla/5.0 (Linux; Android 7.0;) AppleWebKit/537.36 (KHTML, like Gecko) Mobile Safari/537.36 (compatible; PetalBot;+https://webmaster.petalsearch.com/site/petalbot)" "nobbycosmic.com"
157.55.39.37 - - [05/Sep/2022:14:42:43 -0700] "GET /Post/JSS202107251.pdf HTTP/1.1" 404 88 "-" "Mozilla/5.0 (compatible; bingbot/2.0; +http://www.bing.com/bingbot.htm)" "www.nobbycosmic.com"
114.119.128.40 - - [05/Sep/2022:14:43:56 -0700] "GET /NJCA/BBQ99?M=D HTTP/1.1" 301 1423 "https://nobbycosmic.com/NJCA/BBQ99?M=A" "Mozilla/5.0 (Linux; Android 7.0;) AppleWebKit/537.36 (KHTML, like Gecko) Mobile Safari/537.36 (compatible; PetalBot;+https://webmaster.petalsearch.com/site/petalbot)" "nobbycosmic.com"
114.119.128.40 - - [05/Sep/2022:14:44:04 -0700] "GET /NJCA/BBQ99/?M=D HTTP/1.1" 200 644 "https://nobbycosmic.com/NJCA/BBQ99?M=A" "Mozilla/5.0 (Linux; Android 7.0;) AppleWebKit/537.36 (KHTML, like Gecko) Mobile Safari/537.36 (compatible; PetalBot;+https://webmaster.petalsearch.com/site/petalbot)" "nobbycosmic.com"
114.119.128.26 - - [05/Sep/2022:14:45:33 -0700] "GET /NJCA/BBQ09?N=A HTTP/1.1" 301 1423 "https://nobbycosmic.com/NJCA/BBQ09?S=D" "Mozilla/5.0 (Linux; Android 7.0;) AppleWebKit/537.36 (KHTML, like Gecko) Mobile Safari/537.36 (compatible; PetalBot;+https://webmaster.petalsearch.com/site/petalbot)" "nobbycosmic.com"
114.119.128.26 - - [05/Sep/2022:14:45:39 -0700] "GET /NJCA/BBQ09/?N=A HTTP/1.1" 200 1271 "https://nobbycosmic.com/NJCA/BBQ09?S=D" "Mozilla/5.0 (Linux; Android 7.0;) AppleWebKit/537.36 (KHTML, like Gecko) Mobile Safari/537.36 (compatible; PetalBot;+https://webmaster.petalsearch.com/site/petalbot)" "nobbycosmic.com"
114.119.128.40 - - [05/Sep/2022:14:47:07 -0700] "GET /Utagoe/0602.htm HTTP/1.1" 200 2446 "https://nobbycosmic.com/Utagoe?C=D%3BO%3DA" "Mozilla/5.0 (Linux; Android 7.0;) AppleWebKit/537.36 (KHTML, like Gecko) Mobile Safari/537.36 (compatible; PetalBot;+https://webmaster.petalsearch.com/site/petalbot)" "nobbycosmic.com"
185.191.171.43 - - [05/Sep/2022:14:47:12 -0700] "GET /Utagoe/2020UtagoeKouyou/Utagoe202009.htm HTTP/1.1" 200 2428 "-" "Mozilla/5.0 (compatible; SemrushBot/7~bl; +http://www.semrush.com/bot.html)" "nobbycosmic.com"
114.119.128.26 - - [05/Sep/2022:14:48:49 -0700] "GET /NJCA/BBQ07?C=D%3BO%3DA HTTP/1.1" 301 1432 "https://nobbycosmic.com/NJCA/BBQ07?M=D" "Mozilla/5.0 (Linux; Android 7.0;) AppleWebKit/537.36 (KHTML, like Gecko) Mobile Safari/537.36 (compatible; PetalBot;+https://webmaster.petalsearch.com/site/petalbot)" "nobbycosmic.com"
114.119.128.26 - - [05/Sep/2022:14:48:50 -0700] "GET /NJCA/BBQ07/?C=D%3BO%3DA HTTP/1.1" 200 601 "https://nobbycosmic.com/NJCA/BBQ07?M=D" "Mozilla/5.0 (Linux; Android 7.0;) AppleWebKit/537.36 (KHTML, like Gecko) Mobile Safari/537.36 (compatible; PetalBot;+https://webmaster.petalsearch.com/site/petalbot)" "nobbycosmic.com"
114.119.128.26 - - [05/Sep/2022:14:50:24 -0700] "GET /Utagoe/60th/ HTTP/1.1" 200 488 "https://nobbycosmic.com/Utagoe?C=D%3BO%3DA" "Mozilla/5.0 (Linux; Android 7.0;) AppleWebKit/537.36 (KHTML, like Gecko) Mobile Safari/537.36 (compatible; PetalBot;+https://webmaster.petalsearch.com/site/petalbot)" "nobbycosmic.com"
114.119.128.40 - - [05/Sep/2022:14:52:01 -0700] "GET /NJCA/NY09/ HTTP/1.1" 200 856 "https://nobbycosmic.com/NJCA/NY09/Pictures?C=S%3BO%3DA" "Mozilla/5.0 (Linux; Android 7.0;) AppleWebKit/537.36 (KHTML, like Gecko) Mobile Safari/537.36 (compatible; PetalBot;+https://webmaster.petalsearch.com/site/petalbot)" "nobbycosmic.com"
51.222.253.14 - - [05/Sep/2022:14:53:06 -0700] "GET /BabyTalks/BTList.htm HTTP/1.1" 200 10238 "-" "Mozilla/5.0 (compatible; AhrefsBot/7.0; +http://ahrefs.com/robot/)" "nobbycosmic.com"
51.222.253.7 - - [05/Sep/2022:14:53:09 -0700] "GET /BabyTalks/hiyoko.gif HTTP/1.1" 200 10361 "-" "Mozilla/5.0 (compatible; AhrefsBot/7.0; +http://ahrefs.com/robot/)" "nobbycosmic.com"
51.222.253.18 - - [05/Sep/2022:14:53:09 -0700] "GET /BabyTalks/BTFBanner1.jpg HTTP/1.1" 200 9524 "-" "Mozilla/5.0 (compatible; AhrefsBot/7.0; +http://ahrefs.com/robot/)" "nobbycosmic.com"
51.222.253.14 - - [05/Sep/2022:14:53:10 -0700] "GET /BabyTalks/FTFMemberDistChart.jpg HTTP/1.1" 200 61359 "-" "Mozilla/5.0 (compatible; AhrefsBot/7.0; +http://ahrefs.com/robot/)" "nobbycosmic.com"
51.222.253.15 - - [05/Sep/2022:14:53:11 -0700] "GET /BabyTalks/blue_next.gif HTTP/1.1" 200 138 "-" "Mozilla/5.0 (compatible; AhrefsBot/7.0; +http://ahrefs.com/robot/)" "nobbycosmic.com"
51.222.253.19 - - [05/Sep/2022:14:53:11 -0700] "GET /BabyTalks/BTList.htm HTTP/1.1" 200 10238 "-" "Mozilla/5.0 (compatible; AhrefsBot/7.0; +http://ahrefs.com/robot/)" "nobbycosmic.com"
51.222.253.16 - - [05/Sep/2022:14:53:12 -0700] "GET /BabyTalks/Group.jpg HTTP/1.1" 200 54379 "-" "Mozilla/5.0 (compatible; AhrefsBot/7.0; +http://ahrefs.com/robot/)" "nobbycosmic.com"
114.119.128.40 - - [05/Sep/2022:14:53:35 -0700] "GET /NJCA/BBQ08/Pictures HTTP/1.1" 301 1426 "https://nobbycosmic.com/NJCA/BBQ08?S=A" "Mozilla/5.0 (Linux; Android 7.0;) AppleWebKit/537.36 (KHTML, like Gecko) Mobile Safari/537.36 (compatible; PetalBot;+https://webmaster.petalsearch.com/site/petalbot)" "nobbycosmic.com"
114.119.128.40 - - [05/Sep/2022:14:53:37 -0700] "GET /NJCA/BBQ08/Pictures/ HTTP/1.1" 200 774 "https://nobbycosmic.com/NJCA/BBQ08?S=A" "Mozilla/5.0 (Linux; Android 7.0;) AppleWebKit/537.36 (KHTML, like Gecko) Mobile Safari/537.36 (compatible; PetalBot;+https://webmaster.petalsearch.com/site/petalbot)" "nobbycosmic.com"
54.244.211.126 - - [05/Sep/2022:14:53:43 -0700] "GET / HTTP/1.1" 200 3158 "-" "Mozilla/5.0 (X11; Linux x86_64) AppleWebKit/537.36 (KHTML, like Gecko) Chrome/83.0.4103.97 Safari/537.36" "nobbycosmic.com"
35.87.34.30 - - [05/Sep/2022:14:53:45 -0700] "GET / HTTP/1.1" 200 3158 "-" "Mozilla/5.0 (X11; Linux x86_64) AppleWebKit/537.36 (KHTML, like Gecko) Chrome/83.0.4103.97 Safari/537.36" "nobbycosmic.com"
35.90.224.77 - - [05/Sep/2022:14:54:01 -0700] "GET /favicon.ico HTTP/1.1" 404 88 "-" "Mozilla/5.0 (X11; Linux x86_64) AppleWebKit/537.36 (KHTML, like Gecko) Chrome/83.0.4103.97 Safari/537.36" "nobbycosmic.com"
35.90.224.77 - - [05/Sep/2022:14:54:04 -0700] "GET / HTTP/1.1" 200 3158 "-" "Mozilla/5.0 (X11; Linux x86_64) AppleWebKit/537.36 (KHTML, like Gecko) Chrome/83.0.4103.97 Safari/537.36" "nobbycosmic.com"
34.216.177.124 - - [05/Sep/2022:14:54:44 -0700] "GET / HTTP/1.1" 200 3158 "http://nobbycosmic.com" "Mozilla/5.0 (X11; Linux x86_64) AppleWebKit/537.36 (KHTML, like Gecko) Chrome/83.0.4103.97 Safari/537.36" "nobbycosmic.com"
114.119.128.26 - - [05/Sep/2022:14:55:15 -0700] "GET /Utagoe/Utagoe.htm HTTP/1.1" 200 3880 "https://nobbycosmic.com/Utagoe/0802.htm" "Mozilla/5.0 (Linux; Android 7.0;) AppleWebKit/537.36 (KHTML, like Gecko) Mobile Safari/537.36 (compatible; PetalBot;+https://webmaster.petalsearch.com/site/petalbot)" "nobbycosmic.com"
157.55.39.37 - - [05/Sep/2022:14:56:44 -0700] "GET /Post/JSS202107251.pdf HTTP/1.1" 404 88 "-" "Mozilla/5.0 (compatible; bingbot/2.0; +http://www.bing.com/bingbot.htm)" "www.nobbycosmic.com"
114.119.128.26 - - [05/Sep/2022:14:56:45 -0700] "GET /NJCA/Charity?N=A HTTP/1.1" 301 1422 "https://nobbycosmic.com/NJCA/Charity?S=D" "Mozilla/5.0 (Linux; Android 7.0;) AppleWebKit/537.36 (KHTML, like Gecko) Mobile Safari/537.36 (compatible; PetalBot;+https://webmaster.petalsearch.com/site/petalbot)" "nobbycosmic.com"
114.119.128.26 - - [05/Sep/2022:14:56:45 -0700] "GET /NJCA/Charity/?N=A HTTP/1.1" 200 502 "https://nobbycosmic.com/NJCA/Charity?S=D" "Mozilla/5.0 (Linux; Android 7.0;) AppleWebKit/537.36 (KHTML, like Gecko) Mobile Safari/537.36 (compatible; PetalBot;+https://webmaster.petalsearch.com/site/petalbot)" "nobbycosmic.com"
114.119.128.40 - - [05/Sep/2022:14:58:35 -0700] "GET /NJCA/BBQ10?C=N%3BO%3DD HTTP/1.1" 301 1431 "https://nobbycosmic.com/NJCA/BBQ10?S=D" "Mozilla/5.0 (Linux; Android 7.0;) AppleWebKit/537.36 (KHTML, like Gecko) Mobile Safari/537.36 (compatible; PetalBot;+https://webmaster.petalsearch.com/site/petalbot)" "nobbycosmic.com"
114.119.128.40 - - [05/Sep/2022:14:58:39 -0700] "GET /NJCA/BBQ10/?C=N%3BO%3DD HTTP/1.1" 200 1589 "https://nobbycosmic.com/NJCA/BBQ10?S=D" "Mozilla/5.0 (Linux; Android 7.0;) AppleWebKit/537.36 (KHTML, like Gecko) Mobile Safari/537.36 (compatible; PetalBot;+https://webmaster.petalsearch.com/site/petalbot)" "nobbycosmic.com"
114.119.128.26 - - [05/Sep/2022:15:00:02 -0700] "GET /Temp/?C=S%3BO%3DA HTTP/1.1" 200 620 "https://nobbycosmic.com/Temp/?C=D%3BO%3DA" "Mozilla/5.0 (Linux; Android 7.0;) AppleWebKit/537.36 (KHTML, like Gecko) Mobile Safari/537.36 (compatible; PetalBot;+https://webmaster.petalsearch.com/site/petalbot)" "nobbycosmic.com"
114.119.128.26 - - [05/Sep/2022:15:01:36 -0700] "GET /Card/Card2020/?C=D%3BO%3DA HTTP/1.1" 200 502 "https://nobbycosmic.com/Card/Card2020/?C=N%3BO%3DD" "Mozilla/5.0 (Linux; Android 7.0;) AppleWebKit/537.36 (KHTML, like Gecko) Mobile Safari/537.36 (compatible; PetalBot;+https://webmaster.petalsearch.com/site/petalbot)" "nobbycosmic.com"
216.244.66.200 - - [05/Sep/2022:15:20:20 -0700] "GET /robots.txt HTTP/1.1" 200 61 "-" "Mozilla/5.0 (compatible; DotBot/1.2; +https://opensiteexplorer.org/dotbot; help@moz.com)" "nobbycosmic.com"
99.240.80.92 - - [05/Sep/2022:16:03:44 -0700] "GET /BabyTalks/BTList.htm HTTP/1.1" 200 10238 "-" "Mozilla/5.0 (iPhone; CPU iPhone OS 15_6_1 like Mac OS X) AppleWebKit/605.1.15 (KHTML, like Gecko) Version/15.6.1 Mobile/15E148 Safari/604.1" "nobbycosmic.com"
99.240.80.92 - - [05/Sep/2022:16:03:45 -0700] "GET /BabyTalks/hiyoko.gif HTTP/1.1" 200 10361 "https://nobbycosmic.com/BabyTalks/BTList.htm" "Mozilla/5.0 (iPhone; CPU iPhone OS 15_6_1 like Mac OS X) AppleWebKit/605.1.15 (KHTML, like Gecko) Version/15.6.1 Mobile/15E148 Safari/604.1" "nobbycosmic.com"
99.240.80.92 - - [05/Sep/2022:16:03:45 -0700] "GET /BabyTalks/BTFBanner1.jpg HTTP/1.1" 200 9524 "https://nobbycosmic.com/BabyTalks/BTList.htm" "Mozilla/5.0 (iPhone; CPU iPhone OS 15_6_1 like Mac OS X) AppleWebKit/605.1.15 (KHTML, like Gecko) Version/15.6.1 Mobile/15E148 Safari/604.1" "nobbycosmic.com"
99.240.80.92 - - [05/Sep/2022:16:03:45 -0700] "GET /BabyTalks/Group.jpg HTTP/1.1" 200 54379 "https://nobbycosmic.com/BabyTalks/BTList.htm" "Mozilla/5.0 (iPhone; CPU iPhone OS 15_6_1 like Mac OS X) AppleWebKit/605.1.15 (KHTML, like Gecko) Version/15.6.1 Mobile/15E148 Safari/604.1" "nobbycosmic.com"
99.240.80.92 - - [05/Sep/2022:16:03:45 -0700] "GET /BabyTalks/BTFBanner2.jpg HTTP/1.1" 200 4273 "https://nobbycosmic.com/BabyTalks/BTList.htm" "Mozilla/5.0 (iPhone; CPU iPhone OS 15_6_1 like Mac OS X) AppleWebKit/605.1.15 (KHTML, like Gecko) Version/15.6.1 Mobile/15E148 Safari/604.1" "nobbycosmic.com"
99.240.80.92 - - [05/Sep/2022:16:03:45 -0700] "GET /BabyTalks/blue_next.gif HTTP/1.1" 200 138 "https://nobbycosmic.com/BabyTalks/BTList.htm" "Mozilla/5.0 (iPhone; CPU iPhone OS 15_6_1 like Mac OS X) AppleWebKit/605.1.15 (KHTML, like Gecko) Version/15.6.1 Mobile/15E148 Safari/604.1" "nobbycosmic.com"
99.240.80.92 - - [05/Sep/2022:16:03:45 -0700] "GET /BabyTalks/SakuraMark2.jpg HTTP/1.1" 200 933 "https://nobbycosmic.com/BabyTalks/BTList.htm" "Mozilla/5.0 (iPhone; CPU iPhone OS 15_6_1 like Mac OS X) AppleWebKit/605.1.15 (KHTML, like Gecko) Version/15.6.1 Mobile/15E148 Safari/604.1" "nobbycosmic.com"
99.240.80.92 - - [05/Sep/2022:16:03:45 -0700] "GET /BabyTalks/FTFMemberDistChart.jpg HTTP/1.1" 200 61359 "https://nobbycosmic.com/BabyTalks/BTList.htm" "Mozilla/5.0 (iPhone; CPU iPhone OS 15_6_1 like Mac OS X) AppleWebKit/605.1.15 (KHTML, like Gecko) Version/15.6.1 Mobile/15E148 Safari/604.1" "nobbycosmic.com"
99.240.80.92 - - [05/Sep/2022:16:03:46 -0700] "GET /apple-touch-icon-120x120-precomposed.png HTTP/1.1" 404 88 "-" "MobileSafari/8613.3.9.0.16 CFNetwork/1335.0.3 Darwin/21.6.0" "nobbycosmic.com"
99.240.80.92 - - [05/Sep/2022:16:03:46 -0700] "GET /apple-touch-icon-120x120.png HTTP/1.1" 404 88 "-" "MobileSafari/8613.3.9.0.16 CFNetwork/1335.0.3 Darwin/21.6.0" "nobbycosmic.com"
99.240.80.92 - - [05/Sep/2022:16:03:46 -0700] "GET /apple-touch-icon-precomposed.png HTTP/1.1" 404 88 "-" "MobileSafari/8613.3.9.0.16 CFNetwork/1335.0.3 Darwin/21.6.0" "nobbycosmic.com"
99.240.80.92 - - [05/Sep/2022:16:03:46 -0700] "GET /apple-touch-icon.png HTTP/1.1" 404 88 "-" "MobileSafari/8613.3.9.0.16 CFNetwork/1335.0.3 Darwin/21.6.0" "nobbycosmic.com"
99.240.80.92 - - [05/Sep/2022:16:03:47 -0700] "GET /favicon.ico HTTP/1.1" 404 88 "https://nobbycosmic.com/BabyTalks/BTList.htm" "Mozilla/5.0 (iPhone; CPU iPhone OS 15_6_1 like Mac OS X) AppleWebKit/605.1.15 (KHTML, like Gecko) Version/15.6.1 Mobile/15E148 Safari/604.1" "nobbycosmic.com"
99.240.80.92 - - [05/Sep/2022:16:03:49 -0700] "GET /BabyTalks/FTFMember/MemberLists/FTFMemberListPCD.htm HTTP/1.1" 401 90 "https://nobbycosmic.com/BabyTalks/BTList.htm" "Mozilla/5.0 (iPhone; CPU iPhone OS 15_6_1 like Mac OS X) AppleWebKit/605.1.15 (KHTML, like Gecko) Version/15.6.1 Mobile/15E148 Safari/604.1" "nobbycosmic.com"
99.240.80.92 - FTF [05/Sep/2022:16:04:01 -0700] "GET /BabyTalks/FTFMember/MemberLists/FTFMemberListPCD.htm HTTP/1.1" 200 63063 "https://nobbycosmic.com/BabyTalks/BTList.htm" "Mozilla/5.0 (iPhone; CPU iPhone OS 15_6_1 like Mac OS X) AppleWebKit/605.1.15 (KHTML, like Gecko) Version/15.6.1 Mobile/15E148 Safari/604.1" "nobbycosmic.com"
99.240.80.92 - FTF [05/Sep/2022:16:04:12 -0700] "GET /BabyTalks/FTFMember/MemberLists/FTFMemberListABC.htm HTTP/1.1" 200 64232 "https://nobbycosmic.com/BabyTalks/BTList.htm" "Mozilla/5.0 (iPhone; CPU iPhone OS 15_6_1 like Mac OS X) AppleWebKit/605.1.15 (KHTML, like Gecko) Version/15.6.1 Mobile/15E148 Safari/604.1" "nobbycosmic.com"
99.240.80.92 - - [05/Sep/2022:16:04:38 -0700] "GET /BabyTalks/FTFMember/MemberLists/FTFMemberListABC.htm HTTP/1.1" 401 90 "https://nobbycosmic.com/BabyTalks/BTList.htm" "Mozilla/5.0 (iPhone; CPU iPhone OS 15_6_1 like Mac OS X) AppleWebKit/605.1.15 (KHTML, like Gecko) Version/15.6.1 Mobile/15E148 Safari/604.1" "nobbycosmic.com"
157.55.39.36 - - [05/Sep/2022:16:06:46 -0700] "GET /NJCA/NY06/PEnt1.jpg HTTP/1.1" 200 95410 "-" "Mozilla/5.0 (compatible; bingbot/2.0; +http://www.bing.com/bingbot.htm)" "nobbycosmic.com"
216.244.66.200 - - [05/Sep/2022:16:07:11 -0700] "GET /robots.txt HTTP/1.1" 200 61 "-" "Mozilla/5.0 (compatible; DotBot/1.2; +https://opensiteexplorer.org/dotbot; help@moz.com)" "nobbycosmic.com"
51.222.253.16 - - [05/Sep/2022:16:29:38 -0700] "GET / HTTP/1.1" 200 3158 "-" "Mozilla/5.0 (compatible; AhrefsBot/7.0; +http://ahrefs.com/robot/)" "nobbycosmic.com"
157.55.39.37 - - [05/Sep/2022:16:30:55 -0700] "GET /Utagoe/2018Spring/Utagoe201805.htm HTTP/1.1" 200 3386 "-" "Mozilla/5.0 (compatible; bingbot/2.0; +http://www.bing.com/bingbot.htm)" "nobbycosmic.com"
135.23.185.133 - - [05/Sep/2022:17:24:36 -0700] "GET /BabyTalks/FTFRule.htm HTTP/1.1" 200 2929 "-" "Mozilla/5.0 (iPhone; CPU iPhone OS 15_5 like Mac OS X) AppleWebKit/605.1.15 (KHTML, like Gecko) Version/15.5 Mobile/15E148 Safari/604.1" "nobbycosmic.com"
40.77.167.23 - - [05/Sep/2022:17:25:22 -0700] "GET /Post/JSS202209021.pdf HTTP/1.1" 200 980140 "-" "Mozilla/5.0 (compatible; bingbot/2.0; +http://www.bing.com/bingbot.htm)" "nobbycosmic.com"
138.199.18.82 - - [05/Sep/2022:17:25:49 -0700] "GET /contact_us HTTP/1.1" 200 23325 "https://www.nobbycosmic.com" "Mozilla/5.0 (Windows NT 10.0; Win64; x64) AppleWebKit/537.36 (KHTML, like Gecko) Chrome/96.0.4664.45 Safari/537.36" "www.nobbycosmic.com"
135.23.185.133 - - [05/Sep/2022:17:27:04 -0700] "GET /BabyTalks/BTList.htm HTTP/1.1" 200 10238 "-" "Mozilla/5.0 (iPhone; CPU iPhone OS 15_5 like Mac OS X) AppleWebKit/605.1.15 (KHTML, like Gecko) Version/15.5 Mobile/15E148 Safari/604.1" "nobbycosmic.com"
135.23.185.133 - - [05/Sep/2022:17:30:57 -0700] "GET /BabyTalks/FTFMember/FromJapan.htm HTTP/1.1" 401 90 "https://nobbycosmic.com/BabyTalks/FTFMember/Content.htm" "Mozilla/5.0 (iPhone; CPU iPhone OS 15_5 like Mac OS X) AppleWebKit/605.1.15 (KHTML, like Gecko) Version/15.5 Mobile/15E148 Safari/604.1" "nobbycosmic.com"
135.23.185.133 - FTF [05/Sep/2022:17:31:05 -0700] "GET /BabyTalks/FTFMember/FromJapan.htm HTTP/1.1" 200 2032 "https://nobbycosmic.com/BabyTalks/FTFMember/Content.htm" "Mozilla/5.0 (iPhone; CPU iPhone OS 15_5 like Mac OS X) AppleWebKit/605.1.15 (KHTML, like Gecko) Version/15.5 Mobile/15E148 Safari/604.1" "nobbycosmic.com"
135.23.185.133 - FTF [05/Sep/2022:17:31:22 -0700] "GET /BabyTalks/FTFMember/TrafficTicket.htm HTTP/1.1" 200 12822 "https://nobbycosmic.com/BabyTalks/FTFMember/Content.htm" "Mozilla/5.0 (iPhone; CPU iPhone OS 15_5 like Mac OS X) AppleWebKit/605.1.15 (KHTML, like Gecko) Version/15.5 Mobile/15E148 Safari/604.1" "nobbycosmic.com"
135.23.185.133 - FTF [05/Sep/2022:17:37:09 -0700] "GET /BabyTalks/FTFMember/Online.htm HTTP/1.1" 200 728 "https://nobbycosmic.com/BabyTalks/FTFMember/Content.htm" "Mozilla/5.0 (iPhone; CPU iPhone OS 15_5 like Mac OS X) AppleWebKit/605.1.15 (KHTML, like Gecko) Version/15.5 Mobile/15E148 Safari/604.1" "nobbycosmic.com"
135.23.185.133 - FTF [05/Sep/2022:17:37:26 -0700] "GET /BabyTalks/FTFMember/Speech.htm HTTP/1.1" 200 2406 "https://nobbycosmic.com/BabyTalks/FTFMember/Content.htm" "Mozilla/5.0 (iPhone; CPU iPhone OS 15_5 like Mac OS X) AppleWebKit/605.1.15 (KHTML, like Gecko) Version/15.5 Mobile/15E148 Safari/604.1" "nobbycosmic.com"
135.23.185.133 - FTF [05/Sep/2022:17:37:41 -0700] "GET /BabyTalks/FTFMember/RESP.htm HTTP/1.1" 200 3911 "https://nobbycosmic.com/BabyTalks/FTFMember/Content.htm" "Mozilla/5.0 (iPhone; CPU iPhone OS 15_5 like Mac OS X) AppleWebKit/605.1.15 (KHTML, like Gecko) Version/15.5 Mobile/15E148 Safari/604.1" "nobbycosmic.com"
135.23.185.133 - FTF [05/Sep/2022:17:37:57 -0700] "GET /BabyTalks/FTFMember/Checkup2.htm HTTP/1.1" 200 5297 "https://nobbycosmic.com/BabyTalks/FTFMember/Content.htm" "Mozilla/5.0 (iPhone; CPU iPhone OS 15_5 like Mac OS X) AppleWebKit/605.1.15 (KHTML, like Gecko) Version/15.5 Mobile/15E148 Safari/604.1" "nobbycosmic.com"
135.23.185.133 - FTF [05/Sep/2022:17:38:18 -0700] "GET /BabyTalks/FTFMember/Checkup1.htm HTTP/1.1" 200 12566 "https://nobbycosmic.com/BabyTalks/FTFMember/Content.htm" "Mozilla/5.0 (iPhone; CPU iPhone OS 15_5 like Mac OS X) AppleWebKit/605.1.15 (KHTML, like Gecko) Version/15.5 Mobile/15E148 Safari/604.1" "nobbycosmic.com"
135.23.185.133 - FTF [05/Sep/2022:17:38:26 -0700] "GET /BabyTalks/FTFMember/Checkup3.htm HTTP/1.1" 200 2193 "https://nobbycosmic.com/BabyTalks/FTFMember/Content.htm" "Mozilla/5.0 (iPhone; CPU iPhone OS 15_5 like Mac OS X) AppleWebKit/605.1.15 (KHTML, like Gecko) Version/15.5 Mobile/15E148 Safari/604.1" "nobbycosmic.com"
135.23.185.133 - FTF [05/Sep/2022:17:39:12 -0700] "GET /BabyTalks/FTFMember/Hashika.htm HTTP/1.1" 200 2439 "https://nobbycosmic.com/BabyTalks/FTFMember/Content.htm" "Mozilla/5.0 (iPhone; CPU iPhone OS 15_5 like Mac OS X) AppleWebKit/605.1.15 (KHTML, like Gecko) Version/15.5 Mobile/15E148 Safari/604.1" "nobbycosmic.com"
54.36.148.55 - - [05/Sep/2022:17:43:14 -0700] "GET /robots.txt HTTP/1.1" 200 75 "-" "Mozilla/5.0 (compatible; AhrefsBot/7.0; +http://ahrefs.com/robot/)" "nobbycosmic.com"
216.244.66.200 - - [05/Sep/2022:17:45:42 -0700] "GET /robots.txt HTTP/1.1" 200 61 "-" "Mozilla/5.0 (compatible; DotBot/1.2; +https://opensiteexplorer.org/dotbot; help@moz.com)" "nobbycosmic.com"
114.119.133.237 - - [05/Sep/2022:17:50:12 -0700] "GET /robots.txt HTTP/1.1" 200 75 "-" "Mozilla/5.0 (compatible;PetalBot;+https://webmaster.petalsearch.com/site/petalbot)" "www.nobbycosmic.com"
40.77.167.98 - - [05/Sep/2022:18:26:37 -0700] "GET /robots.txt HTTP/1.1" 200 75 "-" "Mozilla/5.0 (compatible; bingbot/2.0; +http://www.bing.com/bingbot.htm)" "nobbycosmic.com"
40.77.167.23 - - [05/Sep/2022:18:26:49 -0700] "GET /Temp/JF20130906.pdf HTTP/1.1" 404 88 "-" "Mozilla/5.0 (compatible; bingbot/2.0; +http://www.bing.com/bingbot.htm)" "nobbycosmic.com"
157.55.39.36 - - [05/Sep/2022:18:37:20 -0700] "GET /Homepage/Tickets/Ticket2/TicketA29.jpg HTTP/1.1" 200 20588 "-" "Mozilla/5.0 (compatible; bingbot/2.0; +http://www.bing.com/bingbot.htm)" "nobbycosmic.com"
216.244.66.200 - - [05/Sep/2022:18:45:21 -0700] "GET /robots.txt HTTP/1.1" 200 61 "-" "Mozilla/5.0 (compatible; DotBot/1.2; +https://opensiteexplorer.org/dotbot; help@moz.com)" "nobbycosmic.com"
157.55.39.37 - - [05/Sep/2022:18:57:39 -0700] "GET /Post/JF20200220.pdf HTTP/1.1" 404 88 "-" "Mozilla/5.0 (compatible; bingbot/2.0; +http://www.bing.com/bingbot.htm)" "nobbycosmic.com"
157.230.39.125 - - [05/Sep/2022:19:06:52 -0700] "GET //wp-includes/ID3/license.txt HTTP/1.1" 404 73 "-" "Mozilla/5.0 (Windows NT 10.0; Win64; x64) AppleWebKit/537.36 (KHTML, like Gecko) Chrome/95.0.4638.69 Safari/537.36" "nobbycosmic.com"
157.230.39.125 - - [05/Sep/2022:19:06:53 -0700] "GET //feed/ HTTP/1.1" 404 73 "-" "Mozilla/5.0 (Windows NT 10.0; Win64; x64) AppleWebKit/537.36 (KHTML, like Gecko) Chrome/95.0.4638.69 Safari/537.36" "nobbycosmic.com"
157.230.39.125 - - [05/Sep/2022:19:06:55 -0700] "GET //blog/wp-includes/wlwmanifest.xml HTTP/1.1" 404 73 "-" "Mozilla/5.0 (Windows NT 10.0; Win64; x64) AppleWebKit/537.36 (KHTML, like Gecko) Chrome/95.0.4638.69 Safari/537.36" "nobbycosmic.com"
157.230.39.125 - - [05/Sep/2022:19:06:56 -0700] "GET //web/wp-includes/wlwmanifest.xml HTTP/1.1" 404 73 "-" "Mozilla/5.0 (Windows NT 10.0; Win64; x64) AppleWebKit/537.36 (KHTML, like Gecko) Chrome/95.0.4638.69 Safari/537.36" "nobbycosmic.com"
157.230.39.125 - - [05/Sep/2022:19:06:57 -0700] "GET //wordpress/wp-includes/wlwmanifest.xml HTTP/1.1" 404 73 "-" "Mozilla/5.0 (Windows NT 10.0; Win64; x64) AppleWebKit/537.36 (KHTML, like Gecko) Chrome/95.0.4638.69 Safari/537.36" "nobbycosmic.com"
157.230.39.125 - - [05/Sep/2022:19:06:57 -0700] "GET //wp/wp-includes/wlwmanifest.xml HTTP/1.1" 404 73 "-" "Mozilla/5.0 (Windows NT 10.0; Win64; x64) AppleWebKit/537.36 (KHTML, like Gecko) Chrome/95.0.4638.69 Safari/537.36" "nobbycosmic.com"
157.230.39.125 - - [05/Sep/2022:19:06:58 -0700] "GET //2020/wp-includes/wlwmanifest.xml HTTP/1.1" 404 73 "-" "Mozilla/5.0 (Windows NT 10.0; Win64; x64) AppleWebKit/537.36 (KHTML, like Gecko) Chrome/95.0.4638.69 Safari/537.36" "nobbycosmic.com"
157.230.39.125 - - [05/Sep/2022:19:06:59 -0700] "GET //2019/wp-includes/wlwmanifest.xml HTTP/1.1" 404 73 "-" "Mozilla/5.0 (Windows NT 10.0; Win64; x64) AppleWebKit/537.36 (KHTML, like Gecko) Chrome/95.0.4638.69 Safari/537.36" "nobbycosmic.com"
157.230.39.125 - - [05/Sep/2022:19:07:00 -0700] "GET //2021/wp-includes/wlwmanifest.xml HTTP/1.1" 404 73 "-" "Mozilla/5.0 (Windows NT 10.0; Win64; x64) AppleWebKit/537.36 (KHTML, like Gecko) Chrome/95.0.4638.69 Safari/537.36" "nobbycosmic.com"
157.230.39.125 - - [05/Sep/2022:19:07:01 -0700] "GET //shop/wp-includes/wlwmanifest.xml HTTP/1.1" 404 73 "-" "Mozilla/5.0 (Windows NT 10.0; Win64; x64) AppleWebKit/537.36 (KHTML, like Gecko) Chrome/95.0.4638.69 Safari/537.36" "nobbycosmic.com"
157.230.39.125 - - [05/Sep/2022:19:07:02 -0700] "GET //wp1/wp-includes/wlwmanifest.xml HTTP/1.1" 404 73 "-" "Mozilla/5.0 (Windows NT 10.0; Win64; x64) AppleWebKit/537.36 (KHTML, like Gecko) Chrome/95.0.4638.69 Safari/537.36" "nobbycosmic.com"
157.230.39.125 - - [05/Sep/2022:19:07:03 -0700] "GET //test/wp-includes/wlwmanifest.xml HTTP/1.1" 404 73 "-" "Mozilla/5.0 (Windows NT 10.0; Win64; x64) AppleWebKit/537.36 (KHTML, like Gecko) Chrome/95.0.4638.69 Safari/537.36" "nobbycosmic.com"
157.230.39.125 - - [05/Sep/2022:19:07:04 -0700] "GET //site/wp-includes/wlwmanifest.xml HTTP/1.1" 404 73 "-" "Mozilla/5.0 (Windows NT 10.0; Win64; x64) AppleWebKit/537.36 (KHTML, like Gecko) Chrome/95.0.4638.69 Safari/537.36" "nobbycosmic.com"
157.230.39.125 - - [05/Sep/2022:19:07:05 -0700] "GET //cms/wp-includes/wlwmanifest.xml HTTP/1.1" 404 73 "-" "Mozilla/5.0 (Windows NT 10.0; Win64; x64) AppleWebKit/537.36 (KHTML, like Gecko) Chrome/95.0.4638.69 Safari/537.36" "nobbycosmic.com"
76.64.132.181 - - [05/Sep/2022:19:08:23 -0700] "GET / HTTP/1.1" 200 3158 "-" "Mozilla/5.0 (iPhone; CPU iPhone OS 15_6_1 like Mac OS X) AppleWebKit/605.1.15 (KHTML, like Gecko) Version/15.6.1 Mobile/15E148 Safari/604.1" "nobbycosmic.com"
76.64.132.181 - - [05/Sep/2022:19:08:25 -0700] "GET / HTTP/1.1" 200 3158 "-" "Mozilla/5.0 (iPhone; CPU iPhone OS 15_6_1 like Mac OS X) AppleWebKit/605.1.15 (KHTML, like Gecko) Version/15.6.1 Mobile/15E148 Safari/604.1" "nobbycosmic.com"
114.119.128.26 - - [05/Sep/2022:19:23:33 -0700] "GET /Utagoe/Temp?C=M%3BO%3DA HTTP/1.1" 301 1428 "https://nobbycosmic.com/Utagoe/Temp?C=D%3BO%3DA" "Mozilla/5.0 (Linux; Android 7.0;) AppleWebKit/537.36 (KHTML, like Gecko) Mobile Safari/537.36 (compatible; PetalBot;+https://webmaster.petalsearch.com/site/petalbot)" "nobbycosmic.com"
216.244.66.200 - - [05/Sep/2022:19:39:09 -0700] "GET /robots.txt HTTP/1.1" 200 61 "-" "Mozilla/5.0 (compatible; DotBot/1.2; +https://opensiteexplorer.org/dotbot; help@moz.com)" "nobbycosmic.com"
40.77.167.47 - - [05/Sep/2022:19:43:11 -0700] "GET /Homepage/Tickets/Ticket2/TicketA28.jpg HTTP/1.1" 200 21499 "-" "Mozilla/5.0 AppleWebKit/537.36 (KHTML, like Gecko; compatible; bingbot/2.0; +http://www.bing.com/bingbot.htm) Chrome/103.0.5060.134 Safari/537.36" "nobbycosmic.com"
114.119.128.40 - - [05/Sep/2022:20:11:30 -0700] "GET /NJCA/NY09/NYReview2009.htm HTTP/1.1" 200 1742 "https://nobbycosmic.com/NJCA/NY09?C=M%3BO%3DA" "Mozilla/5.0 (Linux; Android 7.0;) AppleWebKit/537.36 (KHTML, like Gecko) Mobile Safari/537.36 (compatible; PetalBot;+https://webmaster.petalsearch.com/site/petalbot)" "nobbycosmic.com"
216.244.66.200 - - [05/Sep/2022:20:30:50 -0700] "GET /robots.txt HTTP/1.1" 200 61 "-" "Mozilla/5.0 (compatible; DotBot/1.2; +https://opensiteexplorer.org/dotbot; help@moz.com)" "www.nobbycosmic.com"
216.244.66.200 - - [05/Sep/2022:20:30:50 -0700] "GET /robots.txt HTTP/1.1" 200 61 "-" "Mozilla/5.0 (compatible; DotBot/1.2; +https://opensiteexplorer.org/dotbot; help@moz.com)" "nobbycosmic.com"
114.119.128.26 - - [05/Sep/2022:20:38:23 -0700] "GET /Card/Card14/Ecard2014.htm HTTP/1.1" 200 953 "https://nobbycosmic.com/Card/Card14/?C=N%3BO%3DD" "Mozilla/5.0 (Linux; Android 7.0;) AppleWebKit/537.36 (KHTML, like Gecko) Mobile Safari/537.36 (compatible; PetalBot;+https://webmaster.petalsearch.com/site/petalbot)" "nobbycosmic.com"
114.119.128.40 - - [05/Sep/2022:20:42:29 -0700] "GET /Card/Card12/ HTTP/1.1" 200 498 "https://nobbycosmic.com/Card/?C=M%3BO%3DA" "Mozilla/5.0 (Linux; Android 7.0;) AppleWebKit/537.36 (KHTML, like Gecko) Mobile Safari/537.36 (compatible; PetalBot;+https://webmaster.petalsearch.com/site/petalbot)" "nobbycosmic.com"
114.119.128.26 - - [05/Sep/2022:20:49:49 -0700] "GET /NJCA/BBQ08/Pictures?N=D HTTP/1.1" 301 1430 "https://nobbycosmic.com/NJCA/BBQ08/Pictures?N=A" "Mozilla/5.0 (Linux; Android 7.0;) AppleWebKit/537.36 (KHTML, like Gecko) Mobile Safari/537.36 (compatible; PetalBot;+https://webmaster.petalsearch.com/site/petalbot)" "nobbycosmic.com"
114.119.128.26 - - [05/Sep/2022:20:49:52 -0700] "GET /NJCA/BBQ08/Pictures/?N=D HTTP/1.1" 200 774 "https://nobbycosmic.com/NJCA/BBQ08/Pictures?N=A" "Mozilla/5.0 (Linux; Android 7.0;) AppleWebKit/537.36 (KHTML, like Gecko) Mobile Safari/537.36 (compatible; PetalBot;+https://webmaster.petalsearch.com/site/petalbot)" "nobbycosmic.com"
114.119.128.40 - - [05/Sep/2022:21:13:14 -0700] "GET /Card/Card04/?C=M%3BO%3DA HTTP/1.1" 200 450 "https://nobbycosmic.com/Card/Card04?C=S%3BO%3DA" "Mozilla/5.0 (Linux; Android 7.0;) AppleWebKit/537.36 (KHTML, like Gecko) Mobile Safari/537.36 (compatible; PetalBot;+https://webmaster.petalsearch.com/site/petalbot)" "nobbycosmic.com"
114.119.128.40 - - [05/Sep/2022:21:14:59 -0700] "GET /NJCA/Charity?C=D%3BO%3DA HTTP/1.1" 301 1431 "https://nobbycosmic.com/NJCA/Charity" "Mozilla/5.0 (Linux; Android 7.0;) AppleWebKit/537.36 (KHTML, like Gecko) Mobile Safari/537.36 (compatible; PetalBot;+https://webmaster.petalsearch.com/site/petalbot)" "nobbycosmic.com"
114.119.128.40 - - [05/Sep/2022:21:15:00 -0700] "GET /NJCA/Charity/?C=D%3BO%3DA HTTP/1.1" 200 502 "https://nobbycosmic.com/NJCA/Charity" "Mozilla/5.0 (Linux; Android 7.0;) AppleWebKit/537.36 (KHTML, like Gecko) Mobile Safari/537.36 (compatible; PetalBot;+https://webmaster.petalsearch.com/site/petalbot)" "nobbycosmic.com"
216.244.66.200 - - [05/Sep/2022:21:23:39 -0700] "GET /robots.txt HTTP/1.1" 200 61 "-" "Mozilla/5.0 (compatible; DotBot/1.2; +https://opensiteexplorer.org/dotbot; help@moz.com)" "nobbycosmic.com"
114.119.128.40 - - [05/Sep/2022:21:31:11 -0700] "GET /Utagoe/0911.htm HTTP/1.1" 200 2356 "https://nobbycosmic.com/Utagoe/?C=N%3BO%3DD" "Mozilla/5.0 (Linux; Android 7.0;) AppleWebKit/537.36 (KHTML, like Gecko) Mobile Safari/537.36 (compatible; PetalBot;+https://webmaster.petalsearch.com/site/petalbot)" "nobbycosmic.com"
114.119.128.26 - - [05/Sep/2022:21:32:49 -0700] "GET /NJCA/BBQ08/Pictures?D=A HTTP/1.1" 301 1430 "https://nobbycosmic.com/NJCA/BBQ08/Pictures?D=D" "Mozilla/5.0 (Linux; Android 7.0;) AppleWebKit/537.36 (KHTML, like Gecko) Mobile Safari/537.36 (compatible; PetalBot;+https://webmaster.petalsearch.com/site/petalbot)" "nobbycosmic.com"
114.119.128.26 - - [05/Sep/2022:21:32:51 -0700] "GET /NJCA/BBQ08/Pictures/?D=A HTTP/1.1" 200 774 "https://nobbycosmic.com/NJCA/BBQ08/Pictures?D=D" "Mozilla/5.0 (Linux; Android 7.0;) AppleWebKit/537.36 (KHTML, like Gecko) Mobile Safari/537.36 (compatible; PetalBot;+https://webmaster.petalsearch.com/site/petalbot)" "nobbycosmic.com"
114.119.128.40 - - [05/Sep/2022:21:44:54 -0700] "GET /Card/Card10?C=D%3BO%3DA HTTP/1.1" 301 1427 "https://nobbycosmic.com/Card/Card10" "Mozilla/5.0 (Linux; Android 7.0;) AppleWebKit/537.36 (KHTML, like Gecko) Mobile Safari/537.36 (compatible; PetalBot;+https://webmaster.petalsearch.com/site/petalbot)" "nobbycosmic.com"
114.119.128.40 - - [05/Sep/2022:21:44:56 -0700] "GET /Card/Card10/?C=D%3BO%3DA HTTP/1.1" 200 472 "https://nobbycosmic.com/Card/Card10" "Mozilla/5.0 (Linux; Android 7.0;) AppleWebKit/537.36 (KHTML, like Gecko) Mobile Safari/537.36 (compatible; PetalBot;+https://webmaster.petalsearch.com/site/petalbot)" "nobbycosmic.com"
114.119.128.26 - - [05/Sep/2022:21:48:22 -0700] "GET /NJCA/NY10/JCCCBoard2010.pdf HTTP/1.1" 200 15162 "https://nobbycosmic.com/NJCA/NY10?M=A" "Mozilla/5.0 (Linux; Android 7.0;) AppleWebKit/537.36 (KHTML, like Gecko) Mobile Safari/537.36 (compatible; PetalBot;+https://webmaster.petalsearch.com/site/petalbot)" "nobbycosmic.com"
114.119.128.26 - - [05/Sep/2022:21:50:02 -0700] "GET /NJCA/NY07/NYP07.htm HTTP/1.1" 200 1174 "https://nobbycosmic.com/NJCA/NY07/NYP072.htm" "Mozilla/5.0 (Linux; Android 7.0;) AppleWebKit/537.36 (KHTML, like Gecko) Mobile Safari/537.36 (compatible; PetalBot;+https://webmaster.petalsearch.com/site/petalbot)" "nobbycosmic.com"
114.119.128.26 - - [05/Sep/2022:21:51:47 -0700] "GET /NJCA/AGM11/?C=N%3BO%3DD HTTP/1.1" 200 371 "https://nobbycosmic.com/NJCA/AGM11?C=S%3BO%3DA" "Mozilla/5.0 (Linux; Android 7.0;) AppleWebKit/537.36 (KHTML, like Gecko) Mobile Safari/537.36 (compatible; PetalBot;+https://webmaster.petalsearch.com/site/petalbot)" "nobbycosmic.com"
114.119.128.26 - - [05/Sep/2022:21:53:25 -0700] "GET /NJCA/NY07?S=A HTTP/1.1" 301 1421 "https://nobbycosmic.com/NJCA/NY07?D=D" "Mozilla/5.0 (Linux; Android 7.0;) AppleWebKit/537.36 (KHTML, like Gecko) Mobile Safari/537.36 (compatible; PetalBot;+https://webmaster.petalsearch.com/site/petalbot)" "nobbycosmic.com"
114.119.128.26 - - [05/Sep/2022:21:53:29 -0700] "GET /NJCA/NY07/?S=A HTTP/1.1" 200 530 "https://nobbycosmic.com/NJCA/NY07?D=D" "Mozilla/5.0 (Linux; Android 7.0;) AppleWebKit/537.36 (KHTML, like Gecko) Mobile Safari/537.36 (compatible; PetalBot;+https://webmaster.petalsearch.com/site/petalbot)" "nobbycosmic.com"
114.119.128.26 - - [05/Sep/2022:21:55:08 -0700] "GET /NJCA/NY09/NYBoothRegistration2009.pdf HTTP/1.1" 200 62937 "https://nobbycosmic.com/NJCA/NY09?C=M%3BO%3DA" "Mozilla/5.0 (Linux; Android 7.0;) AppleWebKit/537.36 (KHTML, like Gecko) Mobile Safari/537.36 (compatible; PetalBot;+https://webmaster.petalsearch.com/site/petalbot)" "nobbycosmic.com"
114.119.128.26 - - [05/Sep/2022:21:56:49 -0700] "GET /Utagoe/NJCC?C=N%3BO%3DD HTTP/1.1" 301 1430 "https://nobbycosmic.com/Utagoe/NJCC?C=D%3BO%3DA" "Mozilla/5.0 (Linux; Android 7.0;) AppleWebKit/537.36 (KHTML, like Gecko) Mobile Safari/537.36 (compatible; PetalBot;+https://webmaster.petalsearch.com/site/petalbot)" "nobbycosmic.com"
216.244.66.200 - - [05/Sep/2022:22:15:52 -0700] "GET /robots.txt HTTP/1.1" 200 61 "-" "Mozilla/5.0 (compatible; DotBot/1.2; +https://opensiteexplorer.org/dotbot; help@moz.com)" "nobbycosmic.com"
185.191.171.24 - - [05/Sep/2022:22:48:24 -0700] "GET /robots.txt HTTP/1.1" 200 75 "-" "Mozilla/5.0 (compatible; SemrushBot/7~bl; +http://www.semrush.com/bot.html)" "nobbycosmic.com"
185.191.171.1 - - [05/Sep/2022:22:48:25 -0700] "GET /NJCA/NY09/NYP09.htm HTTP/1.1" 200 1705 "-" "Mozilla/5.0 (compatible; SemrushBot/7~bl; +http://www.semrush.com/bot.html)" "nobbycosmic.com"
216.244.66.200 - - [05/Sep/2022:23:08:21 -0700] "GET /robots.txt HTTP/1.1" 200 61 "-" "Mozilla/5.0 (compatible; DotBot/1.2; +https://opensiteexplorer.org/dotbot; help@moz.com)" "nobbycosmic.com"
43.235.1.248 - - [05/Sep/2022:23:26:42 -0700] "GET /Utagoe/2022Summer/Utagoe202208.htm HTTP/1.1" 200 2832 "https://torontonikkeiforum.forumotion.com/" "Mozilla/5.0 (Windows NT 10.0; Win64; x64) AppleWebKit/537.36 (KHTML, like Gecko) Chrome/105.0.0.0 Safari/537.36" "nobbycosmic.com"
43.235.1.248 - - [05/Sep/2022:23:26:42 -0700] "GET /Utagoe/2022Summer/2022082701Sun.jpg HTTP/1.1" 200 43206 "https://nobbycosmic.com/Utagoe/2022Summer/Utagoe202208.htm" "Mozilla/5.0 (Windows NT 10.0; Win64; x64) AppleWebKit/537.36 (KHTML, like Gecko) Chrome/105.0.0.0 Safari/537.36" "nobbycosmic.com"
43.235.1.248 - - [05/Sep/2022:23:26:42 -0700] "GET /Utagoe/2022Summer/2022082702BlueSky.jpg HTTP/1.1" 200 30483 "https://nobbycosmic.com/Utagoe/2022Summer/Utagoe202208.htm" "Mozilla/5.0 (Windows NT 10.0; Win64; x64) AppleWebKit/537.36 (KHTML, like Gecko) Chrome/105.0.0.0 Safari/537.36" "nobbycosmic.com"
43.235.1.248 - - [05/Sep/2022:23:26:42 -0700] "GET /Utagoe/2022Summer/2022082710Lunch.JPG HTTP/1.1" 200 148867 "https://nobbycosmic.com/Utagoe/2022Summer/Utagoe202208.htm" "Mozilla/5.0 (Windows NT 10.0; Win64; x64) AppleWebKit/537.36 (KHTML, like Gecko) Chrome/105.0.0.0 Safari/537.36" "nobbycosmic.com"
43.235.1.248 - - [05/Sep/2022:23:26:42 -0700] "GET /Utagoe/2022Summer/2022082711Lunch.JPG HTTP/1.1" 200 137587 "https://nobbycosmic.com/Utagoe/2022Summer/Utagoe202208.htm" "Mozilla/5.0 (Windows NT 10.0; Win64; x64) AppleWebKit/537.36 (KHTML, like Gecko) Chrome/105.0.0.0 Safari/537.36" "nobbycosmic.com"
43.235.1.248 - - [05/Sep/2022:23:26:42 -0700] "GET /Utagoe/2022Summer/2022082710Band.JPG HTTP/1.1" 200 139648 "https://nobbycosmic.com/Utagoe/2022Summer/Utagoe202208.htm" "Mozilla/5.0 (Windows NT 10.0; Win64; x64) AppleWebKit/537.36 (KHTML, like Gecko) Chrome/105.0.0.0 Safari/537.36" "nobbycosmic.com"
43.235.1.248 - - [05/Sep/2022:23:26:42 -0700] "GET /Utagoe/2022Summer/2022082708Session.JPG HTTP/1.1" 200 133126 "https://nobbycosmic.com/Utagoe/2022Summer/Utagoe202208.htm" "Mozilla/5.0 (Windows NT 10.0; Win64; x64) AppleWebKit/537.36 (KHTML, like Gecko) Chrome/105.0.0.0 Safari/537.36" "nobbycosmic.com"
43.235.1.248 - - [05/Sep/2022:23:26:42 -0700] "GET /Utagoe/2022Summer/2022082707Session.JPG HTTP/1.1" 200 148214 "https://nobbycosmic.com/Utagoe/2022Summer/Utagoe202208.htm" "Mozilla/5.0 (Windows NT 10.0; Win64; x64) AppleWebKit/537.36 (KHTML, like Gecko) Chrome/105.0.0.0 Safari/537.36" "nobbycosmic.com"
35.245.188.175 - - [05/Sep/2022:23:26:42 -0700] "GET / HTTP/1.1" 200 10838 "-" "Mozilla/5.0 (Windows NT 6.1; WOW64; Trident/7.0; rv:11.0) like Gecko" "nobbycosmic.com"
43.235.1.248 - - [05/Sep/2022:23:26:42 -0700] "GET /Utagoe/2022Summer/2022082709Band.JPG HTTP/1.1" 200 132981 "https://nobbycosmic.com/Utagoe/2022Summer/Utagoe202208.htm" "Mozilla/5.0 (Windows NT 10.0; Win64; x64) AppleWebKit/537.36 (KHTML, like Gecko) Chrome/105.0.0.0 Safari/537.36" "nobbycosmic.com"
43.235.1.248 - - [05/Sep/2022:23:26:43 -0700] "GET /Utagoe/2022Summer/2022082703Tree.JPG HTTP/1.1" 200 130838 "https://nobbycosmic.com/Utagoe/2022Summer/Utagoe202208.htm" "Mozilla/5.0 (Windows NT 10.0; Win64; x64) AppleWebKit/537.36 (KHTML, like Gecko) Chrome/105.0.0.0 Safari/537.36" "nobbycosmic.com"
43.235.1.248 - - [05/Sep/2022:23:26:44 -0700] "GET /Utagoe/2022Summer/2022082705Prep.jpg HTTP/1.1" 200 83979 "https://nobbycosmic.com/Utagoe/2022Summer/Utagoe202208.htm" "Mozilla/5.0 (Windows NT 10.0; Win64; x64) AppleWebKit/537.36 (KHTML, like Gecko) Chrome/105.0.0.0 Safari/537.36" "nobbycosmic.com"
43.235.1.248 - - [05/Sep/2022:23:26:44 -0700] "GET /Utagoe/2022Summer/2022082704Tree.jpg HTTP/1.1" 200 107210 "https://nobbycosmic.com/Utagoe/2022Summer/Utagoe202208.htm" "Mozilla/5.0 (Windows NT 10.0; Win64; x64) AppleWebKit/537.36 (KHTML, like Gecko) Chrome/105.0.0.0 Safari/537.36" "nobbycosmic.com"
43.235.1.248 - - [05/Sep/2022:23:26:44 -0700] "GET /Utagoe/2022Summer/2022082706Prep.jpg HTTP/1.1" 200 129100 "https://nobbycosmic.com/Utagoe/2022Summer/Utagoe202208.htm" "Mozilla/5.0 (Windows NT 10.0; Win64; x64) AppleWebKit/537.36 (KHTML, like Gecko) Chrome/105.0.0.0 Safari/537.36" "nobbycosmic.com"
43.235.1.248 - - [05/Sep/2022:23:26:44 -0700] "GET /Utagoe/2022Summer/2022082712Songs.JPG HTTP/1.1" 200 128747 "https://nobbycosmic.com/Utagoe/2022Summer/Utagoe202208.htm" "Mozilla/5.0 (Windows NT 10.0; Win64; x64) AppleWebKit/537.36 (KHTML, like Gecko) Chrome/105.0.0.0 Safari/537.36" "nobbycosmic.com"
43.235.1.248 - - [05/Sep/2022:23:26:44 -0700] "GET /Utagoe/2022Summer/2022082713Songs.JPG HTTP/1.1" 200 147773 "https://nobbycosmic.com/Utagoe/2022Summer/Utagoe202208.htm" "Mozilla/5.0 (Windows NT 10.0; Win64; x64) AppleWebKit/537.36 (KHTML, like Gecko) Chrome/105.0.0.0 Safari/537.36" "nobbycosmic.com"
43.235.1.248 - - [05/Sep/2022:23:26:45 -0700] "GET /favicon.ico HTTP/1.1" 404 88 "https://nobbycosmic.com/Utagoe/2022Summer/Utagoe202208.htm" "Mozilla/5.0 (Windows NT 10.0; Win64; x64) AppleWebKit/537.36 (KHTML, like Gecko) Chrome/105.0.0.0 Safari/537.36" "nobbycosmic.com"
185.191.171.44 - - [05/Sep/2022:23:31:58 -0700] "GET /Utagoe/2014Spring/utagoe201405.htm HTTP/1.1" 200 3411 "-" "Mozilla/5.0 (compatible; SemrushBot/7~bl; +http://www.semrush.com/bot.html)" "nobbycosmic.com"
216.244.66.200 - - [06/Sep/2022:00:01:34 -0700] "GET /robots.txt HTTP/1.1" 200 61 "-" "Mozilla/5.0 (compatible; DotBot/1.2; +https://opensiteexplorer.org/dotbot; help@moz.com)" "nobbycosmic.com"
148.251.190.243 - - [06/Sep/2022:00:04:44 -0700] "GET /robots.txt HTTP/1.1" 200 75 "-" "Mozilla/5.0 (compatible; BLEXBot/1.0; +http://webmeup-crawler.com/)" "nobbycosmic.com"
148.251.190.243 - - [06/Sep/2022:00:04:45 -0700] "GET /robots.txt HTTP/1.1" 200 75 "-" "Mozilla/5.0 (compatible; BLEXBot/1.0; +http://webmeup-crawler.com/)" "nobbycosmic.com"
148.251.190.243 - - [06/Sep/2022:00:04:45 -0700] "GET / HTTP/1.1" 200 3158 "-" "Mozilla/5.0 (compatible; BLEXBot/1.0; +http://webmeup-crawler.com/)" "nobbycosmic.com"
114.119.128.26 - - [06/Sep/2022:00:16:36 -0700] "GET /Utagoe/Kaneko.htm HTTP/1.1" 200 717 "https://nobbycosmic.com/Utagoe/?C=N%3BO%3DD" "Mozilla/5.0 (Linux; Android 7.0;) AppleWebKit/537.36 (KHTML, like Gecko) Mobile Safari/537.36 (compatible; PetalBot;+https://webmaster.petalsearch.com/site/petalbot)" "nobbycosmic.com"
114.119.128.40 - - [06/Sep/2022:00:19:02 -0700] "GET /NJCA/BBQ06?C=D%3BO%3DA HTTP/1.1" 301 1432 "https://nobbycosmic.com/NJCA/BBQ06?M=A" "Mozilla/5.0 (Linux; Android 7.0;) AppleWebKit/537.36 (KHTML, like Gecko) Mobile Safari/537.36 (compatible; PetalBot;+https://webmaster.petalsearch.com/site/petalbot)" "nobbycosmic.com"
114.119.128.40 - - [06/Sep/2022:00:19:03 -0700] "GET /NJCA/BBQ06/?C=D%3BO%3DA HTTP/1.1" 200 996 "https://nobbycosmic.com/NJCA/BBQ06?M=A" "Mozilla/5.0 (Linux; Android 7.0;) AppleWebKit/537.36 (KHTML, like Gecko) Mobile Safari/537.36 (compatible; PetalBot;+https://webmaster.petalsearch.com/site/petalbot)" "nobbycosmic.com"
114.119.128.40 - - [06/Sep/2022:00:21:24 -0700] "GET /Card/Card17/?C=D%3BO%3DA HTTP/1.1" 200 490 "https://nobbycosmic.com/Card/Card17/?C=N%3BO%3DD" "Mozilla/5.0 (Linux; Android 7.0;) AppleWebKit/537.36 (KHTML, like Gecko) Mobile Safari/537.36 (compatible; PetalBot;+https://webmaster.petalsearch.com/site/petalbot)" "nobbycosmic.com"
114.119.128.40 - - [06/Sep/2022:00:23:53 -0700] "GET /NJCA/AGM11/?C=D%3BO%3DA HTTP/1.1" 200 371 "https://nobbycosmic.com/NJCA/AGM11?C=S%3BO%3DA" "Mozilla/5.0 (Linux; Android 7.0;) AppleWebKit/537.36 (KHTML, like Gecko) Mobile Safari/537.36 (compatible; PetalBot;+https://webmaster.petalsearch.com/site/petalbot)" "nobbycosmic.com"
114.119.128.26 - - [06/Sep/2022:00:26:50 -0700] "GET /NJCA/BBQ07/Pictures?S=D HTTP/1.1" 301 1430 "https://nobbycosmic.com/NJCA/BBQ07/Pictures?S=A" "Mozilla/5.0 (Linux; Android 7.0;) AppleWebKit/537.36 (KHTML, like Gecko) Mobile Safari/537.36 (compatible; PetalBot;+https://webmaster.petalsearch.com/site/petalbot)" "nobbycosmic.com"
114.119.128.26 - - [06/Sep/2022:00:26:51 -0700] "GET /NJCA/BBQ07/Pictures/?S=D HTTP/1.1" 200 918 "https://nobbycosmic.com/NJCA/BBQ07/Pictures?S=A" "Mozilla/5.0 (Linux; Android 7.0;) AppleWebKit/537.36 (KHTML, like Gecko) Mobile Safari/537.36 (compatible; PetalBot;+https://webmaster.petalsearch.com/site/petalbot)" "nobbycosmic.com"
157.55.39.37 - - [06/Sep/2022:00:28:09 -0700] "GET /Post/JSS202208281.pdf HTTP/1.1" 200 301375 "-" "Mozilla/5.0 (compatible; bingbot/2.0; +http://www.bing.com/bingbot.htm)" "nobbycosmic.com"
