147.92.179.106 - - [12/Sep/2022:14:26:29 -0700] "GET /BabyTalks/BTFBanner1.jpg HTTP/1.1" 200 9524 "-" "facebookexternalhit/1.1;line-poker/1.0" "nobbycosmic.com"
147.92.179.106 - - [12/Sep/2022:14:26:30 -0700] "GET /BabyTalks/blue_next.gif HTTP/1.1" 200 138 "-" "facebookexternalhit/1.1;line-poker/1.0" "nobbycosmic.com"
147.92.179.106 - - [12/Sep/2022:14:26:30 -0700] "GET /BabyTalks/BTFBanner2.jpg HTTP/1.1" 200 4273 "-" "facebookexternalhit/1.1;line-poker/1.0" "nobbycosmic.com"
147.92.179.106 - - [12/Sep/2022:14:26:30 -0700] "GET /BabyTalks/FTFMemberDistChart.jpg HTTP/1.1" 200 61359 "-" "facebookexternalhit/1.1;line-poker/1.0" "nobbycosmic.com"
147.92.179.106 - - [12/Sep/2022:14:26:30 -0700] "GET /BabyTalks/SakuraMark2.jpg HTTP/1.1" 200 933 "-" "facebookexternalhit/1.1;line-poker/1.0" "nobbycosmic.com"
185.191.171.26 - - [12/Sep/2022:14:29:51 -0700] "GET /Utagoe/60th/60th.htm HTTP/1.1" 200 615 "-" "Mozilla/5.0 (compatible; SemrushBot/7~bl; +http://www.semrush.com/bot.html)" "nobbycosmic.com"
54.191.57.81 - - [12/Sep/2022:14:30:32 -0700] "GET / HTTP/1.1" 200 3158 "-" "Mozilla/5.0 (X11; Linux x86_64) AppleWebKit/537.36 (KHTML, like Gecko) Chrome/83.0.4103.97 Safari/537.36" "nobbycosmic.com"
34.211.20.189 - - [12/Sep/2022:14:30:34 -0700] "GET / HTTP/1.1" 200 3158 "-" "Mozilla/5.0 (X11; Linux x86_64) AppleWebKit/537.36 (KHTML, like Gecko) Chrome/83.0.4103.97 Safari/537.36" "nobbycosmic.com"
54.186.182.62 - - [12/Sep/2022:14:30:42 -0700] "GET /favicon.ico HTTP/1.1" 404 88 "http://nobbycosmic.com/favicon.ico" "Mozilla/5.0 (X11; Linux x86_64) AppleWebKit/537.36 (KHTML, like Gecko) Chrome/83.0.4103.97 Safari/537.36" "nobbycosmic.com"
54.186.182.62 - - [12/Sep/2022:14:30:43 -0700] "GET / HTTP/1.1" 200 3158 "http://nobbycosmic.com" "Mozilla/5.0 (X11; Linux x86_64) AppleWebKit/537.36 (KHTML, like Gecko) Chrome/83.0.4103.97 Safari/537.36" "nobbycosmic.com"
54.245.163.238 - - [12/Sep/2022:14:30:46 -0700] "GET /favicon.ico HTTP/1.1" 404 88 "-" "Mozilla/5.0 (X11; Linux x86_64) AppleWebKit/537.36 (KHTML, like Gecko) Chrome/83.0.4103.97 Safari/537.36" "nobbycosmic.com"
54.245.163.238 - - [12/Sep/2022:14:30:48 -0700] "GET / HTTP/1.1" 200 3158 "-" "Mozilla/5.0 (X11; Linux x86_64) AppleWebKit/537.36 (KHTML, like Gecko) Chrome/83.0.4103.97 Safari/537.36" "nobbycosmic.com"
157.55.39.184 - - [12/Sep/2022:14:30:49 -0700] "GET /Utagoe/2010W2.jpg HTTP/1.1" 200 37339 "-" "Mozilla/5.0 (compatible; bingbot/2.0; +http://www.bing.com/bingbot.htm)" "www.nobbycosmic.com"
185.191.171.34 - - [12/Sep/2022:14:42:11 -0700] "GET /robots.txt HTTP/1.1" 200 75 "-" "Mozilla/5.0 (compatible; SemrushBot/7~bl; +http://www.semrush.com/bot.html)" "nobbycosmic.com"
185.191.171.1 - - [12/Sep/2022:14:42:12 -0700] "GET /Utagoe/0302.htm HTTP/1.1" 200 2123 "-" "Mozilla/5.0 (compatible; SemrushBot/7~bl; +http://www.semrush.com/bot.html)" "nobbycosmic.com"
157.55.39.183 - - [12/Sep/2022:14:50:35 -0700] "GET /Post/JF202209061.pdf HTTP/1.1" 200 187394 "-" "Mozilla/5.0 (compatible; bingbot/2.0; +http://www.bing.com/bingbot.htm)" "nobbycosmic.com"
185.191.171.22 - - [12/Sep/2022:14:58:32 -0700] "GET /Temp/Music/02Track2.wma HTTP/1.1" 404 88 "-" "Mozilla/5.0 (compatible; SemrushBot/7~bl; +http://www.semrush.com/bot.html)" "nobbycosmic.com"
185.191.171.3 - - [12/Sep/2022:14:58:57 -0700] "GET /Utagoe/15/Utagoe201505.htm HTTP/1.1" 200 3972 "-" "Mozilla/5.0 (compatible; SemrushBot/7~bl; +http://www.semrush.com/bot.html)" "nobbycosmic.com"
17.121.115.100 - - [12/Sep/2022:15:07:51 -0700] "GET /BabyTalks/BTList.htm HTTP/1.1" 200 10238 "-" "Mozilla/5.0 (Macintosh; Intel Mac OS X 10_15_5) AppleWebKit/605.1.15 (KHTML, like Gecko) Version/13.1.1 Safari/605.1.15 (Applebot/0.1; +http://www.apple.com/go/applebot)" "nobbycosmic.com"
149.5.224.177 - - [12/Sep/2022:15:24:03 -0700] "GET /Temp/MiyaDaiku1.jpg HTTP/1.1" 404 73 "-" "-" "nobbycosmic.com"
149.5.224.242 - - [12/Sep/2022:15:24:12 -0700] "GET /Temp/MiyaDaiku2.jpg HTTP/1.1" 404 73 "-" "-" "nobbycosmic.com"
149.5.224.208 - - [12/Sep/2022:15:24:21 -0700] "GET /Temp/MiyaDaiku3.jpg HTTP/1.1" 404 73 "-" "-" "nobbycosmic.com"
185.191.171.9 - - [12/Sep/2022:15:31:59 -0700] "GET /Utagoe/10/?C=D%3BO%3DA HTTP/1.1" 200 1339 "-" "Mozilla/5.0 (compatible; SemrushBot/7~bl; +http://www.semrush.com/bot.html)" "nobbycosmic.com"
154.54.249.203 - - [12/Sep/2022:15:53:25 -0700] "GET /robots.txt HTTP/1.1" 200 75 "-" "Mozilla/5.0 (compatible; Barkrowler/0.9; +https://babbar.tech/crawler)" "nobbycosmic.com"
207.46.13.34 - - [12/Sep/2022:15:56:00 -0700] "GET /Homepage/Tickets/Ticket2/Ticket216.jpg HTTP/1.1" 200 22346 "-" "Mozilla/5.0 (compatible; bingbot/2.0; +http://www.bing.com/bingbot.htm)" "nobbycosmic.com"
185.191.171.36 - - [12/Sep/2022:16:24:53 -0700] "GET /robots.txt HTTP/1.1" 200 75 "-" "Mozilla/5.0 (compatible; SemrushBot/7~bl; +http://www.semrush.com/bot.html)" "nobbycosmic.com"
185.191.171.39 - - [12/Sep/2022:16:24:53 -0700] "GET /Utagoe/0105.htm HTTP/1.1" 200 1040 "-" "Mozilla/5.0 (compatible; SemrushBot/7~bl; +http://www.semrush.com/bot.html)" "nobbycosmic.com"
185.191.171.45 - - [12/Sep/2022:16:32:39 -0700] "GET /Utagoe/0805.htm HTTP/1.1" 200 2630 "-" "Mozilla/5.0 (compatible; SemrushBot/7~bl; +http://www.semrush.com/bot.html)" "nobbycosmic.com"
157.55.39.183 - - [12/Sep/2022:16:37:26 -0700] "GET /Temp/JF20190108.pdf HTTP/1.1" 404 88 "-" "Mozilla/5.0 (compatible; bingbot/2.0; +http://www.bing.com/bingbot.htm)" "nobbycosmic.com"
185.191.171.18 - - [12/Sep/2022:16:42:07 -0700] "GET /NJCA/NY09/NYReview2009.htm HTTP/1.1" 200 1742 "-" "Mozilla/5.0 (compatible; SemrushBot/7~bl; +http://www.semrush.com/bot.html)" "nobbycosmic.com"
149.5.224.209 - - [12/Sep/2022:16:49:26 -0700] "GET /Temp/JF201006041.jpg HTTP/1.1" 404 73 "-" "-" "nobbycosmic.com"
216.244.66.200 - - [12/Sep/2022:16:53:59 -0700] "GET /robots.txt HTTP/1.1" 200 61 "-" "Mozilla/5.0 (compatible; DotBot/1.2; +https://opensiteexplorer.org/dotbot; help@moz.com)" "nobbycosmic.com"
154.54.249.203 - - [12/Sep/2022:16:57:56 -0700] "GET /Utagoe/2022EarlySummer/Utagoe202207.htm HTTP/1.1" 200 2687 "-" "Mozilla/5.0 (compatible; Barkrowler/0.9; +https://babbar.tech/crawler)" "nobbycosmic.com"
157.55.39.183 - - [12/Sep/2022:17:14:24 -0700] "GET /BabyTalks/ HTTP/1.1" 200 1071 "-" "Mozilla/5.0 (compatible; bingbot/2.0; +http://www.bing.com/bingbot.htm)" "nobbycosmic.com"
76.69.116.9 - - [12/Sep/2022:17:18:35 -0700] "GET /BabyTalks/BTList.htm HTTP/1.1" 200 10238 "http://www.e-maple.net/" "Mozilla/5.0 (Linux; Android 11; moto g power) AppleWebKit/537.36 (KHTML, like Gecko) Chrome/101.0.0.0 Mobile Safari/537.36" "nobbycosmic.com"
76.69.116.9 - - [12/Sep/2022:17:18:36 -0700] "GET /BabyTalks/BTFBanner1.jpg HTTP/1.1" 200 9524 "https://nobbycosmic.com/BabyTalks/BTList.htm" "Mozilla/5.0 (Linux; Android 11; moto g power) AppleWebKit/537.36 (KHTML, like Gecko) Chrome/101.0.0.0 Mobile Safari/537.36" "nobbycosmic.com"
76.69.116.9 - - [12/Sep/2022:17:18:36 -0700] "GET /BabyTalks/hiyoko.gif HTTP/1.1" 200 10361 "https://nobbycosmic.com/BabyTalks/BTList.htm" "Mozilla/5.0 (Linux; Android 11; moto g power) AppleWebKit/537.36 (KHTML, like Gecko) Chrome/101.0.0.0 Mobile Safari/537.36" "nobbycosmic.com"
76.69.116.9 - - [12/Sep/2022:17:18:36 -0700] "GET /BabyTalks/BTFBanner2.jpg HTTP/1.1" 200 4273 "https://nobbycosmic.com/BabyTalks/BTList.htm" "Mozilla/5.0 (Linux; Android 11; moto g power) AppleWebKit/537.36 (KHTML, like Gecko) Chrome/101.0.0.0 Mobile Safari/537.36" "nobbycosmic.com"
76.69.116.9 - - [12/Sep/2022:17:18:36 -0700] "GET /BabyTalks/SakuraMark2.jpg HTTP/1.1" 200 933 "https://nobbycosmic.com/BabyTalks/BTList.htm" "Mozilla/5.0 (Linux; Android 11; moto g power) AppleWebKit/537.36 (KHTML, like Gecko) Chrome/101.0.0.0 Mobile Safari/537.36" "nobbycosmic.com"
76.69.116.9 - - [12/Sep/2022:17:18:36 -0700] "GET /BabyTalks/blue_next.gif HTTP/1.1" 200 138 "https://nobbycosmic.com/BabyTalks/BTList.htm" "Mozilla/5.0 (Linux; Android 11; moto g power) AppleWebKit/537.36 (KHTML, like Gecko) Chrome/101.0.0.0 Mobile Safari/537.36" "nobbycosmic.com"
76.69.116.9 - - [12/Sep/2022:17:18:36 -0700] "GET /BabyTalks/Group.jpg HTTP/1.1" 200 54379 "https://nobbycosmic.com/BabyTalks/BTList.htm" "Mozilla/5.0 (Linux; Android 11; moto g power) AppleWebKit/537.36 (KHTML, like Gecko) Chrome/101.0.0.0 Mobile Safari/537.36" "nobbycosmic.com"
76.69.116.9 - - [12/Sep/2022:17:18:36 -0700] "GET /BabyTalks/FTFMemberDistChart.jpg HTTP/1.1" 200 61359 "https://nobbycosmic.com/BabyTalks/BTList.htm" "Mozilla/5.0 (Linux; Android 11; moto g power) AppleWebKit/537.36 (KHTML, like Gecko) Chrome/101.0.0.0 Mobile Safari/537.36" "nobbycosmic.com"
76.69.116.9 - - [12/Sep/2022:17:18:36 -0700] "GET /favicon.ico HTTP/1.1" 404 88 "https://nobbycosmic.com/BabyTalks/BTList.htm" "Mozilla/5.0 (Linux; Android 11; moto g power) AppleWebKit/537.36 (KHTML, like Gecko) Chrome/101.0.0.0 Mobile Safari/537.36" "nobbycosmic.com"
76.69.116.9 - - [12/Sep/2022:17:23:09 -0700] "GET /BabyTalks/FTFMember/Events/NY12/PicturePages/NYP12.htm HTTP/1.1" 401 90 "-" "Mozilla/5.0 (Linux; Android 11; moto g power) AppleWebKit/537.36 (KHTML, like Gecko) Chrome/101.0.0.0 Mobile Safari/537.36" "nobbycosmic.com"
76.69.116.9 - - [12/Sep/2022:17:23:15 -0700] "GET /BabyTalks/FTFMember/Events/NY12/PicturePages/NYP12.htm HTTP/1.1" 401 90 "-" "Mozilla/5.0 (Linux; Android 11; moto g power) AppleWebKit/537.36 (KHTML, like Gecko) Chrome/101.0.0.0 Mobile Safari/537.36" "nobbycosmic.com"
157.55.39.184 - - [12/Sep/2022:17:29:37 -0700] "GET /NJCA/BBQ11/BBQRecep3.JPG HTTP/1.1" 200 34737 "-" "Mozilla/5.0 (compatible; bingbot/2.0; +http://www.bing.com/bingbot.htm)" "nobbycosmic.com"
24.85.150.51 - - [12/Sep/2022:17:31:11 -0700] "GET /BabyTalks/BTList.htm HTTP/1.1" 200 10238 "-" "Mozilla/5.0 (Macintosh; Intel Mac OS X 10_11_1) AppleWebKit/601.2.4 (KHTML, like Gecko) Version/9.0.1 Safari/601.2.4 facebookexternalhit/1.1 Facebot Twitterbot/1.0" "nobbycosmic.com"
24.85.150.51 - - [12/Sep/2022:17:31:11 -0700] "GET /apple-touch-icon-precomposed.png HTTP/1.1" 404 88 "-" "Mozilla/5.0 (Macintosh; Intel Mac OS X 10_11_1) AppleWebKit/601.2.4 (KHTML, like Gecko) Version/9.0.1 Safari/601.2.4 facebookexternalhit/1.1 Facebot Twitterbot/1.0" "nobbycosmic.com"
24.85.150.51 - - [12/Sep/2022:17:31:11 -0700] "GET /apple-touch-icon.png HTTP/1.1" 404 88 "-" "Mozilla/5.0 (Macintosh; Intel Mac OS X 10_11_1) AppleWebKit/601.2.4 (KHTML, like Gecko) Version/9.0.1 Safari/601.2.4 facebookexternalhit/1.1 Facebot Twitterbot/1.0" "nobbycosmic.com"
24.85.150.51 - - [12/Sep/2022:17:31:11 -0700] "GET /favicon.ico HTTP/1.1" 404 88 "-" "Mozilla/5.0 (Macintosh; Intel Mac OS X 10_11_1) AppleWebKit/601.2.4 (KHTML, like Gecko) Version/9.0.1 Safari/601.2.4 facebookexternalhit/1.1 Facebot Twitterbot/1.0" "nobbycosmic.com"
24.85.150.51 - - [12/Sep/2022:17:32:05 -0700] "GET /BabyTalks/BTList.htm HTTP/1.1" 200 10238 "-" "Mozilla/5.0 (Macintosh; Intel Mac OS X 10_11_1) AppleWebKit/601.2.4 (KHTML, like Gecko) Version/9.0.1 Safari/601.2.4 facebookexternalhit/1.1 Facebot Twitterbot/1.0" "nobbycosmic.com"
24.85.150.51 - - [12/Sep/2022:17:32:05 -0700] "GET /apple-touch-icon.png HTTP/1.1" 404 88 "-" "Mozilla/5.0 (Macintosh; Intel Mac OS X 10_11_1) AppleWebKit/601.2.4 (KHTML, like Gecko) Version/9.0.1 Safari/601.2.4 facebookexternalhit/1.1 Facebot Twitterbot/1.0" "nobbycosmic.com"
24.85.150.51 - - [12/Sep/2022:17:32:05 -0700] "GET /apple-touch-icon-precomposed.png HTTP/1.1" 404 88 "-" "Mozilla/5.0 (Macintosh; Intel Mac OS X 10_11_1) AppleWebKit/601.2.4 (KHTML, like Gecko) Version/9.0.1 Safari/601.2.4 facebookexternalhit/1.1 Facebot Twitterbot/1.0" "nobbycosmic.com"
24.85.150.51 - - [12/Sep/2022:17:32:05 -0700] "GET /favicon.ico HTTP/1.1" 404 88 "-" "Mozilla/5.0 (Macintosh; Intel Mac OS X 10_11_1) AppleWebKit/601.2.4 (KHTML, like Gecko) Version/9.0.1 Safari/601.2.4 facebookexternalhit/1.1 Facebot Twitterbot/1.0" "nobbycosmic.com"
185.191.171.21 - - [12/Sep/2022:18:02:24 -0700] "GET /robots.txt HTTP/1.1" 200 75 "-" "Mozilla/5.0 (compatible; SemrushBot/7~bl; +http://www.semrush.com/bot.html)" "nobbycosmic.com"
185.191.171.6 - - [12/Sep/2022:18:02:26 -0700] "GET /Utagoe/2014Fall/utagoe201410.htm HTTP/1.1" 200 3573 "-" "Mozilla/5.0 (compatible; SemrushBot/7~bl; +http://www.semrush.com/bot.html)" "nobbycosmic.com"
157.55.39.183 - - [12/Sep/2022:18:32:29 -0700] "GET / HTTP/1.1" 200 3158 "-" "Mozilla/5.0 (compatible; bingbot/2.0; +http://www.bing.com/bingbot.htm)" "nobbycosmic.com"
184.145.27.239 - - [12/Sep/2022:18:32:41 -0700] "GET /BabyTalks/FTFRule.htm HTTP/1.1" 200 2929 "-" "Mozilla/5.0 (iPhone; CPU iPhone OS 15_6_1 like Mac OS X) AppleWebKit/605.1.15 (KHTML, like Gecko) Version/15.6.1 Mobile/15E148 Safari/604.1" "nobbycosmic.com"
114.119.137.162 - - [12/Sep/2022:18:38:43 -0700] "GET /robots.txt HTTP/1.1" 200 75 "-" "Mozilla/5.0 (compatible;PetalBot;+https://webmaster.petalsearch.com/site/petalbot)" "nobbycosmic.com"
157.55.39.184 - - [12/Sep/2022:18:46:33 -0700] "GET /Post/JCCC202209061.pdf HTTP/1.1" 200 241235 "-" "Mozilla/5.0 (compatible; bingbot/2.0; +http://www.bing.com/bingbot.htm)" "nobbycosmic.com"
195.178.120.44 - - [12/Sep/2022:18:46:36 -0700] "GET /wp-content/themes/seotheme/mar.php HTTP/1.1" 404 88 "www.google.com" "Mozlila/5.0 (Linux; Android 7.0; SM-G892A Bulid/NRD90M; wv) AppleWebKit/537.36 (KHTML, like Gecko) Version/4.0 Chrome/60.0.3112.107 Moblie Safari/537.36" "nobbycosmic.com"
195.178.120.44 - - [12/Sep/2022:18:47:01 -0700] "GET /wp-content/themes/seotheme/mar.php HTTP/1.1" 404 88 "www.google.com" "Mozlila/5.0 (Linux; Android 7.0; SM-G892A Bulid/NRD90M; wv) AppleWebKit/537.36 (KHTML, like Gecko) Version/4.0 Chrome/60.0.3112.107 Moblie Safari/537.36" "nobbycosmic.com"
195.178.120.44 - - [12/Sep/2022:18:47:28 -0700] "GET /wp-commentin.php HTTP/1.1" 404 88 "www.google.com" "Mozlila/5.0 (Linux; Android 7.0; SM-G892A Bulid/NRD90M; wv) AppleWebKit/537.36 (KHTML, like Gecko) Version/4.0 Chrome/60.0.3112.107 Moblie Safari/537.36" "nobbycosmic.com"
195.178.120.44 - - [12/Sep/2022:18:47:39 -0700] "GET /wp-commentin.php HTTP/1.1" 404 88 "www.google.com" "Mozlila/5.0 (Linux; Android 7.0; SM-G892A Bulid/NRD90M; wv) AppleWebKit/537.36 (KHTML, like Gecko) Version/4.0 Chrome/60.0.3112.107 Moblie Safari/537.36" "nobbycosmic.com"
195.178.120.44 - - [12/Sep/2022:18:47:59 -0700] "GET /help.php HTTP/1.1" 404 88 "www.google.com" "Mozlila/5.0 (Linux; Android 7.0; SM-G892A Bulid/NRD90M; wv) AppleWebKit/537.36 (KHTML, like Gecko) Version/4.0 Chrome/60.0.3112.107 Moblie Safari/537.36" "nobbycosmic.com"
195.178.120.44 - - [12/Sep/2022:18:48:15 -0700] "GET /help.php HTTP/1.1" 404 88 "www.google.com" "Mozlila/5.0 (Linux; Android 7.0; SM-G892A Bulid/NRD90M; wv) AppleWebKit/537.36 (KHTML, like Gecko) Version/4.0 Chrome/60.0.3112.107 Moblie Safari/537.36" "nobbycosmic.com"
195.178.120.44 - - [12/Sep/2022:18:48:31 -0700] "GET /xltavrat.php HTTP/1.1" 404 88 "www.google.com" "Mozlila/5.0 (Linux; Android 7.0; SM-G892A Bulid/NRD90M; wv) AppleWebKit/537.36 (KHTML, like Gecko) Version/4.0 Chrome/60.0.3112.107 Moblie Safari/537.36" "nobbycosmic.com"
195.178.120.44 - - [12/Sep/2022:18:48:42 -0700] "GET /xltavrat.php HTTP/1.1" 404 88 "www.google.com" "Mozlila/5.0 (Linux; Android 7.0; SM-G892A Bulid/NRD90M; wv) AppleWebKit/537.36 (KHTML, like Gecko) Version/4.0 Chrome/60.0.3112.107 Moblie Safari/537.36" "nobbycosmic.com"
184.145.27.239 - - [12/Sep/2022:18:50:53 -0700] "GET /apple-touch-icon-precomposed.png HTTP/1.1" 404 88 "-" "Mozilla/5.0 (Macintosh; Intel Mac OS X 10_11_1) AppleWebKit/601.2.4 (KHTML, like Gecko) Version/9.0.1 Safari/601.2.4 facebookexternalhit/1.1 Facebot Twitterbot/1.0" "nobbycosmic.com"
184.145.27.239 - - [12/Sep/2022:18:50:54 -0700] "GET /favicon.ico HTTP/1.1" 404 88 "-" "Mozilla/5.0 (Macintosh; Intel Mac OS X 10_11_1) AppleWebKit/601.2.4 (KHTML, like Gecko) Version/9.0.1 Safari/601.2.4 facebookexternalhit/1.1 Facebot Twitterbot/1.0" "nobbycosmic.com"
184.145.27.239 - - [12/Sep/2022:18:50:54 -0700] "GET /apple-touch-icon.png HTTP/1.1" 404 88 "-" "Mozilla/5.0 (Macintosh; Intel Mac OS X 10_11_1) AppleWebKit/601.2.4 (KHTML, like Gecko) Version/9.0.1 Safari/601.2.4 facebookexternalhit/1.1 Facebot Twitterbot/1.0" "nobbycosmic.com"
147.92.179.113 - - [12/Sep/2022:18:51:26 -0700] "GET /BabyTalks/BTList.htm HTTP/1.1" 200 10238 "-" "facebookexternalhit/1.1;line-poker/1.0" "nobbycosmic.com"
147.92.179.113 - - [12/Sep/2022:18:51:27 -0700] "GET /BabyTalks/Group.jpg HTTP/1.1" 200 54379 "-" "facebookexternalhit/1.1;line-poker/1.0" "nobbycosmic.com"
147.92.179.113 - - [12/Sep/2022:18:51:27 -0700] "GET /BabyTalks/hiyoko.gif HTTP/1.1" 200 10361 "-" "facebookexternalhit/1.1;line-poker/1.0" "nobbycosmic.com"
147.92.179.113 - - [12/Sep/2022:18:51:27 -0700] "GET /BabyTalks/BTFBanner1.jpg HTTP/1.1" 200 9524 "-" "facebookexternalhit/1.1;line-poker/1.0" "nobbycosmic.com"
147.92.179.113 - - [12/Sep/2022:18:51:28 -0700] "GET /BabyTalks/BTFBanner2.jpg HTTP/1.1" 200 4273 "-" "facebookexternalhit/1.1;line-poker/1.0" "nobbycosmic.com"
147.92.179.113 - - [12/Sep/2022:18:51:28 -0700] "GET /BabyTalks/blue_next.gif HTTP/1.1" 200 138 "-" "facebookexternalhit/1.1;line-poker/1.0" "nobbycosmic.com"
147.92.179.113 - - [12/Sep/2022:18:51:28 -0700] "GET /BabyTalks/SakuraMark2.jpg HTTP/1.1" 200 933 "-" "facebookexternalhit/1.1;line-poker/1.0" "nobbycosmic.com"
147.92.179.113 - - [12/Sep/2022:18:51:28 -0700] "GET /BabyTalks/FTFMemberDistChart.jpg HTTP/1.1" 200 61359 "-" "facebookexternalhit/1.1;line-poker/1.0" "nobbycosmic.com"
157.55.39.184 - - [12/Sep/2022:18:56:25 -0700] "GET /Post/JCCC_receptionistposting_Oct2021.pdf HTTP/1.1" 200 158849 "-" "Mozilla/5.0 (compatible; bingbot/2.0; +http://www.bing.com/bingbot.htm)" "nobbycosmic.com"
147.92.179.106 - - [12/Sep/2022:18:58:57 -0700] "GET /BabyTalks/BTList.htm HTTP/1.1" 200 10238 "-" "facebookexternalhit/1.1;line-poker/1.0" "nobbycosmic.com"
147.92.179.106 - - [12/Sep/2022:18:58:58 -0700] "GET /BabyTalks/BTFBanner1.jpg HTTP/1.1" 200 9524 "-" "facebookexternalhit/1.1;line-poker/1.0" "nobbycosmic.com"
147.92.179.106 - - [12/Sep/2022:18:58:58 -0700] "GET /BabyTalks/hiyoko.gif HTTP/1.1" 200 10361 "-" "facebookexternalhit/1.1;line-poker/1.0" "nobbycosmic.com"
147.92.179.106 - - [12/Sep/2022:18:58:58 -0700] "GET /BabyTalks/Group.jpg HTTP/1.1" 200 54379 "-" "facebookexternalhit/1.1;line-poker/1.0" "nobbycosmic.com"
147.92.179.106 - - [12/Sep/2022:18:58:59 -0700] "GET /BabyTalks/BTFBanner2.jpg HTTP/1.1" 200 4273 "-" "facebookexternalhit/1.1;line-poker/1.0" "nobbycosmic.com"
147.92.179.106 - - [12/Sep/2022:18:58:59 -0700] "GET /BabyTalks/blue_next.gif HTTP/1.1" 200 138 "-" "facebookexternalhit/1.1;line-poker/1.0" "nobbycosmic.com"
147.92.179.106 - - [12/Sep/2022:18:58:59 -0700] "GET /BabyTalks/SakuraMark2.jpg HTTP/1.1" 200 933 "-" "facebookexternalhit/1.1;line-poker/1.0" "nobbycosmic.com"
147.92.179.106 - - [12/Sep/2022:18:59:00 -0700] "GET /BabyTalks/FTFMemberDistChart.jpg HTTP/1.1" 200 61359 "-" "facebookexternalhit/1.1;line-poker/1.0" "nobbycosmic.com"
122.211.227.103 - - [12/Sep/2022:19:00:09 -0700] "GET /BabyTalks/BTList.htm HTTP/1.1" 200 10238 "-" "Mozilla/5.0 (iPhone; CPU iPhone OS 15_6_1 like Mac OS X) AppleWebKit/605.1.15 (KHTML, like Gecko) Mobile/15E148 Safari Line/12.14.1" "nobbycosmic.com"
122.211.227.103 - - [12/Sep/2022:19:00:10 -0700] "GET /BabyTalks/blue_next.gif HTTP/1.1" 200 138 "https://nobbycosmic.com/BabyTalks/BTList.htm" "Mozilla/5.0 (iPhone; CPU iPhone OS 15_6_1 like Mac OS X) AppleWebKit/605.1.15 (KHTML, like Gecko) Mobile/15E148 Safari Line/12.14.1" "nobbycosmic.com"
122.211.227.103 - - [12/Sep/2022:19:00:10 -0700] "GET /BabyTalks/BTFBanner1.jpg HTTP/1.1" 200 9524 "https://nobbycosmic.com/BabyTalks/BTList.htm" "Mozilla/5.0 (iPhone; CPU iPhone OS 15_6_1 like Mac OS X) AppleWebKit/605.1.15 (KHTML, like Gecko) Mobile/15E148 Safari Line/12.14.1" "nobbycosmic.com"
122.211.227.103 - - [12/Sep/2022:19:00:10 -0700] "GET /BabyTalks/hiyoko.gif HTTP/1.1" 200 10361 "https://nobbycosmic.com/BabyTalks/BTList.htm" "Mozilla/5.0 (iPhone; CPU iPhone OS 15_6_1 like Mac OS X) AppleWebKit/605.1.15 (KHTML, like Gecko) Mobile/15E148 Safari Line/12.14.1" "nobbycosmic.com"
122.211.227.103 - - [12/Sep/2022:19:00:10 -0700] "GET /BabyTalks/FTFMemberDistChart.jpg HTTP/1.1" 200 61359 "https://nobbycosmic.com/BabyTalks/BTList.htm" "Mozilla/5.0 (iPhone; CPU iPhone OS 15_6_1 like Mac OS X) AppleWebKit/605.1.15 (KHTML, like Gecko) Mobile/15E148 Safari Line/12.14.1" "nobbycosmic.com"
122.211.227.103 - - [12/Sep/2022:19:00:10 -0700] "GET /BabyTalks/BTFBanner2.jpg HTTP/1.1" 200 4273 "https://nobbycosmic.com/BabyTalks/BTList.htm" "Mozilla/5.0 (iPhone; CPU iPhone OS 15_6_1 like Mac OS X) AppleWebKit/605.1.15 (KHTML, like Gecko) Mobile/15E148 Safari Line/12.14.1" "nobbycosmic.com"
122.211.227.103 - - [12/Sep/2022:19:00:10 -0700] "GET /BabyTalks/Group.jpg HTTP/1.1" 200 54379 "https://nobbycosmic.com/BabyTalks/BTList.htm" "Mozilla/5.0 (iPhone; CPU iPhone OS 15_6_1 like Mac OS X) AppleWebKit/605.1.15 (KHTML, like Gecko) Mobile/15E148 Safari Line/12.14.1" "nobbycosmic.com"
122.211.227.103 - - [12/Sep/2022:19:00:10 -0700] "GET /BabyTalks/SakuraMark2.jpg HTTP/1.1" 200 933 "https://nobbycosmic.com/BabyTalks/BTList.htm" "Mozilla/5.0 (iPhone; CPU iPhone OS 15_6_1 like Mac OS X) AppleWebKit/605.1.15 (KHTML, like Gecko) Mobile/15E148 Safari Line/12.14.1" "nobbycosmic.com"
184.145.27.239 - - [12/Sep/2022:19:02:05 -0700] "GET /BabyTalks/BTList.htm HTTP/1.1" 200 10238 "-" "Mozilla/5.0 (iPhone; CPU iPhone OS 15_6_1 like Mac OS X) AppleWebKit/605.1.15 (KHTML, like Gecko) Version/15.6.1 Mobile/15E148 Safari/604.1" "nobbycosmic.com"
185.191.171.42 - - [12/Sep/2022:19:04:57 -0700] "GET /robots.txt HTTP/1.1" 200 75 "-" "Mozilla/5.0 (compatible; SemrushBot/7~bl; +http://www.semrush.com/bot.html)" "nobbycosmic.com"
185.191.171.21 - - [12/Sep/2022:19:04:58 -0700] "GET /NJCA/BBQ11/BBQ11V.htm HTTP/1.1" 200 3119 "-" "Mozilla/5.0 (compatible; SemrushBot/7~bl; +http://www.semrush.com/bot.html)" "nobbycosmic.com"
157.55.39.183 - - [12/Sep/2022:19:06:35 -0700] "GET /BabyTalks/SPF/SPFBasic00.htm HTTP/1.1" 200 1631 "-" "Mozilla/5.0 (compatible; bingbot/2.0; +http://www.bing.com/bingbot.htm)" "nobbycosmic.com"
184.145.27.239 - - [12/Sep/2022:19:08:05 -0700] "GET /BabyTalks/FTFRule.htm HTTP/1.1" 200 2929 "-" "Mozilla/5.0 (iPhone; CPU iPhone OS 15_6_1 like Mac OS X) AppleWebKit/605.1.15 (KHTML, like Gecko) Version/15.6.1 Mobile/15E148 Safari/604.1" "nobbycosmic.com"
185.191.171.33 - - [12/Sep/2022:19:18:57 -0700] "GET /Utagoe/0605.htm HTTP/1.1" 200 2556 "-" "Mozilla/5.0 (compatible; SemrushBot/7~bl; +http://www.semrush.com/bot.html)" "nobbycosmic.com"
185.191.171.44 - - [12/Sep/2022:19:21:27 -0700] "GET /Utagoe/Utagoe201102.htm HTTP/1.1" 200 3305 "-" "Mozilla/5.0 (compatible; SemrushBot/7~bl; +http://www.semrush.com/bot.html)" "nobbycosmic.com"
185.191.171.2 - - [12/Sep/2022:19:28:13 -0700] "GET /Utagoe/2014Winter/utagoe201402.htm HTTP/1.1" 200 3251 "-" "Mozilla/5.0 (compatible; SemrushBot/7~bl; +http://www.semrush.com/bot.html)" "nobbycosmic.com"
148.251.190.243 - - [12/Sep/2022:19:44:08 -0700] "GET /robots.txt HTTP/1.1" 200 75 "-" "Mozilla/5.0 (compatible; BLEXBot/1.0; +http://webmeup-crawler.com/)" "nobbycosmic.com"
148.251.190.243 - - [12/Sep/2022:19:44:10 -0700] "GET /BabyTalks/BTList.htm HTTP/1.1" 200 10238 "-" "Mozilla/5.0 (compatible; BLEXBot/1.0; +http://webmeup-crawler.com/)" "nobbycosmic.com"
148.251.190.243 - - [12/Sep/2022:19:44:14 -0700] "GET /robots.txt HTTP/1.1" 200 75 "-" "Mozilla/5.0 (compatible; BLEXBot/1.0; +http://webmeup-crawler.com/)" "nobbycosmic.com"
148.251.190.243 - - [12/Sep/2022:19:44:14 -0700] "GET /TSN/TSNFront.htm HTTP/1.1" 200 2591 "-" "Mozilla/5.0 (compatible; BLEXBot/1.0; +http://webmeup-crawler.com/)" "nobbycosmic.com"
23.233.81.238 - - [12/Sep/2022:19:54:26 -0700] "GET /BabyTalks/FTFMember/MemberLists/FTFMemberListABC.htm HTTP/1.1" 401 90 "-" "Mozilla/5.0 (iPhone; CPU iPhone OS 15_6_1 like Mac OS X) AppleWebKit/605.1.15 (KHTML, like Gecko) Version/15.6.1 Mobile/15E148 Safari/604.1" "nobbycosmic.com"
23.233.81.238 - FTF [12/Sep/2022:19:54:39 -0700] "GET /BabyTalks/FTFMember/MemberLists/FTFMemberListABC.htm HTTP/1.1" 200 64178 "-" "Mozilla/5.0 (iPhone; CPU iPhone OS 15_6_1 like Mac OS X) AppleWebKit/605.1.15 (KHTML, like Gecko) Version/15.6.1 Mobile/15E148 Safari/604.1" "nobbycosmic.com"
23.233.81.238 - - [12/Sep/2022:19:54:39 -0700] "GET /apple-touch-icon-120x120-precomposed.png HTTP/1.1" 404 88 "-" "MobileSafari/8613.3.9.0.16 CFNetwork/1335.0.3 Darwin/21.6.0" "nobbycosmic.com"
23.233.81.238 - - [12/Sep/2022:19:54:39 -0700] "GET /apple-touch-icon-120x120.png HTTP/1.1" 404 88 "-" "MobileSafari/8613.3.9.0.16 CFNetwork/1335.0.3 Darwin/21.6.0" "nobbycosmic.com"
23.233.81.238 - - [12/Sep/2022:19:54:39 -0700] "GET /apple-touch-icon-precomposed.png HTTP/1.1" 404 88 "-" "MobileSafari/8613.3.9.0.16 CFNetwork/1335.0.3 Darwin/21.6.0" "nobbycosmic.com"
23.233.81.238 - - [12/Sep/2022:19:54:39 -0700] "GET /apple-touch-icon.png HTTP/1.1" 404 88 "-" "MobileSafari/8613.3.9.0.16 CFNetwork/1335.0.3 Darwin/21.6.0" "nobbycosmic.com"
185.191.171.17 - - [12/Sep/2022:19:59:25 -0700] "GET /Utagoe/utagoe201208.htm HTTP/1.1" 200 2876 "-" "Mozilla/5.0 (compatible; SemrushBot/7~bl; +http://www.semrush.com/bot.html)" "nobbycosmic.com"
157.55.39.183 - - [12/Sep/2022:20:08:27 -0700] "GET /Post/JF202110221.pdf HTTP/1.1" 304 - "-" "Mozilla/5.0 (compatible; bingbot/2.0; +http://www.bing.com/bingbot.htm)" "nobbycosmic.com"
185.191.171.1 - - [12/Sep/2022:20:09:03 -0700] "GET /robots.txt HTTP/1.1" 200 75 "-" "Mozilla/5.0 (compatible; SemrushBot/7~bl; +http://www.semrush.com/bot.html)" "nobbycosmic.com"
185.191.171.37 - - [12/Sep/2022:20:09:04 -0700] "GET /Utagoe/10/10th.htm HTTP/1.1" 200 4125 "-" "Mozilla/5.0 (compatible; SemrushBot/7~bl; +http://www.semrush.com/bot.html)" "nobbycosmic.com"
185.191.171.24 - - [12/Sep/2022:20:11:15 -0700] "GET /Utagoe/2012Spring/utagoe201205.htm HTTP/1.1" 200 2408 "-" "Mozilla/5.0 (compatible; SemrushBot/7~bl; +http://www.semrush.com/bot.html)" "nobbycosmic.com"
51.222.253.1 - - [12/Sep/2022:20:32:07 -0700] "GET /robots.txt HTTP/1.1" 200 75 "-" "Mozilla/5.0 (compatible; AhrefsBot/7.0; +http://ahrefs.com/robot/)" "nobbycosmic.com"
51.222.253.9 - - [12/Sep/2022:20:32:09 -0700] "GET / HTTP/1.1" 200 3158 "-" "Mozilla/5.0 (compatible; AhrefsBot/7.0; +http://ahrefs.com/robot/)" "nobbycosmic.com"
185.191.171.15 - - [12/Sep/2022:20:55:06 -0700] "GET /NJCA/NY09/NYP09.htm HTTP/1.1" 200 1705 "-" "Mozilla/5.0 (compatible; SemrushBot/7~bl; +http://www.semrush.com/bot.html)" "nobbycosmic.com"
185.191.171.3 - - [12/Sep/2022:21:00:37 -0700] "GET /Utagoe/2018Spring/Utagoe201805.htm HTTP/1.1" 200 3386 "-" "Mozilla/5.0 (compatible; SemrushBot/7~bl; +http://www.semrush.com/bot.html)" "nobbycosmic.com"
185.191.171.23 - - [12/Sep/2022:21:28:26 -0700] "GET /robots.txt HTTP/1.1" 200 75 "-" "Mozilla/5.0 (compatible; SemrushBot/7~bl; +http://www.semrush.com/bot.html)" "nobbycosmic.com"
185.191.171.39 - - [12/Sep/2022:21:28:26 -0700] "GET /home HTTP/1.1" 200 3157 "-" "Mozilla/5.0 (compatible; SemrushBot/7~bl; +http://www.semrush.com/bot.html)" "nobbycosmic.com"
185.191.171.21 - - [12/Sep/2022:21:44:52 -0700] "GET /Utagoe/2018Summer/Utagoe201808.htm HTTP/1.1" 200 3310 "-" "Mozilla/5.0 (compatible; SemrushBot/7~bl; +http://www.semrush.com/bot.html)" "nobbycosmic.com"
157.55.39.182 - - [12/Sep/2022:22:01:42 -0700] "GET /Utagoe/2013Summer/2013Utagoe085.jpg HTTP/1.1" 200 49632 "-" "Mozilla/5.0 (compatible; bingbot/2.0; +http://www.bing.com/bingbot.htm)" "nobbycosmic.com"
99.228.38.16 - - [12/Sep/2022:22:06:18 -0700] "GET /BabyTalks/BTList.htm HTTP/1.1" 200 10238 "-" "Mozilla/5.0 (Linux; Android 10; SM-G960U1) AppleWebKit/537.36 (KHTML, like Gecko) Chrome/105.0.0.0 Mobile Safari/537.36" "nobbycosmic.com"
99.228.38.16 - - [12/Sep/2022:22:06:18 -0700] "GET /BabyTalks/BTFBanner1.jpg HTTP/1.1" 200 9524 "https://nobbycosmic.com/BabyTalks/BTList.htm" "Mozilla/5.0 (Linux; Android 10; SM-G960U1) AppleWebKit/537.36 (KHTML, like Gecko) Chrome/105.0.0.0 Mobile Safari/537.36" "nobbycosmic.com"
99.228.38.16 - - [12/Sep/2022:22:06:18 -0700] "GET /BabyTalks/hiyoko.gif HTTP/1.1" 200 10361 "https://nobbycosmic.com/BabyTalks/BTList.htm" "Mozilla/5.0 (Linux; Android 10; SM-G960U1) AppleWebKit/537.36 (KHTML, like Gecko) Chrome/105.0.0.0 Mobile Safari/537.36" "nobbycosmic.com"
99.228.38.16 - - [12/Sep/2022:22:06:18 -0700] "GET /BabyTalks/Group.jpg HTTP/1.1" 200 54379 "https://nobbycosmic.com/BabyTalks/BTList.htm" "Mozilla/5.0 (Linux; Android 10; SM-G960U1) AppleWebKit/537.36 (KHTML, like Gecko) Chrome/105.0.0.0 Mobile Safari/537.36" "nobbycosmic.com"
99.228.38.16 - - [12/Sep/2022:22:06:18 -0700] "GET /BabyTalks/BTFBanner2.jpg HTTP/1.1" 200 4273 "https://nobbycosmic.com/BabyTalks/BTList.htm" "Mozilla/5.0 (Linux; Android 10; SM-G960U1) AppleWebKit/537.36 (KHTML, like Gecko) Chrome/105.0.0.0 Mobile Safari/537.36" "nobbycosmic.com"
99.228.38.16 - - [12/Sep/2022:22:06:18 -0700] "GET /BabyTalks/blue_next.gif HTTP/1.1" 200 138 "https://nobbycosmic.com/BabyTalks/BTList.htm" "Mozilla/5.0 (Linux; Android 10; SM-G960U1) AppleWebKit/537.36 (KHTML, like Gecko) Chrome/105.0.0.0 Mobile Safari/537.36" "nobbycosmic.com"
99.228.38.16 - - [12/Sep/2022:22:06:18 -0700] "GET /BabyTalks/SakuraMark2.jpg HTTP/1.1" 200 933 "https://nobbycosmic.com/BabyTalks/BTList.htm" "Mozilla/5.0 (Linux; Android 10; SM-G960U1) AppleWebKit/537.36 (KHTML, like Gecko) Chrome/105.0.0.0 Mobile Safari/537.36" "nobbycosmic.com"
99.228.38.16 - - [12/Sep/2022:22:06:18 -0700] "GET /BabyTalks/FTFMemberDistChart.jpg HTTP/1.1" 200 61359 "https://nobbycosmic.com/BabyTalks/BTList.htm" "Mozilla/5.0 (Linux; Android 10; SM-G960U1) AppleWebKit/537.36 (KHTML, like Gecko) Chrome/105.0.0.0 Mobile Safari/537.36" "nobbycosmic.com"
99.228.38.16 - - [12/Sep/2022:22:06:19 -0700] "GET /favicon.ico HTTP/1.1" 404 88 "https://nobbycosmic.com/BabyTalks/BTList.htm" "Mozilla/5.0 (Linux; Android 10; SM-G960U1) AppleWebKit/537.36 (KHTML, like Gecko) Chrome/105.0.0.0 Mobile Safari/537.36" "nobbycosmic.com"
99.228.38.16 - - [12/Sep/2022:22:06:26 -0700] "GET /BabyTalks/FTFMember/MemberLists/FTFMemberListABC.htm HTTP/1.1" 401 90 "https://nobbycosmic.com/BabyTalks/BTList.htm" "Mozilla/5.0 (Linux; Android 10; SM-G960U1) AppleWebKit/537.36 (KHTML, like Gecko) Chrome/105.0.0.0 Mobile Safari/537.36" "nobbycosmic.com"
99.228.38.16 - FTF [12/Sep/2022:22:06:28 -0700] "GET /BabyTalks/FTFMember/MemberLists/FTFMemberListABC.htm HTTP/1.1" 200 64178 "https://nobbycosmic.com/BabyTalks/BTList.htm" "Mozilla/5.0 (Linux; Android 10; SM-G960U1) AppleWebKit/537.36 (KHTML, like Gecko) Chrome/105.0.0.0 Mobile Safari/537.36" "nobbycosmic.com"
185.191.171.6 - - [12/Sep/2022:22:07:17 -0700] "GET /NJCA/BBQ10/BBQStr10V.htm HTTP/1.1" 200 2996 "-" "Mozilla/5.0 (compatible; SemrushBot/7~bl; +http://www.semrush.com/bot.html)" "nobbycosmic.com"
23.233.81.238 - - [12/Sep/2022:22:14:48 -0700] "GET /BabyTalks/FTFMember/MemberLists/FTFMemberListABC.htm HTTP/1.1" 401 90 "-" "Mozilla/5.0 (iPhone; CPU iPhone OS 15_6_1 like Mac OS X) AppleWebKit/605.1.15 (KHTML, like Gecko) Version/15.6.1 Mobile/15E148 Safari/604.1" "nobbycosmic.com"
114.119.139.183 - - [12/Sep/2022:22:18:35 -0700] "GET /robots.txt HTTP/1.1" 200 75 "-" "Mozilla/5.0 (compatible;PetalBot;+https://webmaster.petalsearch.com/site/petalbot)" "www.nobbycosmic.com"
185.191.171.24 - - [12/Sep/2022:22:26:15 -0700] "GET /Utagoe/15/?C=M%3BO%3DA HTTP/1.1" 200 659 "-" "Mozilla/5.0 (compatible; SemrushBot/7~bl; +http://www.semrush.com/bot.html)" "nobbycosmic.com"
185.191.171.45 - - [12/Sep/2022:22:29:44 -0700] "GET /robots.txt HTTP/1.1" 200 75 "-" "Mozilla/5.0 (compatible; SemrushBot/7~bl; +http://www.semrush.com/bot.html)" "nobbycosmic.com"
185.191.171.26 - - [12/Sep/2022:22:29:44 -0700] "GET /Utagoe/0405.htm HTTP/1.1" 200 2308 "-" "Mozilla/5.0 (compatible; SemrushBot/7~bl; +http://www.semrush.com/bot.html)" "nobbycosmic.com"
157.55.39.183 - - [12/Sep/2022:22:42:42 -0700] "GET /BabyTalks/FTFMember/Content.htm HTTP/1.1" 401 90 "-" "Mozilla/5.0 (compatible; bingbot/2.0; +http://www.bing.com/bingbot.htm)" "nobbycosmic.com"
185.191.171.2 - - [12/Sep/2022:22:44:50 -0700] "GET /NJCA/NY12/PicturePages/NYP12.htm HTTP/1.1" 200 1294 "-" "Mozilla/5.0 (compatible; SemrushBot/7~bl; +http://www.semrush.com/bot.html)" "nobbycosmic.com"
185.191.171.10 - - [12/Sep/2022:22:50:09 -0700] "GET /Temp/Music/03Track3.wma HTTP/1.1" 404 88 "-" "Mozilla/5.0 (compatible; SemrushBot/7~bl; +http://www.semrush.com/bot.html)" "nobbycosmic.com"
185.191.171.42 - - [12/Sep/2022:23:11:52 -0700] "GET /Utagoe/?C=N%3BO%3DD HTTP/1.1" 200 3337 "-" "Mozilla/5.0 (compatible; SemrushBot/7~bl; +http://www.semrush.com/bot.html)" "nobbycosmic.com"
207.46.13.30 - - [12/Sep/2022:23:25:09 -0700] "GET /JCCC/J-Comm-Mah-jong.pdf HTTP/1.1" 404 88 "-" "Mozilla/5.0 (compatible; bingbot/2.0; +http://www.bing.com/bingbot.htm)" "nobbycosmic.com"
185.191.171.14 - - [12/Sep/2022:23:39:41 -0700] "GET /robots.txt HTTP/1.1" 200 75 "-" "Mozilla/5.0 (compatible; SemrushBot/7~bl; +http://www.semrush.com/bot.html)" "nobbycosmic.com"
185.191.171.37 - - [12/Sep/2022:23:39:51 -0700] "GET /Utagoe/2013Fall/utagoe201311.htm HTTP/1.1" 200 3908 "-" "Mozilla/5.0 (compatible; SemrushBot/7~bl; +http://www.semrush.com/bot.html)" "nobbycosmic.com"
185.191.171.20 - - [12/Sep/2022:23:46:53 -0700] "GET /Utagoe/2012Spring/utagoe201205.htm HTTP/1.1" 200 2408 "-" "Mozilla/5.0 (compatible; SemrushBot/7~bl; +http://www.semrush.com/bot.html)" "nobbycosmic.com"
216.244.66.200 - - [12/Sep/2022:23:50:09 -0700] "GET /robots.txt HTTP/1.1" 200 61 "-" "Mozilla/5.0 (compatible; DotBot/1.2; +https://opensiteexplorer.org/dotbot; help@moz.com)" "nobbycosmic.com"
185.191.171.12 - - [12/Sep/2022:23:54:41 -0700] "GET /Utagoe/0911.htm HTTP/1.1" 200 2356 "-" "Mozilla/5.0 (compatible; SemrushBot/7~bl; +http://www.semrush.com/bot.html)" "nobbycosmic.com"
185.191.171.23 - - [13/Sep/2022:00:11:26 -0700] "GET /Utagoe/2017Spring/Utagoe201705.htm HTTP/1.1" 200 4051 "-" "Mozilla/5.0 (compatible; SemrushBot/7~bl; +http://www.semrush.com/bot.html)" "nobbycosmic.com"
185.191.171.12 - - [13/Sep/2022:00:22:50 -0700] "GET /Utagoe/15/Utagoe201505.htm HTTP/1.1" 200 3972 "-" "Mozilla/5.0 (compatible; SemrushBot/7~bl; +http://www.semrush.com/bot.html)" "nobbycosmic.com"
185.191.171.19 - - [13/Sep/2022:00:30:49 -0700] "GET /Utagoe/0711.htm HTTP/1.1" 200 2449 "-" "Mozilla/5.0 (compatible; SemrushBot/7~bl; +http://www.semrush.com/bot.html)" "nobbycosmic.com"
185.191.171.23 - - [13/Sep/2022:00:51:58 -0700] "GET /robots.txt HTTP/1.1" 200 75 "-" "Mozilla/5.0 (compatible; SemrushBot/7~bl; +http://www.semrush.com/bot.html)" "nobbycosmic.com"
185.191.171.17 - - [13/Sep/2022:00:52:00 -0700] "GET /Utagoe/2012Fall/2012Fall.htm HTTP/1.1" 200 3461 "-" "Mozilla/5.0 (compatible; SemrushBot/7~bl; +http://www.semrush.com/bot.html)" "nobbycosmic.com"
185.191.171.6 - - [13/Sep/2022:00:57:59 -0700] "GET /Utagoe/0011.htm HTTP/1.1" 200 1629 "-" "Mozilla/5.0 (compatible; SemrushBot/7~bl; +http://www.semrush.com/bot.html)" "nobbycosmic.com"
185.191.171.41 - - [13/Sep/2022:01:06:27 -0700] "GET /Utagoe/15/?C=S%3BO%3DA HTTP/1.1" 200 659 "-" "Mozilla/5.0 (compatible; SemrushBot/7~bl; +http://www.semrush.com/bot.html)" "nobbycosmic.com"
42.83.147.34 - - [13/Sep/2022:01:34:52 -0700] "GET / HTTP/1.1" 200 3158 "-" "Mozilla/5.0 (Windows NT 6.1; Win64; x64) AppleWebKit/537.36 (KHTML, like Gecko)Chrome/74.0.3729.169 Safari/537.36" "nobbycosmic.com"
23.233.81.238 - - [13/Sep/2022:01:41:00 -0700] "GET /BabyTalks/FTFMember/MemberLists/FTFMemberListABC.htm HTTP/1.1" 401 90 "-" "Mozilla/5.0 (iPhone; CPU iPhone OS 15_6_1 like Mac OS X) AppleWebKit/605.1.15 (KHTML, like Gecko) Version/15.6.1 Mobile/15E148 Safari/604.1" "nobbycosmic.com"
95.217.109.26 - - [13/Sep/2022:01:49:02 -0700] "GET /robots.txt HTTP/1.1" 200 61 "-" "Mozilla/5.0 (compatible; MJ12bot/v1.4.8; http://mj12bot.com/)" "nobbycosmic.com"
95.217.109.26 - - [13/Sep/2022:01:49:05 -0700] "GET /Utagoe/Wakamono/%E5%A1%ABtagoe.htm%22 HTTP/1.1" 404 88 "-" "Mozilla/5.0 (compatible; MJ12bot/v1.4.8; http://mj12bot.com/)" "nobbycosmic.com"
95.217.109.26 - - [13/Sep/2022:01:49:07 -0700] "GET /Utagoe/Wakamono/%E5%A1%ABtagoe.htm%22 HTTP/1.1" 404 88 "-" "Mozilla/5.0 (compatible; MJ12bot/v1.4.8; http://mj12bot.com/)" "nobbycosmic.com"
95.217.109.26 - - [13/Sep/2022:01:49:09 -0700] "GET /Utagoe/%E2%80%9CUtagoe.htm%22 HTTP/1.1" 404 88 "-" "Mozilla/5.0 (compatible; MJ12bot/v1.4.8; http://mj12bot.com/)" "nobbycosmic.com"
95.217.109.26 - - [13/Sep/2022:01:49:12 -0700] "GET /Utagoe/%E5%A1%ABtagoe.htm%22 HTTP/1.1" 404 88 "-" "Mozilla/5.0 (compatible; MJ12bot/v1.4.8; http://mj12bot.com/)" "nobbycosmic.com"
95.217.109.26 - - [13/Sep/2022:01:49:14 -0700] "GET /Utagoe/%E5%A1%ABtagoe.htm%22 HTTP/1.1" 404 88 "-" "Mozilla/5.0 (compatible; MJ12bot/v1.4.8; http://mj12bot.com/)" "nobbycosmic.com"
185.191.171.15 - - [13/Sep/2022:02:03:10 -0700] "GET /robots.txt HTTP/1.1" 200 75 "-" "Mozilla/5.0 (compatible; SemrushBot/7~bl; +http://www.semrush.com/bot.html)" "nobbycosmic.com"
185.191.171.36 - - [13/Sep/2022:02:03:12 -0700] "GET /Utagoe/ HTTP/1.1" 200 3337 "-" "Mozilla/5.0 (compatible; SemrushBot/7~bl; +http://www.semrush.com/bot.html)" "nobbycosmic.com"
207.46.13.30 - - [13/Sep/2022:02:04:35 -0700] "GET /NJCA/NY11/Y2011JP-1.pdf HTTP/1.1" 200 1749028 "-" "Mozilla/5.0 (compatible; bingbot/2.0; +http://www.bing.com/bingbot.htm)" "nobbycosmic.com"
207.46.13.30 - - [13/Sep/2022:02:18:37 -0700] "GET /JCCC/KeishoWebBrochure.pdf HTTP/1.1" 404 88 "-" "Mozilla/5.0 (compatible; bingbot/2.0; +http://www.bing.com/bingbot.htm)" "nobbycosmic.com"
185.191.171.11 - - [13/Sep/2022:02:24:53 -0700] "GET /NJCA/NY10/NYPStr10V.htm HTTP/1.1" 200 9623 "-" "Mozilla/5.0 (compatible; SemrushBot/7~bl; +http://www.semrush.com/bot.html)" "nobbycosmic.com"
185.191.171.33 - - [13/Sep/2022:02:27:25 -0700] "GET /NJCA/BBQ09/BBQPicture2009.htm HTTP/1.1" 200 1958 "-" "Mozilla/5.0 (compatible; SemrushBot/7~bl; +http://www.semrush.com/bot.html)" "nobbycosmic.com"
185.191.171.44 - - [13/Sep/2022:02:28:38 -0700] "GET /NJCA/Volunteer/VolunteerListJCCCBazaar2010.htm HTTP/1.1" 200 2440 "-" "Mozilla/5.0 (compatible; SemrushBot/7~bl; +http://www.semrush.com/bot.html)" "nobbycosmic.com"
157.55.39.182 - - [13/Sep/2022:02:31:39 -0700] "GET /Utagoe/2015Winter/ HTTP/1.1" 200 471 "-" "Mozilla/5.0 (compatible; bingbot/2.0; +http://www.bing.com/bingbot.htm)" "nobbycosmic.com"
185.191.171.18 - - [13/Sep/2022:03:06:19 -0700] "GET /robots.txt HTTP/1.1" 200 75 "-" "Mozilla/5.0 (compatible; SemrushBot/7~bl; +http://www.semrush.com/bot.html)" "nobbycosmic.com"
185.191.171.12 - - [13/Sep/2022:03:06:21 -0700] "GET /BTF/P2009/Picnic2009.htm HTTP/1.1" 404 88 "-" "Mozilla/5.0 (compatible; SemrushBot/7~bl; +http://www.semrush.com/bot.html)" "nobbycosmic.com"
207.46.13.34 - - [13/Sep/2022:03:11:15 -0700] "GET /NJCA/BBQ99/?C=M;O=A HTTP/1.1" 200 644 "-" "Mozilla/5.0 (compatible; bingbot/2.0; +http://www.bing.com/bingbot.htm)" "nobbycosmic.com"
216.244.66.200 - - [13/Sep/2022:03:11:15 -0700] "GET /robots.txt HTTP/1.1" 200 61 "-" "Mozilla/5.0 (compatible; DotBot/1.2; +https://opensiteexplorer.org/dotbot; help@moz.com)" "nobbycosmic.com"
185.191.171.3 - - [13/Sep/2022:03:29:09 -0700] "GET /Utagoe/10/10th.htm HTTP/1.1" 200 4125 "-" "Mozilla/5.0 (compatible; SemrushBot/7~bl; +http://www.semrush.com/bot.html)" "nobbycosmic.com"
185.191.171.7 - - [13/Sep/2022:03:29:55 -0700] "GET /Utagoe/10/?C=M%3BO%3DA HTTP/1.1" 200 1339 "-" "Mozilla/5.0 (compatible; SemrushBot/7~bl; +http://www.semrush.com/bot.html)" "nobbycosmic.com"
185.191.171.44 - - [13/Sep/2022:03:33:03 -0700] "GET /NJCA/NY12/2011NYStrV.htm HTTP/1.1" 404 88 "-" "Mozilla/5.0 (compatible; SemrushBot/7~bl; +http://www.semrush.com/bot.html)" "nobbycosmic.com"
185.191.171.33 - - [13/Sep/2022:03:35:28 -0700] "GET /about_us HTTP/1.1" 200 2945 "-" "Mozilla/5.0 (compatible; SemrushBot/7~bl; +http://www.semrush.com/bot.html)" "nobbycosmic.com"
54.36.148.127 - - [13/Sep/2022:03:40:06 -0700] "GET /robots.txt HTTP/1.1" 200 75 "-" "Mozilla/5.0 (compatible; AhrefsBot/7.0; +http://ahrefs.com/robot/)" "nobbycosmic.com"
185.191.171.44 - - [13/Sep/2022:03:49:46 -0700] "GET /Utagoe/15/ HTTP/1.1" 200 659 "-" "Mozilla/5.0 (compatible; SemrushBot/7~bl; +http://www.semrush.com/bot.html)" "nobbycosmic.com"
20.192.1.236 - - [13/Sep/2022:04:20:23 -0700] "GET / HTTP/1.1" 200 10838 "-" "Mozilla/5.0 (Windows NT 10.0; Win64; x64) AppleWebKit/537.36 (KHTML, like Gecko) Chrome/80.0.3987.149 Safari/537.36" "nobbycosmic.com"
20.192.1.236 - - [13/Sep/2022:04:20:25 -0700] "GET //wp-includes/wlwmanifest.xml HTTP/1.1" 404 73 "-" "Mozilla/5.0 (Windows NT 10.0; Win64; x64) AppleWebKit/537.36 (KHTML, like Gecko) Chrome/80.0.3987.149 Safari/537.36" "nobbycosmic.com"
20.192.1.236 - - [13/Sep/2022:04:20:28 -0700] "GET / HTTP/1.1" 200 10838 "-" "Mozilla/5.0 (Windows NT 10.0; Win64; x64) AppleWebKit/537.36 (KHTML, like Gecko) Chrome/80.0.3987.149 Safari/537.36" "nobbycosmic.com"
20.192.1.236 - - [13/Sep/2022:04:20:29 -0700] "GET //blog/wp-includes/wlwmanifest.xml HTTP/1.1" 404 73 "-" "Mozilla/5.0 (Windows NT 10.0; Win64; x64) AppleWebKit/537.36 (KHTML, like Gecko) Chrome/80.0.3987.149 Safari/537.36" "nobbycosmic.com"
20.192.1.236 - - [13/Sep/2022:04:20:30 -0700] "GET //web/wp-includes/wlwmanifest.xml HTTP/1.1" 404 73 "-" "Mozilla/5.0 (Windows NT 10.0; Win64; x64) AppleWebKit/537.36 (KHTML, like Gecko) Chrome/80.0.3987.149 Safari/537.36" "nobbycosmic.com"
20.192.1.236 - - [13/Sep/2022:04:20:31 -0700] "GET //wordpress/wp-includes/wlwmanifest.xml HTTP/1.1" 404 73 "-" "Mozilla/5.0 (Windows NT 10.0; Win64; x64) AppleWebKit/537.36 (KHTML, like Gecko) Chrome/80.0.3987.149 Safari/537.36" "nobbycosmic.com"
20.192.1.236 - - [13/Sep/2022:04:20:33 -0700] "GET //website/wp-includes/wlwmanifest.xml HTTP/1.1" 404 73 "-" "Mozilla/5.0 (Windows NT 10.0; Win64; x64) AppleWebKit/537.36 (KHTML, like Gecko) Chrome/80.0.3987.149 Safari/537.36" "nobbycosmic.com"
20.192.1.236 - - [13/Sep/2022:04:20:34 -0700] "GET //wp/wp-includes/wlwmanifest.xml HTTP/1.1" 404 73 "-" "Mozilla/5.0 (Windows NT 10.0; Win64; x64) AppleWebKit/537.36 (KHTML, like Gecko) Chrome/80.0.3987.149 Safari/537.36" "nobbycosmic.com"
20.192.1.236 - - [13/Sep/2022:04:20:35 -0700] "GET //news/wp-includes/wlwmanifest.xml HTTP/1.1" 404 73 "-" "Mozilla/5.0 (Windows NT 10.0; Win64; x64) AppleWebKit/537.36 (KHTML, like Gecko) Chrome/80.0.3987.149 Safari/537.36" "nobbycosmic.com"
20.192.1.236 - - [13/Sep/2022:04:20:37 -0700] "GET //2018/wp-includes/wlwmanifest.xml HTTP/1.1" 404 73 "-" "Mozilla/5.0 (Windows NT 10.0; Win64; x64) AppleWebKit/537.36 (KHTML, like Gecko) Chrome/80.0.3987.149 Safari/537.36" "nobbycosmic.com"
20.192.1.236 - - [13/Sep/2022:04:20:39 -0700] "GET //2019/wp-includes/wlwmanifest.xml HTTP/1.1" 404 73 "-" "Mozilla/5.0 (Windows NT 10.0; Win64; x64) AppleWebKit/537.36 (KHTML, like Gecko) Chrome/80.0.3987.149 Safari/537.36" "nobbycosmic.com"
20.192.1.236 - - [13/Sep/2022:04:20:40 -0700] "GET /shop/wp-includes/wlwmanifest.xml HTTP/1.1" 404 73 "-" "Mozilla/5.0 (Windows NT 10.0; Win64; x64) AppleWebKit/537.36 (KHTML, like Gecko) Chrome/80.0.3987.149 Safari/537.36" "nobbycosmic.com"
20.192.1.236 - - [13/Sep/2022:04:20:41 -0700] "GET //wp1/wp-includes/wlwmanifest.xml HTTP/1.1" 404 73 "-" "Mozilla/5.0 (Windows NT 10.0; Win64; x64) AppleWebKit/537.36 (KHTML, like Gecko) Chrome/80.0.3987.149 Safari/537.36" "nobbycosmic.com"
20.192.1.236 - - [13/Sep/2022:04:20:42 -0700] "GET //test/wp-includes/wlwmanifest.xml HTTP/1.1" 404 73 "-" "Mozilla/5.0 (Windows NT 10.0; Win64; x64) AppleWebKit/537.36 (KHTML, like Gecko) Chrome/80.0.3987.149 Safari/537.36" "nobbycosmic.com"
20.192.1.236 - - [13/Sep/2022:04:20:43 -0700] "GET //media/wp-includes/wlwmanifest.xml HTTP/1.1" 404 73 "-" "Mozilla/5.0 (Windows NT 10.0; Win64; x64) AppleWebKit/537.36 (KHTML, like Gecko) Chrome/80.0.3987.149 Safari/537.36" "nobbycosmic.com"
20.192.1.236 - - [13/Sep/2022:04:20:44 -0700] "GET //wp2/wp-includes/wlwmanifest.xml HTTP/1.1" 404 73 "-" "Mozilla/5.0 (Windows NT 10.0; Win64; x64) AppleWebKit/537.36 (KHTML, like Gecko) Chrome/80.0.3987.149 Safari/537.36" "nobbycosmic.com"
20.192.1.236 - - [13/Sep/2022:04:20:46 -0700] "GET //site/wp-includes/wlwmanifest.xml HTTP/1.1" 404 73 "-" "Mozilla/5.0 (Windows NT 10.0; Win64; x64) AppleWebKit/537.36 (KHTML, like Gecko) Chrome/80.0.3987.149 Safari/537.36" "nobbycosmic.com"
20.192.1.236 - - [13/Sep/2022:04:20:47 -0700] "GET //cms/wp-includes/wlwmanifest.xml HTTP/1.1" 404 73 "-" "Mozilla/5.0 (Windows NT 10.0; Win64; x64) AppleWebKit/537.36 (KHTML, like Gecko) Chrome/80.0.3987.149 Safari/537.36" "nobbycosmic.com"
20.192.1.236 - - [13/Sep/2022:04:20:48 -0700] "GET //sito/wp-includes/wlwmanifest.xml HTTP/1.1" 404 73 "-" "Mozilla/5.0 (Windows NT 10.0; Win64; x64) AppleWebKit/537.36 (KHTML, like Gecko) Chrome/80.0.3987.149 Safari/537.36" "nobbycosmic.com"
185.191.171.45 - - [13/Sep/2022:04:39:55 -0700] "GET /robots.txt HTTP/1.1" 200 75 "-" "Mozilla/5.0 (compatible; SemrushBot/7~bl; +http://www.semrush.com/bot.html)" "nobbycosmic.com"
185.191.171.22 - - [13/Sep/2022:04:39:56 -0700] "GET /Utagoe/0611.htm HTTP/1.1" 200 2507 "-" "Mozilla/5.0 (compatible; SemrushBot/7~bl; +http://www.semrush.com/bot.html)" "nobbycosmic.com"
185.191.171.34 - - [13/Sep/2022:04:42:20 -0700] "GET /Utagoe/0308.htm HTTP/1.1" 200 2559 "-" "Mozilla/5.0 (compatible; SemrushBot/7~bl; +http://www.semrush.com/bot.html)" "nobbycosmic.com"
216.244.66.200 - - [13/Sep/2022:04:48:21 -0700] "GET /robots.txt HTTP/1.1" 200 61 "-" "Mozilla/5.0 (compatible; DotBot/1.2; +https://opensiteexplorer.org/dotbot; help@moz.com)" "nobbycosmic.com"
157.55.39.182 - - [13/Sep/2022:05:12:35 -0700] "GET /BabyTalks/BTList.htm HTTP/1.1" 200 10238 "-" "Mozilla/5.0 (compatible; bingbot/2.0; +http://www.bing.com/bingbot.htm)" "nobbycosmic.com"
185.191.171.18 - - [13/Sep/2022:05:24:55 -0700] "GET /Utagoe/0311.htm HTTP/1.1" 200 1646 "-" "Mozilla/5.0 (compatible; SemrushBot/7~bl; +http://www.semrush.com/bot.html)" "nobbycosmic.com"
185.191.171.25 - - [13/Sep/2022:05:30:56 -0700] "GET /BabyTalks/BTList HTTP/1.1" 200 10238 "-" "Mozilla/5.0 (compatible; SemrushBot/7~bl; +http://www.semrush.com/bot.html)" "nobbycosmic.com"
185.191.171.10 - - [13/Sep/2022:05:31:22 -0700] "GET /Utagoe/0511.htm HTTP/1.1" 200 2719 "-" "Mozilla/5.0 (compatible; SemrushBot/7~bl; +http://www.semrush.com/bot.html)" "nobbycosmic.com"
220.181.108.82 - - [13/Sep/2022:05:46:03 -0700] "GET /NJCA/AGM10/NJCAAGM10.pdf HTTP/1.1" 200 706944 "-" "Mozilla/5.0 (compatible; Baiduspider/2.0; +http://www.baidu.com/search/spider.html)" "nobbycosmic.com"
220.181.51.118 - - [13/Sep/2022:05:46:04 -0700] "GET /robots.txt HTTP/1.1" 200 75 "-" "Mozilla/5.0 (Windows NT 10.0; WOW64) AppleWebKit/537.36 (KHTML, like Gecko) Chrome/48.0.2564.116 Safari/537.36" "nobbycosmic.com"
220.181.51.116 - - [13/Sep/2022:05:46:19 -0700] "GET /robots.txt HTTP/1.1" 200 75 "-" "Mozilla/5.0 (Windows NT 10.0; WOW64) AppleWebKit/537.36 (KHTML, like Gecko) Chrome/48.0.2564.116 Safari/537.36" "nobbycosmic.com"
185.191.171.26 - - [13/Sep/2022:05:54:32 -0700] "GET /robots.txt HTTP/1.1" 200 75 "-" "Mozilla/5.0 (compatible; SemrushBot/7~bl; +http://www.semrush.com/bot.html)" "nobbycosmic.com"
185.191.171.7 - - [13/Sep/2022:05:54:35 -0700] "GET /Cosmic/Webpage/Cosmicwebpage.htm HTTP/1.1" 200 1455 "-" "Mozilla/5.0 (compatible; SemrushBot/7~bl; +http://www.semrush.com/bot.html)" "nobbycosmic.com"
216.154.30.104 - - [13/Sep/2022:06:04:04 -0700] "GET /BabyTalks/BTList.htm HTTP/1.1" 200 10238 "-" "Mozilla/5.0 (Macintosh; Intel Mac OS X 10_15_7) AppleWebKit/537.36 (KHTML, like Gecko) Chrome/104.0.5112.81 Safari/537.36" "nobbycosmic.com"
216.154.30.104 - - [13/Sep/2022:06:04:04 -0700] "GET /BabyTalks/BTFBanner1.jpg HTTP/1.1" 200 9524 "https://nobbycosmic.com/BabyTalks/BTList.htm" "Mozilla/5.0 (Macintosh; Intel Mac OS X 10_15_7) AppleWebKit/537.36 (KHTML, like Gecko) Chrome/104.0.5112.81 Safari/537.36" "nobbycosmic.com"
216.154.30.104 - - [13/Sep/2022:06:04:04 -0700] "GET /BabyTalks/hiyoko.gif HTTP/1.1" 200 10361 "https://nobbycosmic.com/BabyTalks/BTList.htm" "Mozilla/5.0 (Macintosh; Intel Mac OS X 10_15_7) AppleWebKit/537.36 (KHTML, like Gecko) Chrome/104.0.5112.81 Safari/537.36" "nobbycosmic.com"
216.154.30.104 - - [13/Sep/2022:06:04:04 -0700] "GET /BabyTalks/Group.jpg HTTP/1.1" 200 54379 "https://nobbycosmic.com/BabyTalks/BTList.htm" "Mozilla/5.0 (Macintosh; Intel Mac OS X 10_15_7) AppleWebKit/537.36 (KHTML, like Gecko) Chrome/104.0.5112.81 Safari/537.36" "nobbycosmic.com"
216.154.30.104 - - [13/Sep/2022:06:04:04 -0700] "GET /BabyTalks/BTFBanner2.jpg HTTP/1.1" 200 4273 "https://nobbycosmic.com/BabyTalks/BTList.htm" "Mozilla/5.0 (Macintosh; Intel Mac OS X 10_15_7) AppleWebKit/537.36 (KHTML, like Gecko) Chrome/104.0.5112.81 Safari/537.36" "nobbycosmic.com"
216.154.30.104 - - [13/Sep/2022:06:04:04 -0700] "GET /BabyTalks/blue_next.gif HTTP/1.1" 200 138 "https://nobbycosmic.com/BabyTalks/BTList.htm" "Mozilla/5.0 (Macintosh; Intel Mac OS X 10_15_7) AppleWebKit/537.36 (KHTML, like Gecko) Chrome/104.0.5112.81 Safari/537.36" "nobbycosmic.com"
216.154.30.104 - - [13/Sep/2022:06:04:04 -0700] "GET /BabyTalks/SakuraMark2.jpg HTTP/1.1" 200 933 "https://nobbycosmic.com/BabyTalks/BTList.htm" "Mozilla/5.0 (Macintosh; Intel Mac OS X 10_15_7) AppleWebKit/537.36 (KHTML, like Gecko) Chrome/104.0.5112.81 Safari/537.36" "nobbycosmic.com"
216.154.30.104 - - [13/Sep/2022:06:04:04 -0700] "GET /BabyTalks/FTFMemberDistChart.jpg HTTP/1.1" 200 61359 "https://nobbycosmic.com/BabyTalks/BTList.htm" "Mozilla/5.0 (Macintosh; Intel Mac OS X 10_15_7) AppleWebKit/537.36 (KHTML, like Gecko) Chrome/104.0.5112.81 Safari/537.36" "nobbycosmic.com"
216.154.30.104 - - [13/Sep/2022:06:04:05 -0700] "GET /favicon.ico HTTP/1.1" 404 88 "https://nobbycosmic.com/BabyTalks/BTList.htm" "Mozilla/5.0 (Macintosh; Intel Mac OS X 10_15_7) AppleWebKit/537.36 (KHTML, like Gecko) Chrome/104.0.5112.81 Safari/537.36" "nobbycosmic.com"
