209.17.40.43 - FTF [08/Sep/2022:20:08:32 -0700] "GET /BabyTalks/FTFMember/Content.htm HTTP/1.1" 200 6659 "https://nobbycosmic.com/BabyTalks/BTList.htm" "Mozilla/5.0 (Macintosh; Intel Mac OS X 10_15_7) AppleWebKit/537.36 (KHTML, like Gecko) Chrome/105.0.0.0 Safari/537.36" "nobbycosmic.com"
209.17.40.43 - FTF [08/Sep/2022:20:08:32 -0700] "GET /BabyTalks/FTFMember/hiyoko.gif HTTP/1.1" 200 10361 "https://nobbycosmic.com/BabyTalks/FTFMember/Content.htm" "Mozilla/5.0 (Macintosh; Intel Mac OS X 10_15_7) AppleWebKit/537.36 (KHTML, like Gecko) Chrome/105.0.0.0 Safari/537.36" "nobbycosmic.com"
209.17.40.43 - FTF [08/Sep/2022:20:08:56 -0700] "GET /BabyTalks/FTFMember/Lawyer.htm HTTP/1.1" 200 1003 "https://nobbycosmic.com/BabyTalks/FTFMember/Content.htm" "Mozilla/5.0 (Macintosh; Intel Mac OS X 10_15_7) AppleWebKit/537.36 (KHTML, like Gecko) Chrome/105.0.0.0 Safari/537.36" "nobbycosmic.com"
209.17.40.43 - FTF [08/Sep/2022:20:09:31 -0700] "GET /BabyTalks/FTFMember/SPFBasic.htm HTTP/1.1" 200 906 "https://nobbycosmic.com/BabyTalks/FTFMember/Content.htm" "Mozilla/5.0 (Macintosh; Intel Mac OS X 10_15_7) AppleWebKit/537.36 (KHTML, like Gecko) Chrome/105.0.0.0 Safari/537.36" "nobbycosmic.com"
209.17.40.43 - FTF [08/Sep/2022:20:09:44 -0700] "GET /BabyTalks/FTFMember/SPFBasic0.htm HTTP/1.1" 200 1094 "https://nobbycosmic.com/BabyTalks/FTFMember/SPFBasic.htm" "Mozilla/5.0 (Macintosh; Intel Mac OS X 10_15_7) AppleWebKit/537.36 (KHTML, like Gecko) Chrome/105.0.0.0 Safari/537.36" "nobbycosmic.com"
209.17.40.43 - FTF [08/Sep/2022:20:09:49 -0700] "GET /BabyTalks/FTFMember/SPFBasic00.htm HTTP/1.1" 200 1560 "https://nobbycosmic.com/BabyTalks/FTFMember/SPFBasic.htm" "Mozilla/5.0 (Macintosh; Intel Mac OS X 10_15_7) AppleWebKit/537.36 (KHTML, like Gecko) Chrome/105.0.0.0 Safari/537.36" "nobbycosmic.com"
209.17.40.43 - FTF [08/Sep/2022:20:10:10 -0700] "GET /BabyTalks/FTFMember/Ticket.htm HTTP/1.1" 200 5608 "https://nobbycosmic.com/BabyTalks/FTFMember/Content.htm" "Mozilla/5.0 (Macintosh; Intel Mac OS X 10_15_7) AppleWebKit/537.36 (KHTML, like Gecko) Chrome/105.0.0.0 Safari/537.36" "nobbycosmic.com"
209.17.40.43 - FTF [08/Sep/2022:20:11:27 -0700] "GET /BabyTalks/FTFMember/Gift.htm HTTP/1.1" 200 2826 "https://nobbycosmic.com/BabyTalks/FTFMember/Content.htm" "Mozilla/5.0 (Macintosh; Intel Mac OS X 10_15_7) AppleWebKit/537.36 (KHTML, like Gecko) Chrome/105.0.0.0 Safari/537.36" "nobbycosmic.com"
209.17.40.43 - FTF [08/Sep/2022:20:12:46 -0700] "GET /BabyTalks/FTFMember/Telephone.htm HTTP/1.1" 200 4353 "https://nobbycosmic.com/BabyTalks/FTFMember/Content.htm" "Mozilla/5.0 (Macintosh; Intel Mac OS X 10_15_7) AppleWebKit/537.36 (KHTML, like Gecko) Chrome/105.0.0.0 Safari/537.36" "nobbycosmic.com"
209.17.40.43 - FTF [08/Sep/2022:20:12:46 -0700] "GET /BabyTalks/FTFMember/Telephone050.jpeg HTTP/1.1" 200 68061 "https://nobbycosmic.com/BabyTalks/FTFMember/Telephone.htm" "Mozilla/5.0 (Macintosh; Intel Mac OS X 10_15_7) AppleWebKit/537.36 (KHTML, like Gecko) Chrome/105.0.0.0 Safari/537.36" "nobbycosmic.com"
209.17.40.43 - FTF [08/Sep/2022:20:12:46 -0700] "GET /BabyTalks/FTFMember/CallingCard1.JPG HTTP/1.1" 200 70815 "https://nobbycosmic.com/BabyTalks/FTFMember/Telephone.htm" "Mozilla/5.0 (Macintosh; Intel Mac OS X 10_15_7) AppleWebKit/537.36 (KHTML, like Gecko) Chrome/105.0.0.0 Safari/537.36" "nobbycosmic.com"
209.17.40.43 - FTF [08/Sep/2022:20:12:46 -0700] "GET /BabyTalks/FTFMember/CallingCard2.JPG HTTP/1.1" 200 117263 "https://nobbycosmic.com/BabyTalks/FTFMember/Telephone.htm" "Mozilla/5.0 (Macintosh; Intel Mac OS X 10_15_7) AppleWebKit/537.36 (KHTML, like Gecko) Chrome/105.0.0.0 Safari/537.36" "nobbycosmic.com"
209.17.40.43 - FTF [08/Sep/2022:20:12:47 -0700] "GET /BabyTalks/FTFMember/Telephone202202281.png HTTP/1.1" 200 27046 "https://nobbycosmic.com/BabyTalks/FTFMember/Telephone.htm" "Mozilla/5.0 (Macintosh; Intel Mac OS X 10_15_7) AppleWebKit/537.36 (KHTML, like Gecko) Chrome/105.0.0.0 Safari/537.36" "nobbycosmic.com"
209.17.40.43 - FTF [08/Sep/2022:20:13:49 -0700] "GET /BabyTalks/FTFMember/TripBB1.htm HTTP/1.1" 200 17296 "https://nobbycosmic.com/BabyTalks/FTFMember/Content.htm" "Mozilla/5.0 (Macintosh; Intel Mac OS X 10_15_7) AppleWebKit/537.36 (KHTML, like Gecko) Chrome/105.0.0.0 Safari/537.36" "nobbycosmic.com"
209.17.40.43 - FTF [08/Sep/2022:20:15:35 -0700] "GET /BabyTalks/FTFMember/Sakura.htm HTTP/1.1" 200 798 "https://nobbycosmic.com/BabyTalks/FTFMember/Content.htm" "Mozilla/5.0 (Macintosh; Intel Mac OS X 10_15_7) AppleWebKit/537.36 (KHTML, like Gecko) Chrome/105.0.0.0 Safari/537.36" "nobbycosmic.com"
209.17.40.43 - FTF [08/Sep/2022:20:16:08 -0700] "GET /BabyTalks/FTFMember/Money.htm HTTP/1.1" 200 4073 "https://nobbycosmic.com/BabyTalks/FTFMember/Content.htm" "Mozilla/5.0 (Macintosh; Intel Mac OS X 10_15_7) AppleWebKit/537.36 (KHTML, like Gecko) Chrome/105.0.0.0 Safari/537.36" "nobbycosmic.com"
209.17.40.43 - FTF [08/Sep/2022:20:19:42 -0700] "GET /BabyTalks/FTFMember/Eyes.htm HTTP/1.1" 200 4686 "https://nobbycosmic.com/BabyTalks/FTFMember/Content.htm" "Mozilla/5.0 (Macintosh; Intel Mac OS X 10_15_7) AppleWebKit/537.36 (KHTML, like Gecko) Chrome/105.0.0.0 Safari/537.36" "nobbycosmic.com"
209.17.40.43 - FTF [08/Sep/2022:20:20:39 -0700] "GET /BabyTalks/FTFMember/Cell.htm HTTP/1.1" 200 6217 "https://nobbycosmic.com/BabyTalks/FTFMember/Content.htm" "Mozilla/5.0 (Macintosh; Intel Mac OS X 10_15_7) AppleWebKit/537.36 (KHTML, like Gecko) Chrome/105.0.0.0 Safari/537.36" "nobbycosmic.com"
209.17.40.43 - FTF [08/Sep/2022:20:22:08 -0700] "GET /BabyTalks/FTFMember/CarRepair.htm HTTP/1.1" 200 1117 "https://nobbycosmic.com/BabyTalks/FTFMember/Content.htm" "Mozilla/5.0 (Macintosh; Intel Mac OS X 10_15_7) AppleWebKit/537.36 (KHTML, like Gecko) Chrome/105.0.0.0 Safari/537.36" "nobbycosmic.com"
209.17.40.43 - FTF [08/Sep/2022:20:22:28 -0700] "GET /BabyTalks/FTFMember/AutoInsu.htm HTTP/1.1" 200 6554 "https://nobbycosmic.com/BabyTalks/FTFMember/Content.htm" "Mozilla/5.0 (Macintosh; Intel Mac OS X 10_15_7) AppleWebKit/537.36 (KHTML, like Gecko) Chrome/105.0.0.0 Safari/537.36" "nobbycosmic.com"
209.17.40.43 - FTF [08/Sep/2022:20:22:49 -0700] "GET /BabyTalks/FTFMember/DriverLicense.htm HTTP/1.1" 200 5114 "https://nobbycosmic.com/BabyTalks/FTFMember/Content.htm" "Mozilla/5.0 (Macintosh; Intel Mac OS X 10_15_7) AppleWebKit/537.36 (KHTML, like Gecko) Chrome/105.0.0.0 Safari/537.36" "nobbycosmic.com"
209.17.40.43 - FTF [08/Sep/2022:20:24:50 -0700] "GET /BabyTalks/FTFMember/Idea1.htm HTTP/1.1" 200 4676 "https://nobbycosmic.com/BabyTalks/FTFMember/Content.htm" "Mozilla/5.0 (Macintosh; Intel Mac OS X 10_15_7) AppleWebKit/537.36 (KHTML, like Gecko) Chrome/105.0.0.0 Safari/537.36" "nobbycosmic.com"
209.17.40.43 - FTF [08/Sep/2022:20:25:36 -0700] "GET /BabyTalks/FTFMember/Kintsugi.htm HTTP/1.1" 200 1759 "https://nobbycosmic.com/BabyTalks/FTFMember/Content.htm" "Mozilla/5.0 (Macintosh; Intel Mac OS X 10_15_7) AppleWebKit/537.36 (KHTML, like Gecko) Chrome/105.0.0.0 Safari/537.36" "nobbycosmic.com"
209.17.40.43 - FTF [08/Sep/2022:20:26:02 -0700] "GET /BabyTalks/FTFMember/Mail.htm HTTP/1.1" 200 945 "https://nobbycosmic.com/BabyTalks/FTFMember/Content.htm" "Mozilla/5.0 (Macintosh; Intel Mac OS X 10_15_7) AppleWebKit/537.36 (KHTML, like Gecko) Chrome/105.0.0.0 Safari/537.36" "nobbycosmic.com"
209.17.40.43 - FTF [08/Sep/2022:20:29:35 -0700] "GET /BabyTalks/FTFMember/Life.htm HTTP/1.1" 200 920 "https://nobbycosmic.com/BabyTalks/FTFMember/Content.htm" "Mozilla/5.0 (Macintosh; Intel Mac OS X 10_15_7) AppleWebKit/537.36 (KHTML, like Gecko) Chrome/105.0.0.0 Safari/537.36" "nobbycosmic.com"
209.17.40.43 - FTF [08/Sep/2022:20:30:02 -0700] "GET /BabyTalks/FTFMember/RESP.htm HTTP/1.1" 200 3911 "https://nobbycosmic.com/BabyTalks/FTFMember/Content.htm" "Mozilla/5.0 (Macintosh; Intel Mac OS X 10_15_7) AppleWebKit/537.36 (KHTML, like Gecko) Chrome/105.0.0.0 Safari/537.36" "nobbycosmic.com"
216.244.66.200 - - [08/Sep/2022:20:43:31 -0700] "GET /robots.txt HTTP/1.1" 200 61 "-" "Mozilla/5.0 (compatible; DotBot/1.2; +https://opensiteexplorer.org/dotbot; help@moz.com)" "nobbycosmic.com"
216.244.66.200 - - [08/Sep/2022:21:33:42 -0700] "GET /robots.txt HTTP/1.1" 200 61 "-" "Mozilla/5.0 (compatible; DotBot/1.2; +https://opensiteexplorer.org/dotbot; help@moz.com)" "nobbycosmic.com"
216.244.66.200 - - [08/Sep/2022:22:23:38 -0700] "GET /robots.txt HTTP/1.1" 200 61 "-" "Mozilla/5.0 (compatible; DotBot/1.2; +https://opensiteexplorer.org/dotbot; help@moz.com)" "nobbycosmic.com"
216.244.66.200 - - [08/Sep/2022:22:37:22 -0700] "GET /NJCA/NY12/PicturePages/NYP121.htm HTTP/1.1" 200 5231 "-" "Mozilla/5.0 (compatible; DotBot/1.2; +https://opensiteexplorer.org/dotbot; help@moz.com)" "nobbycosmic.com"
216.244.66.200 - - [08/Sep/2022:23:14:17 -0700] "GET /robots.txt HTTP/1.1" 200 61 "-" "Mozilla/5.0 (compatible; DotBot/1.2; +https://opensiteexplorer.org/dotbot; help@moz.com)" "nobbycosmic.com"
54.36.148.138 - - [08/Sep/2022:23:31:32 -0700] "GET /robots.txt HTTP/1.1" 200 75 "-" "Mozilla/5.0 (compatible; AhrefsBot/7.0; +http://ahrefs.com/robot/)" "www.nobbycosmic.com"
51.222.253.6 - - [08/Sep/2022:23:31:33 -0700] "GET / HTTP/1.1" 200 3158 "-" "Mozilla/5.0 (compatible; AhrefsBot/7.0; +http://ahrefs.com/robot/)" "www.nobbycosmic.com"
17.121.114.249 - - [08/Sep/2022:23:41:44 -0700] "GET /robots.txt HTTP/1.1" 200 75 "-" "Mozilla/5.0 (Macintosh; Intel Mac OS X 10_15_5) AppleWebKit/605.1.15 (KHTML, like Gecko) Version/13.1.1 Safari/605.1.15 (Applebot/0.1; +http://www.apple.com/go/applebot)" "nobbycosmic.com"
17.121.114.249 - - [08/Sep/2022:23:41:45 -0700] "GET /Temp/Davis1.jpg HTTP/1.1" 404 88 "-" "Mozilla/5.0 (Macintosh; Intel Mac OS X 10_15_5) AppleWebKit/605.1.15 (KHTML, like Gecko) Version/13.1.1 Safari/605.1.15 (Applebot/0.1; +http://www.apple.com/go/applebot)" "nobbycosmic.com"
216.244.66.200 - - [09/Sep/2022:00:05:07 -0700] "GET /robots.txt HTTP/1.1" 200 61 "-" "Mozilla/5.0 (compatible; DotBot/1.2; +https://opensiteexplorer.org/dotbot; help@moz.com)" "www.nobbycosmic.com"
216.244.66.200 - - [09/Sep/2022:00:05:07 -0700] "GET /robots.txt HTTP/1.1" 200 61 "-" "Mozilla/5.0 (compatible; DotBot/1.2; +https://opensiteexplorer.org/dotbot; help@moz.com)" "nobbycosmic.com"
157.55.39.184 - - [09/Sep/2022:00:18:18 -0700] "GET /Post/JF20200206.pdf HTTP/1.1" 404 88 "-" "Mozilla/5.0 (compatible; bingbot/2.0; +http://www.bing.com/bingbot.htm)" "nobbycosmic.com"
157.55.39.183 - - [09/Sep/2022:00:29:20 -0700] "GET /Post/JCCC202109301.pdf HTTP/1.1" 304 - "-" "Mozilla/5.0 (compatible; bingbot/2.0; +http://www.bing.com/bingbot.htm)" "nobbycosmic.com"
42.236.10.77 - - [09/Sep/2022:00:30:09 -0700] "GET /BabyTalks/BTList.htm HTTP/1.1" 200 10238 "https://nobbycosmic.com/BabyTalks/BTList.htm" "Mozilla/5.0 (iPhone; CPU iPhone OS 11_0 like Mac OS X) AppleWebKit/604.1.34 (KHTML, like Gecko) Version/11.0 Mobile/15A5341f Safari/604.1;360Spider" "nobbycosmic.com"
207.46.13.34 - - [09/Sep/2022:00:37:56 -0700] "GET /BabyTalks/BTFLeaf.pdf HTTP/1.1" 304 - "-" "Mozilla/5.0 (compatible; bingbot/2.0; +http://www.bing.com/bingbot.htm)" "nobbycosmic.com"
216.244.66.200 - - [09/Sep/2022:00:55:27 -0700] "GET /robots.txt HTTP/1.1" 200 61 "-" "Mozilla/5.0 (compatible; DotBot/1.2; +https://opensiteexplorer.org/dotbot; help@moz.com)" "nobbycosmic.com"
216.244.66.200 - - [09/Sep/2022:01:46:20 -0700] "GET /robots.txt HTTP/1.1" 200 61 "-" "Mozilla/5.0 (compatible; DotBot/1.2; +https://opensiteexplorer.org/dotbot; help@moz.com)" "nobbycosmic.com"
185.191.171.8 - - [09/Sep/2022:02:20:56 -0700] "GET /robots.txt HTTP/1.1" 200 75 "-" "Mozilla/5.0 (compatible; SemrushBot/7~bl; +http://www.semrush.com/bot.html)" "nobbycosmic.com"
185.191.171.7 - - [09/Sep/2022:02:20:58 -0700] "GET /Utagoe/2016Summer/Utagoe201608.htm HTTP/1.1" 200 4191 "-" "Mozilla/5.0 (compatible; SemrushBot/7~bl; +http://www.semrush.com/bot.html)" "nobbycosmic.com"
114.119.128.37 - - [09/Sep/2022:02:35:28 -0700] "GET /Card/Card11/?C=M%3BO%3DA HTTP/1.1" 200 453 "https://nobbycosmic.com/Card/Card11?C=N%3BO%3DD" "Mozilla/5.0 (Linux; Android 7.0;) AppleWebKit/537.36 (KHTML, like Gecko) Mobile Safari/537.36 (compatible; PetalBot;+https://webmaster.petalsearch.com/site/petalbot)" "nobbycosmic.com"
216.244.66.200 - - [09/Sep/2022:02:37:28 -0700] "GET /robots.txt HTTP/1.1" 200 61 "-" "Mozilla/5.0 (compatible; DotBot/1.2; +https://opensiteexplorer.org/dotbot; help@moz.com)" "nobbycosmic.com"
114.119.128.39 - - [09/Sep/2022:02:37:33 -0700] "GET /NJCA/BBQ10/BBQStr10.htm HTTP/1.1" 200 16212 "https://nobbycosmic.com/NJCA/BBQ10?C=N%3BO%3DD" "Mozilla/5.0 (Linux; Android 7.0;) AppleWebKit/537.36 (KHTML, like Gecko) Mobile Safari/537.36 (compatible; PetalBot;+https://webmaster.petalsearch.com/site/petalbot)" "nobbycosmic.com"
157.55.39.184 - - [09/Sep/2022:02:47:32 -0700] "GET /Utagoe/2017Fall/JoCPoster2017.pdf HTTP/1.1" 200 2980028 "-" "Mozilla/5.0 (compatible; bingbot/2.0; +http://www.bing.com/bingbot.htm)" "nobbycosmic.com"
114.119.128.253 - - [09/Sep/2022:02:54:23 -0700] "GET /NJCA/NY10/NYP101.htm HTTP/1.1" 200 1409 "https://nobbycosmic.com/NJCA/NY10?C=M%3BO%3DA" "Mozilla/5.0 (Linux; Android 7.0;) AppleWebKit/537.36 (KHTML, like Gecko) Mobile Safari/537.36 (compatible; PetalBot;+https://webmaster.petalsearch.com/site/petalbot)" "nobbycosmic.com"
114.119.128.39 - - [09/Sep/2022:02:59:15 -0700] "GET /Utagoe/SongBooks HTTP/1.1" 301 1420 "https://nobbycosmic.com/Utagoe" "Mozilla/5.0 (Linux; Android 7.0;) AppleWebKit/537.36 (KHTML, like Gecko) Mobile Safari/537.36 (compatible; PetalBot;+https://webmaster.petalsearch.com/site/petalbot)" "nobbycosmic.com"
114.119.128.39 - - [09/Sep/2022:02:59:16 -0700] "GET /Utagoe/SongBooks/ HTTP/1.1" 200 562 "https://nobbycosmic.com/Utagoe" "Mozilla/5.0 (Linux; Android 7.0;) AppleWebKit/537.36 (KHTML, like Gecko) Mobile Safari/537.36 (compatible; PetalBot;+https://webmaster.petalsearch.com/site/petalbot)" "nobbycosmic.com"
114.119.128.40 - - [09/Sep/2022:03:09:13 -0700] "GET /Card/Card19/googlef6465b701097bf56.html HTTP/1.1" 200 70 "https://nobbycosmic.com/Card/Card19/" "Mozilla/5.0 (Linux; Android 7.0;) AppleWebKit/537.36 (KHTML, like Gecko) Mobile Safari/537.36 (compatible; PetalBot;+https://webmaster.petalsearch.com/site/petalbot)" "nobbycosmic.com"
185.191.171.4 - - [09/Sep/2022:03:09:37 -0700] "GET /NJCA/NY10/NYP103.htm HTTP/1.1" 200 726 "-" "Mozilla/5.0 (compatible; SemrushBot/7~bl; +http://www.semrush.com/bot.html)" "nobbycosmic.com"
89.97.242.120 - - [09/Sep/2022:03:17:42 -0700] "HEAD / HTTP/1.1" 200 - "https://www.bing.com" "Mozilla/5.0 (Windows NT 10.0) AppleWebKit/537.36 (KHTML, like Gecko) Chrome/40.0.2214.93 Safari/537.36" "nobbycosmic.com"
89.97.242.120 - - [09/Sep/2022:03:17:43 -0700] "GET /wp-login.php HTTP/1.1" 404 88 "http://nobbycosmic.com" "Mozilla/5.0 (Windows NT 10.0) AppleWebKit/537.36 (KHTML, like Gecko) Chrome/40.0.2214.93 Safari/537.36" "nobbycosmic.com"
89.97.242.120 - - [09/Sep/2022:03:17:45 -0700] "GET /wordpress/wp-login.php HTTP/1.1" 404 88 "http://nobbycosmic.com" "Mozilla/5.0 (Windows NT 10.0) AppleWebKit/537.36 (KHTML, like Gecko) Chrome/40.0.2214.93 Safari/537.36" "nobbycosmic.com"
89.97.242.120 - - [09/Sep/2022:03:17:46 -0700] "GET /blog/wp-login.php HTTP/1.1" 404 88 "http://nobbycosmic.com" "Mozilla/5.0 (Windows NT 10.0) AppleWebKit/537.36 (KHTML, like Gecko) Chrome/40.0.2214.93 Safari/537.36" "nobbycosmic.com"
89.97.242.120 - - [09/Sep/2022:03:17:47 -0700] "GET /wp/wp-login.php HTTP/1.1" 404 88 "http://nobbycosmic.com" "Mozilla/5.0 (Windows NT 10.0) AppleWebKit/537.36 (KHTML, like Gecko) Chrome/40.0.2214.93 Safari/537.36" "nobbycosmic.com"
20.204.177.247 - - [09/Sep/2022:03:20:36 -0700] "GET / HTTP/1.1" 200 10838 "-" "Mozilla/5.0 (Windows NT 10.0; Win64; x64) AppleWebKit/537.36 (KHTML, like Gecko) Chrome/99.0.4859.172 Safari/537.36" "nobbycosmic.com"
114.119.128.37 - - [09/Sep/2022:03:20:54 -0700] "GET /NJCA/NY10/?C=S%3BO%3DA HTTP/1.1" 200 997 "https://nobbycosmic.com/NJCA/NY10?C=M%3BO%3DA" "Mozilla/5.0 (Linux; Android 7.0;) AppleWebKit/537.36 (KHTML, like Gecko) Mobile Safari/537.36 (compatible; PetalBot;+https://webmaster.petalsearch.com/site/petalbot)" "nobbycosmic.com"
185.191.171.38 - - [09/Sep/2022:03:22:12 -0700] "GET /robots.txt HTTP/1.1" 200 75 "-" "Mozilla/5.0 (compatible; SemrushBot/7~bl; +http://www.semrush.com/bot.html)" "nobbycosmic.com"
185.191.171.18 - - [09/Sep/2022:03:22:13 -0700] "GET /NJCA/NY11/NYP11.htm HTTP/1.1" 200 1485 "-" "Mozilla/5.0 (compatible; SemrushBot/7~bl; +http://www.semrush.com/bot.html)" "nobbycosmic.com"
216.244.66.200 - - [09/Sep/2022:03:29:04 -0700] "GET /robots.txt HTTP/1.1" 200 61 "-" "Mozilla/5.0 (compatible; DotBot/1.2; +https://opensiteexplorer.org/dotbot; help@moz.com)" "nobbycosmic.com"
20.14.79.172 - - [09/Sep/2022:03:31:28 -0700] "GET / HTTP/1.1" 200 3158 "http://nobbycosmic.com/" "Go-http-client/1.1" "nobbycosmic.com"
20.14.79.172 - - [09/Sep/2022:03:31:28 -0700] "GET /wp-includes/css/buttons.css HTTP/1.1" 404 88 "http://nobbycosmic.com/wp-includes/css/buttons.css" "Go-http-client/1.1" "nobbycosmic.com"
20.14.79.172 - - [09/Sep/2022:03:31:28 -0700] "GET /media/system/js/core.js HTTP/1.1" 404 88 "http://nobbycosmic.com/media/system/js/core.js" "Go-http-client/1.1" "nobbycosmic.com"
65.21.226.48 - - [09/Sep/2022:03:35:50 -0700] "GET /robots.txt HTTP/1.1" 200 75 "http://nobbycosmic.com/robots.txt" "Mozilla/5.0 (compatible; SEOkicks; +https://www.seokicks.de/robot.html)" "nobbycosmic.com"
65.21.226.48 - - [09/Sep/2022:03:35:51 -0700] "GET / HTTP/1.1" 200 3158 "http://nobbycosmic.com/" "Mozilla/5.0 (compatible; SEOkicks; +https://www.seokicks.de/robot.html)" "nobbycosmic.com"
65.21.226.48 - - [09/Sep/2022:03:35:53 -0700] "GET /home HTTP/1.1" 200 3157 "https://nobbycosmic.com/" "Mozilla/5.0 (compatible; SEOkicks; +https://www.seokicks.de/robot.html)" "nobbycosmic.com"
65.21.226.48 - - [09/Sep/2022:03:35:55 -0700] "GET /services HTTP/1.1" 200 2996 "https://nobbycosmic.com/" "Mozilla/5.0 (compatible; SEOkicks; +https://www.seokicks.de/robot.html)" "nobbycosmic.com"
65.21.226.48 - - [09/Sep/2022:03:35:58 -0700] "GET /about_us HTTP/1.1" 200 2945 "https://nobbycosmic.com/" "Mozilla/5.0 (compatible; SEOkicks; +https://www.seokicks.de/robot.html)" "nobbycosmic.com"
65.21.226.48 - - [09/Sep/2022:03:36:01 -0700] "GET /contact_us HTTP/1.1" 200 6311 "https://nobbycosmic.com/" "Mozilla/5.0 (compatible; SEOkicks; +https://www.seokicks.de/robot.html)" "nobbycosmic.com"
114.119.128.39 - - [09/Sep/2022:03:38:51 -0700] "GET /NJCA/BBQ98?D=A HTTP/1.1" 301 1423 "https://nobbycosmic.com/NJCA/BBQ98?D=D" "Mozilla/5.0 (Linux; Android 7.0;) AppleWebKit/537.36 (KHTML, like Gecko) Mobile Safari/537.36 (compatible; PetalBot;+https://webmaster.petalsearch.com/site/petalbot)" "nobbycosmic.com"
114.119.128.39 - - [09/Sep/2022:03:38:54 -0700] "GET /NJCA/BBQ98/?D=A HTTP/1.1" 200 635 "https://nobbycosmic.com/NJCA/BBQ98?D=D" "Mozilla/5.0 (Linux; Android 7.0;) AppleWebKit/537.36 (KHTML, like Gecko) Mobile Safari/537.36 (compatible; PetalBot;+https://webmaster.petalsearch.com/site/petalbot)" "nobbycosmic.com"
207.46.13.34 - - [09/Sep/2022:03:50:24 -0700] "GET /post/jss202209021.pdf HTTP/1.1" 404 88 "-" "Mozilla/5.0 (compatible; bingbot/2.0; +http://www.bing.com/bingbot.htm)" "nobbycosmic.com"
114.119.128.40 - - [09/Sep/2022:03:55:16 -0700] "GET /BabyTalks/BTList HTTP/1.1" 200 10238 "http://www.e-maple.net/bbs/topic.html?no=248453" "Mozilla/5.0 (Linux; Android 7.0;) AppleWebKit/537.36 (KHTML, like Gecko) Mobile Safari/537.36 (compatible; PetalBot;+https://webmaster.petalsearch.com/site/petalbot)" "nobbycosmic.com"
114.119.128.26 - - [09/Sep/2022:03:57:45 -0700] "GET /NJCA/BBQ07/Pictures?D=D HTTP/1.1" 301 1430 "https://nobbycosmic.com/NJCA/BBQ07/Pictures?D=A" "Mozilla/5.0 (Linux; Android 7.0;) AppleWebKit/537.36 (KHTML, like Gecko) Mobile Safari/537.36 (compatible; PetalBot;+https://webmaster.petalsearch.com/site/petalbot)" "nobbycosmic.com"
114.119.128.26 - - [09/Sep/2022:03:57:48 -0700] "GET /NJCA/BBQ07/Pictures/?D=D HTTP/1.1" 200 918 "https://nobbycosmic.com/NJCA/BBQ07/Pictures?D=A" "Mozilla/5.0 (Linux; Android 7.0;) AppleWebKit/537.36 (KHTML, like Gecko) Mobile Safari/537.36 (compatible; PetalBot;+https://webmaster.petalsearch.com/site/petalbot)" "nobbycosmic.com"
114.119.128.39 - - [09/Sep/2022:03:59:38 -0700] "GET /NJCA/NY08?C=S%3BO%3DA HTTP/1.1" 301 1430 "https://nobbycosmic.com/NJCA/NY08?S=A" "Mozilla/5.0 (Linux; Android 7.0;) AppleWebKit/537.36 (KHTML, like Gecko) Mobile Safari/537.36 (compatible; PetalBot;+https://webmaster.petalsearch.com/site/petalbot)" "nobbycosmic.com"
114.119.128.39 - - [09/Sep/2022:03:59:38 -0700] "GET /NJCA/NY08/?C=S%3BO%3DA HTTP/1.1" 200 776 "https://nobbycosmic.com/NJCA/NY08?S=A" "Mozilla/5.0 (Linux; Android 7.0;) AppleWebKit/537.36 (KHTML, like Gecko) Mobile Safari/537.36 (compatible; PetalBot;+https://webmaster.petalsearch.com/site/petalbot)" "nobbycosmic.com"
104.157.130.150 - - [09/Sep/2022:04:03:32 -0700] "GET /favicon.ico HTTP/1.1" 404 88 "https://nobbycosmic.com/Post/JF202209081.pdf" "Mozilla/5.0 (Windows NT 10.0; Win64; x64) AppleWebKit/537.36 (KHTML, like Gecko) Chrome/105.0.0.0 Safari/537.36" "nobbycosmic.com"
104.157.130.150 - - [09/Sep/2022:04:03:32 -0700] "GET /Post/JF202209081.pdf HTTP/1.1" 200 19490561 "-" "Mozilla/5.0 (Windows NT 10.0; Win64; x64) AppleWebKit/537.36 (KHTML, like Gecko) Chrome/105.0.0.0 Safari/537.36" "nobbycosmic.com"
185.191.171.15 - - [09/Sep/2022:04:08:08 -0700] "GET /NJCA/NY11/NY11StV.htm HTTP/1.1" 200 5012 "-" "Mozilla/5.0 (compatible; SemrushBot/7~bl; +http://www.semrush.com/bot.html)" "nobbycosmic.com"
114.119.128.39 - - [09/Sep/2022:04:11:53 -0700] "GET /NJCA/BBQ10?M=D HTTP/1.1" 301 1422 "https://nobbycosmic.com/NJCA/BBQ10?M=A" "Mozilla/5.0 (Linux; Android 7.0;) AppleWebKit/537.36 (KHTML, like Gecko) Mobile Safari/537.36 (compatible; PetalBot;+https://webmaster.petalsearch.com/site/petalbot)" "nobbycosmic.com"
114.119.128.39 - - [09/Sep/2022:04:11:53 -0700] "GET /NJCA/BBQ10/?M=D HTTP/1.1" 200 1589 "https://nobbycosmic.com/NJCA/BBQ10?M=A" "Mozilla/5.0 (Linux; Android 7.0;) AppleWebKit/537.36 (KHTML, like Gecko) Mobile Safari/537.36 (compatible; PetalBot;+https://webmaster.petalsearch.com/site/petalbot)" "nobbycosmic.com"
207.46.13.34 - - [09/Sep/2022:04:21:35 -0700] "GET /Homepage/Tickets/Ticket2/Ticket210.jpg HTTP/1.1" 200 23656 "-" "Mozilla/5.0 (compatible; bingbot/2.0; +http://www.bing.com/bingbot.htm)" "nobbycosmic.com"
114.119.133.251 - - [09/Sep/2022:05:01:17 -0700] "GET /robots.txt HTTP/1.1" 200 75 "-" "Mozilla/5.0 (compatible;PetalBot;+https://webmaster.petalsearch.com/site/petalbot)" "www.nobbycosmic.com"
216.244.66.200 - - [09/Sep/2022:05:15:28 -0700] "GET /robots.txt HTTP/1.1" 200 61 "-" "Mozilla/5.0 (compatible; DotBot/1.2; +https://opensiteexplorer.org/dotbot; help@moz.com)" "nobbycosmic.com"
45.118.158.67 - - [09/Sep/2022:05:31:57 -0700] "GET /wp-content/plugins/elementor/readme.txt HTTP/1.1" 404 88 "-" "Mozilla/5.0 (Windows NT 6.1; WOW64) AppleWebKit/537.36 (KHTML, like Gecko) Chrome/41.0.2227.0 Safari/537.36" "www.nobbycosmic.com"
92.202.65.117 - - [09/Sep/2022:06:00:26 -0700] "GET /BabyTalks/BTList.htm HTTP/1.1" 200 10238 "-" "Mozilla/5.0 (Macintosh; Intel Mac OS X 10_15_7) AppleWebKit/605.1.15 (KHTML, like Gecko) Version/15.3 Safari/605.1.15" "nobbycosmic.com"
92.202.65.117 - - [09/Sep/2022:06:00:27 -0700] "GET /BabyTalks/hiyoko.gif HTTP/1.1" 200 10361 "https://nobbycosmic.com/BabyTalks/BTList.htm" "Mozilla/5.0 (Macintosh; Intel Mac OS X 10_15_7) AppleWebKit/605.1.15 (KHTML, like Gecko) Version/15.3 Safari/605.1.15" "nobbycosmic.com"
92.202.65.117 - - [09/Sep/2022:06:00:27 -0700] "GET /BabyTalks/BTFBanner1.jpg HTTP/1.1" 200 9524 "https://nobbycosmic.com/BabyTalks/BTList.htm" "Mozilla/5.0 (Macintosh; Intel Mac OS X 10_15_7) AppleWebKit/605.1.15 (KHTML, like Gecko) Version/15.3 Safari/605.1.15" "nobbycosmic.com"
92.202.65.117 - - [09/Sep/2022:06:00:27 -0700] "GET /BabyTalks/Group.jpg HTTP/1.1" 200 54379 "https://nobbycosmic.com/BabyTalks/BTList.htm" "Mozilla/5.0 (Macintosh; Intel Mac OS X 10_15_7) AppleWebKit/605.1.15 (KHTML, like Gecko) Version/15.3 Safari/605.1.15" "nobbycosmic.com"
92.202.65.117 - - [09/Sep/2022:06:00:36 -0700] "GET /BabyTalks/BTFBanner2.jpg HTTP/1.1" 200 4273 "https://nobbycosmic.com/BabyTalks/BTList.htm" "Mozilla/5.0 (Macintosh; Intel Mac OS X 10_15_7) AppleWebKit/605.1.15 (KHTML, like Gecko) Version/15.3 Safari/605.1.15" "nobbycosmic.com"
92.202.65.117 - - [09/Sep/2022:06:00:37 -0700] "GET /BabyTalks/blue_next.gif HTTP/1.1" 200 138 "https://nobbycosmic.com/BabyTalks/BTList.htm" "Mozilla/5.0 (Macintosh; Intel Mac OS X 10_15_7) AppleWebKit/605.1.15 (KHTML, like Gecko) Version/15.3 Safari/605.1.15" "nobbycosmic.com"
92.202.65.117 - - [09/Sep/2022:06:00:37 -0700] "GET /BabyTalks/SakuraMark2.jpg HTTP/1.1" 200 933 "https://nobbycosmic.com/BabyTalks/BTList.htm" "Mozilla/5.0 (Macintosh; Intel Mac OS X 10_15_7) AppleWebKit/605.1.15 (KHTML, like Gecko) Version/15.3 Safari/605.1.15" "nobbycosmic.com"
92.202.65.117 - - [09/Sep/2022:06:00:38 -0700] "GET /BabyTalks/FTFMemberDistChart.jpg HTTP/1.1" 200 61359 "https://nobbycosmic.com/BabyTalks/BTList.htm" "Mozilla/5.0 (Macintosh; Intel Mac OS X 10_15_7) AppleWebKit/605.1.15 (KHTML, like Gecko) Version/15.3 Safari/605.1.15" "nobbycosmic.com"
81.17.57.144 - - [09/Sep/2022:06:03:09 -0700] "GET /robots.txt HTTP/1.1" 200 61 "-" "Mozilla/5.0 (compatible; MJ12bot/v1.4.8; http://mj12bot.com/)" "www.nobbycosmic.com"
81.17.57.144 - - [09/Sep/2022:06:03:14 -0700] "GET / HTTP/1.1" 200 3158 "-" "Mozilla/5.0 (compatible; MJ12bot/v1.4.8; http://mj12bot.com/)" "www.nobbycosmic.com"
216.244.66.200 - - [09/Sep/2022:06:08:29 -0700] "GET /robots.txt HTTP/1.1" 200 61 "-" "Mozilla/5.0 (compatible; DotBot/1.2; +https://opensiteexplorer.org/dotbot; help@moz.com)" "nobbycosmic.com"
157.55.39.183 - - [09/Sep/2022:06:09:30 -0700] "GET /post/jss202208281.pdf HTTP/1.1" 404 88 "-" "Mozilla/5.0 (compatible; bingbot/2.0; +http://www.bing.com/bingbot.htm)" "nobbycosmic.com"
52.39.120.135 - - [09/Sep/2022:06:11:43 -0700] "GET /BabyTalks/BTList.htm HTTP/1.1" 200 28319 "-" "Mozilla/5.0 (Windows NT 6.1; Win64; x64) AppleWebKit/537.36 (KHTML, like Gecko) Chrome/72.0.3626.109 Safari/537.36" "nobbycosmic.com"
216.244.66.200 - - [09/Sep/2022:07:01:09 -0700] "GET /robots.txt HTTP/1.1" 200 61 "-" "Mozilla/5.0 (compatible; DotBot/1.2; +https://opensiteexplorer.org/dotbot; help@moz.com)" "nobbycosmic.com"
157.55.39.182 - - [09/Sep/2022:07:02:40 -0700] "GET /NJCA/BBQ09/Serve2.jpg HTTP/1.1" 200 123188 "-" "Mozilla/5.0 (compatible; bingbot/2.0; +http://www.bing.com/bingbot.htm)" "nobbycosmic.com"
40.77.167.96 - - [09/Sep/2022:07:13:12 -0700] "GET /robots.txt HTTP/1.1" 200 75 "-" "Mozilla/5.0 (compatible; bingbot/2.0; +http://www.bing.com/bingbot.htm)" "www.nobbycosmic.com"
207.46.13.34 - - [09/Sep/2022:07:13:24 -0700] "GET /Post/Nissin202103174.pdf HTTP/1.1" 404 88 "-" "Mozilla/5.0 (compatible; bingbot/2.0; +http://www.bing.com/bingbot.htm)" "www.nobbycosmic.com"
157.55.39.183 - - [09/Sep/2022:07:21:47 -0700] "GET /Post/JF202103191.pdf HTTP/1.1" 404 88 "-" "Mozilla/5.0 (compatible; bingbot/2.0; +http://www.bing.com/bingbot.htm)" "www.nobbycosmic.com"
157.55.39.184 - - [09/Sep/2022:07:30:49 -0700] "GET /Cosmic/Webpage/NBookPoster3.pdf HTTP/1.1" 200 69322 "-" "Mozilla/5.0 (compatible; bingbot/2.0; +http://www.bing.com/bingbot.htm)" "nobbycosmic.com"
207.46.13.30 - - [09/Sep/2022:07:35:53 -0700] "GET /Utagoe/2016Fall/ HTTP/1.1" 200 483 "-" "Mozilla/5.0 (compatible; bingbot/2.0; +http://www.bing.com/bingbot.htm)" "www.nobbycosmic.com"
157.55.39.183 - - [09/Sep/2022:07:43:07 -0700] "GET /Utagoe/2022EarlySummer/Utagoe202207.htm HTTP/1.1" 304 - "-" "Mozilla/5.0 (compatible; bingbot/2.0; +http://www.bing.com/bingbot.htm)" "nobbycosmic.com"
185.191.171.13 - - [09/Sep/2022:07:43:17 -0700] "GET /robots.txt HTTP/1.1" 200 75 "-" "Mozilla/5.0 (compatible; SemrushBot/7~bl; +http://www.semrush.com/bot.html)" "nobbycosmic.com"
185.191.171.17 - - [09/Sep/2022:07:43:18 -0700] "GET /JCCC/JCCP_Program_final_2011.pdf. HTTP/1.1" 404 88 "-" "Mozilla/5.0 (compatible; SemrushBot/7~bl; +http://www.semrush.com/bot.html)" "nobbycosmic.com"
216.244.66.200 - - [09/Sep/2022:07:51:58 -0700] "GET /robots.txt HTTP/1.1" 200 61 "-" "Mozilla/5.0 (compatible; DotBot/1.2; +https://opensiteexplorer.org/dotbot; help@moz.com)" "nobbycosmic.com"
216.244.66.200 - - [09/Sep/2022:07:51:58 -0700] "GET /robots.txt HTTP/1.1" 200 61 "-" "Mozilla/5.0 (compatible; DotBot/1.2; +https://opensiteexplorer.org/dotbot; help@moz.com)" "www.nobbycosmic.com"
1.192.192.4 - - [09/Sep/2022:08:36:15 -0700] "GET /NJCA/NY09/NYP090.htm HTTP/1.1" 200 1876 "https://nobbycosmic.com/NJCA/NY09/NYP090.htm" "Mozilla/5.0(compatible;MSIE9.0;WindowsNT6.1;Trident/5.0)" "nobbycosmic.com"
216.244.66.200 - - [09/Sep/2022:08:44:06 -0700] "GET /robots.txt HTTP/1.1" 200 61 "-" "Mozilla/5.0 (compatible; DotBot/1.2; +https://opensiteexplorer.org/dotbot; help@moz.com)" "nobbycosmic.com"
185.191.171.23 - - [09/Sep/2022:08:47:46 -0700] "GET /robots.txt HTTP/1.1" 200 75 "-" "Mozilla/5.0 (compatible; SemrushBot/7~bl; +http://www.semrush.com/bot.html)" "nobbycosmic.com"
185.191.171.10 - - [09/Sep/2022:08:47:48 -0700] "GET /Cosmic/Webpage/Cosmicwebpage0.htm HTTP/1.1" 200 1775 "-" "Mozilla/5.0 (compatible; SemrushBot/7~bl; +http://www.semrush.com/bot.html)" "nobbycosmic.com"
54.36.148.146 - - [09/Sep/2022:08:54:58 -0700] "GET /robots.txt HTTP/1.1" 200 75 "-" "Mozilla/5.0 (compatible; AhrefsBot/7.0; +http://ahrefs.com/robot/)" "nobbycosmic.com"
157.55.39.184 - - [09/Sep/2022:09:07:09 -0700] "GET /Homepage/Tickets/3rd/3rd.htm HTTP/1.1" 200 896 "-" "Mozilla/5.0 (compatible; bingbot/2.0; +http://www.bing.com/bingbot.htm)" "nobbycosmic.com"
157.55.39.183 - - [09/Sep/2022:09:16:48 -0700] "GET /Temp/JROJ.pdf HTTP/1.1" 404 88 "-" "Mozilla/5.0 (compatible; bingbot/2.0; +http://www.bing.com/bingbot.htm)" "www.nobbycosmic.com"
142.198.18.209 - - [09/Sep/2022:09:21:07 -0700] "GET /BabyTalks/BTList.htm HTTP/1.1" 200 10238 "-" "Mozilla/5.0 (Windows NT 10.0; Win64; x64) AppleWebKit/537.36 (KHTML, like Gecko) Chrome/105.0.0.0 Safari/537.36" "nobbycosmic.com"
142.198.18.209 - - [09/Sep/2022:09:21:07 -0700] "GET /BabyTalks/BTFBanner1.jpg HTTP/1.1" 200 9524 "https://nobbycosmic.com/BabyTalks/BTList.htm" "Mozilla/5.0 (Windows NT 10.0; Win64; x64) AppleWebKit/537.36 (KHTML, like Gecko) Chrome/105.0.0.0 Safari/537.36" "nobbycosmic.com"
142.198.18.209 - - [09/Sep/2022:09:21:07 -0700] "GET /BabyTalks/Group.jpg HTTP/1.1" 200 54379 "https://nobbycosmic.com/BabyTalks/BTList.htm" "Mozilla/5.0 (Windows NT 10.0; Win64; x64) AppleWebKit/537.36 (KHTML, like Gecko) Chrome/105.0.0.0 Safari/537.36" "nobbycosmic.com"
142.198.18.209 - - [09/Sep/2022:09:21:07 -0700] "GET /BabyTalks/hiyoko.gif HTTP/1.1" 200 10361 "https://nobbycosmic.com/BabyTalks/BTList.htm" "Mozilla/5.0 (Windows NT 10.0; Win64; x64) AppleWebKit/537.36 (KHTML, like Gecko) Chrome/105.0.0.0 Safari/537.36" "nobbycosmic.com"
142.198.18.209 - - [09/Sep/2022:09:21:07 -0700] "GET /BabyTalks/BTFBanner2.jpg HTTP/1.1" 200 4273 "https://nobbycosmic.com/BabyTalks/BTList.htm" "Mozilla/5.0 (Windows NT 10.0; Win64; x64) AppleWebKit/537.36 (KHTML, like Gecko) Chrome/105.0.0.0 Safari/537.36" "nobbycosmic.com"
142.198.18.209 - - [09/Sep/2022:09:21:07 -0700] "GET /BabyTalks/blue_next.gif HTTP/1.1" 200 138 "https://nobbycosmic.com/BabyTalks/BTList.htm" "Mozilla/5.0 (Windows NT 10.0; Win64; x64) AppleWebKit/537.36 (KHTML, like Gecko) Chrome/105.0.0.0 Safari/537.36" "nobbycosmic.com"
142.198.18.209 - - [09/Sep/2022:09:21:07 -0700] "GET /BabyTalks/SakuraMark2.jpg HTTP/1.1" 200 933 "https://nobbycosmic.com/BabyTalks/BTList.htm" "Mozilla/5.0 (Windows NT 10.0; Win64; x64) AppleWebKit/537.36 (KHTML, like Gecko) Chrome/105.0.0.0 Safari/537.36" "nobbycosmic.com"
142.198.18.209 - - [09/Sep/2022:09:21:07 -0700] "GET /BabyTalks/FTFMemberDistChart.jpg HTTP/1.1" 200 61359 "https://nobbycosmic.com/BabyTalks/BTList.htm" "Mozilla/5.0 (Windows NT 10.0; Win64; x64) AppleWebKit/537.36 (KHTML, like Gecko) Chrome/105.0.0.0 Safari/537.36" "nobbycosmic.com"
142.198.18.209 - - [09/Sep/2022:09:21:08 -0700] "GET /favicon.ico HTTP/1.1" 404 88 "https://nobbycosmic.com/BabyTalks/BTList.htm" "Mozilla/5.0 (Windows NT 10.0; Win64; x64) AppleWebKit/537.36 (KHTML, like Gecko) Chrome/105.0.0.0 Safari/537.36" "nobbycosmic.com"
142.198.18.209 - - [09/Sep/2022:09:22:25 -0700] "GET /BabyTalks/FTFMember/Events/YE019/Event0915.htm HTTP/1.1" 401 90 "-" "Mozilla/5.0 (Windows NT 10.0; Win64; x64) AppleWebKit/537.36 (KHTML, like Gecko) Chrome/105.0.0.0 Safari/537.36" "nobbycosmic.com"
142.198.18.209 - - [09/Sep/2022:09:26:25 -0700] "GET /BabyTalks/FTFMember/Content.htm HTTP/1.1" 401 90 "https://nobbycosmic.com/BabyTalks/BTList.htm" "Mozilla/5.0 (Windows NT 10.0; Win64; x64) AppleWebKit/537.36 (KHTML, like Gecko) Chrome/105.0.0.0 Safari/537.36" "nobbycosmic.com"
142.198.18.209 - FTF [09/Sep/2022:09:26:40 -0700] "GET /BabyTalks/FTFMember/Content.htm HTTP/1.1" 200 6659 "https://nobbycosmic.com/BabyTalks/BTList.htm" "Mozilla/5.0 (Windows NT 10.0; Win64; x64) AppleWebKit/537.36 (KHTML, like Gecko) Chrome/105.0.0.0 Safari/537.36" "nobbycosmic.com"
142.198.18.209 - FTF [09/Sep/2022:09:26:41 -0700] "GET /BabyTalks/FTFMember/hiyoko.gif HTTP/1.1" 200 10361 "https://nobbycosmic.com/BabyTalks/FTFMember/Content.htm" "Mozilla/5.0 (Windows NT 10.0; Win64; x64) AppleWebKit/537.36 (KHTML, like Gecko) Chrome/105.0.0.0 Safari/537.36" "nobbycosmic.com"
185.191.171.37 - - [09/Sep/2022:09:29:40 -0700] "GET /NJCA/NY11/NYP11.htm HTTP/1.1" 200 1485 "-" "Mozilla/5.0 (compatible; SemrushBot/7~bl; +http://www.semrush.com/bot.html)" "nobbycosmic.com"
216.244.66.200 - - [09/Sep/2022:09:36:51 -0700] "GET /robots.txt HTTP/1.1" 200 61 "-" "Mozilla/5.0 (compatible; DotBot/1.2; +https://opensiteexplorer.org/dotbot; help@moz.com)" "nobbycosmic.com"
157.55.39.183 - - [09/Sep/2022:09:37:39 -0700] "GET /Utagoe/2017Fall/?D=A HTTP/1.1" 200 519 "-" "Mozilla/5.0 (compatible; bingbot/2.0; +http://www.bing.com/bingbot.htm)" "www.nobbycosmic.com"
207.46.13.34 - - [09/Sep/2022:09:50:48 -0700] "GET /post/jss202209021.pdf HTTP/1.1" 404 88 "-" "Mozilla/5.0 (compatible; bingbot/2.0; +http://www.bing.com/bingbot.htm)" "nobbycosmic.com"
193.235.141.168 - - [09/Sep/2022:09:52:56 -0700] "GET / HTTP/1.1" 200 3158 "-" "Mozilla/5.0 (Windows NT 10.0; Win64; x64) AppleWebKit/537.36 (KHTML, like Gecko) Chrome/105.0.0.0 Safari/537.36" "nobbycosmic.com"
193.235.141.168 - - [09/Sep/2022:09:52:57 -0700] "GET /favicon.ico HTTP/1.1" 404 88 "-" "Mozilla/5.0 (Windows NT 10.0; Win64; x64) AppleWebKit/537.36 (KHTML, like Gecko) Chrome/105.0.0.0 Safari/537.36" "nobbycosmic.com"
209.141.149.12 - - [09/Sep/2022:10:22:57 -0700] "GET /BabyTalks/BTList.htm HTTP/1.1" 200 10238 "-" "Mozilla/5.0 (Macintosh; Intel Mac OS X 10_15_7) AppleWebKit/605.1.15 (KHTML, like Gecko) Version/15.5 Safari/605.1.15" "nobbycosmic.com"
209.141.149.12 - - [09/Sep/2022:10:22:57 -0700] "GET /BabyTalks/hiyoko.gif HTTP/1.1" 200 10361 "https://nobbycosmic.com/BabyTalks/BTList.htm" "Mozilla/5.0 (Macintosh; Intel Mac OS X 10_15_7) AppleWebKit/605.1.15 (KHTML, like Gecko) Version/15.5 Safari/605.1.15" "nobbycosmic.com"
209.141.149.12 - - [09/Sep/2022:10:22:57 -0700] "GET /BabyTalks/BTFBanner1.jpg HTTP/1.1" 200 9524 "https://nobbycosmic.com/BabyTalks/BTList.htm" "Mozilla/5.0 (Macintosh; Intel Mac OS X 10_15_7) AppleWebKit/605.1.15 (KHTML, like Gecko) Version/15.5 Safari/605.1.15" "nobbycosmic.com"
209.141.149.12 - - [09/Sep/2022:10:22:57 -0700] "GET /BabyTalks/Group.jpg HTTP/1.1" 200 54379 "https://nobbycosmic.com/BabyTalks/BTList.htm" "Mozilla/5.0 (Macintosh; Intel Mac OS X 10_15_7) AppleWebKit/605.1.15 (KHTML, like Gecko) Version/15.5 Safari/605.1.15" "nobbycosmic.com"
209.141.149.12 - - [09/Sep/2022:10:22:57 -0700] "GET /BabyTalks/BTFBanner2.jpg HTTP/1.1" 200 4273 "https://nobbycosmic.com/BabyTalks/BTList.htm" "Mozilla/5.0 (Macintosh; Intel Mac OS X 10_15_7) AppleWebKit/605.1.15 (KHTML, like Gecko) Version/15.5 Safari/605.1.15" "nobbycosmic.com"
209.141.149.12 - - [09/Sep/2022:10:22:58 -0700] "GET /BabyTalks/blue_next.gif HTTP/1.1" 200 138 "https://nobbycosmic.com/BabyTalks/BTList.htm" "Mozilla/5.0 (Macintosh; Intel Mac OS X 10_15_7) AppleWebKit/605.1.15 (KHTML, like Gecko) Version/15.5 Safari/605.1.15" "nobbycosmic.com"
209.141.149.12 - - [09/Sep/2022:10:22:58 -0700] "GET /BabyTalks/SakuraMark2.jpg HTTP/1.1" 200 933 "https://nobbycosmic.com/BabyTalks/BTList.htm" "Mozilla/5.0 (Macintosh; Intel Mac OS X 10_15_7) AppleWebKit/605.1.15 (KHTML, like Gecko) Version/15.5 Safari/605.1.15" "nobbycosmic.com"
209.141.149.12 - - [09/Sep/2022:10:22:58 -0700] "GET /BabyTalks/FTFMemberDistChart.jpg HTTP/1.1" 200 61359 "https://nobbycosmic.com/BabyTalks/BTList.htm" "Mozilla/5.0 (Macintosh; Intel Mac OS X 10_15_7) AppleWebKit/605.1.15 (KHTML, like Gecko) Version/15.5 Safari/605.1.15" "nobbycosmic.com"
209.141.149.12 - - [09/Sep/2022:10:22:58 -0700] "GET /favicon.ico HTTP/1.1" 404 88 "https://nobbycosmic.com/BabyTalks/BTList.htm" "Mozilla/5.0 (Macintosh; Intel Mac OS X 10_15_7) AppleWebKit/605.1.15 (KHTML, like Gecko) Version/15.5 Safari/605.1.15" "nobbycosmic.com"
209.141.149.12 - - [09/Sep/2022:10:23:25 -0700] "GET /BabyTalks/FTFMember/MemberLists/FTFMemberListPCD.htm HTTP/1.1" 401 90 "https://nobbycosmic.com/BabyTalks/BTList.htm" "Mozilla/5.0 (Macintosh; Intel Mac OS X 10_15_7) AppleWebKit/605.1.15 (KHTML, like Gecko) Version/15.5 Safari/605.1.15" "nobbycosmic.com"
209.141.149.12 - FTF [09/Sep/2022:10:23:25 -0700] "GET /BabyTalks/FTFMember/MemberLists/FTFMemberListPCD.htm HTTP/1.1" 200 63063 "https://nobbycosmic.com/BabyTalks/BTList.htm" "Mozilla/5.0 (Macintosh; Intel Mac OS X 10_15_7) AppleWebKit/605.1.15 (KHTML, like Gecko) Version/15.5 Safari/605.1.15" "nobbycosmic.com"
216.244.66.200 - - [09/Sep/2022:10:28:39 -0700] "GET /robots.txt HTTP/1.1" 200 61 "-" "Mozilla/5.0 (compatible; DotBot/1.2; +https://opensiteexplorer.org/dotbot; help@moz.com)" "nobbycosmic.com"
216.244.66.200 - - [09/Sep/2022:11:22:54 -0700] "GET /robots.txt HTTP/1.1" 200 61 "-" "Mozilla/5.0 (compatible; DotBot/1.2; +https://opensiteexplorer.org/dotbot; help@moz.com)" "nobbycosmic.com"
174.92.48.19 - - [09/Sep/2022:11:30:33 -0700] "GET /BabyTalks/FTFMember/Money.htm HTTP/1.1" 401 90 "-" "Mozilla/5.0 (Windows NT 10.0; Win64; x64) AppleWebKit/537.36 (KHTML, like Gecko) Chrome/105.0.0.0 Safari/537.36" "nobbycosmic.com"
207.46.13.34 - - [09/Sep/2022:11:31:47 -0700] "GET /Utagoe/Ueno2009/Tomoshibi200910.jpg HTTP/1.1" 200 71655 "-" "Mozilla/5.0 (compatible; bingbot/2.0; +http://www.bing.com/bingbot.htm)" "nobbycosmic.com"
54.36.148.206 - - [09/Sep/2022:11:38:19 -0700] "GET /robots.txt HTTP/1.1" 200 75 "-" "Mozilla/5.0 (compatible; AhrefsBot/7.0; +http://ahrefs.com/robot/)" "nobbycosmic.com"
51.222.253.7 - - [09/Sep/2022:11:38:21 -0700] "GET / HTTP/1.1" 200 3158 "-" "Mozilla/5.0 (compatible; AhrefsBot/7.0; +http://ahrefs.com/robot/)" "nobbycosmic.com"
185.191.171.21 - - [09/Sep/2022:11:56:46 -0700] "GET /robots.txt HTTP/1.1" 200 75 "-" "Mozilla/5.0 (compatible; SemrushBot/7~bl; +http://www.semrush.com/bot.html)" "nobbycosmic.com"
185.191.171.9 - - [09/Sep/2022:11:56:46 -0700] "GET /NJCA/NY12/PicturePages/NYP12.htm HTTP/1.1" 200 1294 "-" "Mozilla/5.0 (compatible; SemrushBot/7~bl; +http://www.semrush.com/bot.html)" "nobbycosmic.com"
216.244.66.200 - - [09/Sep/2022:12:16:59 -0700] "GET /robots.txt HTTP/1.1" 200 61 "-" "Mozilla/5.0 (compatible; DotBot/1.2; +https://opensiteexplorer.org/dotbot; help@moz.com)" "nobbycosmic.com"
216.244.66.200 - - [09/Sep/2022:12:36:28 -0700] "GET /Utagoe/1105.htm HTTP/1.1" 200 13239 "-" "Mozilla/5.0 (compatible; DotBot/1.2; +https://opensiteexplorer.org/dotbot; help@moz.com)" "nobbycosmic.com"
185.183.122.143 - - [09/Sep/2022:12:41:28 -0700] "GET /wp-login.php HTTP/1.1" 404 88 "http://nobbycosmic.com/wp-login.php" "Mozilla/5.0 (Windows NT 10.0; Win64; x64; rv:96.0) Gecko/20100101 Firefox/96" "nobbycosmic.com"
147.92.179.106 - - [09/Sep/2022:12:49:17 -0700] "GET /BabyTalks/BTList.htm HTTP/1.1" 200 10238 "-" "facebookexternalhit/1.1;line-poker/1.0" "nobbycosmic.com"
147.92.179.106 - - [09/Sep/2022:12:49:18 -0700] "GET /BabyTalks/hiyoko.gif HTTP/1.1" 200 10361 "-" "facebookexternalhit/1.1;line-poker/1.0" "nobbycosmic.com"
147.92.179.106 - - [09/Sep/2022:12:49:18 -0700] "GET /BabyTalks/Group.jpg HTTP/1.1" 200 54379 "-" "facebookexternalhit/1.1;line-poker/1.0" "nobbycosmic.com"
147.92.179.106 - - [09/Sep/2022:12:49:18 -0700] "GET /BabyTalks/BTFBanner1.jpg HTTP/1.1" 200 9524 "-" "facebookexternalhit/1.1;line-poker/1.0" "nobbycosmic.com"
147.92.179.106 - - [09/Sep/2022:12:49:18 -0700] "GET /BabyTalks/blue_next.gif HTTP/1.1" 200 138 "-" "facebookexternalhit/1.1;line-poker/1.0" "nobbycosmic.com"
147.92.179.106 - - [09/Sep/2022:12:49:18 -0700] "GET /BabyTalks/BTFBanner2.jpg HTTP/1.1" 200 4273 "-" "facebookexternalhit/1.1;line-poker/1.0" "nobbycosmic.com"
147.92.179.106 - - [09/Sep/2022:12:49:19 -0700] "GET /BabyTalks/SakuraMark2.jpg HTTP/1.1" 200 933 "-" "facebookexternalhit/1.1;line-poker/1.0" "nobbycosmic.com"
147.92.179.106 - - [09/Sep/2022:12:49:19 -0700] "GET /BabyTalks/FTFMemberDistChart.jpg HTTP/1.1" 200 61359 "-" "facebookexternalhit/1.1;line-poker/1.0" "nobbycosmic.com"
147.92.179.106 - - [09/Sep/2022:12:49:21 -0700] "GET /BabyTalks/FTFMemberDistChart.jpg HTTP/1.1" 200 61359 "-" "facebookexternalhit/1.1;line-poker/1.0" "nobbycosmic.com"
147.92.153.7 - - [09/Sep/2022:12:56:09 -0700] "GET / HTTP/1.1" 200 3158 "-" "Mozilla/5.0 (iPhone; CPU iPhone OS 9_1 like Mac OS X) AppleWebKit/601.1.46 (KHTML, like Gecko) Version/9.0 Mobile/13B143 Safari/601.1" "nobbycosmic.com"
147.92.153.12 - - [09/Sep/2022:12:56:16 -0700] "GET / HTTP/1.1" 200 3158 "-" "Mozilla/5.0 (Windows NT 6.1; WOW64) AppleWebKit/537.36 (KHTML, like Gecko) Chrome/52.0.2743.116 Safari/537.36" "nobbycosmic.com"
99.232.48.154 - - [09/Sep/2022:13:10:43 -0700] "GET / HTTP/1.1" 200 3158 "-" "Mozilla/5.0 (iPhone; CPU iPhone OS 15_6_1 like Mac OS X) AppleWebKit/605.1.15 (KHTML, like Gecko) Version/15.6.1 Mobile/15E148 Safari/604.1" "nobbycosmic.com"
216.244.66.200 - - [09/Sep/2022:13:10:56 -0700] "GET /robots.txt HTTP/1.1" 200 61 "-" "Mozilla/5.0 (compatible; DotBot/1.2; +https://opensiteexplorer.org/dotbot; help@moz.com)" "nobbycosmic.com"
141.193.96.243 - - [09/Sep/2022:13:26:03 -0700] "GET / HTTP/1.1" 200 3158 "-" "Mozilla/5.0 (Macintosh; Intel Mac OS X 12_5) AppleWebKit/537.36 (KHTML, like Gecko) Chrome/103.0.0.0 Safari/537.36" "nobbycosmic.com"
142.198.0.164 - - [09/Sep/2022:13:47:32 -0700] "GET /favicon.ico HTTP/1.1" 404 88 "https://nobbycosmic.com/Post/JF202208251.pdf" "Mozilla/5.0 (Windows NT 10.0; Win64; x64) AppleWebKit/537.36 (KHTML, like Gecko) Chrome/100.0.4896.88 Safari/537.36" "nobbycosmic.com"
142.198.0.164 - - [09/Sep/2022:13:47:32 -0700] "GET /Post/JF202208251.pdf HTTP/1.1" 200 16602255 "https://torontonikkeiforum.forumotion.com/" "Mozilla/5.0 (Windows NT 10.0; Win64; x64) AppleWebKit/537.36 (KHTML, like Gecko) Chrome/100.0.4896.88 Safari/537.36" "nobbycosmic.com"
157.55.39.184 - - [09/Sep/2022:13:48:37 -0700] "GET /Post/JF202109022.pdf HTTP/1.1" 304 - "-" "Mozilla/5.0 (compatible; bingbot/2.0; +http://www.bing.com/bingbot.htm)" "nobbycosmic.com"
157.55.39.182 - - [09/Sep/2022:14:02:09 -0700] "GET /Temp/JF20140620.pdf HTTP/1.1" 404 88 "-" "Mozilla/5.0 (compatible; bingbot/2.0; +http://www.bing.com/bingbot.htm)" "nobbycosmic.com"
216.244.66.200 - - [09/Sep/2022:14:02:46 -0700] "GET /robots.txt HTTP/1.1" 200 61 "-" "Mozilla/5.0 (compatible; DotBot/1.2; +https://opensiteexplorer.org/dotbot; help@moz.com)" "nobbycosmic.com"
54.69.52.199 - - [09/Sep/2022:14:25:33 -0700] "GET / HTTP/1.1" 200 3158 "-" "Mozilla/5.0 (X11; Linux x86_64) AppleWebKit/537.36 (KHTML, like Gecko) Chrome/83.0.4103.97 Safari/537.36" "nobbycosmic.com"
52.36.130.204 - - [09/Sep/2022:14:25:34 -0700] "GET / HTTP/1.1" 200 3158 "-" "Mozilla/5.0 (X11; Linux x86_64) AppleWebKit/537.36 (KHTML, like Gecko) Chrome/83.0.4103.97 Safari/537.36" "nobbycosmic.com"
35.91.48.96 - - [09/Sep/2022:14:25:59 -0700] "GET /favicon.ico HTTP/1.1" 404 88 "-" "Mozilla/5.0 (X11; Linux x86_64) AppleWebKit/537.36 (KHTML, like Gecko) Chrome/83.0.4103.97 Safari/537.36" "nobbycosmic.com"
35.91.48.96 - - [09/Sep/2022:14:26:01 -0700] "GET / HTTP/1.1" 200 3158 "-" "Mozilla/5.0 (X11; Linux x86_64) AppleWebKit/537.36 (KHTML, like Gecko) Chrome/83.0.4103.97 Safari/537.36" "nobbycosmic.com"
35.89.109.50 - - [09/Sep/2022:14:28:14 -0700] "GET /favicon.ico HTTP/1.1" 404 88 "http://nobbycosmic.com/favicon.ico" "Mozilla/5.0 (X11; Linux x86_64) AppleWebKit/537.36 (KHTML, like Gecko) Chrome/83.0.4103.97 Safari/537.36" "nobbycosmic.com"
35.89.109.50 - - [09/Sep/2022:14:28:14 -0700] "GET / HTTP/1.1" 200 3158 "http://nobbycosmic.com" "Mozilla/5.0 (X11; Linux x86_64) AppleWebKit/537.36 (KHTML, like Gecko) Chrome/83.0.4103.97 Safari/537.36" "nobbycosmic.com"
54.188.32.61 - - [09/Sep/2022:14:35:34 -0700] "GET / HTTP/1.1" 200 3158 "-" "Mozilla/5.0 (X11; Linux x86_64) AppleWebKit/537.36 (KHTML, like Gecko) Chrome/83.0.4103.97 Safari/537.36" "nobbycosmic.com"
35.92.219.194 - - [09/Sep/2022:14:35:52 -0700] "GET /favicon.ico HTTP/1.1" 404 88 "http://nobbycosmic.com/favicon.ico" "Mozilla/5.0 (X11; Linux x86_64) AppleWebKit/537.36 (KHTML, like Gecko) Chrome/83.0.4103.97 Safari/537.36" "nobbycosmic.com"
35.92.219.194 - - [09/Sep/2022:14:35:56 -0700] "GET / HTTP/1.1" 200 3158 "http://nobbycosmic.com" "Mozilla/5.0 (X11; Linux x86_64) AppleWebKit/537.36 (KHTML, like Gecko) Chrome/83.0.4103.97 Safari/537.36" "nobbycosmic.com"
202.52.48.206 - - [09/Sep/2022:14:45:58 -0700] "GET /vendor/phpunit/phpunit/src/Util/PHP/eval-stdin.php HTTP/1.1" 404 88 "-" "Mozilla/5.0 (Macintosh; Intel Mac OS X 10_10_1) AppleWebKit/537.36 (KHTML, like Gecko) Chrome/39.0.2171.95 Safari/537.36" "nobbycosmic.com"
147.92.179.112 - - [09/Sep/2022:14:48:25 -0700] "GET /BabyTalks/BTList.htm HTTP/1.1" 200 10238 "-" "facebookexternalhit/1.1;line-poker/1.0" "nobbycosmic.com"
147.92.179.112 - - [09/Sep/2022:14:48:26 -0700] "GET /BabyTalks/Group.jpg HTTP/1.1" 200 54379 "-" "facebookexternalhit/1.1;line-poker/1.0" "nobbycosmic.com"
147.92.179.112 - - [09/Sep/2022:14:48:26 -0700] "GET /BabyTalks/hiyoko.gif HTTP/1.1" 200 10361 "-" "facebookexternalhit/1.1;line-poker/1.0" "nobbycosmic.com"
147.92.179.112 - - [09/Sep/2022:14:48:26 -0700] "GET /BabyTalks/BTFBanner1.jpg HTTP/1.1" 200 9524 "-" "facebookexternalhit/1.1;line-poker/1.0" "nobbycosmic.com"
147.92.179.112 - - [09/Sep/2022:14:48:27 -0700] "GET /BabyTalks/BTFBanner2.jpg HTTP/1.1" 200 4273 "-" "facebookexternalhit/1.1;line-poker/1.0" "nobbycosmic.com"
147.92.179.112 - - [09/Sep/2022:14:48:27 -0700] "GET /BabyTalks/blue_next.gif HTTP/1.1" 200 138 "-" "facebookexternalhit/1.1;line-poker/1.0" "nobbycosmic.com"
147.92.179.112 - - [09/Sep/2022:14:48:27 -0700] "GET /BabyTalks/SakuraMark2.jpg HTTP/1.1" 200 933 "-" "facebookexternalhit/1.1;line-poker/1.0" "nobbycosmic.com"
147.92.179.112 - - [09/Sep/2022:14:48:27 -0700] "GET /BabyTalks/FTFMemberDistChart.jpg HTTP/1.1" 200 61359 "-" "facebookexternalhit/1.1;line-poker/1.0" "nobbycosmic.com"
216.244.66.200 - - [09/Sep/2022:14:55:12 -0700] "GET /robots.txt HTTP/1.1" 200 61 "-" "Mozilla/5.0 (compatible; DotBot/1.2; +https://opensiteexplorer.org/dotbot; help@moz.com)" "nobbycosmic.com"
207.46.13.30 - - [09/Sep/2022:15:21:58 -0700] "GET /Homepage/Tickets/Ticket2/TicketA28.jpg HTTP/1.1" 200 21499 "-" "Mozilla/5.0 (compatible; bingbot/2.0; +http://www.bing.com/bingbot.htm)" "nobbycosmic.com"
216.244.66.200 - - [09/Sep/2022:15:47:08 -0700] "GET /robots.txt HTTP/1.1" 200 61 "-" "Mozilla/5.0 (compatible; DotBot/1.2; +https://opensiteexplorer.org/dotbot; help@moz.com)" "nobbycosmic.com"
72.141.58.143 - - [09/Sep/2022:15:51:52 -0700] "GET /BabyTalks/BTList.htm HTTP/1.1" 200 10238 "-" "Mozilla/5.0 (Linux; Android 12; SAMSUNG SM-N975W) AppleWebKit/537.36 (KHTML, like Gecko) SamsungBrowser/18.0 Chrome/99.0.4844.88 Mobile Safari/537.36" "nobbycosmic.com"
72.141.58.143 - - [09/Sep/2022:15:51:53 -0700] "GET /BabyTalks/BTFBanner1.jpg HTTP/1.1" 200 9524 "https://nobbycosmic.com/BabyTalks/BTList.htm" "Mozilla/5.0 (Linux; Android 12; SAMSUNG SM-N975W) AppleWebKit/537.36 (KHTML, like Gecko) SamsungBrowser/18.0 Chrome/99.0.4844.88 Mobile Safari/537.36" "nobbycosmic.com"
72.141.58.143 - - [09/Sep/2022:15:51:53 -0700] "GET /BabyTalks/hiyoko.gif HTTP/1.1" 200 10361 "https://nobbycosmic.com/BabyTalks/BTList.htm" "Mozilla/5.0 (Linux; Android 12; SAMSUNG SM-N975W) AppleWebKit/537.36 (KHTML, like Gecko) SamsungBrowser/18.0 Chrome/99.0.4844.88 Mobile Safari/537.36" "nobbycosmic.com"
72.141.58.143 - - [09/Sep/2022:15:51:53 -0700] "GET /BabyTalks/Group.jpg HTTP/1.1" 200 54379 "https://nobbycosmic.com/BabyTalks/BTList.htm" "Mozilla/5.0 (Linux; Android 12; SAMSUNG SM-N975W) AppleWebKit/537.36 (KHTML, like Gecko) SamsungBrowser/18.0 Chrome/99.0.4844.88 Mobile Safari/537.36" "nobbycosmic.com"
72.141.58.143 - - [09/Sep/2022:15:51:53 -0700] "GET /BabyTalks/BTFBanner2.jpg HTTP/1.1" 200 4273 "https://nobbycosmic.com/BabyTalks/BTList.htm" "Mozilla/5.0 (Linux; Android 12; SAMSUNG SM-N975W) AppleWebKit/537.36 (KHTML, like Gecko) SamsungBrowser/18.0 Chrome/99.0.4844.88 Mobile Safari/537.36" "nobbycosmic.com"
72.141.58.143 - - [09/Sep/2022:15:51:53 -0700] "GET /BabyTalks/SakuraMark2.jpg HTTP/1.1" 200 933 "https://nobbycosmic.com/BabyTalks/BTList.htm" "Mozilla/5.0 (Linux; Android 12; SAMSUNG SM-N975W) AppleWebKit/537.36 (KHTML, like Gecko) SamsungBrowser/18.0 Chrome/99.0.4844.88 Mobile Safari/537.36" "nobbycosmic.com"
72.141.58.143 - - [09/Sep/2022:15:51:53 -0700] "GET /BabyTalks/blue_next.gif HTTP/1.1" 200 138 "https://nobbycosmic.com/BabyTalks/BTList.htm" "Mozilla/5.0 (Linux; Android 12; SAMSUNG SM-N975W) AppleWebKit/537.36 (KHTML, like Gecko) SamsungBrowser/18.0 Chrome/99.0.4844.88 Mobile Safari/537.36" "nobbycosmic.com"
72.141.58.143 - - [09/Sep/2022:15:51:53 -0700] "GET /BabyTalks/FTFMemberDistChart.jpg HTTP/1.1" 200 61359 "https://nobbycosmic.com/BabyTalks/BTList.htm" "Mozilla/5.0 (Linux; Android 12; SAMSUNG SM-N975W) AppleWebKit/537.36 (KHTML, like Gecko) SamsungBrowser/18.0 Chrome/99.0.4844.88 Mobile Safari/537.36" "nobbycosmic.com"
