164.177.0.65 - - [07/Sep/2022:20:23:48 -0700] "GET / HTTP/1.1" 200 3158 "-" "Mozilla/5.0 (Windows NT 10.0; Win64; x64) AppleWebKit/537.36 (KHTML, like Gecko) Chrome/85.0.4183.121 Safari/537.36" "nobbycosmic.com"
164.177.0.65 - - [07/Sep/2022:20:23:48 -0700] "GET /contact_us HTTP/1.1" 200 6311 "-" "Mozilla/5.0 (Windows NT 10.0; Win64; x64) AppleWebKit/537.36 (KHTML, like Gecko) Chrome/85.0.4183.121 Safari/537.36" "nobbycosmic.com"
174.88.173.49 - - [07/Sep/2022:20:24:56 -0700] "GET /favicon.ico HTTP/1.1" 404 88 "-" "LINE/12.13.0 (iPhone; iOS 15.6.1; Scale/2.00)" "nobbycosmic.com"
136.243.214.242 - - [07/Sep/2022:20:26:33 -0700] "GET / HTTP/1.1" 200 3158 "http://nobbycosmic.com/" "Mozilla/5.0 (Macintosh; Intel Mac OS X 10.11; rv:51.0) Gecko/20100101 Firefox/51.0" "nobbycosmic.com"
40.77.167.96 - - [07/Sep/2022:20:40:07 -0700] "GET /robots.txt HTTP/1.1" 200 75 "-" "Mozilla/5.0 (compatible; bingbot/2.0; +http://www.bing.com/bingbot.htm)" "nobbycosmic.com"
207.46.13.34 - - [07/Sep/2022:20:40:15 -0700] "GET /Homepage/Tickets/Ticket2/Ticket216.jpg HTTP/1.1" 200 22346 "-" "Mozilla/5.0 (compatible; bingbot/2.0; +http://www.bing.com/bingbot.htm)" "nobbycosmic.com"
157.55.39.182 - - [07/Sep/2022:20:46:11 -0700] "GET /Utagoe/2013Summer/2013Utagoe085.jpg HTTP/1.1" 200 49632 "-" "Mozilla/5.0 (compatible; bingbot/2.0; +http://www.bing.com/bingbot.htm)" "nobbycosmic.com"
52.229.99.157 - - [07/Sep/2022:20:58:07 -0700] "GET /Post/JF202208251.pdf HTTP/1.1" 200 16602255 "-" "Mozilla/5.0 (Windows NT 10.0; Win64; x64) AppleWebKit/537.36 (KHTML, like Gecko) Chrome/102.0.5005.63 Safari/537.36" "nobbycosmic.com"
216.244.66.200 - - [07/Sep/2022:21:10:17 -0700] "GET /robots.txt HTTP/1.1" 200 61 "-" "Mozilla/5.0 (compatible; DotBot/1.2; +https://opensiteexplorer.org/dotbot; help@moz.com)" "nobbycosmic.com"
185.191.171.35 - - [07/Sep/2022:23:09:54 -0700] "GET /robots.txt HTTP/1.1" 200 75 "-" "Mozilla/5.0 (compatible; SemrushBot/7~bl; +http://www.semrush.com/bot.html)" "nobbycosmic.com"
185.191.171.1 - - [07/Sep/2022:23:09:56 -0700] "GET /Utagoe/2013Spring/utagoe201305.htm HTTP/1.1" 200 2253 "-" "Mozilla/5.0 (compatible; SemrushBot/7~bl; +http://www.semrush.com/bot.html)" "nobbycosmic.com"
216.244.66.200 - - [07/Sep/2022:23:43:16 -0700] "GET /robots.txt HTTP/1.1" 200 61 "-" "Mozilla/5.0 (compatible; DotBot/1.2; +https://opensiteexplorer.org/dotbot; help@moz.com)" "nobbycosmic.com"
216.244.66.200 - - [08/Sep/2022:00:34:16 -0700] "GET /robots.txt HTTP/1.1" 200 61 "-" "Mozilla/5.0 (compatible; DotBot/1.2; +https://opensiteexplorer.org/dotbot; help@moz.com)" "nobbycosmic.com"
216.244.66.200 - - [08/Sep/2022:01:23:46 -0700] "GET /robots.txt HTTP/1.1" 200 61 "-" "Mozilla/5.0 (compatible; DotBot/1.2; +https://opensiteexplorer.org/dotbot; help@moz.com)" "nobbycosmic.com"
185.191.171.17 - - [08/Sep/2022:01:26:43 -0700] "GET /robots.txt HTTP/1.1" 200 75 "-" "Mozilla/5.0 (compatible; SemrushBot/7~bl; +http://www.semrush.com/bot.html)" "nobbycosmic.com"
185.191.171.35 - - [08/Sep/2022:01:26:46 -0700] "GET /BTF/JLES/JLES200911.htm HTTP/1.1" 404 88 "-" "Mozilla/5.0 (compatible; SemrushBot/7~bl; +http://www.semrush.com/bot.html)" "nobbycosmic.com"
206.189.44.121 - - [08/Sep/2022:01:59:48 -0700] "GET / HTTP/1.1" 200 10838 "-" "Mozilla/5.0 (Windows NT 10.0; Win64; x64) AppleWebKit/537.36 (KHTML, like Gecko) Chrome/80.0.3987.149 Safari/537.36" "nobbycosmic.com"
206.189.44.121 - - [08/Sep/2022:01:59:49 -0700] "GET //wp-includes/wlwmanifest.xml HTTP/1.1" 404 73 "-" "Mozilla/5.0 (Windows NT 10.0; Win64; x64) AppleWebKit/537.36 (KHTML, like Gecko) Chrome/80.0.3987.149 Safari/537.36" "nobbycosmic.com"
206.189.44.121 - - [08/Sep/2022:01:59:51 -0700] "GET / HTTP/1.1" 200 10838 "-" "Mozilla/5.0 (Windows NT 10.0; Win64; x64) AppleWebKit/537.36 (KHTML, like Gecko) Chrome/80.0.3987.149 Safari/537.36" "nobbycosmic.com"
206.189.44.121 - - [08/Sep/2022:01:59:52 -0700] "GET //blog/wp-includes/wlwmanifest.xml HTTP/1.1" 404 73 "-" "Mozilla/5.0 (Windows NT 10.0; Win64; x64) AppleWebKit/537.36 (KHTML, like Gecko) Chrome/80.0.3987.149 Safari/537.36" "nobbycosmic.com"
206.189.44.121 - - [08/Sep/2022:01:59:53 -0700] "GET //web/wp-includes/wlwmanifest.xml HTTP/1.1" 404 73 "-" "Mozilla/5.0 (Windows NT 10.0; Win64; x64) AppleWebKit/537.36 (KHTML, like Gecko) Chrome/80.0.3987.149 Safari/537.36" "nobbycosmic.com"
206.189.44.121 - - [08/Sep/2022:01:59:54 -0700] "GET //wordpress/wp-includes/wlwmanifest.xml HTTP/1.1" 404 73 "-" "Mozilla/5.0 (Windows NT 10.0; Win64; x64) AppleWebKit/537.36 (KHTML, like Gecko) Chrome/80.0.3987.149 Safari/537.36" "nobbycosmic.com"
206.189.44.121 - - [08/Sep/2022:01:59:55 -0700] "GET //website/wp-includes/wlwmanifest.xml HTTP/1.1" 404 73 "-" "Mozilla/5.0 (Windows NT 10.0; Win64; x64) AppleWebKit/537.36 (KHTML, like Gecko) Chrome/80.0.3987.149 Safari/537.36" "nobbycosmic.com"
206.189.44.121 - - [08/Sep/2022:01:59:56 -0700] "GET //wp/wp-includes/wlwmanifest.xml HTTP/1.1" 404 73 "-" "Mozilla/5.0 (Windows NT 10.0; Win64; x64) AppleWebKit/537.36 (KHTML, like Gecko) Chrome/80.0.3987.149 Safari/537.36" "nobbycosmic.com"
206.189.44.121 - - [08/Sep/2022:01:59:57 -0700] "GET //news/wp-includes/wlwmanifest.xml HTTP/1.1" 404 73 "-" "Mozilla/5.0 (Windows NT 10.0; Win64; x64) AppleWebKit/537.36 (KHTML, like Gecko) Chrome/80.0.3987.149 Safari/537.36" "nobbycosmic.com"
206.189.44.121 - - [08/Sep/2022:01:59:58 -0700] "GET //2018/wp-includes/wlwmanifest.xml HTTP/1.1" 404 73 "-" "Mozilla/5.0 (Windows NT 10.0; Win64; x64) AppleWebKit/537.36 (KHTML, like Gecko) Chrome/80.0.3987.149 Safari/537.36" "nobbycosmic.com"
206.189.44.121 - - [08/Sep/2022:01:59:59 -0700] "GET //2019/wp-includes/wlwmanifest.xml HTTP/1.1" 404 73 "-" "Mozilla/5.0 (Windows NT 10.0; Win64; x64) AppleWebKit/537.36 (KHTML, like Gecko) Chrome/80.0.3987.149 Safari/537.36" "nobbycosmic.com"
206.189.44.121 - - [08/Sep/2022:02:00:00 -0700] "GET //shop/wp-includes/wlwmanifest.xml HTTP/1.1" 404 73 "-" "Mozilla/5.0 (Windows NT 10.0; Win64; x64) AppleWebKit/537.36 (KHTML, like Gecko) Chrome/80.0.3987.149 Safari/537.36" "nobbycosmic.com"
206.189.44.121 - - [08/Sep/2022:02:00:01 -0700] "GET //wp1/wp-includes/wlwmanifest.xml HTTP/1.1" 404 73 "-" "Mozilla/5.0 (Windows NT 10.0; Win64; x64) AppleWebKit/537.36 (KHTML, like Gecko) Chrome/80.0.3987.149 Safari/537.36" "nobbycosmic.com"
206.189.44.121 - - [08/Sep/2022:02:00:01 -0700] "GET //test/wp-includes/wlwmanifest.xml HTTP/1.1" 404 73 "-" "Mozilla/5.0 (Windows NT 10.0; Win64; x64) AppleWebKit/537.36 (KHTML, like Gecko) Chrome/80.0.3987.149 Safari/537.36" "nobbycosmic.com"
206.189.44.121 - - [08/Sep/2022:02:00:02 -0700] "GET //media/wp-includes/wlwmanifest.xml HTTP/1.1" 404 73 "-" "Mozilla/5.0 (Windows NT 10.0; Win64; x64) AppleWebKit/537.36 (KHTML, like Gecko) Chrome/80.0.3987.149 Safari/537.36" "nobbycosmic.com"
206.189.44.121 - - [08/Sep/2022:02:00:03 -0700] "GET //wp2/wp-includes/wlwmanifest.xml HTTP/1.1" 404 73 "-" "Mozilla/5.0 (Windows NT 10.0; Win64; x64) AppleWebKit/537.36 (KHTML, like Gecko) Chrome/80.0.3987.149 Safari/537.36" "nobbycosmic.com"
206.189.44.121 - - [08/Sep/2022:02:00:04 -0700] "GET //site/wp-includes/wlwmanifest.xml HTTP/1.1" 404 73 "-" "Mozilla/5.0 (Windows NT 10.0; Win64; x64) AppleWebKit/537.36 (KHTML, like Gecko) Chrome/80.0.3987.149 Safari/537.36" "nobbycosmic.com"
206.189.44.121 - - [08/Sep/2022:02:00:05 -0700] "GET //cms/wp-includes/wlwmanifest.xml HTTP/1.1" 404 73 "-" "Mozilla/5.0 (Windows NT 10.0; Win64; x64) AppleWebKit/537.36 (KHTML, like Gecko) Chrome/80.0.3987.149 Safari/537.36" "nobbycosmic.com"
206.189.44.121 - - [08/Sep/2022:02:00:06 -0700] "GET //sito/wp-includes/wlwmanifest.xml HTTP/1.1" 404 73 "-" "Mozilla/5.0 (Windows NT 10.0; Win64; x64) AppleWebKit/537.36 (KHTML, like Gecko) Chrome/80.0.3987.149 Safari/537.36" "nobbycosmic.com"
157.55.39.182 - - [08/Sep/2022:02:09:01 -0700] "GET /Post/JF20200214.pdf HTTP/1.1" 404 88 "-" "Mozilla/5.0 (compatible; bingbot/2.0; +http://www.bing.com/bingbot.htm)" "nobbycosmic.com"
216.244.66.200 - - [08/Sep/2022:02:15:06 -0700] "GET /robots.txt HTTP/1.1" 200 61 "-" "Mozilla/5.0 (compatible; DotBot/1.2; +https://opensiteexplorer.org/dotbot; help@moz.com)" "nobbycosmic.com"
185.191.171.37 - - [08/Sep/2022:02:15:09 -0700] "GET /Utagoe/2014Spring/utagoe201405.htm HTTP/1.1" 200 3411 "-" "Mozilla/5.0 (compatible; SemrushBot/7~bl; +http://www.semrush.com/bot.html)" "nobbycosmic.com"
24.226.119.216 - - [08/Sep/2022:02:18:37 -0700] "GET /Temp/JF20171201.pdf HTTP/1.1" 404 88 "-" "Mozilla/5.0 (Linux; Android 12; SM-G973W) AppleWebKit/537.36 (KHTML, like Gecko) Chrome/104.0.0.0 Mobile Safari/537.36" "nobbycosmic.com"
24.226.119.216 - - [08/Sep/2022:02:18:37 -0700] "GET /favicon.ico HTTP/1.1" 404 88 "https://nobbycosmic.com/Temp/JF20171201.pdf" "Mozilla/5.0 (Linux; Android 12; SM-G973W) AppleWebKit/537.36 (KHTML, like Gecko) Chrome/104.0.0.0 Mobile Safari/537.36" "nobbycosmic.com"
54.36.149.11 - - [08/Sep/2022:02:38:25 -0700] "GET /robots.txt HTTP/1.1" 200 75 "-" "Mozilla/5.0 (compatible; AhrefsBot/7.0; +http://ahrefs.com/robot/)" "nobbycosmic.com"
38.242.144.253 - - [08/Sep/2022:02:45:20 -0700] "GET / HTTP/1.1" 200 3158 "-" "Mozilla/5.0 (X11; OpenBSD i386) AppleWebKit/537.36 (KHTML, like Gecko) Chrome/36.0.1985.125 Safari/537.36" "nobbycosmic.com"
157.55.39.183 - - [08/Sep/2022:02:57:05 -0700] "GET /NJCA/BBQ10/JCCCFloorBBQ2010.pdf HTTP/1.1" 200 202551 "-" "Mozilla/5.0 (compatible; bingbot/2.0; +http://www.bing.com/bingbot.htm)" "nobbycosmic.com"
207.46.13.34 - - [08/Sep/2022:02:58:41 -0700] "GET /Utagoe/2017Spring/?C=N;O=D HTTP/1.1" 200 522 "-" "Mozilla/5.0 (compatible; bingbot/2.0; +http://www.bing.com/bingbot.htm)" "nobbycosmic.com"
216.244.66.200 - - [08/Sep/2022:03:06:14 -0700] "GET /robots.txt HTTP/1.1" 200 61 "-" "Mozilla/5.0 (compatible; DotBot/1.2; +https://opensiteexplorer.org/dotbot; help@moz.com)" "nobbycosmic.com"
42.236.10.116 - - [08/Sep/2022:03:18:05 -0700] "GET / HTTP/1.1" 200 3158 "https://nobbycosmic.com/" "Mozilla/5.0 (Windows NT 6.1; WOW64) AppleWebKit/537.36 (KHTML, like Gecko) Chrome/50.0.2661.102 Safari/537.36; 360Spider" "nobbycosmic.com"
42.236.10.90 - - [08/Sep/2022:03:18:53 -0700] "GET / HTTP/1.1" 200 3158 "https://nobbycosmic.com/" "Mozilla/5.0 (Windows NT 6.1; WOW64) AppleWebKit/537.36 (KHTML, like Gecko) Chrome/50.0.2661.102 Safari/537.36; 360Spider" "nobbycosmic.com"
42.236.10.69 - - [08/Sep/2022:03:42:36 -0700] "GET / HTTP/1.1" 200 3158 "https://www.nobbycosmic.com/" "Mozilla/5.0 (Windows NT 6.1; WOW64) AppleWebKit/537.36 (KHTML, like Gecko) Chrome/50.0.2661.102 Safari/537.36; 360Spider" "www.nobbycosmic.com"
42.236.10.76 - - [08/Sep/2022:03:45:22 -0700] "GET / HTTP/1.1" 200 3158 "https://www.nobbycosmic.com/" "Mozilla/5.0 (Windows NT 6.1; WOW64) AppleWebKit/537.36 (KHTML, like Gecko) Chrome/50.0.2661.102 Safari/537.36; 360Spider" "www.nobbycosmic.com"
216.244.66.200 - - [08/Sep/2022:03:57:10 -0700] "GET /robots.txt HTTP/1.1" 200 61 "-" "Mozilla/5.0 (compatible; DotBot/1.2; +https://opensiteexplorer.org/dotbot; help@moz.com)" "nobbycosmic.com"
114.119.128.26 - - [08/Sep/2022:04:08:16 -0700] "GET /NJCA/BBQ08/Pictures?C=N%3BO%3DD HTTP/1.1" 301 1439 "https://nobbycosmic.com/NJCA/BBQ08/Pictures?C=S%3BO%3DA" "Mozilla/5.0 (Linux; Android 7.0;) AppleWebKit/537.36 (KHTML, like Gecko) Mobile Safari/537.36 (compatible; PetalBot;+https://webmaster.petalsearch.com/site/petalbot)" "nobbycosmic.com"
114.119.128.26 - - [08/Sep/2022:04:08:17 -0700] "GET /NJCA/BBQ08/Pictures/?C=N%3BO%3DD HTTP/1.1" 200 774 "https://nobbycosmic.com/NJCA/BBQ08/Pictures?C=S%3BO%3DA" "Mozilla/5.0 (Linux; Android 7.0;) AppleWebKit/537.36 (KHTML, like Gecko) Mobile Safari/537.36 (compatible; PetalBot;+https://webmaster.petalsearch.com/site/petalbot)" "nobbycosmic.com"
54.36.148.171 - - [08/Sep/2022:04:09:46 -0700] "GET /robots.txt HTTP/1.1" 200 75 "-" "Mozilla/5.0 (compatible; AhrefsBot/7.0; +http://ahrefs.com/robot/)" "nobbycosmic.com"
51.222.253.19 - - [08/Sep/2022:04:09:47 -0700] "GET / HTTP/1.1" 200 3158 "-" "Mozilla/5.0 (compatible; AhrefsBot/7.0; +http://ahrefs.com/robot/)" "nobbycosmic.com"
157.55.39.182 - - [08/Sep/2022:04:27:55 -0700] "GET /BabyTalks/BTList.htm HTTP/1.1" 200 10238 "-" "Mozilla/5.0 (compatible; bingbot/2.0; +http://www.bing.com/bingbot.htm)" "nobbycosmic.com"
162.248.160.43 - - [08/Sep/2022:04:31:36 -0700] "GET /wp-includes/js/quicktags.js HTTP/1.1" 404 73 "-" "Mozilla/5.0 (Windows; U; Windows NT 6.1; en-US; rv:1.9.1.6) Gecko/20091201 Firefox/3.5.6" "nobbycosmic.com"
216.244.66.200 - - [08/Sep/2022:04:46:17 -0700] "GET /robots.txt HTTP/1.1" 200 61 "-" "Mozilla/5.0 (compatible; DotBot/1.2; +https://opensiteexplorer.org/dotbot; help@moz.com)" "nobbycosmic.com"
65.93.221.51 - - [08/Sep/2022:04:56:56 -0700] "GET /BabyTalks/BTList.htm HTTP/1.1" 200 10238 "-" "Mozilla/5.0 (iPad; CPU OS 15_6_1 like Mac OS X) AppleWebKit/605.1.15 (KHTML, like Gecko) Mobile/15E148 Instagram 251.0.0.7.107 (iPad7,12; iPadOS 15_6_1; en_CA; en-CA; scale=2.00; 750x1334; 394980221) NW/3" "nobbycosmic.com"
65.93.221.51 - - [08/Sep/2022:04:56:56 -0700] "GET /BabyTalks/hiyoko.gif HTTP/1.1" 304 - "https://nobbycosmic.com/BabyTalks/BTList.htm" "Mozilla/5.0 (iPad; CPU OS 15_6_1 like Mac OS X) AppleWebKit/605.1.15 (KHTML, like Gecko) Mobile/15E148 Instagram 251.0.0.7.107 (iPad7,12; iPadOS 15_6_1; en_CA; en-CA; scale=2.00; 750x1334; 394980221) NW/3" "nobbycosmic.com"
65.93.221.51 - - [08/Sep/2022:04:56:56 -0700] "GET /BabyTalks/blue_next.gif HTTP/1.1" 304 - "https://nobbycosmic.com/BabyTalks/BTList.htm" "Mozilla/5.0 (iPad; CPU OS 15_6_1 like Mac OS X) AppleWebKit/605.1.15 (KHTML, like Gecko) Mobile/15E148 Instagram 251.0.0.7.107 (iPad7,12; iPadOS 15_6_1; en_CA; en-CA; scale=2.00; 750x1334; 394980221) NW/3" "nobbycosmic.com"
65.93.221.51 - - [08/Sep/2022:04:56:57 -0700] "GET /BabyTalks/BTFBanner1.jpg HTTP/1.1" 304 - "https://nobbycosmic.com/BabyTalks/BTList.htm" "Mozilla/5.0 (iPad; CPU OS 15_6_1 like Mac OS X) AppleWebKit/605.1.15 (KHTML, like Gecko) Mobile/15E148 Instagram 251.0.0.7.107 (iPad7,12; iPadOS 15_6_1; en_CA; en-CA; scale=2.00; 750x1334; 394980221) NW/3" "nobbycosmic.com"
65.93.221.51 - - [08/Sep/2022:04:56:57 -0700] "GET /BabyTalks/BTFBanner2.jpg HTTP/1.1" 304 - "https://nobbycosmic.com/BabyTalks/BTList.htm" "Mozilla/5.0 (iPad; CPU OS 15_6_1 like Mac OS X) AppleWebKit/605.1.15 (KHTML, like Gecko) Mobile/15E148 Instagram 251.0.0.7.107 (iPad7,12; iPadOS 15_6_1; en_CA; en-CA; scale=2.00; 750x1334; 394980221) NW/3" "nobbycosmic.com"
65.93.221.51 - - [08/Sep/2022:04:56:57 -0700] "GET /BabyTalks/SakuraMark2.jpg HTTP/1.1" 304 - "https://nobbycosmic.com/BabyTalks/BTList.htm" "Mozilla/5.0 (iPad; CPU OS 15_6_1 like Mac OS X) AppleWebKit/605.1.15 (KHTML, like Gecko) Mobile/15E148 Instagram 251.0.0.7.107 (iPad7,12; iPadOS 15_6_1; en_CA; en-CA; scale=2.00; 750x1334; 394980221) NW/3" "nobbycosmic.com"
65.93.221.51 - - [08/Sep/2022:04:56:57 -0700] "GET /BabyTalks/FTFMemberDistChart.jpg HTTP/1.1" 304 - "https://nobbycosmic.com/BabyTalks/BTList.htm" "Mozilla/5.0 (iPad; CPU OS 15_6_1 like Mac OS X) AppleWebKit/605.1.15 (KHTML, like Gecko) Mobile/15E148 Instagram 251.0.0.7.107 (iPad7,12; iPadOS 15_6_1; en_CA; en-CA; scale=2.00; 750x1334; 394980221) NW/3" "nobbycosmic.com"
65.93.221.51 - - [08/Sep/2022:04:56:57 -0700] "GET /BabyTalks/Group.jpg HTTP/1.1" 304 - "https://nobbycosmic.com/BabyTalks/BTList.htm" "Mozilla/5.0 (iPad; CPU OS 15_6_1 like Mac OS X) AppleWebKit/605.1.15 (KHTML, like Gecko) Mobile/15E148 Instagram 251.0.0.7.107 (iPad7,12; iPadOS 15_6_1; en_CA; en-CA; scale=2.00; 750x1334; 394980221) NW/3" "nobbycosmic.com"
157.55.39.183 - - [08/Sep/2022:05:12:17 -0700] "GET /Post/JF202102041.pdf HTTP/1.1" 404 88 "-" "Mozilla/5.0 (compatible; bingbot/2.0; +http://www.bing.com/bingbot.htm)" "nobbycosmic.com"
157.55.39.183 - - [08/Sep/2022:05:24:59 -0700] "GET /post/jss202208281.pdf HTTP/1.1" 404 88 "-" "Mozilla/5.0 (compatible; bingbot/2.0; +http://www.bing.com/bingbot.htm)" "nobbycosmic.com"
114.119.128.253 - - [08/Sep/2022:05:29:01 -0700] "GET /NJCA/BBQ10?D=A HTTP/1.1" 301 1422 "https://nobbycosmic.com/NJCA/BBQ10?S=D" "Mozilla/5.0 (Linux; Android 7.0;) AppleWebKit/537.36 (KHTML, like Gecko) Mobile Safari/537.36 (compatible; PetalBot;+https://webmaster.petalsearch.com/site/petalbot)" "nobbycosmic.com"
114.119.128.253 - - [08/Sep/2022:05:29:02 -0700] "GET /NJCA/BBQ10/?D=A HTTP/1.1" 200 1589 "https://nobbycosmic.com/NJCA/BBQ10?S=D" "Mozilla/5.0 (Linux; Android 7.0;) AppleWebKit/537.36 (KHTML, like Gecko) Mobile Safari/537.36 (compatible; PetalBot;+https://webmaster.petalsearch.com/site/petalbot)" "nobbycosmic.com"
216.244.66.200 - - [08/Sep/2022:05:37:35 -0700] "GET /robots.txt HTTP/1.1" 200 61 "-" "Mozilla/5.0 (compatible; DotBot/1.2; +https://opensiteexplorer.org/dotbot; help@moz.com)" "nobbycosmic.com"
157.55.39.184 - - [08/Sep/2022:06:21:47 -0700] "GET /post/jf202208251.pdf HTTP/1.1" 404 88 "-" "Mozilla/5.0 (compatible; bingbot/2.0; +http://www.bing.com/bingbot.htm)" "nobbycosmic.com"
216.244.66.200 - - [08/Sep/2022:06:27:58 -0700] "GET /robots.txt HTTP/1.1" 200 61 "-" "Mozilla/5.0 (compatible; DotBot/1.2; +https://opensiteexplorer.org/dotbot; help@moz.com)" "nobbycosmic.com"
216.244.66.200 - - [08/Sep/2022:07:18:26 -0700] "GET /robots.txt HTTP/1.1" 200 61 "-" "Mozilla/5.0 (compatible; DotBot/1.2; +https://opensiteexplorer.org/dotbot; help@moz.com)" "nobbycosmic.com"
157.55.39.183 - - [08/Sep/2022:07:20:30 -0700] "GET /post/jss202208281.pdf HTTP/1.1" 404 88 "-" "Mozilla/5.0 (compatible; bingbot/2.0; +http://www.bing.com/bingbot.htm)" "nobbycosmic.com"
51.222.253.11 - - [08/Sep/2022:07:42:47 -0700] "GET /robots.txt HTTP/1.1" 200 75 "-" "Mozilla/5.0 (compatible; AhrefsBot/7.0; +http://ahrefs.com/robot/)" "www.nobbycosmic.com"
51.222.253.8 - - [08/Sep/2022:07:42:48 -0700] "GET / HTTP/1.1" 200 3158 "-" "Mozilla/5.0 (compatible; AhrefsBot/7.0; +http://ahrefs.com/robot/)" "www.nobbycosmic.com"
216.154.0.203 - - [08/Sep/2022:07:44:31 -0700] "GET /BabyTalks/BTFLeaf.pdf HTTP/1.1" 200 187997 "https://www.google.com/" "Mozilla/5.0 (Macintosh; Intel Mac OS X 10_14_6) AppleWebKit/537.36 (KHTML, like Gecko) Chrome/105.0.0.0 Safari/537.36" "nobbycosmic.com"
216.154.0.203 - - [08/Sep/2022:07:44:32 -0700] "GET /favicon.ico HTTP/1.1" 404 88 "https://nobbycosmic.com/BabyTalks/BTFLeaf.pdf" "Mozilla/5.0 (Macintosh; Intel Mac OS X 10_14_6) AppleWebKit/537.36 (KHTML, like Gecko) Chrome/105.0.0.0 Safari/537.36" "nobbycosmic.com"
216.154.0.203 - - [08/Sep/2022:07:48:03 -0700] "GET /BabyTalks/BTList.htm HTTP/1.1" 200 10238 "http://www.e-maple.net/" "Mozilla/5.0 (Macintosh; Intel Mac OS X 10_14_6) AppleWebKit/537.36 (KHTML, like Gecko) Chrome/105.0.0.0 Safari/537.36" "nobbycosmic.com"
216.154.0.203 - - [08/Sep/2022:07:48:03 -0700] "GET /BabyTalks/BTFBanner1.jpg HTTP/1.1" 200 9524 "https://nobbycosmic.com/BabyTalks/BTList.htm" "Mozilla/5.0 (Macintosh; Intel Mac OS X 10_14_6) AppleWebKit/537.36 (KHTML, like Gecko) Chrome/105.0.0.0 Safari/537.36" "nobbycosmic.com"
216.154.0.203 - - [08/Sep/2022:07:48:03 -0700] "GET /BabyTalks/hiyoko.gif HTTP/1.1" 200 10361 "https://nobbycosmic.com/BabyTalks/BTList.htm" "Mozilla/5.0 (Macintosh; Intel Mac OS X 10_14_6) AppleWebKit/537.36 (KHTML, like Gecko) Chrome/105.0.0.0 Safari/537.36" "nobbycosmic.com"
216.154.0.203 - - [08/Sep/2022:07:48:03 -0700] "GET /BabyTalks/Group.jpg HTTP/1.1" 200 54379 "https://nobbycosmic.com/BabyTalks/BTList.htm" "Mozilla/5.0 (Macintosh; Intel Mac OS X 10_14_6) AppleWebKit/537.36 (KHTML, like Gecko) Chrome/105.0.0.0 Safari/537.36" "nobbycosmic.com"
216.154.0.203 - - [08/Sep/2022:07:48:03 -0700] "GET /BabyTalks/blue_next.gif HTTP/1.1" 200 138 "https://nobbycosmic.com/BabyTalks/BTList.htm" "Mozilla/5.0 (Macintosh; Intel Mac OS X 10_14_6) AppleWebKit/537.36 (KHTML, like Gecko) Chrome/105.0.0.0 Safari/537.36" "nobbycosmic.com"
216.154.0.203 - - [08/Sep/2022:07:48:03 -0700] "GET /BabyTalks/BTFBanner2.jpg HTTP/1.1" 200 4273 "https://nobbycosmic.com/BabyTalks/BTList.htm" "Mozilla/5.0 (Macintosh; Intel Mac OS X 10_14_6) AppleWebKit/537.36 (KHTML, like Gecko) Chrome/105.0.0.0 Safari/537.36" "nobbycosmic.com"
216.154.0.203 - - [08/Sep/2022:07:48:03 -0700] "GET /BabyTalks/SakuraMark2.jpg HTTP/1.1" 200 933 "https://nobbycosmic.com/BabyTalks/BTList.htm" "Mozilla/5.0 (Macintosh; Intel Mac OS X 10_14_6) AppleWebKit/537.36 (KHTML, like Gecko) Chrome/105.0.0.0 Safari/537.36" "nobbycosmic.com"
216.154.0.203 - - [08/Sep/2022:07:48:03 -0700] "GET /BabyTalks/FTFMemberDistChart.jpg HTTP/1.1" 200 61359 "https://nobbycosmic.com/BabyTalks/BTList.htm" "Mozilla/5.0 (Macintosh; Intel Mac OS X 10_14_6) AppleWebKit/537.36 (KHTML, like Gecko) Chrome/105.0.0.0 Safari/537.36" "nobbycosmic.com"
157.55.39.182 - - [08/Sep/2022:07:51:02 -0700] "GET /BabyTalks/BTList.htm HTTP/1.1" 200 10238 "-" "Mozilla/5.0 (Windows NT 6.1; WOW64) AppleWebKit/534+ (KHTML, like Gecko) BingPreview/1.0b" "nobbycosmic.com"
24.114.71.246 - - [08/Sep/2022:07:52:46 -0700] "GET /BabyTalks/BTList.htm HTTP/1.1" 200 10238 "-" "Mozilla/5.0 (Windows NT 10.0; Win64; x64) AppleWebKit/537.36 (KHTML, like Gecko) Chrome/104.0.0.0 Safari/537.36" "nobbycosmic.com"
24.114.71.246 - - [08/Sep/2022:07:52:46 -0700] "GET /BabyTalks/Group.jpg HTTP/1.1" 200 54379 "https://nobbycosmic.com/BabyTalks/BTList.htm" "Mozilla/5.0 (Windows NT 10.0; Win64; x64) AppleWebKit/537.36 (KHTML, like Gecko) Chrome/104.0.0.0 Safari/537.36" "nobbycosmic.com"
24.114.71.246 - - [08/Sep/2022:07:52:46 -0700] "GET /BabyTalks/BTFBanner1.jpg HTTP/1.1" 200 9524 "https://nobbycosmic.com/BabyTalks/BTList.htm" "Mozilla/5.0 (Windows NT 10.0; Win64; x64) AppleWebKit/537.36 (KHTML, like Gecko) Chrome/104.0.0.0 Safari/537.36" "nobbycosmic.com"
24.114.71.246 - - [08/Sep/2022:07:52:46 -0700] "GET /BabyTalks/hiyoko.gif HTTP/1.1" 200 10361 "https://nobbycosmic.com/BabyTalks/BTList.htm" "Mozilla/5.0 (Windows NT 10.0; Win64; x64) AppleWebKit/537.36 (KHTML, like Gecko) Chrome/104.0.0.0 Safari/537.36" "nobbycosmic.com"
24.114.71.246 - - [08/Sep/2022:07:52:46 -0700] "GET /BabyTalks/BTFBanner2.jpg HTTP/1.1" 200 4273 "https://nobbycosmic.com/BabyTalks/BTList.htm" "Mozilla/5.0 (Windows NT 10.0; Win64; x64) AppleWebKit/537.36 (KHTML, like Gecko) Chrome/104.0.0.0 Safari/537.36" "nobbycosmic.com"
24.114.71.246 - - [08/Sep/2022:07:52:46 -0700] "GET /BabyTalks/blue_next.gif HTTP/1.1" 200 138 "https://nobbycosmic.com/BabyTalks/BTList.htm" "Mozilla/5.0 (Windows NT 10.0; Win64; x64) AppleWebKit/537.36 (KHTML, like Gecko) Chrome/104.0.0.0 Safari/537.36" "nobbycosmic.com"
24.114.71.246 - - [08/Sep/2022:07:52:46 -0700] "GET /BabyTalks/SakuraMark2.jpg HTTP/1.1" 200 933 "https://nobbycosmic.com/BabyTalks/BTList.htm" "Mozilla/5.0 (Windows NT 10.0; Win64; x64) AppleWebKit/537.36 (KHTML, like Gecko) Chrome/104.0.0.0 Safari/537.36" "nobbycosmic.com"
24.114.71.246 - - [08/Sep/2022:07:52:47 -0700] "GET /BabyTalks/FTFMemberDistChart.jpg HTTP/1.1" 200 61359 "https://nobbycosmic.com/BabyTalks/BTList.htm" "Mozilla/5.0 (Windows NT 10.0; Win64; x64) AppleWebKit/537.36 (KHTML, like Gecko) Chrome/104.0.0.0 Safari/537.36" "nobbycosmic.com"
24.114.71.246 - - [08/Sep/2022:07:52:47 -0700] "GET /favicon.ico HTTP/1.1" 404 88 "https://nobbycosmic.com/BabyTalks/BTList.htm" "Mozilla/5.0 (Windows NT 10.0; Win64; x64) AppleWebKit/537.36 (KHTML, like Gecko) Chrome/104.0.0.0 Safari/537.36" "nobbycosmic.com"
24.114.71.246 - - [08/Sep/2022:07:53:04 -0700] "GET /BabyTalks/FTFMember/Events/Picnic2006/Picnic2006Picture.htm HTTP/1.1" 401 90 "-" "Mozilla/5.0 (Windows NT 10.0; Win64; x64) AppleWebKit/537.36 (KHTML, like Gecko) Chrome/104.0.0.0 Safari/537.36" "nobbycosmic.com"
24.114.71.246 - - [08/Sep/2022:07:53:06 -0700] "GET /BabyTalks/FTFMember/Events/Picnic2006/Picnic2006Picture.htm HTTP/1.1" 401 90 "-" "Mozilla/5.0 (Windows NT 10.0; Win64; x64) AppleWebKit/537.36 (KHTML, like Gecko) Chrome/104.0.0.0 Safari/537.36" "nobbycosmic.com"
157.55.39.182 - - [08/Sep/2022:08:07:06 -0700] "GET /Utagoe/1108.htm HTTP/1.1" 200 3290 "-" "Mozilla/5.0 AppleWebKit/537.36 (KHTML, like Gecko; compatible; bingbot/2.0; +http://www.bing.com/bingbot.htm) Chrome/103.0.5060.134 Safari/537.36" "nobbycosmic.com"
216.244.66.200 - - [08/Sep/2022:08:07:59 -0700] "GET /robots.txt HTTP/1.1" 200 61 "-" "Mozilla/5.0 (compatible; DotBot/1.2; +https://opensiteexplorer.org/dotbot; help@moz.com)" "nobbycosmic.com"
157.55.39.182 - - [08/Sep/2022:08:16:25 -0700] "GET /BabyTalks/BTList.htm HTTP/1.1" 200 10238 "-" "Mozilla/5.0 (Windows NT 6.1; WOW64) AppleWebKit/534+ (KHTML, like Gecko) BingPreview/1.0b" "nobbycosmic.com"
185.191.171.8 - - [08/Sep/2022:08:36:01 -0700] "GET /robots.txt HTTP/1.1" 200 75 "-" "Mozilla/5.0 (compatible; SemrushBot/7~bl; +http://www.semrush.com/bot.html)" "nobbycosmic.com"
185.191.171.1 - - [08/Sep/2022:08:36:03 -0700] "GET /Utagoe/2021SummerMori/Utagoe202108.htm HTTP/1.1" 200 2780 "-" "Mozilla/5.0 (compatible; SemrushBot/7~bl; +http://www.semrush.com/bot.html)" "nobbycosmic.com"
216.244.66.200 - - [08/Sep/2022:08:59:18 -0700] "GET /robots.txt HTTP/1.1" 200 61 "-" "Mozilla/5.0 (compatible; DotBot/1.2; +https://opensiteexplorer.org/dotbot; help@moz.com)" "nobbycosmic.com"
157.55.39.184 - - [08/Sep/2022:09:06:32 -0700] "GET /Utagoe/2010W2.jpg HTTP/1.1" 200 37339 "-" "Mozilla/5.0 (compatible; bingbot/2.0; +http://www.bing.com/bingbot.htm)" "www.nobbycosmic.com"
76.68.81.67 - - [08/Sep/2022:09:18:12 -0700] "GET /Utagoe/2022Summer/Utagoe202208.htm HTTP/1.1" 200 2832 "https://torontonikkeiforum.forumotion.com/t3182-2022827?utm_campaign=popular&utm_medium=topic&utm_source=newsletter" "Mozilla/5.0 (iPad; CPU OS 12_5_5 like Mac OS X) AppleWebKit/605.1.15 (KHTML, like Gecko) Version/12.1.2 Mobile/15E148 Safari/604.1" "nobbycosmic.com"
76.68.81.67 - - [08/Sep/2022:09:18:12 -0700] "GET /Utagoe/2022Summer/2022082701Sun.jpg HTTP/1.1" 200 43206 "https://nobbycosmic.com/Utagoe/2022Summer/Utagoe202208.htm" "Mozilla/5.0 (iPad; CPU OS 12_5_5 like Mac OS X) AppleWebKit/605.1.15 (KHTML, like Gecko) Version/12.1.2 Mobile/15E148 Safari/604.1" "nobbycosmic.com"
76.68.81.67 - - [08/Sep/2022:09:18:13 -0700] "GET /Utagoe/2022Summer/2022082705Prep.jpg HTTP/1.1" 200 83979 "https://nobbycosmic.com/Utagoe/2022Summer/Utagoe202208.htm" "Mozilla/5.0 (iPad; CPU OS 12_5_5 like Mac OS X) AppleWebKit/605.1.15 (KHTML, like Gecko) Version/12.1.2 Mobile/15E148 Safari/604.1" "nobbycosmic.com"
76.68.81.67 - - [08/Sep/2022:09:18:13 -0700] "GET /Utagoe/2022Summer/2022082704Tree.jpg HTTP/1.1" 200 107210 "https://nobbycosmic.com/Utagoe/2022Summer/Utagoe202208.htm" "Mozilla/5.0 (iPad; CPU OS 12_5_5 like Mac OS X) AppleWebKit/605.1.15 (KHTML, like Gecko) Version/12.1.2 Mobile/15E148 Safari/604.1" "nobbycosmic.com"
76.68.81.67 - - [08/Sep/2022:09:18:13 -0700] "GET /Utagoe/2022Summer/2022082702BlueSky.jpg HTTP/1.1" 200 30483 "https://nobbycosmic.com/Utagoe/2022Summer/Utagoe202208.htm" "Mozilla/5.0 (iPad; CPU OS 12_5_5 like Mac OS X) AppleWebKit/605.1.15 (KHTML, like Gecko) Version/12.1.2 Mobile/15E148 Safari/604.1" "nobbycosmic.com"
76.68.81.67 - - [08/Sep/2022:09:18:13 -0700] "GET /Utagoe/2022Summer/2022082703Tree.JPG HTTP/1.1" 200 130838 "https://nobbycosmic.com/Utagoe/2022Summer/Utagoe202208.htm" "Mozilla/5.0 (iPad; CPU OS 12_5_5 like Mac OS X) AppleWebKit/605.1.15 (KHTML, like Gecko) Version/12.1.2 Mobile/15E148 Safari/604.1" "nobbycosmic.com"
76.68.81.67 - - [08/Sep/2022:09:18:13 -0700] "GET /Utagoe/2022Summer/2022082706Prep.jpg HTTP/1.1" 200 129100 "https://nobbycosmic.com/Utagoe/2022Summer/Utagoe202208.htm" "Mozilla/5.0 (iPad; CPU OS 12_5_5 like Mac OS X) AppleWebKit/605.1.15 (KHTML, like Gecko) Version/12.1.2 Mobile/15E148 Safari/604.1" "nobbycosmic.com"
76.68.81.67 - - [08/Sep/2022:09:18:13 -0700] "GET /Utagoe/2022Summer/2022082708Session.JPG HTTP/1.1" 200 133126 "https://nobbycosmic.com/Utagoe/2022Summer/Utagoe202208.htm" "Mozilla/5.0 (iPad; CPU OS 12_5_5 like Mac OS X) AppleWebKit/605.1.15 (KHTML, like Gecko) Version/12.1.2 Mobile/15E148 Safari/604.1" "nobbycosmic.com"
76.68.81.67 - - [08/Sep/2022:09:18:13 -0700] "GET /Utagoe/2022Summer/2022082707Session.JPG HTTP/1.1" 200 148214 "https://nobbycosmic.com/Utagoe/2022Summer/Utagoe202208.htm" "Mozilla/5.0 (iPad; CPU OS 12_5_5 like Mac OS X) AppleWebKit/605.1.15 (KHTML, like Gecko) Version/12.1.2 Mobile/15E148 Safari/604.1" "nobbycosmic.com"
76.68.81.67 - - [08/Sep/2022:09:18:13 -0700] "GET /Utagoe/2022Summer/2022082710Band.JPG HTTP/1.1" 200 139648 "https://nobbycosmic.com/Utagoe/2022Summer/Utagoe202208.htm" "Mozilla/5.0 (iPad; CPU OS 12_5_5 like Mac OS X) AppleWebKit/605.1.15 (KHTML, like Gecko) Version/12.1.2 Mobile/15E148 Safari/604.1" "nobbycosmic.com"
76.68.81.67 - - [08/Sep/2022:09:18:13 -0700] "GET /Utagoe/2022Summer/2022082709Band.JPG HTTP/1.1" 200 132981 "https://nobbycosmic.com/Utagoe/2022Summer/Utagoe202208.htm" "Mozilla/5.0 (iPad; CPU OS 12_5_5 like Mac OS X) AppleWebKit/605.1.15 (KHTML, like Gecko) Version/12.1.2 Mobile/15E148 Safari/604.1" "nobbycosmic.com"
76.68.81.67 - - [08/Sep/2022:09:18:13 -0700] "GET /Utagoe/2022Summer/2022082710Lunch.JPG HTTP/1.1" 200 148867 "https://nobbycosmic.com/Utagoe/2022Summer/Utagoe202208.htm" "Mozilla/5.0 (iPad; CPU OS 12_5_5 like Mac OS X) AppleWebKit/605.1.15 (KHTML, like Gecko) Version/12.1.2 Mobile/15E148 Safari/604.1" "nobbycosmic.com"
76.68.81.67 - - [08/Sep/2022:09:18:13 -0700] "GET /Utagoe/2022Summer/2022082711Lunch.JPG HTTP/1.1" 200 137587 "https://nobbycosmic.com/Utagoe/2022Summer/Utagoe202208.htm" "Mozilla/5.0 (iPad; CPU OS 12_5_5 like Mac OS X) AppleWebKit/605.1.15 (KHTML, like Gecko) Version/12.1.2 Mobile/15E148 Safari/604.1" "nobbycosmic.com"
76.68.81.67 - - [08/Sep/2022:09:18:13 -0700] "GET /Utagoe/2022Summer/2022082712Songs.JPG HTTP/1.1" 200 128747 "https://nobbycosmic.com/Utagoe/2022Summer/Utagoe202208.htm" "Mozilla/5.0 (iPad; CPU OS 12_5_5 like Mac OS X) AppleWebKit/605.1.15 (KHTML, like Gecko) Version/12.1.2 Mobile/15E148 Safari/604.1" "nobbycosmic.com"
76.68.81.67 - - [08/Sep/2022:09:18:13 -0700] "GET /Utagoe/2022Summer/2022082713Songs.JPG HTTP/1.1" 200 147773 "https://nobbycosmic.com/Utagoe/2022Summer/Utagoe202208.htm" "Mozilla/5.0 (iPad; CPU OS 12_5_5 like Mac OS X) AppleWebKit/605.1.15 (KHTML, like Gecko) Version/12.1.2 Mobile/15E148 Safari/604.1" "nobbycosmic.com"
76.68.81.67 - - [08/Sep/2022:09:21:29 -0700] "GET /Utagoe/2020SummerMori/Utagoe202008.htm HTTP/1.1" 200 2167 "https://nobbycosmic.com/Utagoe/2022Summer/Utagoe202208.htm" "Mozilla/5.0 (iPad; CPU OS 12_5_5 like Mac OS X) AppleWebKit/605.1.15 (KHTML, like Gecko) Version/12.1.2 Mobile/15E148 Safari/604.1" "nobbycosmic.com"
76.68.81.67 - - [08/Sep/2022:09:21:29 -0700] "GET /Utagoe/2020SummerMori/202007196Park.jpg HTTP/1.1" 200 48886 "https://nobbycosmic.com/Utagoe/2020SummerMori/Utagoe202008.htm" "Mozilla/5.0 (iPad; CPU OS 12_5_5 like Mac OS X) AppleWebKit/605.1.15 (KHTML, like Gecko) Version/12.1.2 Mobile/15E148 Safari/604.1" "nobbycosmic.com"
76.68.81.67 - - [08/Sep/2022:09:21:29 -0700] "GET /Utagoe/2020SummerMori/2020080807MoriUta.JPG HTTP/1.1" 200 119645 "https://nobbycosmic.com/Utagoe/2020SummerMori/Utagoe202008.htm" "Mozilla/5.0 (iPad; CPU OS 12_5_5 like Mac OS X) AppleWebKit/605.1.15 (KHTML, like Gecko) Version/12.1.2 Mobile/15E148 Safari/604.1" "nobbycosmic.com"
76.68.81.67 - - [08/Sep/2022:09:21:29 -0700] "GET /Utagoe/2020SummerMori/2020080803MoriUta.JPG HTTP/1.1" 200 131746 "https://nobbycosmic.com/Utagoe/2020SummerMori/Utagoe202008.htm" "Mozilla/5.0 (iPad; CPU OS 12_5_5 like Mac OS X) AppleWebKit/605.1.15 (KHTML, like Gecko) Version/12.1.2 Mobile/15E148 Safari/604.1" "nobbycosmic.com"
76.68.81.67 - - [08/Sep/2022:09:21:29 -0700] "GET /Utagoe/2020SummerMori/2020080802MoriUta.JPG HTTP/1.1" 200 132072 "https://nobbycosmic.com/Utagoe/2020SummerMori/Utagoe202008.htm" "Mozilla/5.0 (iPad; CPU OS 12_5_5 like Mac OS X) AppleWebKit/605.1.15 (KHTML, like Gecko) Version/12.1.2 Mobile/15E148 Safari/604.1" "nobbycosmic.com"
76.68.81.67 - - [08/Sep/2022:09:21:29 -0700] "GET /Utagoe/2020SummerMori/2020080809MoriUta.JPG HTTP/1.1" 200 132948 "https://nobbycosmic.com/Utagoe/2020SummerMori/Utagoe202008.htm" "Mozilla/5.0 (iPad; CPU OS 12_5_5 like Mac OS X) AppleWebKit/605.1.15 (KHTML, like Gecko) Version/12.1.2 Mobile/15E148 Safari/604.1" "nobbycosmic.com"
76.68.81.67 - - [08/Sep/2022:09:21:29 -0700] "GET /Utagoe/2020SummerMori/2020080805MoriUta.JPG HTTP/1.1" 200 139731 "https://nobbycosmic.com/Utagoe/2020SummerMori/Utagoe202008.htm" "Mozilla/5.0 (iPad; CPU OS 12_5_5 like Mac OS X) AppleWebKit/605.1.15 (KHTML, like Gecko) Version/12.1.2 Mobile/15E148 Safari/604.1" "nobbycosmic.com"
76.68.81.67 - - [08/Sep/2022:09:21:30 -0700] "GET /Utagoe/2020SummerMori/2020080810MoriUta.jpg HTTP/1.1" 200 81365 "https://nobbycosmic.com/Utagoe/2020SummerMori/Utagoe202008.htm" "Mozilla/5.0 (iPad; CPU OS 12_5_5 like Mac OS X) AppleWebKit/605.1.15 (KHTML, like Gecko) Version/12.1.2 Mobile/15E148 Safari/604.1" "nobbycosmic.com"
76.68.81.67 - - [08/Sep/2022:09:21:30 -0700] "GET /Utagoe/2020SummerMori/2020080811MoriUta.jpg HTTP/1.1" 200 74327 "https://nobbycosmic.com/Utagoe/2020SummerMori/Utagoe202008.htm" "Mozilla/5.0 (iPad; CPU OS 12_5_5 like Mac OS X) AppleWebKit/605.1.15 (KHTML, like Gecko) Version/12.1.2 Mobile/15E148 Safari/604.1" "nobbycosmic.com"
76.68.81.67 - - [08/Sep/2022:09:21:30 -0700] "GET /Utagoe/2020SummerMori/2020080806MoriUta.JPG HTTP/1.1" 200 141050 "https://nobbycosmic.com/Utagoe/2020SummerMori/Utagoe202008.htm" "Mozilla/5.0 (iPad; CPU OS 12_5_5 like Mac OS X) AppleWebKit/605.1.15 (KHTML, like Gecko) Version/12.1.2 Mobile/15E148 Safari/604.1" "nobbycosmic.com"
76.68.81.67 - - [08/Sep/2022:09:21:30 -0700] "GET /Utagoe/2020SummerMori/2020080804MoriUta.JPG HTTP/1.1" 200 127209 "https://nobbycosmic.com/Utagoe/2020SummerMori/Utagoe202008.htm" "Mozilla/5.0 (iPad; CPU OS 12_5_5 like Mac OS X) AppleWebKit/605.1.15 (KHTML, like Gecko) Version/12.1.2 Mobile/15E148 Safari/604.1" "nobbycosmic.com"
76.68.81.67 - - [08/Sep/2022:09:21:30 -0700] "GET /Utagoe/2020SummerMori/2020080808MoriUta.JPG HTTP/1.1" 200 141908 "https://nobbycosmic.com/Utagoe/2020SummerMori/Utagoe202008.htm" "Mozilla/5.0 (iPad; CPU OS 12_5_5 like Mac OS X) AppleWebKit/605.1.15 (KHTML, like Gecko) Version/12.1.2 Mobile/15E148 Safari/604.1" "nobbycosmic.com"
76.68.81.67 - - [08/Sep/2022:09:22:44 -0700] "GET /Post/JSS202209021.pdf HTTP/1.1" 200 980140 "-" "Mozilla/5.0 (iPad; CPU OS 12_5_5 like Mac OS X) AppleWebKit/605.1.15 (KHTML, like Gecko) Version/12.1.2 Mobile/15E148 Safari/604.1" "nobbycosmic.com"
51.222.253.16 - - [08/Sep/2022:09:34:17 -0700] "GET /contact_us HTTP/1.1" 200 6311 "-" "Mozilla/5.0 (compatible; AhrefsBot/7.0; +http://ahrefs.com/robot/)" "www.nobbycosmic.com"
216.244.66.200 - - [08/Sep/2022:09:49:59 -0700] "GET /robots.txt HTTP/1.1" 200 61 "-" "Mozilla/5.0 (compatible; DotBot/1.2; +https://opensiteexplorer.org/dotbot; help@moz.com)" "nobbycosmic.com"
216.244.66.200 - - [08/Sep/2022:10:41:08 -0700] "GET /robots.txt HTTP/1.1" 200 61 "-" "Mozilla/5.0 (compatible; DotBot/1.2; +https://opensiteexplorer.org/dotbot; help@moz.com)" "nobbycosmic.com"
94.156.175.192 - - [08/Sep/2022:11:06:36 -0700] "GET /wp-login.php HTTP/1.1" 404 88 "http://nobbycosmic.com/wp-login.php" "Mozilla/5.0 (Windows NT 10.0; Win64; x64; rv:96.0) Gecko/20100101 Firefox/96" "nobbycosmic.com"
216.244.66.200 - - [08/Sep/2022:11:31:34 -0700] "GET /robots.txt HTTP/1.1" 200 61 "-" "Mozilla/5.0 (compatible; DotBot/1.2; +https://opensiteexplorer.org/dotbot; help@moz.com)" "nobbycosmic.com"
185.39.144.147 - - [08/Sep/2022:11:54:09 -0700] "GET / HTTP/1.1" 200 3158 "-" "Mozilla/5.0 (Macintosh; Intel Mac OS X 10_9_2)" "www.nobbycosmic.com"
44.234.48.35 - - [08/Sep/2022:12:21:40 -0700] "GET / HTTP/1.1" 200 3158 "-" "Mozilla/4.0 (compatible; MSIE 6.0; Windows NT 5.1; FSL 7.0.6.01001)" "nobbycosmic.com"
216.244.66.200 - - [08/Sep/2022:12:21:47 -0700] "GET /robots.txt HTTP/1.1" 200 61 "-" "Mozilla/5.0 (compatible; DotBot/1.2; +https://opensiteexplorer.org/dotbot; help@moz.com)" "nobbycosmic.com"
161.10.247.193 - - [08/Sep/2022:12:43:41 -0700] "GET / HTTP/1.1" 200 3158 "-" "Mozilla/5.0 (Windows NT 10.0; Win64; x64) AppleWebKit/537.36 (KHTML, like Gecko) Chrome/85.0.4183.121 Safari/537.36" "nobbycosmic.com"
161.10.247.193 - - [08/Sep/2022:12:43:42 -0700] "GET /contact_us HTTP/1.1" 200 6311 "-" "Mozilla/5.0 (Windows NT 10.0; Win64; x64) AppleWebKit/537.36 (KHTML, like Gecko) Chrome/85.0.4183.121 Safari/537.36" "nobbycosmic.com"
185.191.171.18 - - [08/Sep/2022:12:53:34 -0700] "GET /robots.txt HTTP/1.1" 200 75 "-" "Mozilla/5.0 (compatible; SemrushBot/7~bl; +http://www.semrush.com/bot.html)" "nobbycosmic.com"
185.191.171.39 - - [08/Sep/2022:12:53:36 -0700] "GET /NJCA/BBQ10/BBQPicture2010.htm HTTP/1.1" 200 2078 "-" "Mozilla/5.0 (compatible; SemrushBot/7~bl; +http://www.semrush.com/bot.html)" "nobbycosmic.com"
114.119.128.37 - - [08/Sep/2022:12:57:03 -0700] "GET /NJCA/BBQ98?C=S%3BO%3DA HTTP/1.1" 301 1432 "https://nobbycosmic.com/NJCA/BBQ98?M=D" "Mozilla/5.0 (Linux; Android 7.0;) AppleWebKit/537.36 (KHTML, like Gecko) Mobile Safari/537.36 (compatible; PetalBot;+https://webmaster.petalsearch.com/site/petalbot)" "nobbycosmic.com"
157.55.39.183 - - [08/Sep/2022:13:02:23 -0700] "GET /Utagoe/Ueno2013/ HTTP/1.1" 200 443 "-" "Mozilla/5.0 (compatible; bingbot/2.0; +http://www.bing.com/bingbot.htm)" "nobbycosmic.com"
216.244.66.200 - - [08/Sep/2022:13:12:24 -0700] "GET /robots.txt HTTP/1.1" 200 61 "-" "Mozilla/5.0 (compatible; DotBot/1.2; +https://opensiteexplorer.org/dotbot; help@moz.com)" "nobbycosmic.com"
216.244.66.200 - - [08/Sep/2022:14:02:04 -0700] "GET /robots.txt HTTP/1.1" 200 61 "-" "Mozilla/5.0 (compatible; DotBot/1.2; +https://opensiteexplorer.org/dotbot; help@moz.com)" "nobbycosmic.com"
114.119.128.253 - - [08/Sep/2022:14:18:02 -0700] "GET /Card/?C=D%3BO%3DA HTTP/1.1" 200 582 "https://nobbycosmic.com/Card?C=N%3BO%3DD" "Mozilla/5.0 (Linux; Android 7.0;) AppleWebKit/537.36 (KHTML, like Gecko) Mobile Safari/537.36 (compatible; PetalBot;+https://webmaster.petalsearch.com/site/petalbot)" "nobbycosmic.com"
114.119.128.253 - - [08/Sep/2022:14:19:24 -0700] "GET /Utagoe/20th/?C=S%3BO%3DA HTTP/1.1" 200 371 "https://nobbycosmic.com/Utagoe/20th/?C=D%3BO%3DA" "Mozilla/5.0 (Linux; Android 7.0;) AppleWebKit/537.36 (KHTML, like Gecko) Mobile Safari/537.36 (compatible; PetalBot;+https://webmaster.petalsearch.com/site/petalbot)" "nobbycosmic.com"
114.119.128.253 - - [08/Sep/2022:14:20:58 -0700] "GET /Utagoe/20th/?C=M%3BO%3DA HTTP/1.1" 200 371 "https://nobbycosmic.com/Utagoe/20th/?C=D%3BO%3DA" "Mozilla/5.0 (Linux; Android 7.0;) AppleWebKit/537.36 (KHTML, like Gecko) Mobile Safari/537.36 (compatible; PetalBot;+https://webmaster.petalsearch.com/site/petalbot)" "nobbycosmic.com"
52.12.37.225 - - [08/Sep/2022:14:26:30 -0700] "GET / HTTP/1.1" 200 3158 "-" "Mozilla/5.0 (X11; Linux x86_64) AppleWebKit/537.36 (KHTML, like Gecko) Chrome/83.0.4103.97 Safari/537.36" "nobbycosmic.com"
54.185.86.94 - - [08/Sep/2022:14:26:43 -0700] "GET / HTTP/1.1" 200 3158 "-" "Mozilla/5.0 (X11; Linux x86_64) AppleWebKit/537.36 (KHTML, like Gecko) Chrome/83.0.4103.97 Safari/537.36" "nobbycosmic.com"
54.201.50.13 - - [08/Sep/2022:14:27:03 -0700] "GET /favicon.ico HTTP/1.1" 404 88 "http://nobbycosmic.com/favicon.ico" "Mozilla/5.0 (X11; Linux x86_64) AppleWebKit/537.36 (KHTML, like Gecko) Chrome/83.0.4103.97 Safari/537.36" "nobbycosmic.com"
54.201.50.13 - - [08/Sep/2022:14:27:08 -0700] "GET / HTTP/1.1" 200 3158 "http://nobbycosmic.com" "Mozilla/5.0 (X11; Linux x86_64) AppleWebKit/537.36 (KHTML, like Gecko) Chrome/83.0.4103.97 Safari/537.36" "nobbycosmic.com"
54.190.152.76 - - [08/Sep/2022:14:27:21 -0700] "GET /favicon.ico HTTP/1.1" 404 88 "-" "Mozilla/5.0 (X11; Linux x86_64) AppleWebKit/537.36 (KHTML, like Gecko) Chrome/83.0.4103.97 Safari/537.36" "nobbycosmic.com"
54.190.152.76 - - [08/Sep/2022:14:27:26 -0700] "GET / HTTP/1.1" 200 3158 "-" "Mozilla/5.0 (X11; Linux x86_64) AppleWebKit/537.36 (KHTML, like Gecko) Chrome/83.0.4103.97 Safari/537.36" "nobbycosmic.com"
114.119.128.253 - - [08/Sep/2022:14:36:56 -0700] "GET /Utagoe/SongBooks?C=N%3BO%3DD HTTP/1.1" 301 1433 "https://nobbycosmic.com/Utagoe/SongBooks?C=D%3BO%3DA" "Mozilla/5.0 (Linux; Android 7.0;) AppleWebKit/537.36 (KHTML, like Gecko) Mobile Safari/537.36 (compatible; PetalBot;+https://webmaster.petalsearch.com/site/petalbot)" "nobbycosmic.com"
114.119.128.253 - - [08/Sep/2022:14:36:57 -0700] "GET /Utagoe/SongBooks/?C=N%3BO%3DD HTTP/1.1" 200 562 "https://nobbycosmic.com/Utagoe/SongBooks?C=D%3BO%3DA" "Mozilla/5.0 (Linux; Android 7.0;) AppleWebKit/537.36 (KHTML, like Gecko) Mobile Safari/537.36 (compatible; PetalBot;+https://webmaster.petalsearch.com/site/petalbot)" "nobbycosmic.com"
114.119.128.253 - - [08/Sep/2022:14:38:19 -0700] "GET /NJCA/NY09/JCCCFloorNY2009.pdf HTTP/1.1" 200 289562 "https://nobbycosmic.com/NJCA/NY09?M=D" "Mozilla/5.0 (Linux; Android 7.0;) AppleWebKit/537.36 (KHTML, like Gecko) Mobile Safari/537.36 (compatible; PetalBot;+https://webmaster.petalsearch.com/site/petalbot)" "nobbycosmic.com"
114.119.128.253 - - [08/Sep/2022:14:39:48 -0700] "GET /NJCA/Volunteer HTTP/1.1" 301 1419 "https://nobbycosmic.com/NJCA?S=A" "Mozilla/5.0 (Linux; Android 7.0;) AppleWebKit/537.36 (KHTML, like Gecko) Mobile Safari/537.36 (compatible; PetalBot;+https://webmaster.petalsearch.com/site/petalbot)" "nobbycosmic.com"
114.119.128.253 - - [08/Sep/2022:14:39:49 -0700] "GET /NJCA/Volunteer/ HTTP/1.1" 200 427 "https://nobbycosmic.com/NJCA?S=A" "Mozilla/5.0 (Linux; Android 7.0;) AppleWebKit/537.36 (KHTML, like Gecko) Mobile Safari/537.36 (compatible; PetalBot;+https://webmaster.petalsearch.com/site/petalbot)" "nobbycosmic.com"
114.119.128.253 - - [08/Sep/2022:14:41:15 -0700] "GET /Utagoe/Asahi20050131.htm HTTP/1.1" 200 383 "https://nobbycosmic.com/Utagoe/?C=N%3BO%3DD" "Mozilla/5.0 (Linux; Android 7.0;) AppleWebKit/537.36 (KHTML, like Gecko) Mobile Safari/537.36 (compatible; PetalBot;+https://webmaster.petalsearch.com/site/petalbot)" "nobbycosmic.com"
114.119.128.253 - - [08/Sep/2022:14:44:08 -0700] "GET /Card/Card16/Ecard2016.htm HTTP/1.1" 200 943 "https://nobbycosmic.com/Card/Card16?C=D%3BO%3DA" "Mozilla/5.0 (Linux; Android 7.0;) AppleWebKit/537.36 (KHTML, like Gecko) Mobile Safari/537.36 (compatible; PetalBot;+https://webmaster.petalsearch.com/site/petalbot)" "nobbycosmic.com"
114.119.128.37 - - [08/Sep/2022:14:45:38 -0700] "GET /NJCA/NY09/Pictures?M=D HTTP/1.1" 301 1428 "https://nobbycosmic.com/NJCA/NY09/Pictures?M=A" "Mozilla/5.0 (Linux; Android 7.0;) AppleWebKit/537.36 (KHTML, like Gecko) Mobile Safari/537.36 (compatible; PetalBot;+https://webmaster.petalsearch.com/site/petalbot)" "nobbycosmic.com"
114.119.128.37 - - [08/Sep/2022:14:45:38 -0700] "GET /NJCA/NY09/Pictures/?M=D HTTP/1.1" 200 1210 "https://nobbycosmic.com/NJCA/NY09/Pictures?M=A" "Mozilla/5.0 (Linux; Android 7.0;) AppleWebKit/537.36 (KHTML, like Gecko) Mobile Safari/537.36 (compatible; PetalBot;+https://webmaster.petalsearch.com/site/petalbot)" "nobbycosmic.com"
114.119.128.39 - - [08/Sep/2022:14:46:10 -0700] "GET /Utagoe/Ueno2009?C=D%3BO%3DA HTTP/1.1" 301 1432 "-" "Mozilla/5.0 (Linux; Android 7.0;) AppleWebKit/537.36 (KHTML, like Gecko) Mobile Safari/537.36 (compatible; PetalBot;+https://webmaster.petalsearch.com/site/petalbot)" "nobbycosmic.com"
114.119.128.39 - - [08/Sep/2022:14:46:10 -0700] "GET /Utagoe/Ueno2009/?C=D%3BO%3DA HTTP/1.1" 200 602 "-" "Mozilla/5.0 (Linux; Android 7.0;) AppleWebKit/537.36 (KHTML, like Gecko) Mobile Safari/537.36 (compatible; PetalBot;+https://webmaster.petalsearch.com/site/petalbot)" "nobbycosmic.com"
114.119.128.37 - - [08/Sep/2022:14:47:04 -0700] "GET /NJCA/NY08/?C=N%3BO%3DD HTTP/1.1" 200 776 "https://nobbycosmic.com/NJCA/NY08?N=A" "Mozilla/5.0 (Linux; Android 7.0;) AppleWebKit/537.36 (KHTML, like Gecko) Mobile Safari/537.36 (compatible; PetalBot;+https://webmaster.petalsearch.com/site/petalbot)" "nobbycosmic.com"
216.244.66.200 - - [08/Sep/2022:14:52:11 -0700] "GET /robots.txt HTTP/1.1" 200 61 "-" "Mozilla/5.0 (compatible; DotBot/1.2; +https://opensiteexplorer.org/dotbot; help@moz.com)" "nobbycosmic.com"
114.119.128.253 - - [08/Sep/2022:14:56:52 -0700] "GET /NJCA/Temp?S=D HTTP/1.1" 301 1420 "https://nobbycosmic.com/NJCA/Temp?S=A" "Mozilla/5.0 (Linux; Android 7.0;) AppleWebKit/537.36 (KHTML, like Gecko) Mobile Safari/537.36 (compatible; PetalBot;+https://webmaster.petalsearch.com/site/petalbot)" "nobbycosmic.com"
114.119.128.253 - - [08/Sep/2022:14:56:54 -0700] "GET /NJCA/Temp/?S=D HTTP/1.1" 200 404 "https://nobbycosmic.com/NJCA/Temp?S=A" "Mozilla/5.0 (Linux; Android 7.0;) AppleWebKit/537.36 (KHTML, like Gecko) Mobile Safari/537.36 (compatible; PetalBot;+https://webmaster.petalsearch.com/site/petalbot)" "nobbycosmic.com"
114.119.128.253 - - [08/Sep/2022:14:58:22 -0700] "GET /NJCA/NY11/Pictures?C=M%3BO%3DA HTTP/1.1" 301 1437 "https://nobbycosmic.com/NJCA/NY11/Pictures?C=D%3BO%3DA" "Mozilla/5.0 (Linux; Android 7.0;) AppleWebKit/537.36 (KHTML, like Gecko) Mobile Safari/537.36 (compatible; PetalBot;+https://webmaster.petalsearch.com/site/petalbot)" "nobbycosmic.com"
114.119.128.253 - - [08/Sep/2022:14:58:23 -0700] "GET /NJCA/NY11/Pictures/?C=M%3BO%3DA HTTP/1.1" 200 1862 "https://nobbycosmic.com/NJCA/NY11/Pictures?C=D%3BO%3DA" "Mozilla/5.0 (Linux; Android 7.0;) AppleWebKit/537.36 (KHTML, like Gecko) Mobile Safari/537.36 (compatible; PetalBot;+https://webmaster.petalsearch.com/site/petalbot)" "nobbycosmic.com"
114.119.128.253 - - [08/Sep/2022:14:59:48 -0700] "GET /Card/Card07/?C=D%3BO%3DA HTTP/1.1" 200 443 "https://nobbycosmic.com/Card/Card07?C=D%3BO%3DA" "Mozilla/5.0 (Linux; Android 7.0;) AppleWebKit/537.36 (KHTML, like Gecko) Mobile Safari/537.36 (compatible; PetalBot;+https://webmaster.petalsearch.com/site/petalbot)" "nobbycosmic.com"
114.119.128.253 - - [08/Sep/2022:15:01:18 -0700] "GET /NJCA/NY12/2012NYVolunteersList.pdf HTTP/1.1" 200 92153 "https://nobbycosmic.com/NJCA/NY12?M=A" "Mozilla/5.0 (Linux; Android 7.0;) AppleWebKit/537.36 (KHTML, like Gecko) Mobile Safari/537.36 (compatible; PetalBot;+https://webmaster.petalsearch.com/site/petalbot)" "nobbycosmic.com"
185.191.171.13 - - [08/Sep/2022:15:08:52 -0700] "GET /robots.txt HTTP/1.1" 200 75 "-" "Mozilla/5.0 (compatible; SemrushBot/7~bl; +http://www.semrush.com/bot.html)" "nobbycosmic.com"
185.191.171.8 - - [08/Sep/2022:15:08:54 -0700] "GET /Utagoe/2016Spring/Utagoe201605.htm HTTP/1.1" 200 3432 "-" "Mozilla/5.0 (compatible; SemrushBot/7~bl; +http://www.semrush.com/bot.html)" "nobbycosmic.com"
99.240.80.92 - - [08/Sep/2022:15:17:08 -0700] "GET /BabyTalks/BTList.htm HTTP/1.1" 304 - "-" "Mozilla/5.0 (iPhone; CPU iPhone OS 15_6_1 like Mac OS X) AppleWebKit/605.1.15 (KHTML, like Gecko) Version/15.6.1 Mobile/15E148 Safari/604.1" "nobbycosmic.com"
99.240.80.92 - - [08/Sep/2022:15:17:08 -0700] "GET /BabyTalks/hiyoko.gif HTTP/1.1" 200 10361 "https://nobbycosmic.com/BabyTalks/BTList.htm" "Mozilla/5.0 (iPhone; CPU iPhone OS 15_6_1 like Mac OS X) AppleWebKit/605.1.15 (KHTML, like Gecko) Version/15.6.1 Mobile/15E148 Safari/604.1" "nobbycosmic.com"
99.240.80.92 - - [08/Sep/2022:15:17:08 -0700] "GET /BabyTalks/SakuraMark2.jpg HTTP/1.1" 200 933 "https://nobbycosmic.com/BabyTalks/BTList.htm" "Mozilla/5.0 (iPhone; CPU iPhone OS 15_6_1 like Mac OS X) AppleWebKit/605.1.15 (KHTML, like Gecko) Version/15.6.1 Mobile/15E148 Safari/604.1" "nobbycosmic.com"
99.240.80.92 - - [08/Sep/2022:15:17:08 -0700] "GET /BabyTalks/blue_next.gif HTTP/1.1" 200 138 "https://nobbycosmic.com/BabyTalks/BTList.htm" "Mozilla/5.0 (iPhone; CPU iPhone OS 15_6_1 like Mac OS X) AppleWebKit/605.1.15 (KHTML, like Gecko) Version/15.6.1 Mobile/15E148 Safari/604.1" "nobbycosmic.com"
99.240.80.92 - - [08/Sep/2022:15:17:14 -0700] "GET /BabyTalks/FTFMember/MemberLists/FTFMemberListABC.htm HTTP/1.1" 401 90 "https://nobbycosmic.com/BabyTalks/BTList.htm" "Mozilla/5.0 (iPhone; CPU iPhone OS 15_6_1 like Mac OS X) AppleWebKit/605.1.15 (KHTML, like Gecko) Version/15.6.1 Mobile/15E148 Safari/604.1" "nobbycosmic.com"
99.240.80.92 - FTF [08/Sep/2022:15:17:29 -0700] "GET /BabyTalks/FTFMember/MemberLists/FTFMemberListABC.htm HTTP/1.1" 304 - "https://nobbycosmic.com/BabyTalks/BTList.htm" "Mozilla/5.0 (iPhone; CPU iPhone OS 15_6_1 like Mac OS X) AppleWebKit/605.1.15 (KHTML, like Gecko) Version/15.6.1 Mobile/15E148 Safari/604.1" "nobbycosmic.com"
17.121.115.174 - - [08/Sep/2022:15:23:50 -0700] "GET /Utagoe/Utagoe2.htm HTTP/1.1" 200 2777 "-" "Mozilla/5.0 (Macintosh; Intel Mac OS X 10_15_5) AppleWebKit/605.1.15 (KHTML, like Gecko) Version/13.1.1 Safari/605.1.15 (Applebot/0.1; +http://www.apple.com/go/applebot)" "nobbycosmic.com"
42.236.10.108 - - [08/Sep/2022:15:30:40 -0700] "GET /Utagoe/0502.htm HTTP/1.1" 200 2265 "https://nobbycosmic.com/Utagoe/0502.htm" "Mozilla/5.0 (Windows NT 6.1; WOW64) AppleWebKit/537.36 (KHTML, like Gecko) Chrome/50.0.2661.102 Safari/537.36; 360Spider" "nobbycosmic.com"
180.163.220.95 - - [08/Sep/2022:15:30:43 -0700] "GET /NJCA/NY09/NYP090.htm HTTP/1.1" 200 1876 "https://nobbycosmic.com/NJCA/NY09/NYP090.htm" "Mozilla/5.0 (Windows NT 6.1; WOW64) AppleWebKit/537.36 (KHTML, like Gecko) Chrome/50.0.2661.102 Safari/537.36; 360Spider" "nobbycosmic.com"
180.163.220.99 - - [08/Sep/2022:15:30:51 -0700] "GET /Utagoe/2013Fall/utagoe201311.htm HTTP/1.1" 200 3908 "https://nobbycosmic.com/Utagoe/2013Fall/utagoe201311.htm" "Mozilla/5.0 (Windows NT 6.1; WOW64) AppleWebKit/537.36 (KHTML, like Gecko) Chrome/50.0.2661.102 Safari/537.36; 360Spider" "nobbycosmic.com"
114.119.128.253 - - [08/Sep/2022:15:30:55 -0700] "GET /Utagoe/Pictures/?C=M%3BO%3DA HTTP/1.1" 200 922 "https://nobbycosmic.com/Utagoe/Pictures?C=S%3BO%3DA" "Mozilla/5.0 (Linux; Android 7.0;) AppleWebKit/537.36 (KHTML, like Gecko) Mobile Safari/537.36 (compatible; PetalBot;+https://webmaster.petalsearch.com/site/petalbot)" "nobbycosmic.com"
42.236.10.110 - - [08/Sep/2022:15:31:17 -0700] "GET /Utagoe/2015Fall/Utagoe201511.htm HTTP/1.1" 200 3594 "https://nobbycosmic.com/Utagoe/2015Fall/Utagoe201511.htm" "Mozilla/5.0 (Windows NT 6.1; WOW64) AppleWebKit/537.36 (KHTML, like Gecko) Chrome/50.0.2661.102 Safari/537.36; 360Spider" "nobbycosmic.com"
