94.59.33.78 - - [17/Sep/2022:06:49:59 -0700] "GET /BabyTalks/Group.jpg HTTP/1.1" 200 54379 "https://nobbycosmic.com/BabyTalks/BTList.htm" "Mozilla/5.0 (iPad; CPU OS 15_5 like Mac OS X) AppleWebKit/605.1.15 (KHTML, like Gecko) Mobile/15E148 LightSpeed [FBAN/MessengerLiteForiOS;FBAV/342.2.0.44.109;FBBV/339612019;FBDV/iPad11,6;FBMD/iPad;FBSN/iPadOS;FBSV/15.5;FBSS/2;FBCR/;FBID/tablet;FBLC/en;FBOP/0]" "nobbycosmic.com"
94.59.33.78 - - [17/Sep/2022:06:49:59 -0700] "GET /BabyTalks/BTFBanner2.jpg HTTP/1.1" 200 4273 "https://nobbycosmic.com/BabyTalks/BTList.htm" "Mozilla/5.0 (iPad; CPU OS 15_5 like Mac OS X) AppleWebKit/605.1.15 (KHTML, like Gecko) Mobile/15E148 LightSpeed [FBAN/MessengerLiteForiOS;FBAV/342.2.0.44.109;FBBV/339612019;FBDV/iPad11,6;FBMD/iPad;FBSN/iPadOS;FBSV/15.5;FBSS/2;FBCR/;FBID/tablet;FBLC/en;FBOP/0]" "nobbycosmic.com"
94.59.33.78 - - [17/Sep/2022:06:49:59 -0700] "GET /BabyTalks/blue_next.gif HTTP/1.1" 200 138 "https://nobbycosmic.com/BabyTalks/BTList.htm" "Mozilla/5.0 (iPad; CPU OS 15_5 like Mac OS X) AppleWebKit/605.1.15 (KHTML, like Gecko) Mobile/15E148 LightSpeed [FBAN/MessengerLiteForiOS;FBAV/342.2.0.44.109;FBBV/339612019;FBDV/iPad11,6;FBMD/iPad;FBSN/iPadOS;FBSV/15.5;FBSS/2;FBCR/;FBID/tablet;FBLC/en;FBOP/0]" "nobbycosmic.com"
94.59.33.78 - - [17/Sep/2022:06:50:00 -0700] "GET /BabyTalks/FTFMemberDistChart.jpg HTTP/1.1" 200 61359 "https://nobbycosmic.com/BabyTalks/BTList.htm" "Mozilla/5.0 (iPad; CPU OS 15_5 like Mac OS X) AppleWebKit/605.1.15 (KHTML, like Gecko) Mobile/15E148 LightSpeed [FBAN/MessengerLiteForiOS;FBAV/342.2.0.44.109;FBBV/339612019;FBDV/iPad11,6;FBMD/iPad;FBSN/iPadOS;FBSV/15.5;FBSS/2;FBCR/;FBID/tablet;FBLC/en;FBOP/0]" "nobbycosmic.com"
94.59.33.78 - - [17/Sep/2022:06:50:00 -0700] "GET /BabyTalks/SakuraMark2.jpg HTTP/1.1" 200 933 "https://nobbycosmic.com/BabyTalks/BTList.htm" "Mozilla/5.0 (iPad; CPU OS 15_5 like Mac OS X) AppleWebKit/605.1.15 (KHTML, like Gecko) Mobile/15E148 LightSpeed [FBAN/MessengerLiteForiOS;FBAV/342.2.0.44.109;FBBV/339612019;FBDV/iPad11,6;FBMD/iPad;FBSN/iPadOS;FBSV/15.5;FBSS/2;FBCR/;FBID/tablet;FBLC/en;FBOP/0]" "nobbycosmic.com"
114.119.153.220 - - [17/Sep/2022:06:50:40 -0700] "GET /robots.txt HTTP/1.1" 200 75 "-" "Mozilla/5.0 (compatible;PetalBot;+https://webmaster.petalsearch.com/site/petalbot)" "www.nobbycosmic.com"
104.157.130.150 - FTF [17/Sep/2022:07:00:54 -0700] "GET /BabyTalks/FTFMember/BirthJapan.htm HTTP/1.1" 200 2690 "https://nobbycosmic.com/BabyTalks/FTFMember/Content.htm" "Mozilla/5.0 (Windows NT 10.0; Win64; x64) AppleWebKit/537.36 (KHTML, like Gecko) Chrome/105.0.0.0 Safari/537.36" "nobbycosmic.com"
104.157.130.150 - FTF [17/Sep/2022:07:02:13 -0700] "GET /BabyTalks/FTFMember/Content.htm HTTP/1.1" 304 - "https://nobbycosmic.com/BabyTalks/FTFMember/BirthJapan.htm" "Mozilla/5.0 (Windows NT 10.0; Win64; x64) AppleWebKit/537.36 (KHTML, like Gecko) Chrome/105.0.0.0 Safari/537.36" "nobbycosmic.com"
104.157.130.150 - FTF [17/Sep/2022:07:02:16 -0700] "GET /BabyTalks/FTFMember/BirthJapan.htm HTTP/1.1" 304 - "https://nobbycosmic.com/BabyTalks/FTFMember/Content.htm" "Mozilla/5.0 (Windows NT 10.0; Win64; x64) AppleWebKit/537.36 (KHTML, like Gecko) Chrome/105.0.0.0 Safari/537.36" "nobbycosmic.com"
104.157.130.150 - FTF [17/Sep/2022:07:06:09 -0700] "GET /BabyTalks/FTFMember/Content.htm HTTP/1.1" 200 6676 "https://nobbycosmic.com/BabyTalks/FTFMember/BirthJapan.htm" "Mozilla/5.0 (Windows NT 10.0; Win64; x64) AppleWebKit/537.36 (KHTML, like Gecko) Chrome/105.0.0.0 Safari/537.36" "nobbycosmic.com"
104.157.130.150 - FTF [17/Sep/2022:07:11:16 -0700] "GET /BabyTalks/FTFMember/SelfIntro22.htm HTTP/1.1" 200 2347 "https://nobbycosmic.com/BabyTalks/FTFMember/Content.htm" "Mozilla/5.0 (Windows NT 10.0; Win64; x64) AppleWebKit/537.36 (KHTML, like Gecko) Chrome/105.0.0.0 Safari/537.36" "nobbycosmic.com"
42.236.10.98 - - [17/Sep/2022:07:32:48 -0700] "GET / HTTP/1.1" 200 3158 "https://www.nobbycosmic.com/" "Mozilla/5.0 (Windows NT 6.1; WOW64) AppleWebKit/537.36 (KHTML, like Gecko) Chrome/50.0.2661.102 Safari/537.36; 360Spider" "www.nobbycosmic.com"
104.157.130.150 - - [17/Sep/2022:07:33:50 -0700] "GET /TSN/TSNMember/Haiku/Haiku2022Summer2.htm HTTP/1.1" 401 90 "-" "Mozilla/5.0 (Windows NT 10.0; Win64; x64) AppleWebKit/537.36 (KHTML, like Gecko) Chrome/105.0.0.0 Safari/537.36" "nobbycosmic.com"
104.157.130.150 - FTF [17/Sep/2022:07:33:50 -0700] "GET /TSN/TSNMember/Haiku/Haiku2022Summer2.htm HTTP/1.1" 401 90 "-" "Mozilla/5.0 (Windows NT 10.0; Win64; x64) AppleWebKit/537.36 (KHTML, like Gecko) Chrome/105.0.0.0 Safari/537.36" "nobbycosmic.com"
104.157.130.150 - TSN [17/Sep/2022:07:33:58 -0700] "GET /TSN/TSNMember/Haiku/Haiku2022Summer2.htm HTTP/1.1" 200 1283 "-" "Mozilla/5.0 (Windows NT 10.0; Win64; x64) AppleWebKit/537.36 (KHTML, like Gecko) Chrome/105.0.0.0 Safari/537.36" "nobbycosmic.com"
104.157.130.150 - TSN [17/Sep/2022:07:34:56 -0700] "GET /TSN/TSNMember/Haiku/Haiku2022Summer2.htm HTTP/1.1" 200 1281 "-" "Mozilla/5.0 (Windows NT 10.0; Win64; x64) AppleWebKit/537.36 (KHTML, like Gecko) Chrome/105.0.0.0 Safari/537.36" "nobbycosmic.com"
104.157.130.150 - - [17/Sep/2022:07:37:21 -0700] "GET /TSN/TSNMember/haiku1.htm HTTP/1.1" 401 90 "-" "Mozilla/5.0 (Windows NT 10.0; Win64; x64) AppleWebKit/537.36 (KHTML, like Gecko) Chrome/105.0.0.0 Safari/537.36" "nobbycosmic.com"
104.157.130.150 - TSN [17/Sep/2022:07:37:21 -0700] "GET /TSN/TSNMember/haiku1.htm HTTP/1.1" 200 1806 "-" "Mozilla/5.0 (Windows NT 10.0; Win64; x64) AppleWebKit/537.36 (KHTML, like Gecko) Chrome/105.0.0.0 Safari/537.36" "nobbycosmic.com"
40.77.167.96 - - [17/Sep/2022:07:43:08 -0700] "GET /robots.txt HTTP/1.1" 200 75 "-" "Mozilla/5.0 (compatible; bingbot/2.0; +http://www.bing.com/bingbot.htm)" "nobbycosmic.com"
157.55.39.183 - - [17/Sep/2022:07:43:11 -0700] "GET /Utagoe/1011.htm HTTP/1.1" 200 2545 "-" "Mozilla/5.0 (compatible; bingbot/2.0; +http://www.bing.com/bingbot.htm)" "nobbycosmic.com"
42.236.10.98 - - [17/Sep/2022:07:44:35 -0700] "GET / HTTP/1.1" 200 3158 "https://nobbycosmic.com/" "Mozilla/5.0 (Windows NT 6.1; WOW64) AppleWebKit/537.36 (KHTML, like Gecko) Chrome/50.0.2661.102 Safari/537.36; 360Spider" "nobbycosmic.com"
42.236.10.88 - - [17/Sep/2022:07:46:24 -0700] "GET / HTTP/1.1" 200 3158 "https://nobbycosmic.com/" "Mozilla/5.0 (Windows NT 6.1; WOW64) AppleWebKit/537.36 (KHTML, like Gecko) Chrome/50.0.2661.102 Safari/537.36; 360Spider" "nobbycosmic.com"
206.47.185.16 - - [17/Sep/2022:08:04:38 -0700] "GET /BabyTalks/BTList.htm HTTP/1.1" 200 10238 "http://www.e-maple.net/" "Mozilla/5.0 (iPhone; CPU iPhone OS 15_6_1 like Mac OS X) AppleWebKit/605.1.15 (KHTML, like Gecko) Version/15.6.1 Mobile/15E148 Safari/604.1" "nobbycosmic.com"
40.77.167.96 - - [17/Sep/2022:08:18:00 -0700] "GET /robots.txt HTTP/1.1" 200 75 "-" "Mozilla/5.0 (compatible; bingbot/2.0; +http://www.bing.com/bingbot.htm)" "nobbycosmic.com"
157.55.39.182 - - [17/Sep/2022:08:18:02 -0700] "GET /Homepage/Tickets/Ticket2/TicketA38.jpg HTTP/1.1" 200 22292 "-" "Mozilla/5.0 AppleWebKit/537.36 (KHTML, like Gecko; compatible; bingbot/2.0; +http://www.bing.com/bingbot.htm) Chrome/103.0.5060.134 Safari/537.36" "nobbycosmic.com"
157.55.39.182 - - [17/Sep/2022:08:32:14 -0700] "GET /NJCA/BBQ07/ HTTP/1.1" 200 601 "-" "Mozilla/5.0 (compatible; bingbot/2.0; +http://www.bing.com/bingbot.htm)" "nobbycosmic.com"
72.136.111.207 - - [17/Sep/2022:09:12:18 -0700] "GET /BabyTalks/FTFMember/MemberLists/FTFMemberListABC.htm HTTP/1.1" 401 90 "-" "Mozilla/5.0 (iPhone; CPU iPhone OS 15_6_1 like Mac OS X) AppleWebKit/605.1.15 (KHTML, like Gecko) Version/15.6.1 Mobile/15E148 Safari/604.1" "nobbycosmic.com"
72.136.111.207 - FTF [17/Sep/2022:09:12:30 -0700] "GET /BabyTalks/FTFMember/MemberLists/FTFMemberListABC.htm HTTP/1.1" 304 - "-" "Mozilla/5.0 (iPhone; CPU iPhone OS 15_6_1 like Mac OS X) AppleWebKit/605.1.15 (KHTML, like Gecko) Version/15.6.1 Mobile/15E148 Safari/604.1" "nobbycosmic.com"
72.136.111.207 - - [17/Sep/2022:09:13:05 -0700] "GET /BabyTalks/BTList.htm HTTP/1.1" 200 10238 "-" "Mozilla/5.0 (iPhone; CPU iPhone OS 15_6_1 like Mac OS X) AppleWebKit/605.1.15 (KHTML, like Gecko) Version/15.6.1 Mobile/15E148 Safari/604.1" "nobbycosmic.com"
72.136.111.207 - - [17/Sep/2022:09:13:05 -0700] "GET /BabyTalks/Group.jpg HTTP/1.1" 200 54379 "https://nobbycosmic.com/BabyTalks/BTList.htm" "Mozilla/5.0 (iPhone; CPU iPhone OS 15_6_1 like Mac OS X) AppleWebKit/605.1.15 (KHTML, like Gecko) Version/15.6.1 Mobile/15E148 Safari/604.1" "nobbycosmic.com"
72.136.111.207 - - [17/Sep/2022:09:13:05 -0700] "GET /BabyTalks/BTFBanner2.jpg HTTP/1.1" 200 4273 "https://nobbycosmic.com/BabyTalks/BTList.htm" "Mozilla/5.0 (iPhone; CPU iPhone OS 15_6_1 like Mac OS X) AppleWebKit/605.1.15 (KHTML, like Gecko) Version/15.6.1 Mobile/15E148 Safari/604.1" "nobbycosmic.com"
72.136.111.207 - - [17/Sep/2022:09:13:05 -0700] "GET /BabyTalks/BTFBanner1.jpg HTTP/1.1" 200 9524 "https://nobbycosmic.com/BabyTalks/BTList.htm" "Mozilla/5.0 (iPhone; CPU iPhone OS 15_6_1 like Mac OS X) AppleWebKit/605.1.15 (KHTML, like Gecko) Version/15.6.1 Mobile/15E148 Safari/604.1" "nobbycosmic.com"
72.136.111.207 - - [17/Sep/2022:09:13:05 -0700] "GET /BabyTalks/hiyoko.gif HTTP/1.1" 200 10361 "https://nobbycosmic.com/BabyTalks/BTList.htm" "Mozilla/5.0 (iPhone; CPU iPhone OS 15_6_1 like Mac OS X) AppleWebKit/605.1.15 (KHTML, like Gecko) Version/15.6.1 Mobile/15E148 Safari/604.1" "nobbycosmic.com"
72.136.111.207 - - [17/Sep/2022:09:13:07 -0700] "GET /BabyTalks/blue_next.gif HTTP/1.1" 200 138 "https://nobbycosmic.com/BabyTalks/BTList.htm" "Mozilla/5.0 (iPhone; CPU iPhone OS 15_6_1 like Mac OS X) AppleWebKit/605.1.15 (KHTML, like Gecko) Version/15.6.1 Mobile/15E148 Safari/604.1" "nobbycosmic.com"
72.136.111.207 - - [17/Sep/2022:09:13:07 -0700] "GET /BabyTalks/SakuraMark2.jpg HTTP/1.1" 200 933 "https://nobbycosmic.com/BabyTalks/BTList.htm" "Mozilla/5.0 (iPhone; CPU iPhone OS 15_6_1 like Mac OS X) AppleWebKit/605.1.15 (KHTML, like Gecko) Version/15.6.1 Mobile/15E148 Safari/604.1" "nobbycosmic.com"
72.136.111.207 - - [17/Sep/2022:09:13:07 -0700] "GET /BabyTalks/FTFMemberDistChart.jpg HTTP/1.1" 200 61359 "https://nobbycosmic.com/BabyTalks/BTList.htm" "Mozilla/5.0 (iPhone; CPU iPhone OS 15_6_1 like Mac OS X) AppleWebKit/605.1.15 (KHTML, like Gecko) Version/15.6.1 Mobile/15E148 Safari/604.1" "nobbycosmic.com"
72.136.111.207 - - [17/Sep/2022:09:14:04 -0700] "GET /favicon.ico HTTP/1.1" 404 88 "-" "Mozilla/5.0 (Macintosh; Intel Mac OS X 10_11_1) AppleWebKit/601.2.4 (KHTML, like Gecko) Version/9.0.1 Safari/601.2.4 facebookexternalhit/1.1 Facebot Twitterbot/1.0" "nobbycosmic.com"
72.136.111.207 - - [17/Sep/2022:09:14:04 -0700] "GET /apple-touch-icon-precomposed.png HTTP/1.1" 404 88 "-" "Mozilla/5.0 (Macintosh; Intel Mac OS X 10_11_1) AppleWebKit/601.2.4 (KHTML, like Gecko) Version/9.0.1 Safari/601.2.4 facebookexternalhit/1.1 Facebot Twitterbot/1.0" "nobbycosmic.com"
72.136.111.207 - - [17/Sep/2022:09:14:04 -0700] "GET /apple-touch-icon.png HTTP/1.1" 404 88 "-" "Mozilla/5.0 (Macintosh; Intel Mac OS X 10_11_1) AppleWebKit/601.2.4 (KHTML, like Gecko) Version/9.0.1 Safari/601.2.4 facebookexternalhit/1.1 Facebot Twitterbot/1.0" "nobbycosmic.com"
157.55.39.182 - - [17/Sep/2022:09:40:40 -0700] "GET /Utagoe/2010W4.jpg HTTP/1.1" 200 34177 "-" "Mozilla/5.0 AppleWebKit/537.36 (KHTML, like Gecko; compatible; bingbot/2.0; +http://www.bing.com/bingbot.htm) Chrome/103.0.5060.134 Safari/537.36" "www.nobbycosmic.com"
54.36.149.102 - - [17/Sep/2022:09:58:07 -0700] "GET / HTTP/1.1" 200 3158 "-" "Mozilla/5.0 (compatible; AhrefsBot/7.0; +http://ahrefs.com/robot/)" "nobbycosmic.com"
77.248.100.3 - - [17/Sep/2022:10:23:43 -0700] "GET /BabyTalks/FTFRule.htm HTTP/1.1" 200 2929 "-" "Mozilla/5.0 (iPhone; CPU iPhone OS 15_6_1 like Mac OS X) AppleWebKit/605.1.15 (KHTML, like Gecko) Version/15.6.1 Mobile/15E148 Safari/604.1" "nobbycosmic.com"
77.248.100.3 - - [17/Sep/2022:10:23:43 -0700] "GET /favicon.ico HTTP/1.1" 404 88 "https://nobbycosmic.com/BabyTalks/FTFRule.htm" "Mozilla/5.0 (iPhone; CPU iPhone OS 15_6_1 like Mac OS X) AppleWebKit/605.1.15 (KHTML, like Gecko) Version/15.6.1 Mobile/15E148 Safari/604.1" "nobbycosmic.com"
72.136.111.24 - - [17/Sep/2022:10:26:04 -0700] "GET /favicon.ico HTTP/1.1" 404 88 "-" "Mozilla/5.0 (Macintosh; Intel Mac OS X 10_11_1) AppleWebKit/601.2.4 (KHTML, like Gecko) Version/9.0.1 Safari/601.2.4 facebookexternalhit/1.1 Facebot Twitterbot/1.0" "nobbycosmic.com"
72.136.111.24 - - [17/Sep/2022:10:26:04 -0700] "GET /apple-touch-icon.png HTTP/1.1" 404 88 "-" "Mozilla/5.0 (Macintosh; Intel Mac OS X 10_11_1) AppleWebKit/601.2.4 (KHTML, like Gecko) Version/9.0.1 Safari/601.2.4 facebookexternalhit/1.1 Facebot Twitterbot/1.0" "nobbycosmic.com"
72.136.111.24 - - [17/Sep/2022:10:26:04 -0700] "GET /apple-touch-icon-precomposed.png HTTP/1.1" 404 88 "-" "Mozilla/5.0 (Macintosh; Intel Mac OS X 10_11_1) AppleWebKit/601.2.4 (KHTML, like Gecko) Version/9.0.1 Safari/601.2.4 facebookexternalhit/1.1 Facebot Twitterbot/1.0" "nobbycosmic.com"
157.55.39.183 - - [17/Sep/2022:10:32:48 -0700] "GET /Homepage/Tickets/Ticket2/Ticket230.jpg HTTP/1.1" 200 23741 "-" "Mozilla/5.0 (compatible; bingbot/2.0; +http://www.bing.com/bingbot.htm)" "nobbycosmic.com"
17.121.114.71 - - [17/Sep/2022:10:44:52 -0700] "GET /robots.txt HTTP/1.1" 200 75 "-" "Mozilla/5.0 (Macintosh; Intel Mac OS X 10_15_5) AppleWebKit/605.1.15 (KHTML, like Gecko) Version/13.1.1 Safari/605.1.15 (Applebot/0.1; +http://www.apple.com/go/applebot)" "nobbycosmic.com"
17.121.114.71 - - [17/Sep/2022:10:44:52 -0700] "GET / HTTP/1.1" 200 3158 "-" "Mozilla/5.0 (Macintosh; Intel Mac OS X 10_15_5) AppleWebKit/605.1.15 (KHTML, like Gecko) Version/13.1.1 Safari/605.1.15 (Applebot/0.1; +http://www.apple.com/go/applebot)" "nobbycosmic.com"
157.55.39.183 - - [17/Sep/2022:10:51:59 -0700] "GET /Post/JCCC202109021.pdf HTTP/1.1" 200 258548 "-" "Mozilla/5.0 (compatible; bingbot/2.0; +http://www.bing.com/bingbot.htm)" "nobbycosmic.com"
114.119.128.253 - - [17/Sep/2022:10:59:57 -0700] "GET /NJCA/BBQ08/Pictures HTTP/1.1" 301 1426 "https://nobbycosmic.com/NJCA/BBQ08?S=A" "Mozilla/5.0 (Linux; Android 7.0;) AppleWebKit/537.36 (KHTML, like Gecko) Mobile Safari/537.36 (compatible; PetalBot;+https://webmaster.petalsearch.com/site/petalbot)" "nobbycosmic.com"
114.119.128.253 - - [17/Sep/2022:11:00:06 -0700] "GET /NJCA/BBQ08/Pictures/ HTTP/1.1" 200 774 "https://nobbycosmic.com/NJCA/BBQ08?S=A" "Mozilla/5.0 (Linux; Android 7.0;) AppleWebKit/537.36 (KHTML, like Gecko) Mobile Safari/537.36 (compatible; PetalBot;+https://webmaster.petalsearch.com/site/petalbot)" "nobbycosmic.com"
207.46.13.34 - - [17/Sep/2022:11:20:33 -0700] "GET /Utagoe/2013Summer/2013Utagoe081.jpg HTTP/1.1" 200 53239 "-" "Mozilla/5.0 AppleWebKit/537.36 (KHTML, like Gecko; compatible; bingbot/2.0; +http://www.bing.com/bingbot.htm) Chrome/103.0.5060.134 Safari/537.36" "www.nobbycosmic.com"
23.233.81.238 - - [17/Sep/2022:11:20:55 -0700] "GET /apple-touch-icon.png HTTP/1.1" 404 88 "-" "Mozilla/5.0 (Macintosh; Intel Mac OS X 10_11_1) AppleWebKit/601.2.4 (KHTML, like Gecko) Version/9.0.1 Safari/601.2.4 facebookexternalhit/1.1 Facebot Twitterbot/1.0" "nobbycosmic.com"
23.233.81.238 - - [17/Sep/2022:11:20:55 -0700] "GET /apple-touch-icon-precomposed.png HTTP/1.1" 404 88 "-" "Mozilla/5.0 (Macintosh; Intel Mac OS X 10_11_1) AppleWebKit/601.2.4 (KHTML, like Gecko) Version/9.0.1 Safari/601.2.4 facebookexternalhit/1.1 Facebot Twitterbot/1.0" "nobbycosmic.com"
23.233.81.238 - - [17/Sep/2022:11:20:55 -0700] "GET /favicon.ico HTTP/1.1" 404 88 "-" "Mozilla/5.0 (Macintosh; Intel Mac OS X 10_11_1) AppleWebKit/601.2.4 (KHTML, like Gecko) Version/9.0.1 Safari/601.2.4 facebookexternalhit/1.1 Facebot Twitterbot/1.0" "nobbycosmic.com"
114.119.128.253 - - [17/Sep/2022:11:28:58 -0700] "GET /Card/Card98/?C=S%3BO%3DA HTTP/1.1" 200 440 "https://nobbycosmic.com/Card/Card98/?C=N%3BO%3DD" "Mozilla/5.0 (Linux; Android 7.0;) AppleWebKit/537.36 (KHTML, like Gecko) Mobile Safari/537.36 (compatible; PetalBot;+https://webmaster.petalsearch.com/site/petalbot)" "nobbycosmic.com"
114.119.128.253 - - [17/Sep/2022:11:29:38 -0700] "GET /about_us HTTP/1.1" 200 2945 "https://nobbycosmic.com/contact_us" "Mozilla/5.0 (Linux; Android 7.0;) AppleWebKit/537.36 (KHTML, like Gecko) Mobile Safari/537.36 (compatible; PetalBot;+https://webmaster.petalsearch.com/site/petalbot)" "nobbycosmic.com"
114.119.128.26 - - [17/Sep/2022:11:37:29 -0700] "GET /Card/Card99/?C=S%3BO%3DA HTTP/1.1" 200 455 "https://nobbycosmic.com/Card/Card99/" "Mozilla/5.0 (Linux; Android 7.0;) AppleWebKit/537.36 (KHTML, like Gecko) Mobile Safari/537.36 (compatible; PetalBot;+https://webmaster.petalsearch.com/site/petalbot)" "nobbycosmic.com"
54.36.148.0 - - [17/Sep/2022:11:39:24 -0700] "GET /TSN/TSNFront.htm HTTP/1.1" 200 2591 "-" "Mozilla/5.0 (compatible; AhrefsBot/7.0; +http://ahrefs.com/robot/)" "nobbycosmic.com"
114.119.128.26 - - [17/Sep/2022:11:40:14 -0700] "GET /NJCA/JCCC/JCCCBazaar2009.htm HTTP/1.1" 200 2724 "https://nobbycosmic.com/NJCA/JCCC?C=D%3BO%3DA" "Mozilla/5.0 (Linux; Android 7.0;) AppleWebKit/537.36 (KHTML, like Gecko) Mobile Safari/537.36 (compatible; PetalBot;+https://webmaster.petalsearch.com/site/petalbot)" "nobbycosmic.com"
5.255.253.142 - - [17/Sep/2022:11:40:46 -0700] "GET /robots.txt HTTP/1.1" 200 61 "-" "Mozilla/5.0 (compatible; YandexBot/3.0; +http://yandex.com/bots)" "www.nobbycosmic.com"
87.250.224.83 - - [17/Sep/2022:11:40:50 -0700] "GET / HTTP/1.1" 200 3158 "-" "Mozilla/5.0 (compatible; YandexBot/3.0; +http://yandex.com/bots)" "www.nobbycosmic.com"
114.119.128.26 - - [17/Sep/2022:11:43:49 -0700] "GET /Card/Card98 HTTP/1.1" 301 1414 "https://nobbycosmic.com/Card?C=D%3BO%3DA" "Mozilla/5.0 (Linux; Android 7.0;) AppleWebKit/537.36 (KHTML, like Gecko) Mobile Safari/537.36 (compatible; PetalBot;+https://webmaster.petalsearch.com/site/petalbot)" "nobbycosmic.com"
114.119.128.26 - - [17/Sep/2022:11:43:50 -0700] "GET /Card/Card98/ HTTP/1.1" 200 440 "https://nobbycosmic.com/Card?C=D%3BO%3DA" "Mozilla/5.0 (Linux; Android 7.0;) AppleWebKit/537.36 (KHTML, like Gecko) Mobile Safari/537.36 (compatible; PetalBot;+https://webmaster.petalsearch.com/site/petalbot)" "nobbycosmic.com"
114.119.128.253 - - [17/Sep/2022:11:44:39 -0700] "GET /Utagoe/Ueno2013 HTTP/1.1" 301 1419 "-" "Mozilla/5.0 (Linux; Android 7.0;) AppleWebKit/537.36 (KHTML, like Gecko) Mobile Safari/537.36 (compatible; PetalBot;+https://webmaster.petalsearch.com/site/petalbot)" "nobbycosmic.com"
114.119.128.253 - - [17/Sep/2022:11:44:40 -0700] "GET /Utagoe/Ueno2013/ HTTP/1.1" 200 443 "-" "Mozilla/5.0 (Linux; Android 7.0;) AppleWebKit/537.36 (KHTML, like Gecko) Mobile Safari/537.36 (compatible; PetalBot;+https://webmaster.petalsearch.com/site/petalbot)" "nobbycosmic.com"
114.119.128.253 - - [17/Sep/2022:11:45:41 -0700] "GET /NJCA/BBQ09/NutsFree2009.pdf HTTP/1.1" 200 44954 "https://nobbycosmic.com/NJCA/BBQ09?C=N%3BO%3DD" "Mozilla/5.0 (Linux; Android 7.0;) AppleWebKit/537.36 (KHTML, like Gecko) Mobile Safari/537.36 (compatible; PetalBot;+https://webmaster.petalsearch.com/site/petalbot)" "nobbycosmic.com"
23.233.81.238 - - [17/Sep/2022:11:47:38 -0700] "GET /favicon.ico HTTP/1.1" 404 88 "-" "Mozilla/5.0 (Macintosh; Intel Mac OS X 10_11_1) AppleWebKit/601.2.4 (KHTML, like Gecko) Version/9.0.1 Safari/601.2.4 facebookexternalhit/1.1 Facebot Twitterbot/1.0" "nobbycosmic.com"
23.233.81.238 - - [17/Sep/2022:11:47:38 -0700] "GET /apple-touch-icon.png HTTP/1.1" 404 88 "-" "Mozilla/5.0 (Macintosh; Intel Mac OS X 10_11_1) AppleWebKit/601.2.4 (KHTML, like Gecko) Version/9.0.1 Safari/601.2.4 facebookexternalhit/1.1 Facebot Twitterbot/1.0" "nobbycosmic.com"
23.233.81.238 - - [17/Sep/2022:11:47:38 -0700] "GET /apple-touch-icon-precomposed.png HTTP/1.1" 404 88 "-" "Mozilla/5.0 (Macintosh; Intel Mac OS X 10_11_1) AppleWebKit/601.2.4 (KHTML, like Gecko) Version/9.0.1 Safari/601.2.4 facebookexternalhit/1.1 Facebot Twitterbot/1.0" "nobbycosmic.com"
114.119.128.253 - - [17/Sep/2022:11:51:57 -0700] "GET /Utagoe/0908.htm HTTP/1.1" 200 2280 "https://nobbycosmic.com/Utagoe?C=D%3BO%3DA" "Mozilla/5.0 (Linux; Android 7.0;) AppleWebKit/537.36 (KHTML, like Gecko) Mobile Safari/537.36 (compatible; PetalBot;+https://webmaster.petalsearch.com/site/petalbot)" "nobbycosmic.com"
99.238.223.123 - - [17/Sep/2022:11:57:55 -0700] "GET /BabyTalks/BTList.htm HTTP/1.1" 200 10238 "-" "Mozilla/5.0 (iPhone; CPU iPhone OS 16_0 like Mac OS X) AppleWebKit/605.1.15 (KHTML, like Gecko) Version/16.0 Mobile/15E148 Safari/604.1" "nobbycosmic.com"
99.238.223.123 - - [17/Sep/2022:11:57:56 -0700] "GET /BabyTalks/hiyoko.gif HTTP/1.1" 200 10361 "https://nobbycosmic.com/BabyTalks/BTList.htm" "Mozilla/5.0 (iPhone; CPU iPhone OS 16_0 like Mac OS X) AppleWebKit/605.1.15 (KHTML, like Gecko) Version/16.0 Mobile/15E148 Safari/604.1" "nobbycosmic.com"
99.238.223.123 - - [17/Sep/2022:11:57:56 -0700] "GET /BabyTalks/Group.jpg HTTP/1.1" 200 54379 "https://nobbycosmic.com/BabyTalks/BTList.htm" "Mozilla/5.0 (iPhone; CPU iPhone OS 16_0 like Mac OS X) AppleWebKit/605.1.15 (KHTML, like Gecko) Version/16.0 Mobile/15E148 Safari/604.1" "nobbycosmic.com"
99.238.223.123 - - [17/Sep/2022:11:57:56 -0700] "GET /BabyTalks/BTFBanner1.jpg HTTP/1.1" 200 9524 "https://nobbycosmic.com/BabyTalks/BTList.htm" "Mozilla/5.0 (iPhone; CPU iPhone OS 16_0 like Mac OS X) AppleWebKit/605.1.15 (KHTML, like Gecko) Version/16.0 Mobile/15E148 Safari/604.1" "nobbycosmic.com"
99.238.223.123 - - [17/Sep/2022:11:57:56 -0700] "GET /BabyTalks/BTFBanner2.jpg HTTP/1.1" 200 4273 "https://nobbycosmic.com/BabyTalks/BTList.htm" "Mozilla/5.0 (iPhone; CPU iPhone OS 16_0 like Mac OS X) AppleWebKit/605.1.15 (KHTML, like Gecko) Version/16.0 Mobile/15E148 Safari/604.1" "nobbycosmic.com"
99.238.223.123 - - [17/Sep/2022:11:57:56 -0700] "GET /BabyTalks/blue_next.gif HTTP/1.1" 200 138 "https://nobbycosmic.com/BabyTalks/BTList.htm" "Mozilla/5.0 (iPhone; CPU iPhone OS 16_0 like Mac OS X) AppleWebKit/605.1.15 (KHTML, like Gecko) Version/16.0 Mobile/15E148 Safari/604.1" "nobbycosmic.com"
99.238.223.123 - - [17/Sep/2022:11:57:56 -0700] "GET /BabyTalks/SakuraMark2.jpg HTTP/1.1" 200 933 "https://nobbycosmic.com/BabyTalks/BTList.htm" "Mozilla/5.0 (iPhone; CPU iPhone OS 16_0 like Mac OS X) AppleWebKit/605.1.15 (KHTML, like Gecko) Version/16.0 Mobile/15E148 Safari/604.1" "nobbycosmic.com"
99.238.223.123 - - [17/Sep/2022:11:57:56 -0700] "GET /BabyTalks/FTFMemberDistChart.jpg HTTP/1.1" 200 61359 "https://nobbycosmic.com/BabyTalks/BTList.htm" "Mozilla/5.0 (iPhone; CPU iPhone OS 16_0 like Mac OS X) AppleWebKit/605.1.15 (KHTML, like Gecko) Version/16.0 Mobile/15E148 Safari/604.1" "nobbycosmic.com"
99.238.223.123 - - [17/Sep/2022:11:58:20 -0700] "GET /BabyTalks/FTFMember/MemberLists/FTFMemberListABC.htm HTTP/1.1" 401 90 "https://nobbycosmic.com/BabyTalks/BTList.htm" "Mozilla/5.0 (iPhone; CPU iPhone OS 16_0 like Mac OS X) AppleWebKit/605.1.15 (KHTML, like Gecko) Version/16.0 Mobile/15E148 Safari/604.1" "nobbycosmic.com"
99.238.223.123 - FTF [17/Sep/2022:11:58:27 -0700] "GET /BabyTalks/FTFMember/MemberLists/FTFMemberListABC.htm HTTP/1.1" 200 64188 "https://nobbycosmic.com/BabyTalks/BTList.htm" "Mozilla/5.0 (iPhone; CPU iPhone OS 16_0 like Mac OS X) AppleWebKit/605.1.15 (KHTML, like Gecko) Version/16.0 Mobile/15E148 Safari/604.1" "nobbycosmic.com"
99.245.150.102 - - [17/Sep/2022:11:58:46 -0700] "GET /BabyTalks/BTList.htm HTTP/1.1" 200 10238 "-" "Mozilla/5.0 (iPhone; CPU iPhone OS 15_2_1 like Mac OS X) AppleWebKit/605.1.15 (KHTML, like Gecko) Version/15.2 Mobile/15E148 Safari/604.1" "nobbycosmic.com"
99.245.150.102 - - [17/Sep/2022:11:58:46 -0700] "GET /BabyTalks/BTFBanner1.jpg HTTP/1.1" 200 9524 "https://nobbycosmic.com/BabyTalks/BTList.htm" "Mozilla/5.0 (iPhone; CPU iPhone OS 15_2_1 like Mac OS X) AppleWebKit/605.1.15 (KHTML, like Gecko) Version/15.2 Mobile/15E148 Safari/604.1" "nobbycosmic.com"
99.245.150.102 - - [17/Sep/2022:11:58:46 -0700] "GET /BabyTalks/Group.jpg HTTP/1.1" 200 54379 "https://nobbycosmic.com/BabyTalks/BTList.htm" "Mozilla/5.0 (iPhone; CPU iPhone OS 15_2_1 like Mac OS X) AppleWebKit/605.1.15 (KHTML, like Gecko) Version/15.2 Mobile/15E148 Safari/604.1" "nobbycosmic.com"
99.245.150.102 - - [17/Sep/2022:11:58:46 -0700] "GET /BabyTalks/BTFBanner2.jpg HTTP/1.1" 200 4273 "https://nobbycosmic.com/BabyTalks/BTList.htm" "Mozilla/5.0 (iPhone; CPU iPhone OS 15_2_1 like Mac OS X) AppleWebKit/605.1.15 (KHTML, like Gecko) Version/15.2 Mobile/15E148 Safari/604.1" "nobbycosmic.com"
99.245.150.102 - - [17/Sep/2022:11:58:46 -0700] "GET /BabyTalks/hiyoko.gif HTTP/1.1" 200 10361 "https://nobbycosmic.com/BabyTalks/BTList.htm" "Mozilla/5.0 (iPhone; CPU iPhone OS 15_2_1 like Mac OS X) AppleWebKit/605.1.15 (KHTML, like Gecko) Version/15.2 Mobile/15E148 Safari/604.1" "nobbycosmic.com"
99.245.150.102 - - [17/Sep/2022:11:58:47 -0700] "GET /BabyTalks/blue_next.gif HTTP/1.1" 200 138 "https://nobbycosmic.com/BabyTalks/BTList.htm" "Mozilla/5.0 (iPhone; CPU iPhone OS 15_2_1 like Mac OS X) AppleWebKit/605.1.15 (KHTML, like Gecko) Version/15.2 Mobile/15E148 Safari/604.1" "nobbycosmic.com"
99.245.150.102 - - [17/Sep/2022:11:58:47 -0700] "GET /BabyTalks/SakuraMark2.jpg HTTP/1.1" 200 933 "https://nobbycosmic.com/BabyTalks/BTList.htm" "Mozilla/5.0 (iPhone; CPU iPhone OS 15_2_1 like Mac OS X) AppleWebKit/605.1.15 (KHTML, like Gecko) Version/15.2 Mobile/15E148 Safari/604.1" "nobbycosmic.com"
99.245.150.102 - - [17/Sep/2022:11:58:47 -0700] "GET /BabyTalks/FTFMemberDistChart.jpg HTTP/1.1" 200 61359 "https://nobbycosmic.com/BabyTalks/BTList.htm" "Mozilla/5.0 (iPhone; CPU iPhone OS 15_2_1 like Mac OS X) AppleWebKit/605.1.15 (KHTML, like Gecko) Version/15.2 Mobile/15E148 Safari/604.1" "nobbycosmic.com"
99.245.150.102 - - [17/Sep/2022:11:58:48 -0700] "GET /favicon.ico HTTP/1.1" 404 88 "https://nobbycosmic.com/BabyTalks/BTList.htm" "Mozilla/5.0 (iPhone; CPU iPhone OS 15_2_1 like Mac OS X) AppleWebKit/605.1.15 (KHTML, like Gecko) Version/15.2 Mobile/15E148 Safari/604.1" "nobbycosmic.com"
99.238.223.123 - FTF [17/Sep/2022:11:59:35 -0700] "GET /BabyTalks/FTFMember/MemberLists/FTFMemberListPCD.htm HTTP/1.1" 200 63036 "https://nobbycosmic.com/BabyTalks/BTList.htm" "Mozilla/5.0 (iPhone; CPU iPhone OS 16_0 like Mac OS X) AppleWebKit/605.1.15 (KHTML, like Gecko) Version/16.0 Mobile/15E148 Safari/604.1" "nobbycosmic.com"
114.119.128.26 - - [17/Sep/2022:12:02:50 -0700] "GET /NJCA/BBQ07/Pictures HTTP/1.1" 301 1426 "https://nobbycosmic.com/NJCA/BBQ07?D=D" "Mozilla/5.0 (Linux; Android 7.0;) AppleWebKit/537.36 (KHTML, like Gecko) Mobile Safari/537.36 (compatible; PetalBot;+https://webmaster.petalsearch.com/site/petalbot)" "nobbycosmic.com"
114.119.128.26 - - [17/Sep/2022:12:06:56 -0700] "GET /NJCA/BBQ08/Pictures?N=D HTTP/1.1" 301 1430 "https://nobbycosmic.com/NJCA/BBQ08/Pictures?N=A" "Mozilla/5.0 (Linux; Android 7.0;) AppleWebKit/537.36 (KHTML, like Gecko) Mobile Safari/537.36 (compatible; PetalBot;+https://webmaster.petalsearch.com/site/petalbot)" "nobbycosmic.com"
114.119.128.26 - - [17/Sep/2022:12:06:57 -0700] "GET /NJCA/BBQ08/Pictures/?N=D HTTP/1.1" 200 774 "https://nobbycosmic.com/NJCA/BBQ08/Pictures?N=A" "Mozilla/5.0 (Linux; Android 7.0;) AppleWebKit/537.36 (KHTML, like Gecko) Mobile Safari/537.36 (compatible; PetalBot;+https://webmaster.petalsearch.com/site/petalbot)" "nobbycosmic.com"
114.119.128.26 - - [17/Sep/2022:12:07:59 -0700] "GET /Card/Card06/Card06.htm HTTP/1.1" 200 812 "https://nobbycosmic.com/Card/Card06?C=D%3BO%3DA" "Mozilla/5.0 (Linux; Android 7.0;) AppleWebKit/537.36 (KHTML, like Gecko) Mobile Safari/537.36 (compatible; PetalBot;+https://webmaster.petalsearch.com/site/petalbot)" "nobbycosmic.com"
114.119.128.26 - - [17/Sep/2022:12:09:40 -0700] "GET /NJCA/NY11/Pictures?D=D HTTP/1.1" 301 1428 "https://nobbycosmic.com/NJCA/NY11/Pictures?D=A" "Mozilla/5.0 (Linux; Android 7.0;) AppleWebKit/537.36 (KHTML, like Gecko) Mobile Safari/537.36 (compatible; PetalBot;+https://webmaster.petalsearch.com/site/petalbot)" "nobbycosmic.com"
114.119.128.26 - - [17/Sep/2022:12:09:43 -0700] "GET /NJCA/NY11/Pictures/?D=D HTTP/1.1" 200 1862 "https://nobbycosmic.com/NJCA/NY11/Pictures?D=A" "Mozilla/5.0 (Linux; Android 7.0;) AppleWebKit/537.36 (KHTML, like Gecko) Mobile Safari/537.36 (compatible; PetalBot;+https://webmaster.petalsearch.com/site/petalbot)" "nobbycosmic.com"
114.119.128.26 - - [17/Sep/2022:12:12:15 -0700] "GET /NJCA/BBQ10?N=D HTTP/1.1" 301 1422 "https://nobbycosmic.com/NJCA/BBQ10?N=A" "Mozilla/5.0 (Linux; Android 7.0;) AppleWebKit/537.36 (KHTML, like Gecko) Mobile Safari/537.36 (compatible; PetalBot;+https://webmaster.petalsearch.com/site/petalbot)" "nobbycosmic.com"
114.119.128.26 - - [17/Sep/2022:12:12:28 -0700] "GET /NJCA/BBQ10/?N=D HTTP/1.1" 200 1589 "https://nobbycosmic.com/NJCA/BBQ10?N=A" "Mozilla/5.0 (Linux; Android 7.0;) AppleWebKit/537.36 (KHTML, like Gecko) Mobile Safari/537.36 (compatible; PetalBot;+https://webmaster.petalsearch.com/site/petalbot)" "nobbycosmic.com"
114.119.128.26 - - [17/Sep/2022:12:15:55 -0700] "GET /NJCA/NY06/?C=N%3BO%3DD HTTP/1.1" 200 1583 "https://nobbycosmic.com/NJCA/NY06" "Mozilla/5.0 (Linux; Android 7.0;) AppleWebKit/537.36 (KHTML, like Gecko) Mobile Safari/537.36 (compatible; PetalBot;+https://webmaster.petalsearch.com/site/petalbot)" "nobbycosmic.com"
114.119.128.26 - - [17/Sep/2022:12:17:43 -0700] "GET /NJCA/NY09?M=A HTTP/1.1" 301 1421 "https://nobbycosmic.com/NJCA/NY09?S=D" "Mozilla/5.0 (Linux; Android 7.0;) AppleWebKit/537.36 (KHTML, like Gecko) Mobile Safari/537.36 (compatible; PetalBot;+https://webmaster.petalsearch.com/site/petalbot)" "nobbycosmic.com"
114.119.128.26 - - [17/Sep/2022:12:17:48 -0700] "GET /NJCA/NY09/?M=A HTTP/1.1" 200 856 "https://nobbycosmic.com/NJCA/NY09?S=D" "Mozilla/5.0 (Linux; Android 7.0;) AppleWebKit/537.36 (KHTML, like Gecko) Mobile Safari/537.36 (compatible; PetalBot;+https://webmaster.petalsearch.com/site/petalbot)" "nobbycosmic.com"
114.119.128.26 - - [17/Sep/2022:12:19:53 -0700] "GET /NJCA/BBQ09?M=A HTTP/1.1" 301 1423 "https://nobbycosmic.com/NJCA/BBQ09?S=D" "Mozilla/5.0 (Linux; Android 7.0;) AppleWebKit/537.36 (KHTML, like Gecko) Mobile Safari/537.36 (compatible; PetalBot;+https://webmaster.petalsearch.com/site/petalbot)" "nobbycosmic.com"
114.119.128.26 - - [17/Sep/2022:12:19:59 -0700] "GET /NJCA/BBQ09/?M=A HTTP/1.1" 200 1271 "https://nobbycosmic.com/NJCA/BBQ09?S=D" "Mozilla/5.0 (Linux; Android 7.0;) AppleWebKit/537.36 (KHTML, like Gecko) Mobile Safari/537.36 (compatible; PetalBot;+https://webmaster.petalsearch.com/site/petalbot)" "nobbycosmic.com"
114.119.128.26 - - [17/Sep/2022:12:21:54 -0700] "GET /NJCA/Signs/ValuableSign.pdf HTTP/1.1" 200 10473 "https://nobbycosmic.com/NJCA/Signs?N=A" "Mozilla/5.0 (Linux; Android 7.0;) AppleWebKit/537.36 (KHTML, like Gecko) Mobile Safari/537.36 (compatible; PetalBot;+https://webmaster.petalsearch.com/site/petalbot)" "nobbycosmic.com"
114.119.128.26 - - [17/Sep/2022:12:23:07 -0700] "GET /Utagoe/YukiPics.htm HTTP/1.1" 200 1702 "https://nobbycosmic.com/Utagoe?C=D%3BO%3DA" "Mozilla/5.0 (Linux; Android 7.0;) AppleWebKit/537.36 (KHTML, like Gecko) Mobile Safari/537.36 (compatible; PetalBot;+https://webmaster.petalsearch.com/site/petalbot)" "nobbycosmic.com"
114.119.128.26 - - [17/Sep/2022:12:26:58 -0700] "GET /NJCA/BBQ08?D=D HTTP/1.1" 301 1423 "https://nobbycosmic.com/NJCA/BBQ08?D=A" "Mozilla/5.0 (Linux; Android 7.0;) AppleWebKit/537.36 (KHTML, like Gecko) Mobile Safari/537.36 (compatible; PetalBot;+https://webmaster.petalsearch.com/site/petalbot)" "nobbycosmic.com"
114.119.128.26 - - [17/Sep/2022:12:27:00 -0700] "GET /NJCA/BBQ08/?D=D HTTP/1.1" 200 623 "https://nobbycosmic.com/NJCA/BBQ08?D=A" "Mozilla/5.0 (Linux; Android 7.0;) AppleWebKit/537.36 (KHTML, like Gecko) Mobile Safari/537.36 (compatible; PetalBot;+https://webmaster.petalsearch.com/site/petalbot)" "nobbycosmic.com"
114.119.128.26 - - [17/Sep/2022:12:37:57 -0700] "GET /NJCA/Temp/?C=M%3BO%3DA HTTP/1.1" 200 404 "https://nobbycosmic.com/NJCA/Temp?S=D" "Mozilla/5.0 (Linux; Android 7.0;) AppleWebKit/537.36 (KHTML, like Gecko) Mobile Safari/537.36 (compatible; PetalBot;+https://webmaster.petalsearch.com/site/petalbot)" "nobbycosmic.com"
114.119.128.253 - - [17/Sep/2022:12:40:03 -0700] "GET /Card/Card13 HTTP/1.1" 301 1414 "https://nobbycosmic.com/Card?C=D%3BO%3DA" "Mozilla/5.0 (Linux; Android 7.0;) AppleWebKit/537.36 (KHTML, like Gecko) Mobile Safari/537.36 (compatible; PetalBot;+https://webmaster.petalsearch.com/site/petalbot)" "nobbycosmic.com"
114.119.128.253 - - [17/Sep/2022:12:40:22 -0700] "GET /Card/Card13/ HTTP/1.1" 200 537 "https://nobbycosmic.com/Card?C=D%3BO%3DA" "Mozilla/5.0 (Linux; Android 7.0;) AppleWebKit/537.36 (KHTML, like Gecko) Mobile Safari/537.36 (compatible; PetalBot;+https://webmaster.petalsearch.com/site/petalbot)" "nobbycosmic.com"
114.119.128.253 - - [17/Sep/2022:12:41:10 -0700] "GET /NJCA/NY10/NY2010ProgramE.doc HTTP/1.1" 200 35328 "https://nobbycosmic.com/NJCA/NY10?D=A" "Mozilla/5.0 (Linux; Android 7.0;) AppleWebKit/537.36 (KHTML, like Gecko) Mobile Safari/537.36 (compatible; PetalBot;+https://webmaster.petalsearch.com/site/petalbot)" "nobbycosmic.com"
20.216.185.162 - - [17/Sep/2022:12:53:55 -0700] "GET / HTTP/1.1" 200 10838 "-" "Mozilla/5.0 (Windows NT 10.0; Win64; x64) AppleWebKit/537.36 (KHTML, like Gecko) Chrome/78.0.3904.108 Safari/537.36" "nobbycosmic.com"
20.216.185.162 - - [17/Sep/2022:12:53:57 -0700] "GET /wp-includes/wlwmanifest.xml HTTP/1.1" 404 73 "-" "Mozilla/5.0 (Windows NT 10.0; Win64; x64) AppleWebKit/537.36 (KHTML, like Gecko) Chrome/78.0.3904.108 Safari/537.36" "nobbycosmic.com"
20.216.185.162 - - [17/Sep/2022:12:53:58 -0700] "GET /xmlrpc.php?rsd HTTP/1.1" 404 73 "-" "Mozilla/5.0 (Windows NT 10.0; Win64; x64) AppleWebKit/537.36 (KHTML, like Gecko) Chrome/78.0.3904.108 Safari/537.36" "nobbycosmic.com"
20.216.185.162 - - [17/Sep/2022:12:53:59 -0700] "GET / HTTP/1.1" 200 10838 "-" "Mozilla/5.0 (Windows NT 10.0; Win64; x64) AppleWebKit/537.36 (KHTML, like Gecko) Chrome/78.0.3904.108 Safari/537.36" "nobbycosmic.com"
20.216.185.162 - - [17/Sep/2022:12:54:00 -0700] "GET /blog/wp-includes/wlwmanifest.xml HTTP/1.1" 404 73 "-" "Mozilla/5.0 (Windows NT 10.0; Win64; x64) AppleWebKit/537.36 (KHTML, like Gecko) Chrome/78.0.3904.108 Safari/537.36" "nobbycosmic.com"
20.216.185.162 - - [17/Sep/2022:12:54:00 -0700] "GET /web/wp-includes/wlwmanifest.xml HTTP/1.1" 404 73 "-" "Mozilla/5.0 (Windows NT 10.0; Win64; x64) AppleWebKit/537.36 (KHTML, like Gecko) Chrome/78.0.3904.108 Safari/537.36" "nobbycosmic.com"
20.216.185.162 - - [17/Sep/2022:12:54:01 -0700] "GET /wordpress/wp-includes/wlwmanifest.xml HTTP/1.1" 404 73 "-" "Mozilla/5.0 (Windows NT 10.0; Win64; x64) AppleWebKit/537.36 (KHTML, like Gecko) Chrome/78.0.3904.108 Safari/537.36" "nobbycosmic.com"
20.216.185.162 - - [17/Sep/2022:12:54:02 -0700] "GET /wp/wp-includes/wlwmanifest.xml HTTP/1.1" 404 73 "-" "Mozilla/5.0 (Windows NT 10.0; Win64; x64) AppleWebKit/537.36 (KHTML, like Gecko) Chrome/78.0.3904.108 Safari/537.36" "nobbycosmic.com"
20.216.185.162 - - [17/Sep/2022:12:54:03 -0700] "GET /news/wp-includes/wlwmanifest.xml HTTP/1.1" 404 73 "-" "Mozilla/5.0 (Windows NT 10.0; Win64; x64) AppleWebKit/537.36 (KHTML, like Gecko) Chrome/78.0.3904.108 Safari/537.36" "nobbycosmic.com"
20.216.185.162 - - [17/Sep/2022:12:54:03 -0700] "GET /2018/wp-includes/wlwmanifest.xml HTTP/1.1" 404 73 "-" "Mozilla/5.0 (Windows NT 10.0; Win64; x64) AppleWebKit/537.36 (KHTML, like Gecko) Chrome/78.0.3904.108 Safari/537.36" "nobbycosmic.com"
20.216.185.162 - - [17/Sep/2022:12:54:04 -0700] "GET /2019/wp-includes/wlwmanifest.xml HTTP/1.1" 404 73 "-" "Mozilla/5.0 (Windows NT 10.0; Win64; x64) AppleWebKit/537.36 (KHTML, like Gecko) Chrome/78.0.3904.108 Safari/537.36" "nobbycosmic.com"
20.216.185.162 - - [17/Sep/2022:12:54:05 -0700] "GET /wp1/wp-includes/wlwmanifest.xml HTTP/1.1" 404 73 "-" "Mozilla/5.0 (Windows NT 10.0; Win64; x64) AppleWebKit/537.36 (KHTML, like Gecko) Chrome/78.0.3904.108 Safari/537.36" "nobbycosmic.com"
20.216.185.162 - - [17/Sep/2022:12:54:06 -0700] "GET /test/wp-includes/wlwmanifest.xml HTTP/1.1" 404 73 "-" "Mozilla/5.0 (Windows NT 10.0; Win64; x64) AppleWebKit/537.36 (KHTML, like Gecko) Chrome/78.0.3904.108 Safari/537.36" "nobbycosmic.com"
20.216.185.162 - - [17/Sep/2022:12:54:06 -0700] "GET /media/wp-includes/wlwmanifest.xml HTTP/1.1" 404 73 "-" "Mozilla/5.0 (Windows NT 10.0; Win64; x64) AppleWebKit/537.36 (KHTML, like Gecko) Chrome/78.0.3904.108 Safari/537.36" "nobbycosmic.com"
20.216.185.162 - - [17/Sep/2022:12:54:07 -0700] "GET /wp2/wp-includes/wlwmanifest.xml HTTP/1.1" 404 73 "-" "Mozilla/5.0 (Windows NT 10.0; Win64; x64) AppleWebKit/537.36 (KHTML, like Gecko) Chrome/78.0.3904.108 Safari/537.36" "nobbycosmic.com"
20.216.185.162 - - [17/Sep/2022:12:54:08 -0700] "GET /site/wp-includes/wlwmanifest.xml HTTP/1.1" 404 73 "-" "Mozilla/5.0 (Windows NT 10.0; Win64; x64) AppleWebKit/537.36 (KHTML, like Gecko) Chrome/78.0.3904.108 Safari/537.36" "nobbycosmic.com"
20.216.185.162 - - [17/Sep/2022:12:54:09 -0700] "GET /cms/wp-includes/wlwmanifest.xml HTTP/1.1" 404 73 "-" "Mozilla/5.0 (Windows NT 10.0; Win64; x64) AppleWebKit/537.36 (KHTML, like Gecko) Chrome/78.0.3904.108 Safari/537.36" "nobbycosmic.com"
20.216.185.162 - - [17/Sep/2022:12:54:10 -0700] "GET /sito/wp-includes/wlwmanifest.xml HTTP/1.1" 404 73 "-" "Mozilla/5.0 (Windows NT 10.0; Win64; x64) AppleWebKit/537.36 (KHTML, like Gecko) Chrome/78.0.3904.108 Safari/537.36" "nobbycosmic.com"
114.119.128.253 - - [17/Sep/2022:12:56:50 -0700] "GET /NJCA/BBQ06?C=S%3BO%3DA HTTP/1.1" 301 1432 "https://nobbycosmic.com/NJCA/BBQ06?M=A" "Mozilla/5.0 (Linux; Android 7.0;) AppleWebKit/537.36 (KHTML, like Gecko) Mobile Safari/537.36 (compatible; PetalBot;+https://webmaster.petalsearch.com/site/petalbot)" "nobbycosmic.com"
114.119.128.253 - - [17/Sep/2022:13:02:50 -0700] "GET /NJCA/NY11/2011NYMochiReport.pdf HTTP/1.1" 200 41235 "https://nobbycosmic.com/NJCA/NY11?C=M%3BO%3DA" "Mozilla/5.0 (Linux; Android 7.0;) AppleWebKit/537.36 (KHTML, like Gecko) Mobile Safari/537.36 (compatible; PetalBot;+https://webmaster.petalsearch.com/site/petalbot)" "nobbycosmic.com"
114.119.128.253 - - [17/Sep/2022:13:04:25 -0700] "GET /NJCA/AGM06?C=D%3BO%3DA HTTP/1.1" 301 1432 "https://nobbycosmic.com/NJCA/AGM06?D=D" "Mozilla/5.0 (Linux; Android 7.0;) AppleWebKit/537.36 (KHTML, like Gecko) Mobile Safari/537.36 (compatible; PetalBot;+https://webmaster.petalsearch.com/site/petalbot)" "nobbycosmic.com"
74.125.215.106 - - [17/Sep/2022:13:04:39 -0700] "GET /BabyTalks/Group.jpg HTTP/1.1" 200 54379 "-" "Mozilla/5.0 (Windows NT 5.1; rv:11.0) Gecko Firefox/11.0 (via ggpht.com GoogleImageProxy)" "nobbycosmic.com"
114.119.128.253 - - [17/Sep/2022:13:05:01 -0700] "GET /NJCA/AGM06/?C=D%3BO%3DA HTTP/1.1" 200 395 "https://nobbycosmic.com/NJCA/AGM06?D=D" "Mozilla/5.0 (Linux; Android 7.0;) AppleWebKit/537.36 (KHTML, like Gecko) Mobile Safari/537.36 (compatible; PetalBot;+https://webmaster.petalsearch.com/site/petalbot)" "nobbycosmic.com"
114.119.128.253 - - [17/Sep/2022:13:09:47 -0700] "GET /NJCA/BBQ09/?C=N%3BO%3DD HTTP/1.1" 200 1271 "https://nobbycosmic.com/NJCA/BBQ09?C=N%3BO%3DD" "Mozilla/5.0 (Linux; Android 7.0;) AppleWebKit/537.36 (KHTML, like Gecko) Mobile Safari/537.36 (compatible; PetalBot;+https://webmaster.petalsearch.com/site/petalbot)" "nobbycosmic.com"
114.119.128.253 - - [17/Sep/2022:13:10:51 -0700] "GET /NJCA/AGM08 HTTP/1.1" 301 1418 "https://nobbycosmic.com/NJCA?M=A" "Mozilla/5.0 (Linux; Android 7.0;) AppleWebKit/537.36 (KHTML, like Gecko) Mobile Safari/537.36 (compatible; PetalBot;+https://webmaster.petalsearch.com/site/petalbot)" "nobbycosmic.com"
114.119.128.253 - - [17/Sep/2022:13:10:55 -0700] "GET /NJCA/AGM08/ HTTP/1.1" 200 407 "https://nobbycosmic.com/NJCA?M=A" "Mozilla/5.0 (Linux; Android 7.0;) AppleWebKit/537.36 (KHTML, like Gecko) Mobile Safari/537.36 (compatible; PetalBot;+https://webmaster.petalsearch.com/site/petalbot)" "nobbycosmic.com"
104.157.130.150 - - [17/Sep/2022:13:12:48 -0700] "GET /2022/Trius/20220907Trius.htm HTTP/1.1" 304 - "-" "Mozilla/5.0 (Windows NT 10.0; Win64; x64) AppleWebKit/537.36 (KHTML, like Gecko) Chrome/105.0.0.0 Safari/537.36" "nobbycosmic.com"
104.157.130.150 - - [17/Sep/2022:13:12:48 -0700] "GET /2022/Trius/2022090702Trius.JPG HTTP/1.1" 304 - "https://nobbycosmic.com/2022/Trius/20220907Trius.htm" "Mozilla/5.0 (Windows NT 10.0; Win64; x64) AppleWebKit/537.36 (KHTML, like Gecko) Chrome/105.0.0.0 Safari/537.36" "nobbycosmic.com"
104.157.130.150 - - [17/Sep/2022:13:12:48 -0700] "GET /2022/Trius/2022090703Trius.JPG HTTP/1.1" 304 - "https://nobbycosmic.com/2022/Trius/20220907Trius.htm" "Mozilla/5.0 (Windows NT 10.0; Win64; x64) AppleWebKit/537.36 (KHTML, like Gecko) Chrome/105.0.0.0 Safari/537.36" "nobbycosmic.com"
104.157.130.150 - - [17/Sep/2022:13:12:48 -0700] "GET /2022/Trius/2022090705Trius.JPG HTTP/1.1" 304 - "https://nobbycosmic.com/2022/Trius/20220907Trius.htm" "Mozilla/5.0 (Windows NT 10.0; Win64; x64) AppleWebKit/537.36 (KHTML, like Gecko) Chrome/105.0.0.0 Safari/537.36" "nobbycosmic.com"
104.157.130.150 - - [17/Sep/2022:13:12:48 -0700] "GET /2022/Trius/2022090707Trius.JPG HTTP/1.1" 304 - "https://nobbycosmic.com/2022/Trius/20220907Trius.htm" "Mozilla/5.0 (Windows NT 10.0; Win64; x64) AppleWebKit/537.36 (KHTML, like Gecko) Chrome/105.0.0.0 Safari/537.36" "nobbycosmic.com"
104.157.130.150 - - [17/Sep/2022:13:12:48 -0700] "GET /2022/Trius/20220907014Trius.JPG HTTP/1.1" 304 - "https://nobbycosmic.com/2022/Trius/20220907Trius.htm" "Mozilla/5.0 (Windows NT 10.0; Win64; x64) AppleWebKit/537.36 (KHTML, like Gecko) Chrome/105.0.0.0 Safari/537.36" "nobbycosmic.com"
104.157.130.150 - - [17/Sep/2022:13:12:48 -0700] "GET /2022/Trius/20220907011Trius.JPG HTTP/1.1" 304 - "https://nobbycosmic.com/2022/Trius/20220907Trius.htm" "Mozilla/5.0 (Windows NT 10.0; Win64; x64) AppleWebKit/537.36 (KHTML, like Gecko) Chrome/105.0.0.0 Safari/537.36" "nobbycosmic.com"
104.157.130.150 - - [17/Sep/2022:13:12:48 -0700] "GET /2022/Trius/2022090709Trius.JPG HTTP/1.1" 304 - "https://nobbycosmic.com/2022/Trius/20220907Trius.htm" "Mozilla/5.0 (Windows NT 10.0; Win64; x64) AppleWebKit/537.36 (KHTML, like Gecko) Chrome/105.0.0.0 Safari/537.36" "nobbycosmic.com"
104.157.130.150 - - [17/Sep/2022:13:12:48 -0700] "GET /2022/Trius/20220907012Trius.JPG HTTP/1.1" 304 - "https://nobbycosmic.com/2022/Trius/20220907Trius.htm" "Mozilla/5.0 (Windows NT 10.0; Win64; x64) AppleWebKit/537.36 (KHTML, like Gecko) Chrome/105.0.0.0 Safari/537.36" "nobbycosmic.com"
104.157.130.150 - - [17/Sep/2022:13:12:48 -0700] "GET /2022/Trius/20220907013Trius.JPG HTTP/1.1" 304 - "https://nobbycosmic.com/2022/Trius/20220907Trius.htm" "Mozilla/5.0 (Windows NT 10.0; Win64; x64) AppleWebKit/537.36 (KHTML, like Gecko) Chrome/105.0.0.0 Safari/537.36" "nobbycosmic.com"
104.157.130.150 - - [17/Sep/2022:13:12:48 -0700] "GET /2022/Trius/2022090706Trius.JPG HTTP/1.1" 304 - "https://nobbycosmic.com/2022/Trius/20220907Trius.htm" "Mozilla/5.0 (Windows NT 10.0; Win64; x64) AppleWebKit/537.36 (KHTML, like Gecko) Chrome/105.0.0.0 Safari/537.36" "nobbycosmic.com"
104.157.130.150 - - [17/Sep/2022:13:12:48 -0700] "GET /2022/Trius/2022090708Trius.JPG HTTP/1.1" 304 - "https://nobbycosmic.com/2022/Trius/20220907Trius.htm" "Mozilla/5.0 (Windows NT 10.0; Win64; x64) AppleWebKit/537.36 (KHTML, like Gecko) Chrome/105.0.0.0 Safari/537.36" "nobbycosmic.com"
104.157.130.150 - - [17/Sep/2022:13:12:48 -0700] "GET /2022/Trius/20220907010Trius.JPG HTTP/1.1" 304 - "https://nobbycosmic.com/2022/Trius/20220907Trius.htm" "Mozilla/5.0 (Windows NT 10.0; Win64; x64) AppleWebKit/537.36 (KHTML, like Gecko) Chrome/105.0.0.0 Safari/537.36" "nobbycosmic.com"
104.157.130.150 - - [17/Sep/2022:13:12:48 -0700] "GET /2022/Trius/2022090701Trius.JPG HTTP/1.1" 304 - "https://nobbycosmic.com/2022/Trius/20220907Trius.htm" "Mozilla/5.0 (Windows NT 10.0; Win64; x64) AppleWebKit/537.36 (KHTML, like Gecko) Chrome/105.0.0.0 Safari/537.36" "nobbycosmic.com"
157.55.39.183 - - [17/Sep/2022:13:13:48 -0700] "GET /Homepage/Tickets/Ticket2/TicketA07.jpg HTTP/1.1" 200 22125 "-" "Mozilla/5.0 AppleWebKit/537.36 (KHTML, like Gecko; compatible; bingbot/2.0; +http://www.bing.com/bingbot.htm) Chrome/103.0.5060.134 Safari/537.36" "nobbycosmic.com"
114.119.128.26 - - [17/Sep/2022:13:22:51 -0700] "GET /NJCA/NY08/Pictures?S=A HTTP/1.1" 301 1428 "https://nobbycosmic.com/NJCA/NY08/Pictures?M=D" "Mozilla/5.0 (Linux; Android 7.0;) AppleWebKit/537.36 (KHTML, like Gecko) Mobile Safari/537.36 (compatible; PetalBot;+https://webmaster.petalsearch.com/site/petalbot)" "nobbycosmic.com"
114.119.128.26 - - [17/Sep/2022:13:22:59 -0700] "GET /NJCA/NY08/Pictures/?S=A HTTP/1.1" 200 1381 "https://nobbycosmic.com/NJCA/NY08/Pictures?M=D" "Mozilla/5.0 (Linux; Android 7.0;) AppleWebKit/537.36 (KHTML, like Gecko) Mobile Safari/537.36 (compatible; PetalBot;+https://webmaster.petalsearch.com/site/petalbot)" "nobbycosmic.com"
194.38.20.161 - - [17/Sep/2022:13:23:02 -0700] "GET /wp-content/themes/OptimizePress/lib/admin/media-upload.php HTTP/1.1" 404 73 "-" "ALittle Client" "nobbycosmic.com"
114.119.128.26 - - [17/Sep/2022:13:25:26 -0700] "GET /NJCA/AGM09?C=S%3BO%3DA HTTP/1.1" 301 1432 "https://nobbycosmic.com/NJCA/AGM09?C=D%3BO%3DA" "Mozilla/5.0 (Linux; Android 7.0;) AppleWebKit/537.36 (KHTML, like Gecko) Mobile Safari/537.36 (compatible; PetalBot;+https://webmaster.petalsearch.com/site/petalbot)" "nobbycosmic.com"
114.119.128.26 - - [17/Sep/2022:13:25:39 -0700] "GET /NJCA/AGM09/?C=S%3BO%3DA HTTP/1.1" 200 473 "https://nobbycosmic.com/NJCA/AGM09?C=D%3BO%3DA" "Mozilla/5.0 (Linux; Android 7.0;) AppleWebKit/537.36 (KHTML, like Gecko) Mobile Safari/537.36 (compatible; PetalBot;+https://webmaster.petalsearch.com/site/petalbot)" "nobbycosmic.com"
114.119.128.26 - - [17/Sep/2022:13:25:50 -0700] "GET /NJCA/BBQ10/BoothRegistrationForm.pdf HTTP/1.1" 200 39118 "https://nobbycosmic.com/NJCA/BBQ10?C=M%3BO%3DA" "Mozilla/5.0 (Linux; Android 7.0;) AppleWebKit/537.36 (KHTML, like Gecko) Mobile Safari/537.36 (compatible; PetalBot;+https://webmaster.petalsearch.com/site/petalbot)" "nobbycosmic.com"
114.119.128.26 - - [17/Sep/2022:13:46:15 -0700] "GET /Card/Card10/?C=S%3BO%3DA HTTP/1.1" 200 472 "https://nobbycosmic.com/Card/Card10?C=D%3BO%3DA" "Mozilla/5.0 (Linux; Android 7.0;) AppleWebKit/537.36 (KHTML, like Gecko) Mobile Safari/537.36 (compatible; PetalBot;+https://webmaster.petalsearch.com/site/petalbot)" "nobbycosmic.com"
207.46.13.30 - - [17/Sep/2022:13:46:17 -0700] "GET /NJCA/BBQ10/Hula3.JPG HTTP/1.1" 200 141452 "-" "Mozilla/5.0 AppleWebKit/537.36 (KHTML, like Gecko; compatible; bingbot/2.0; +http://www.bing.com/bingbot.htm) Chrome/103.0.5060.134 Safari/537.36" "nobbycosmic.com"
103.111.30.40 - - [17/Sep/2022:13:46:20 -0700] "GET /wp-login.php HTTP/1.1" 404 88 "http://nobbycosmic.com/wp-login.php" "Mozilla/5.0 (Windows NT 10.0; Win64; x64; rv:96.0) Gecko/20100101 Firefox/96" "nobbycosmic.com"
114.119.128.26 - - [17/Sep/2022:13:47:41 -0700] "GET /Card/?C=M%3BO%3DA HTTP/1.1" 200 582 "https://nobbycosmic.com/Card/?C=D%3BO%3DA" "Mozilla/5.0 (Linux; Android 7.0;) AppleWebKit/537.36 (KHTML, like Gecko) Mobile Safari/537.36 (compatible; PetalBot;+https://webmaster.petalsearch.com/site/petalbot)" "nobbycosmic.com"
114.119.128.26 - - [17/Sep/2022:13:49:32 -0700] "GET /NJCA/Document/HBRRules.doc HTTP/1.1" 200 34304 "https://nobbycosmic.com/NJCA/Document?D=D" "Mozilla/5.0 (Linux; Android 7.0;) AppleWebKit/537.36 (KHTML, like Gecko) Mobile Safari/537.36 (compatible; PetalBot;+https://webmaster.petalsearch.com/site/petalbot)" "nobbycosmic.com"
114.119.128.26 - - [17/Sep/2022:13:55:44 -0700] "GET /NJCA/BBQ11?C=N%3BO%3DD HTTP/1.1" 301 1431 "https://nobbycosmic.com/NJCA/BBQ11?S=D" "Mozilla/5.0 (Linux; Android 7.0;) AppleWebKit/537.36 (KHTML, like Gecko) Mobile Safari/537.36 (compatible; PetalBot;+https://webmaster.petalsearch.com/site/petalbot)" "nobbycosmic.com"
114.119.128.26 - - [17/Sep/2022:13:55:50 -0700] "GET /NJCA/BBQ11/?C=N%3BO%3DD HTTP/1.1" 200 1906 "https://nobbycosmic.com/NJCA/BBQ11?S=D" "Mozilla/5.0 (Linux; Android 7.0;) AppleWebKit/537.36 (KHTML, like Gecko) Mobile Safari/537.36 (compatible; PetalBot;+https://webmaster.petalsearch.com/site/petalbot)" "nobbycosmic.com"
34.212.171.156 - - [17/Sep/2022:14:21:31 -0700] "GET / HTTP/1.1" 200 3158 "-" "Mozilla/5.0 (X11; Linux x86_64) AppleWebKit/537.36 (KHTML, like Gecko) Chrome/83.0.4103.97 Safari/537.36" "nobbycosmic.com"
34.210.160.242 - - [17/Sep/2022:14:21:42 -0700] "GET / HTTP/1.1" 200 3158 "-" "Mozilla/5.0 (X11; Linux x86_64) AppleWebKit/537.36 (KHTML, like Gecko) Chrome/83.0.4103.97 Safari/537.36" "nobbycosmic.com"
35.89.144.150 - - [17/Sep/2022:14:22:20 -0700] "GET /favicon.ico HTTP/1.1" 404 88 "-" "Mozilla/5.0 (X11; Linux x86_64) AppleWebKit/537.36 (KHTML, like Gecko) Chrome/83.0.4103.97 Safari/537.36" "nobbycosmic.com"
99.237.49.245 - - [17/Sep/2022:14:28:23 -0700] "GET /Utagoe/Utagoe.htm HTTP/1.1" 200 3880 "-" "Mozilla/5.0 (iPhone; CPU iPhone OS 12_5_6 like Mac OS X) AppleWebKit/605.1.15 (KHTML, like Gecko) Version/12.1.2 Mobile/15E148 Safari/604.1" "nobbycosmic.com"
99.237.49.245 - - [17/Sep/2022:14:28:25 -0700] "GET /Utagoe/utagoe2.jpg HTTP/1.1" 200 16544 "https://nobbycosmic.com/Utagoe/Utagoe.htm" "Mozilla/5.0 (iPhone; CPU iPhone OS 12_5_6 like Mac OS X) AppleWebKit/605.1.15 (KHTML, like Gecko) Version/12.1.2 Mobile/15E148 Safari/604.1" "nobbycosmic.com"
99.237.49.245 - - [17/Sep/2022:14:28:27 -0700] "GET /favicon.ico HTTP/1.1" 404 88 "https://nobbycosmic.com/Utagoe/Utagoe.htm" "Mozilla/5.0 (iPhone; CPU iPhone OS 12_5_6 like Mac OS X) AppleWebKit/605.1.15 (KHTML, like Gecko) Version/12.1.2 Mobile/15E148 Safari/604.1" "nobbycosmic.com"
52.35.35.31 - - [17/Sep/2022:14:37:33 -0700] "GET /favicon.ico HTTP/1.1" 404 88 "http://nobbycosmic.com/favicon.ico" "Mozilla/5.0 (X11; Linux x86_64) AppleWebKit/537.36 (KHTML, like Gecko) Chrome/83.0.4103.97 Safari/537.36" "nobbycosmic.com"
52.35.35.31 - - [17/Sep/2022:14:37:36 -0700] "GET / HTTP/1.1" 200 3158 "http://nobbycosmic.com" "Mozilla/5.0 (X11; Linux x86_64) AppleWebKit/537.36 (KHTML, like Gecko) Chrome/83.0.4103.97 Safari/537.36" "nobbycosmic.com"
