72.143.194.61 - - [01/Sep/2022:10:25:21 -0700] "GET /BabyTalks/Group.jpg HTTP/1.1" 200 54379 "https://nobbycosmic.com/BabyTalks/BTList.htm" "Mozilla/5.0 (iPhone; CPU iPhone OS 14_7_1 like Mac OS X) AppleWebKit/605.1.15 (KHTML, like Gecko) Mobile/15E148 Safari Line/11.12.1" "nobbycosmic.com"
72.143.194.61 - - [01/Sep/2022:10:25:21 -0700] "GET /BabyTalks/hiyoko.gif HTTP/1.1" 200 10361 "https://nobbycosmic.com/BabyTalks/BTList.htm" "Mozilla/5.0 (iPhone; CPU iPhone OS 14_7_1 like Mac OS X) AppleWebKit/605.1.15 (KHTML, like Gecko) Mobile/15E148 Safari Line/11.12.1" "nobbycosmic.com"
72.143.194.61 - - [01/Sep/2022:10:25:21 -0700] "GET /BabyTalks/SakuraMark2.jpg HTTP/1.1" 200 933 "https://nobbycosmic.com/BabyTalks/BTList.htm" "Mozilla/5.0 (iPhone; CPU iPhone OS 14_7_1 like Mac OS X) AppleWebKit/605.1.15 (KHTML, like Gecko) Mobile/15E148 Safari Line/11.12.1" "nobbycosmic.com"
72.143.194.61 - - [01/Sep/2022:10:25:21 -0700] "GET /BabyTalks/FTFMemberDistChart.jpg HTTP/1.1" 200 61359 "https://nobbycosmic.com/BabyTalks/BTList.htm" "Mozilla/5.0 (iPhone; CPU iPhone OS 14_7_1 like Mac OS X) AppleWebKit/605.1.15 (KHTML, like Gecko) Mobile/15E148 Safari Line/11.12.1" "nobbycosmic.com"
216.244.66.200 - - [01/Sep/2022:10:58:09 -0700] "GET /robots.txt HTTP/1.1" 200 61 "-" "Mozilla/5.0 (compatible; DotBot/1.2; +https://opensiteexplorer.org/dotbot; help@moz.com)" "nobbycosmic.com"
74.125.210.172 - - [01/Sep/2022:11:05:26 -0700] "GET /BabyTalks/Group.jpg HTTP/1.1" 200 54379 "-" "Mozilla/5.0 (Windows NT 5.1; rv:11.0) Gecko Firefox/11.0 (via ggpht.com GoogleImageProxy)" "nobbycosmic.com"
114.119.128.40 - - [01/Sep/2022:11:19:27 -0700] "GET /NJCA/BBQ07/?C=M%3BO%3DA HTTP/1.1" 200 601 "https://nobbycosmic.com/NJCA/BBQ07" "Mozilla/5.0 (Linux; Android 7.0;) AppleWebKit/537.36 (KHTML, like Gecko) Mobile Safari/537.36 (compatible; PetalBot;+https://webmaster.petalsearch.com/site/petalbot)" "nobbycosmic.com"
114.119.128.40 - - [01/Sep/2022:11:29:05 -0700] "GET /NJCA/JCCC/BookingRecord2010-2011.pdf HTTP/1.1" 200 78421 "https://nobbycosmic.com/NJCA/JCCC?N=D" "Mozilla/5.0 (Linux; Android 7.0;) AppleWebKit/537.36 (KHTML, like Gecko) Mobile Safari/537.36 (compatible; PetalBot;+https://webmaster.petalsearch.com/site/petalbot)" "nobbycosmic.com"
216.244.66.200 - - [01/Sep/2022:11:44:35 -0700] "GET /robots.txt HTTP/1.1" 200 61 "-" "Mozilla/5.0 (compatible; DotBot/1.2; +https://opensiteexplorer.org/dotbot; help@moz.com)" "nobbycosmic.com"
136.243.153.17 - - [01/Sep/2022:11:45:59 -0700] "GET /robots.txt HTTP/1.1" 200 75 "-" "serpstatbot/2.1 (advanced backlink tracking bot; https://serpstatbot.com/; abuse@serpstatbot.com)" "nobbycosmic.com"
136.243.153.17 - - [01/Sep/2022:11:45:59 -0700] "GET /services HTTP/1.1" 200 2996 "-" "serpstatbot/2.1 (advanced backlink tracking bot; https://serpstatbot.com/; abuse@serpstatbot.com)" "nobbycosmic.com"
136.243.153.17 - - [01/Sep/2022:11:46:49 -0700] "GET /home HTTP/1.1" 200 3157 "-" "serpstatbot/2.1 (advanced backlink tracking bot; https://serpstatbot.com/; abuse@serpstatbot.com)" "nobbycosmic.com"
136.243.153.17 - - [01/Sep/2022:11:47:24 -0700] "GET /contact_us HTTP/1.1" 200 6311 "-" "serpstatbot/2.1 (advanced backlink tracking bot; https://serpstatbot.com/; abuse@serpstatbot.com)" "nobbycosmic.com"
136.243.153.17 - - [01/Sep/2022:11:48:02 -0700] "GET /about_us HTTP/1.1" 200 2945 "-" "serpstatbot/2.1 (advanced backlink tracking bot; https://serpstatbot.com/; abuse@serpstatbot.com)" "nobbycosmic.com"
136.243.153.17 - - [01/Sep/2022:11:48:37 -0700] "GET /Utagoe/Utagoe.htm HTTP/1.1" 200 3880 "-" "serpstatbot/2.1 (advanced backlink tracking bot; https://serpstatbot.com/; abuse@serpstatbot.com)" "nobbycosmic.com"
136.243.153.17 - - [01/Sep/2022:11:49:11 -0700] "GET /BabyTalks/BTList.htm HTTP/1.1" 200 10239 "-" "serpstatbot/2.1 (advanced backlink tracking bot; https://serpstatbot.com/; abuse@serpstatbot.com)" "nobbycosmic.com"
136.243.153.17 - - [01/Sep/2022:11:49:44 -0700] "GET / HTTP/1.1" 200 3158 "-" "serpstatbot/2.1 (advanced backlink tracking bot; https://serpstatbot.com/; abuse@serpstatbot.com)" "nobbycosmic.com"
66.249.79.71 - - [01/Sep/2022:11:49:48 -0700] "GET /NJCA/2009JLES.jpg HTTP/1.1" 200 217690 "-" "Googlebot-Image/1.0" "nobbycosmic.com"
136.243.153.17 - - [01/Sep/2022:11:50:15 -0700] "GET / HTTP/1.1" 200 3158 "-" "serpstatbot/2.1 (advanced backlink tracking bot; https://serpstatbot.com/; abuse@serpstatbot.com)" "nobbycosmic.com"
66.249.79.77 - - [01/Sep/2022:11:51:33 -0700] "GET /NJCA/0813_gaimu_04.jpg HTTP/1.1" 200 34090 "-" "Googlebot-Image/1.0" "nobbycosmic.com"
114.119.128.40 - - [01/Sep/2022:11:53:58 -0700] "GET /NJCA/BBQ11/JCCCFloorBBQ2011.pdf HTTP/1.1" 200 217613 "https://nobbycosmic.com/NJCA/BBQ11?N=D" "Mozilla/5.0 (Linux; Android 7.0;) AppleWebKit/537.36 (KHTML, like Gecko) Mobile Safari/537.36 (compatible; PetalBot;+https://webmaster.petalsearch.com/site/petalbot)" "nobbycosmic.com"
114.119.128.40 - - [01/Sep/2022:12:09:26 -0700] "GET /NJCA/NY11/Pictures?S=A HTTP/1.1" 301 1428 "https://nobbycosmic.com/NJCA/NY11/Pictures?D=D" "Mozilla/5.0 (Linux; Android 7.0;) AppleWebKit/537.36 (KHTML, like Gecko) Mobile Safari/537.36 (compatible; PetalBot;+https://webmaster.petalsearch.com/site/petalbot)" "nobbycosmic.com"
114.119.128.40 - - [01/Sep/2022:12:09:27 -0700] "GET /NJCA/NY11/Pictures/?S=A HTTP/1.1" 200 1862 "https://nobbycosmic.com/NJCA/NY11/Pictures?D=D" "Mozilla/5.0 (Linux; Android 7.0;) AppleWebKit/537.36 (KHTML, like Gecko) Mobile Safari/537.36 (compatible; PetalBot;+https://webmaster.petalsearch.com/site/petalbot)" "nobbycosmic.com"
138.246.253.24 - - [01/Sep/2022:12:13:22 -0700] "GET /robots.txt HTTP/1.1" 200 61 "-" "Mozilla/5.0 (Windows NT 10.0; Win64; x64) AppleWebKit/537.36 (KHTML, like Gecko) Chrome/103.0.5060.134 Safari/537.36" "nobbycosmic.com"
114.119.128.40 - - [01/Sep/2022:12:30:13 -0700] "GET /NJCA/Document/OfficeFinancePropertyTax20130922.pdf HTTP/1.1" 200 11060 "https://nobbycosmic.com/NJCA/Document/" "Mozilla/5.0 (Linux; Android 7.0;) AppleWebKit/537.36 (KHTML, like Gecko) Mobile Safari/537.36 (compatible; PetalBot;+https://webmaster.petalsearch.com/site/petalbot)" "nobbycosmic.com"
51.222.253.11 - - [01/Sep/2022:12:30:19 -0700] "GET / HTTP/1.1" 200 3158 "-" "Mozilla/5.0 (compatible; AhrefsBot/7.0; +http://ahrefs.com/robot/)" "www.nobbycosmic.com"
216.244.66.200 - - [01/Sep/2022:12:30:25 -0700] "GET /robots.txt HTTP/1.1" 200 61 "-" "Mozilla/5.0 (compatible; DotBot/1.2; +https://opensiteexplorer.org/dotbot; help@moz.com)" "nobbycosmic.com"
99.240.164.24 - - [01/Sep/2022:12:33:10 -0700] "GET /favicon.ico HTTP/1.1" 404 88 "-" "LINE/12.13.0 (iPhone; iOS 15.6.1; Scale/3.00)" "nobbycosmic.com"
114.119.128.26 - - [01/Sep/2022:12:39:49 -0700] "GET /NJCA/Document/HBR.htm HTTP/1.1" 200 713 "https://nobbycosmic.com/NJCA/Document/" "Mozilla/5.0 (Linux; Android 7.0;) AppleWebKit/537.36 (KHTML, like Gecko) Mobile Safari/537.36 (compatible; PetalBot;+https://webmaster.petalsearch.com/site/petalbot)" "nobbycosmic.com"
142.112.80.157 - - [01/Sep/2022:12:47:46 -0700] "GET /Utagoe/2022Summer/Utagoe202208.htm HTTP/1.1" 200 2832 "https://torontonikkeiforum.forumotion.com/" "Mozilla/5.0 (iPhone; CPU iPhone OS 15_6_1 like Mac OS X) AppleWebKit/605.1.15 (KHTML, like Gecko) Version/15.6.1 Mobile/15E148 Safari/604.1" "nobbycosmic.com"
142.112.80.157 - - [01/Sep/2022:12:47:46 -0700] "GET /Utagoe/2022Summer/2022082701Sun.jpg HTTP/1.1" 200 43206 "https://nobbycosmic.com/Utagoe/2022Summer/Utagoe202208.htm" "Mozilla/5.0 (iPhone; CPU iPhone OS 15_6_1 like Mac OS X) AppleWebKit/605.1.15 (KHTML, like Gecko) Version/15.6.1 Mobile/15E148 Safari/604.1" "nobbycosmic.com"
142.112.80.157 - - [01/Sep/2022:12:47:47 -0700] "GET /Utagoe/2022Summer/2022082712Songs.JPG HTTP/1.1" 200 128747 "https://nobbycosmic.com/Utagoe/2022Summer/Utagoe202208.htm" "Mozilla/5.0 (iPhone; CPU iPhone OS 15_6_1 like Mac OS X) AppleWebKit/605.1.15 (KHTML, like Gecko) Version/15.6.1 Mobile/15E148 Safari/604.1" "nobbycosmic.com"
142.112.80.157 - - [01/Sep/2022:12:47:47 -0700] "GET /Utagoe/2022Summer/2022082703Tree.JPG HTTP/1.1" 200 130838 "https://nobbycosmic.com/Utagoe/2022Summer/Utagoe202208.htm" "Mozilla/5.0 (iPhone; CPU iPhone OS 15_6_1 like Mac OS X) AppleWebKit/605.1.15 (KHTML, like Gecko) Version/15.6.1 Mobile/15E148 Safari/604.1" "nobbycosmic.com"
142.112.80.157 - - [01/Sep/2022:12:47:47 -0700] "GET /Utagoe/2022Summer/2022082702BlueSky.jpg HTTP/1.1" 200 30483 "https://nobbycosmic.com/Utagoe/2022Summer/Utagoe202208.htm" "Mozilla/5.0 (iPhone; CPU iPhone OS 15_6_1 like Mac OS X) AppleWebKit/605.1.15 (KHTML, like Gecko) Version/15.6.1 Mobile/15E148 Safari/604.1" "nobbycosmic.com"
142.112.80.157 - - [01/Sep/2022:12:47:47 -0700] "GET /Utagoe/2022Summer/2022082706Prep.jpg HTTP/1.1" 200 129100 "https://nobbycosmic.com/Utagoe/2022Summer/Utagoe202208.htm" "Mozilla/5.0 (iPhone; CPU iPhone OS 15_6_1 like Mac OS X) AppleWebKit/605.1.15 (KHTML, like Gecko) Version/15.6.1 Mobile/15E148 Safari/604.1" "nobbycosmic.com"
142.112.80.157 - - [01/Sep/2022:12:47:47 -0700] "GET /Utagoe/2022Summer/2022082709Band.JPG HTTP/1.1" 200 132981 "https://nobbycosmic.com/Utagoe/2022Summer/Utagoe202208.htm" "Mozilla/5.0 (iPhone; CPU iPhone OS 15_6_1 like Mac OS X) AppleWebKit/605.1.15 (KHTML, like Gecko) Version/15.6.1 Mobile/15E148 Safari/604.1" "nobbycosmic.com"
142.112.80.157 - - [01/Sep/2022:12:47:47 -0700] "GET /Utagoe/2022Summer/2022082707Session.JPG HTTP/1.1" 200 148214 "https://nobbycosmic.com/Utagoe/2022Summer/Utagoe202208.htm" "Mozilla/5.0 (iPhone; CPU iPhone OS 15_6_1 like Mac OS X) AppleWebKit/605.1.15 (KHTML, like Gecko) Version/15.6.1 Mobile/15E148 Safari/604.1" "nobbycosmic.com"
142.112.80.157 - - [01/Sep/2022:12:47:47 -0700] "GET /Utagoe/2022Summer/2022082705Prep.jpg HTTP/1.1" 200 83979 "https://nobbycosmic.com/Utagoe/2022Summer/Utagoe202208.htm" "Mozilla/5.0 (iPhone; CPU iPhone OS 15_6_1 like Mac OS X) AppleWebKit/605.1.15 (KHTML, like Gecko) Version/15.6.1 Mobile/15E148 Safari/604.1" "nobbycosmic.com"
142.112.80.157 - - [01/Sep/2022:12:47:48 -0700] "GET /Utagoe/2022Summer/2022082708Session.JPG HTTP/1.1" 200 133126 "https://nobbycosmic.com/Utagoe/2022Summer/Utagoe202208.htm" "Mozilla/5.0 (iPhone; CPU iPhone OS 15_6_1 like Mac OS X) AppleWebKit/605.1.15 (KHTML, like Gecko) Version/15.6.1 Mobile/15E148 Safari/604.1" "nobbycosmic.com"
142.112.80.157 - - [01/Sep/2022:12:47:48 -0700] "GET /Utagoe/2022Summer/2022082711Lunch.JPG HTTP/1.1" 200 137587 "https://nobbycosmic.com/Utagoe/2022Summer/Utagoe202208.htm" "Mozilla/5.0 (iPhone; CPU iPhone OS 15_6_1 like Mac OS X) AppleWebKit/605.1.15 (KHTML, like Gecko) Version/15.6.1 Mobile/15E148 Safari/604.1" "nobbycosmic.com"
142.112.80.157 - - [01/Sep/2022:12:47:49 -0700] "GET /Utagoe/2022Summer/2022082713Songs.JPG HTTP/1.1" 200 147773 "https://nobbycosmic.com/Utagoe/2022Summer/Utagoe202208.htm" "Mozilla/5.0 (iPhone; CPU iPhone OS 15_6_1 like Mac OS X) AppleWebKit/605.1.15 (KHTML, like Gecko) Version/15.6.1 Mobile/15E148 Safari/604.1" "nobbycosmic.com"
142.112.80.157 - - [01/Sep/2022:12:47:49 -0700] "GET /Utagoe/2022Summer/2022082710Band.JPG HTTP/1.1" 200 139648 "https://nobbycosmic.com/Utagoe/2022Summer/Utagoe202208.htm" "Mozilla/5.0 (iPhone; CPU iPhone OS 15_6_1 like Mac OS X) AppleWebKit/605.1.15 (KHTML, like Gecko) Version/15.6.1 Mobile/15E148 Safari/604.1" "nobbycosmic.com"
142.112.80.157 - - [01/Sep/2022:12:47:49 -0700] "GET /Utagoe/2022Summer/2022082710Lunch.JPG HTTP/1.1" 200 148867 "https://nobbycosmic.com/Utagoe/2022Summer/Utagoe202208.htm" "Mozilla/5.0 (iPhone; CPU iPhone OS 15_6_1 like Mac OS X) AppleWebKit/605.1.15 (KHTML, like Gecko) Version/15.6.1 Mobile/15E148 Safari/604.1" "nobbycosmic.com"
142.112.80.157 - - [01/Sep/2022:12:47:49 -0700] "GET /Utagoe/2022Summer/2022082704Tree.jpg HTTP/1.1" 200 107210 "https://nobbycosmic.com/Utagoe/2022Summer/Utagoe202208.htm" "Mozilla/5.0 (iPhone; CPU iPhone OS 15_6_1 like Mac OS X) AppleWebKit/605.1.15 (KHTML, like Gecko) Version/15.6.1 Mobile/15E148 Safari/604.1" "nobbycosmic.com"
114.119.128.40 - - [01/Sep/2022:12:52:24 -0700] "GET /Utagoe/UtagoeHistory.pdf HTTP/1.1" 200 795938 "https://nobbycosmic.com/Utagoe/" "Mozilla/5.0 (Linux; Android 7.0;) AppleWebKit/537.36 (KHTML, like Gecko) Mobile Safari/537.36 (compatible; PetalBot;+https://webmaster.petalsearch.com/site/petalbot)" "nobbycosmic.com"
38.39.171.161 - - [01/Sep/2022:13:03:48 -0700] "GET /Post/JSS202208281.pdf HTTP/1.1" 200 301375 "https://torontonikkeiforum.forumotion.com/" "Mozilla/5.0 (Linux; Android 12; SAMSUNG SM-G975W) AppleWebKit/537.36 (KHTML, like Gecko) SamsungBrowser/18.0 Chrome/99.0.4844.88 Mobile Safari/537.36" "nobbycosmic.com"
114.119.128.26 - - [01/Sep/2022:13:05:17 -0700] "GET /NJCA/BBQ02/BBQStr2.htm HTTP/1.1" 200 8228 "https://nobbycosmic.com/NJCA/BBQ02/?C=N%3BO%3DD" "Mozilla/5.0 (Linux; Android 7.0;) AppleWebKit/537.36 (KHTML, like Gecko) Mobile Safari/537.36 (compatible; PetalBot;+https://webmaster.petalsearch.com/site/petalbot)" "nobbycosmic.com"
114.119.128.26 - - [01/Sep/2022:13:10:11 -0700] "GET /Card/Card08/?C=N%3BO%3DD HTTP/1.1" 200 455 "https://nobbycosmic.com/Card/Card08/?C=M%3BO%3DA" "Mozilla/5.0 (Linux; Android 7.0;) AppleWebKit/537.36 (KHTML, like Gecko) Mobile Safari/537.36 (compatible; PetalBot;+https://webmaster.petalsearch.com/site/petalbot)" "nobbycosmic.com"
216.244.66.200 - - [01/Sep/2022:13:15:00 -0700] "GET /robots.txt HTTP/1.1" 200 61 "-" "Mozilla/5.0 (compatible; DotBot/1.2; +https://opensiteexplorer.org/dotbot; help@moz.com)" "nobbycosmic.com"
114.119.128.26 - - [01/Sep/2022:13:24:03 -0700] "GET /Utagoe/Kaneko?C=M%3BO%3DA HTTP/1.1" 301 1431 "https://nobbycosmic.com/Utagoe/Kaneko?C=N%3BO%3DD" "Mozilla/5.0 (Linux; Android 7.0;) AppleWebKit/537.36 (KHTML, like Gecko) Mobile Safari/537.36 (compatible; PetalBot;+https://webmaster.petalsearch.com/site/petalbot)" "nobbycosmic.com"
114.119.128.26 - - [01/Sep/2022:13:24:04 -0700] "GET /Utagoe/Kaneko/?C=M%3BO%3DA HTTP/1.1" 200 470 "https://nobbycosmic.com/Utagoe/Kaneko?C=N%3BO%3DD" "Mozilla/5.0 (Linux; Android 7.0;) AppleWebKit/537.36 (KHTML, like Gecko) Mobile Safari/537.36 (compatible; PetalBot;+https://webmaster.petalsearch.com/site/petalbot)" "nobbycosmic.com"
114.119.128.26 - - [01/Sep/2022:13:27:52 -0700] "GET /NJCA/NY10/?C=M%3BO%3DA HTTP/1.1" 200 997 "https://nobbycosmic.com/NJCA/NY10/" "Mozilla/5.0 (Linux; Android 7.0;) AppleWebKit/537.36 (KHTML, like Gecko) Mobile Safari/537.36 (compatible; PetalBot;+https://webmaster.petalsearch.com/site/petalbot)" "nobbycosmic.com"
114.119.128.26 - - [01/Sep/2022:13:34:08 -0700] "GET /Utagoe/Kaneko HTTP/1.1" 301 1417 "https://nobbycosmic.com/Utagoe" "Mozilla/5.0 (Linux; Android 7.0;) AppleWebKit/537.36 (KHTML, like Gecko) Mobile Safari/537.36 (compatible; PetalBot;+https://webmaster.petalsearch.com/site/petalbot)" "nobbycosmic.com"
114.119.128.26 - - [01/Sep/2022:13:34:17 -0700] "GET /Utagoe/Kaneko/ HTTP/1.1" 200 470 "https://nobbycosmic.com/Utagoe" "Mozilla/5.0 (Linux; Android 7.0;) AppleWebKit/537.36 (KHTML, like Gecko) Mobile Safari/537.36 (compatible; PetalBot;+https://webmaster.petalsearch.com/site/petalbot)" "nobbycosmic.com"
114.119.128.40 - - [01/Sep/2022:13:47:48 -0700] "GET /NJCA/Document/HBRManageChart.pdf HTTP/1.1" 200 180285 "https://nobbycosmic.com/NJCA/Document/" "Mozilla/5.0 (Linux; Android 7.0;) AppleWebKit/537.36 (KHTML, like Gecko) Mobile Safari/537.36 (compatible; PetalBot;+https://webmaster.petalsearch.com/site/petalbot)" "nobbycosmic.com"
114.119.128.40 - - [01/Sep/2022:13:52:40 -0700] "GET /Card/Card98/?C=M%3BO%3DA HTTP/1.1" 200 440 "https://nobbycosmic.com/Card/Card98/?C=N%3BO%3DD" "Mozilla/5.0 (Linux; Android 7.0;) AppleWebKit/537.36 (KHTML, like Gecko) Mobile Safari/537.36 (compatible; PetalBot;+https://webmaster.petalsearch.com/site/petalbot)" "nobbycosmic.com"
114.119.128.40 - - [01/Sep/2022:13:56:36 -0700] "GET /Card/Card16?C=M%3BO%3DA HTTP/1.1" 301 1427 "https://nobbycosmic.com/Card/Card16?C=S%3BO%3DA" "Mozilla/5.0 (Linux; Android 7.0;) AppleWebKit/537.36 (KHTML, like Gecko) Mobile Safari/537.36 (compatible; PetalBot;+https://webmaster.petalsearch.com/site/petalbot)" "nobbycosmic.com"
114.119.128.40 - - [01/Sep/2022:13:56:37 -0700] "GET /Card/Card16/?C=M%3BO%3DA HTTP/1.1" 200 492 "https://nobbycosmic.com/Card/Card16?C=S%3BO%3DA" "Mozilla/5.0 (Linux; Android 7.0;) AppleWebKit/537.36 (KHTML, like Gecko) Mobile Safari/537.36 (compatible; PetalBot;+https://webmaster.petalsearch.com/site/petalbot)" "nobbycosmic.com"
216.244.66.200 - - [01/Sep/2022:14:00:24 -0700] "GET /robots.txt HTTP/1.1" 200 61 "-" "Mozilla/5.0 (compatible; DotBot/1.2; +https://opensiteexplorer.org/dotbot; help@moz.com)" "nobbycosmic.com"
114.119.128.26 - - [01/Sep/2022:14:00:35 -0700] "GET /Utagoe/15/Utagoe201505.htm HTTP/1.1" 200 3972 "https://nobbycosmic.com/Utagoe/15/?C=M%3BO%3DA" "Mozilla/5.0 (Linux; Android 7.0;) AppleWebKit/537.36 (KHTML, like Gecko) Mobile Safari/537.36 (compatible; PetalBot;+https://webmaster.petalsearch.com/site/petalbot)" "nobbycosmic.com"
142.189.137.96 - - [01/Sep/2022:14:03:05 -0700] "GET /BabyTalks/BTList.htm HTTP/1.1" 200 10239 "-" "Mozilla/5.0 (Windows NT 10.0; Win64; x64) AppleWebKit/537.36 (KHTML, like Gecko) Chrome/105.0.0.0 Safari/537.36" "nobbycosmic.com"
142.189.137.96 - - [01/Sep/2022:14:03:05 -0700] "GET /BabyTalks/BTFBanner1.jpg HTTP/1.1" 200 9524 "https://nobbycosmic.com/BabyTalks/BTList.htm" "Mozilla/5.0 (Windows NT 10.0; Win64; x64) AppleWebKit/537.36 (KHTML, like Gecko) Chrome/105.0.0.0 Safari/537.36" "nobbycosmic.com"
142.189.137.96 - - [01/Sep/2022:14:03:05 -0700] "GET /BabyTalks/hiyoko.gif HTTP/1.1" 200 10361 "https://nobbycosmic.com/BabyTalks/BTList.htm" "Mozilla/5.0 (Windows NT 10.0; Win64; x64) AppleWebKit/537.36 (KHTML, like Gecko) Chrome/105.0.0.0 Safari/537.36" "nobbycosmic.com"
142.189.137.96 - - [01/Sep/2022:14:03:05 -0700] "GET /BabyTalks/Group.jpg HTTP/1.1" 200 54379 "https://nobbycosmic.com/BabyTalks/BTList.htm" "Mozilla/5.0 (Windows NT 10.0; Win64; x64) AppleWebKit/537.36 (KHTML, like Gecko) Chrome/105.0.0.0 Safari/537.36" "nobbycosmic.com"
142.189.137.96 - - [01/Sep/2022:14:03:05 -0700] "GET /BabyTalks/blue_next.gif HTTP/1.1" 200 138 "https://nobbycosmic.com/BabyTalks/BTList.htm" "Mozilla/5.0 (Windows NT 10.0; Win64; x64) AppleWebKit/537.36 (KHTML, like Gecko) Chrome/105.0.0.0 Safari/537.36" "nobbycosmic.com"
142.189.137.96 - - [01/Sep/2022:14:03:05 -0700] "GET /BabyTalks/BTFBanner2.jpg HTTP/1.1" 200 4273 "https://nobbycosmic.com/BabyTalks/BTList.htm" "Mozilla/5.0 (Windows NT 10.0; Win64; x64) AppleWebKit/537.36 (KHTML, like Gecko) Chrome/105.0.0.0 Safari/537.36" "nobbycosmic.com"
142.189.137.96 - - [01/Sep/2022:14:03:05 -0700] "GET /BabyTalks/SakuraMark2.jpg HTTP/1.1" 200 933 "https://nobbycosmic.com/BabyTalks/BTList.htm" "Mozilla/5.0 (Windows NT 10.0; Win64; x64) AppleWebKit/537.36 (KHTML, like Gecko) Chrome/105.0.0.0 Safari/537.36" "nobbycosmic.com"
142.189.137.96 - - [01/Sep/2022:14:03:05 -0700] "GET /BabyTalks/FTFMemberDistChart.jpg HTTP/1.1" 200 61359 "https://nobbycosmic.com/BabyTalks/BTList.htm" "Mozilla/5.0 (Windows NT 10.0; Win64; x64) AppleWebKit/537.36 (KHTML, like Gecko) Chrome/105.0.0.0 Safari/537.36" "nobbycosmic.com"
142.189.137.96 - - [01/Sep/2022:14:03:06 -0700] "GET /favicon.ico HTTP/1.1" 404 88 "https://nobbycosmic.com/BabyTalks/BTList.htm" "Mozilla/5.0 (Windows NT 10.0; Win64; x64) AppleWebKit/537.36 (KHTML, like Gecko) Chrome/105.0.0.0 Safari/537.36" "nobbycosmic.com"
142.189.137.96 - - [01/Sep/2022:14:03:13 -0700] "GET /BabyTalks/FTFMember/MemberLists/FTFMemberListABC.htm HTTP/1.1" 401 90 "https://nobbycosmic.com/BabyTalks/BTList.htm" "Mozilla/5.0 (Windows NT 10.0; Win64; x64) AppleWebKit/537.36 (KHTML, like Gecko) Chrome/105.0.0.0 Safari/537.36" "nobbycosmic.com"
87.250.224.132 - - [01/Sep/2022:14:03:22 -0700] "GET /robots.txt HTTP/1.1" 200 61 "-" "Mozilla/5.0 (compatible; YandexBot/3.0; +http://yandex.com/bots)" "www.nobbycosmic.com"
142.189.137.96 - FTF [01/Sep/2022:14:03:22 -0700] "GET /BabyTalks/FTFMember/MemberLists/FTFMemberListABC.htm HTTP/1.1" 200 64106 "https://nobbycosmic.com/BabyTalks/BTList.htm" "Mozilla/5.0 (Windows NT 10.0; Win64; x64) AppleWebKit/537.36 (KHTML, like Gecko) Chrome/105.0.0.0 Safari/537.36" "nobbycosmic.com"
5.255.253.131 - - [01/Sep/2022:14:03:27 -0700] "GET /robots.txt HTTP/1.1" 200 61 "-" "Mozilla/5.0 (compatible; YandexBot/3.0; +http://yandex.com/bots)" "www.nobbycosmic.com"
5.45.207.145 - - [01/Sep/2022:14:03:31 -0700] "GET / HTTP/1.1" 200 3158 "-" "Mozilla/5.0 (compatible; YandexBot/3.0; +http://yandex.com/bots)" "www.nobbycosmic.com"
5.45.207.122 - - [01/Sep/2022:14:04:14 -0700] "GET /robots.txt HTTP/1.1" 200 61 "-" "Mozilla/5.0 (compatible; YandexBot/3.0; +http://yandex.com/bots)" "nobbycosmic.com"
87.250.224.144 - - [01/Sep/2022:14:04:15 -0700] "GET /robots.txt HTTP/1.1" 200 61 "-" "Mozilla/5.0 (compatible; YandexBot/3.0; +http://yandex.com/bots)" "nobbycosmic.com"
5.255.253.167 - - [01/Sep/2022:14:04:19 -0700] "GET / HTTP/1.1" 200 3158 "-" "Mozilla/5.0 (compatible; YandexBot/3.0; +http://yandex.com/bots)" "nobbycosmic.com"
95.108.213.40 - - [01/Sep/2022:14:04:27 -0700] "GET / HTTP/1.1" 200 3158 "-" "Mozilla/5.0 (compatible; YandexBot/3.0; +http://yandex.com/bots)" "nobbycosmic.com"
114.119.128.40 - - [01/Sep/2022:14:06:07 -0700] "GET /NJCA/AGM10?D=D HTTP/1.1" 301 1422 "https://nobbycosmic.com/NJCA/AGM10?D=A" "Mozilla/5.0 (Linux; Android 7.0;) AppleWebKit/537.36 (KHTML, like Gecko) Mobile Safari/537.36 (compatible; PetalBot;+https://webmaster.petalsearch.com/site/petalbot)" "nobbycosmic.com"
114.119.128.40 - - [01/Sep/2022:14:06:07 -0700] "GET /NJCA/AGM10/?D=D HTTP/1.1" 200 432 "https://nobbycosmic.com/NJCA/AGM10?D=A" "Mozilla/5.0 (Linux; Android 7.0;) AppleWebKit/537.36 (KHTML, like Gecko) Mobile Safari/537.36 (compatible; PetalBot;+https://webmaster.petalsearch.com/site/petalbot)" "nobbycosmic.com"
185.191.171.4 - - [01/Sep/2022:14:07:40 -0700] "GET /robots.txt HTTP/1.1" 200 75 "-" "Mozilla/5.0 (compatible; SemrushBot/7~bl; +http://www.semrush.com/bot.html)" "nobbycosmic.com"
185.191.171.4 - - [01/Sep/2022:14:07:43 -0700] "GET /Utagoe/2016Fall/Utagoe201611.htm HTTP/1.1" 200 3526 "-" "Mozilla/5.0 (compatible; SemrushBot/7~bl; +http://www.semrush.com/bot.html)" "nobbycosmic.com"
114.119.128.26 - - [01/Sep/2022:14:10:44 -0700] "GET /NJCA/BBQ07/Pictures?C=D%3BO%3DA HTTP/1.1" 301 1439 "https://nobbycosmic.com/NJCA/BBQ07/Pictures?M=A" "Mozilla/5.0 (Linux; Android 7.0;) AppleWebKit/537.36 (KHTML, like Gecko) Mobile Safari/537.36 (compatible; PetalBot;+https://webmaster.petalsearch.com/site/petalbot)" "nobbycosmic.com"
114.119.128.26 - - [01/Sep/2022:14:10:45 -0700] "GET /NJCA/BBQ07/Pictures/?C=D%3BO%3DA HTTP/1.1" 200 918 "https://nobbycosmic.com/NJCA/BBQ07/Pictures?M=A" "Mozilla/5.0 (Linux; Android 7.0;) AppleWebKit/537.36 (KHTML, like Gecko) Mobile Safari/537.36 (compatible; PetalBot;+https://webmaster.petalsearch.com/site/petalbot)" "nobbycosmic.com"
114.119.128.40 - - [01/Sep/2022:14:16:43 -0700] "GET /NJCA/Temp?M=A HTTP/1.1" 301 1420 "https://nobbycosmic.com/NJCA/Temp?M=D" "Mozilla/5.0 (Linux; Android 7.0;) AppleWebKit/537.36 (KHTML, like Gecko) Mobile Safari/537.36 (compatible; PetalBot;+https://webmaster.petalsearch.com/site/petalbot)" "nobbycosmic.com"
114.119.128.40 - - [01/Sep/2022:14:16:43 -0700] "GET /NJCA/Temp/?M=A HTTP/1.1" 200 404 "https://nobbycosmic.com/NJCA/Temp?M=D" "Mozilla/5.0 (Linux; Android 7.0;) AppleWebKit/537.36 (KHTML, like Gecko) Mobile Safari/537.36 (compatible; PetalBot;+https://webmaster.petalsearch.com/site/petalbot)" "nobbycosmic.com"
114.119.128.26 - - [01/Sep/2022:14:21:34 -0700] "GET /NJCA/BBQ10/NJCABBQProgram2010.pdf HTTP/1.1" 200 41867 "https://nobbycosmic.com/NJCA/BBQ10" "Mozilla/5.0 (Linux; Android 7.0;) AppleWebKit/537.36 (KHTML, like Gecko) Mobile Safari/537.36 (compatible; PetalBot;+https://webmaster.petalsearch.com/site/petalbot)" "nobbycosmic.com"
114.119.128.40 - - [01/Sep/2022:14:29:36 -0700] "GET /NJCA/Document/AGMNotice.doc HTTP/1.1" 200 30720 "https://nobbycosmic.com/NJCA/Document/" "Mozilla/5.0 (Linux; Android 7.0;) AppleWebKit/537.36 (KHTML, like Gecko) Mobile Safari/537.36 (compatible; PetalBot;+https://webmaster.petalsearch.com/site/petalbot)" "nobbycosmic.com"
114.119.128.40 - - [01/Sep/2022:14:34:29 -0700] "GET /NJCA/NY06/NYP06.htm HTTP/1.1" 200 1653 "https://nobbycosmic.com/NJCA/NY06?D=A" "Mozilla/5.0 (Linux; Android 7.0;) AppleWebKit/537.36 (KHTML, like Gecko) Mobile Safari/537.36 (compatible; PetalBot;+https://webmaster.petalsearch.com/site/petalbot)" "nobbycosmic.com"
51.222.253.8 - - [01/Sep/2022:14:40:22 -0700] "GET /robots.txt HTTP/1.1" 200 75 "-" "Mozilla/5.0 (compatible; AhrefsBot/7.0; +http://ahrefs.com/robot/)" "nobbycosmic.com"
51.222.253.3 - - [01/Sep/2022:14:40:23 -0700] "GET / HTTP/1.1" 200 3158 "-" "Mozilla/5.0 (compatible; AhrefsBot/7.0; +http://ahrefs.com/robot/)" "nobbycosmic.com"
114.119.128.40 - - [01/Sep/2022:14:44:45 -0700] "GET /Card?C=D%3BO%3DA HTTP/1.1" 301 1423 "https://nobbycosmic.com/Card" "Mozilla/5.0 (Linux; Android 7.0;) AppleWebKit/537.36 (KHTML, like Gecko) Mobile Safari/537.36 (compatible; PetalBot;+https://webmaster.petalsearch.com/site/petalbot)" "nobbycosmic.com"
114.119.128.40 - - [01/Sep/2022:14:44:46 -0700] "GET /Card/?C=D%3BO%3DA HTTP/1.1" 200 582 "https://nobbycosmic.com/Card" "Mozilla/5.0 (Linux; Android 7.0;) AppleWebKit/537.36 (KHTML, like Gecko) Mobile Safari/537.36 (compatible; PetalBot;+https://webmaster.petalsearch.com/site/petalbot)" "nobbycosmic.com"
216.244.66.200 - - [01/Sep/2022:14:45:42 -0700] "GET /robots.txt HTTP/1.1" 200 61 "-" "Mozilla/5.0 (compatible; DotBot/1.2; +https://opensiteexplorer.org/dotbot; help@moz.com)" "nobbycosmic.com"
114.119.128.26 - - [01/Sep/2022:14:49:42 -0700] "GET /Utagoe/Wakamono/?C=N%3BO%3DD HTTP/1.1" 200 604 "https://nobbycosmic.com/Utagoe/Wakamono/?C=S%3BO%3DA" "Mozilla/5.0 (Linux; Android 7.0;) AppleWebKit/537.36 (KHTML, like Gecko) Mobile Safari/537.36 (compatible; PetalBot;+https://webmaster.petalsearch.com/site/petalbot)" "nobbycosmic.com"
54.186.50.58 - - [01/Sep/2022:14:52:47 -0700] "GET / HTTP/1.1" 200 3158 "-" "Mozilla/5.0 (X11; Linux x86_64) AppleWebKit/537.36 (KHTML, like Gecko) Chrome/83.0.4103.97 Safari/537.36" "nobbycosmic.com"
54.201.49.168 - - [01/Sep/2022:14:52:58 -0700] "GET /favicon.ico HTTP/1.1" 404 88 "http://nobbycosmic.com/favicon.ico" "Mozilla/5.0 (X11; Linux x86_64) AppleWebKit/537.36 (KHTML, like Gecko) Chrome/83.0.4103.97 Safari/537.36" "nobbycosmic.com"
54.201.49.168 - - [01/Sep/2022:14:53:02 -0700] "GET / HTTP/1.1" 200 3158 "http://nobbycosmic.com" "Mozilla/5.0 (X11; Linux x86_64) AppleWebKit/537.36 (KHTML, like Gecko) Chrome/83.0.4103.97 Safari/537.36" "nobbycosmic.com"
114.119.128.40 - - [01/Sep/2022:14:55:33 -0700] "GET /NJCA/Signs HTTP/1.1" 301 1416 "https://nobbycosmic.com/NJCA?N=A" "Mozilla/5.0 (Linux; Android 7.0;) AppleWebKit/537.36 (KHTML, like Gecko) Mobile Safari/537.36 (compatible; PetalBot;+https://webmaster.petalsearch.com/site/petalbot)" "nobbycosmic.com"
114.119.128.40 - - [01/Sep/2022:14:55:34 -0700] "GET /NJCA/Signs/ HTTP/1.1" 200 633 "https://nobbycosmic.com/NJCA?N=A" "Mozilla/5.0 (Linux; Android 7.0;) AppleWebKit/537.36 (KHTML, like Gecko) Mobile Safari/537.36 (compatible; PetalBot;+https://webmaster.petalsearch.com/site/petalbot)" "nobbycosmic.com"
114.119.128.40 - - [01/Sep/2022:15:00:23 -0700] "GET /Utagoe/15 HTTP/1.1" 301 1414 "https://nobbycosmic.com/Utagoe" "Mozilla/5.0 (Linux; Android 7.0;) AppleWebKit/537.36 (KHTML, like Gecko) Mobile Safari/537.36 (compatible; PetalBot;+https://webmaster.petalsearch.com/site/petalbot)" "nobbycosmic.com"
114.119.128.40 - - [01/Sep/2022:15:00:24 -0700] "GET /Utagoe/15/ HTTP/1.1" 200 659 "https://nobbycosmic.com/Utagoe" "Mozilla/5.0 (Linux; Android 7.0;) AppleWebKit/537.36 (KHTML, like Gecko) Mobile Safari/537.36 (compatible; PetalBot;+https://webmaster.petalsearch.com/site/petalbot)" "nobbycosmic.com"
114.119.128.40 - - [01/Sep/2022:15:06:24 -0700] "GET /Utagoe/60th/60th.htm HTTP/1.1" 200 615 "https://nobbycosmic.com/Utagoe/60th?C=N%3BO%3DD" "Mozilla/5.0 (Linux; Android 7.0;) AppleWebKit/537.36 (KHTML, like Gecko) Mobile Safari/537.36 (compatible; PetalBot;+https://webmaster.petalsearch.com/site/petalbot)" "nobbycosmic.com"
114.119.128.26 - - [01/Sep/2022:15:11:10 -0700] "GET /NJCA/BBQ08?C=M%3BO%3DA HTTP/1.1" 301 1432 "https://nobbycosmic.com/NJCA/BBQ08?C=S%3BO%3DA" "Mozilla/5.0 (Linux; Android 7.0;) AppleWebKit/537.36 (KHTML, like Gecko) Mobile Safari/537.36 (compatible; PetalBot;+https://webmaster.petalsearch.com/site/petalbot)" "nobbycosmic.com"
114.119.128.26 - - [01/Sep/2022:15:11:11 -0700] "GET /NJCA/BBQ08/?C=M%3BO%3DA HTTP/1.1" 200 623 "https://nobbycosmic.com/NJCA/BBQ08?C=S%3BO%3DA" "Mozilla/5.0 (Linux; Android 7.0;) AppleWebKit/537.36 (KHTML, like Gecko) Mobile Safari/537.36 (compatible; PetalBot;+https://webmaster.petalsearch.com/site/petalbot)" "nobbycosmic.com"
114.119.128.40 - - [01/Sep/2022:15:15:56 -0700] "GET /NJCA/NY10?M=D HTTP/1.1" 301 1421 "https://nobbycosmic.com/NJCA/NY10?M=A" "Mozilla/5.0 (Linux; Android 7.0;) AppleWebKit/537.36 (KHTML, like Gecko) Mobile Safari/537.36 (compatible; PetalBot;+https://webmaster.petalsearch.com/site/petalbot)" "nobbycosmic.com"
114.119.128.40 - - [01/Sep/2022:15:15:57 -0700] "GET /NJCA/NY10/?M=D HTTP/1.1" 200 997 "https://nobbycosmic.com/NJCA/NY10?M=A" "Mozilla/5.0 (Linux; Android 7.0;) AppleWebKit/537.36 (KHTML, like Gecko) Mobile Safari/537.36 (compatible; PetalBot;+https://webmaster.petalsearch.com/site/petalbot)" "nobbycosmic.com"
114.119.128.40 - - [01/Sep/2022:15:23:20 -0700] "GET /NJCA/Transfer/NJCADocumentTransfer.pdf HTTP/1.1" 200 92019 "https://nobbycosmic.com/NJCA/Transfer?S=A" "Mozilla/5.0 (Linux; Android 7.0;) AppleWebKit/537.36 (KHTML, like Gecko) Mobile Safari/537.36 (compatible; PetalBot;+https://webmaster.petalsearch.com/site/petalbot)" "nobbycosmic.com"
44.234.89.20 - - [01/Sep/2022:15:29:45 -0700] "GET / HTTP/1.1" 200 3158 "-" "Mozilla/4.0 (compatible; MSIE 6.0; Windows NT 5.1; FSL 7.0.6.01001)" "nobbycosmic.com"
216.244.66.200 - - [01/Sep/2022:15:31:05 -0700] "GET /robots.txt HTTP/1.1" 200 61 "-" "Mozilla/5.0 (compatible; DotBot/1.2; +https://opensiteexplorer.org/dotbot; help@moz.com)" "nobbycosmic.com"
67.71.248.155 - - [01/Sep/2022:15:40:13 -0700] "GET /Utagoe/2022Summer/Utagoe202208.htm HTTP/1.1" 200 2832 "https://torontonikkeiforum.forumotion.com/t3182-2022827" "Mozilla/5.0 (iPhone; CPU iPhone OS 12_5_5 like Mac OS X) AppleWebKit/605.1.15 (KHTML, like Gecko) Version/12.1.2 Mobile/15E148 Safari/604.1" "nobbycosmic.com"
67.71.248.155 - - [01/Sep/2022:15:40:13 -0700] "GET /Utagoe/2022Summer/2022082711Lunch.JPG HTTP/1.1" 304 - "https://nobbycosmic.com/Utagoe/2022Summer/Utagoe202208.htm" "Mozilla/5.0 (iPhone; CPU iPhone OS 12_5_5 like Mac OS X) AppleWebKit/605.1.15 (KHTML, like Gecko) Version/12.1.2 Mobile/15E148 Safari/604.1" "nobbycosmic.com"
67.71.248.155 - - [01/Sep/2022:15:40:14 -0700] "GET /Utagoe/2022Summer/2022082701Sun.jpg HTTP/1.1" 200 43206 "https://nobbycosmic.com/Utagoe/2022Summer/Utagoe202208.htm" "Mozilla/5.0 (iPhone; CPU iPhone OS 12_5_5 like Mac OS X) AppleWebKit/605.1.15 (KHTML, like Gecko) Version/12.1.2 Mobile/15E148 Safari/604.1" "nobbycosmic.com"
67.71.248.155 - - [01/Sep/2022:15:40:14 -0700] "GET /Utagoe/2022Summer/2022082703Tree.JPG HTTP/1.1" 304 - "https://nobbycosmic.com/Utagoe/2022Summer/Utagoe202208.htm" "Mozilla/5.0 (iPhone; CPU iPhone OS 12_5_5 like Mac OS X) AppleWebKit/605.1.15 (KHTML, like Gecko) Version/12.1.2 Mobile/15E148 Safari/604.1" "nobbycosmic.com"
67.71.248.155 - - [01/Sep/2022:15:40:14 -0700] "GET /Utagoe/2022Summer/2022082710Lunch.JPG HTTP/1.1" 304 - "https://nobbycosmic.com/Utagoe/2022Summer/Utagoe202208.htm" "Mozilla/5.0 (iPhone; CPU iPhone OS 12_5_5 like Mac OS X) AppleWebKit/605.1.15 (KHTML, like Gecko) Version/12.1.2 Mobile/15E148 Safari/604.1" "nobbycosmic.com"
67.71.248.155 - - [01/Sep/2022:15:40:14 -0700] "GET /Utagoe/2022Summer/2022082710Band.JPG HTTP/1.1" 304 - "https://nobbycosmic.com/Utagoe/2022Summer/Utagoe202208.htm" "Mozilla/5.0 (iPhone; CPU iPhone OS 12_5_5 like Mac OS X) AppleWebKit/605.1.15 (KHTML, like Gecko) Version/12.1.2 Mobile/15E148 Safari/604.1" "nobbycosmic.com"
67.71.248.155 - - [01/Sep/2022:15:40:14 -0700] "GET /Utagoe/2022Summer/2022082704Tree.jpg HTTP/1.1" 200 107210 "https://nobbycosmic.com/Utagoe/2022Summer/Utagoe202208.htm" "Mozilla/5.0 (iPhone; CPU iPhone OS 12_5_5 like Mac OS X) AppleWebKit/605.1.15 (KHTML, like Gecko) Version/12.1.2 Mobile/15E148 Safari/604.1" "nobbycosmic.com"
67.71.248.155 - - [01/Sep/2022:15:40:14 -0700] "GET /Utagoe/2022Summer/2022082702BlueSky.jpg HTTP/1.1" 200 30483 "https://nobbycosmic.com/Utagoe/2022Summer/Utagoe202208.htm" "Mozilla/5.0 (iPhone; CPU iPhone OS 12_5_5 like Mac OS X) AppleWebKit/605.1.15 (KHTML, like Gecko) Version/12.1.2 Mobile/15E148 Safari/604.1" "nobbycosmic.com"
67.71.248.155 - - [01/Sep/2022:15:40:14 -0700] "GET /Utagoe/2022Summer/2022082706Prep.jpg HTTP/1.1" 200 129100 "https://nobbycosmic.com/Utagoe/2022Summer/Utagoe202208.htm" "Mozilla/5.0 (iPhone; CPU iPhone OS 12_5_5 like Mac OS X) AppleWebKit/605.1.15 (KHTML, like Gecko) Version/12.1.2 Mobile/15E148 Safari/604.1" "nobbycosmic.com"
67.71.248.155 - - [01/Sep/2022:15:40:14 -0700] "GET /Utagoe/2022Summer/2022082708Session.JPG HTTP/1.1" 200 133126 "https://nobbycosmic.com/Utagoe/2022Summer/Utagoe202208.htm" "Mozilla/5.0 (iPhone; CPU iPhone OS 12_5_5 like Mac OS X) AppleWebKit/605.1.15 (KHTML, like Gecko) Version/12.1.2 Mobile/15E148 Safari/604.1" "nobbycosmic.com"
67.71.248.155 - - [01/Sep/2022:15:40:14 -0700] "GET /Utagoe/2022Summer/2022082707Session.JPG HTTP/1.1" 200 148214 "https://nobbycosmic.com/Utagoe/2022Summer/Utagoe202208.htm" "Mozilla/5.0 (iPhone; CPU iPhone OS 12_5_5 like Mac OS X) AppleWebKit/605.1.15 (KHTML, like Gecko) Version/12.1.2 Mobile/15E148 Safari/604.1" "nobbycosmic.com"
67.71.248.155 - - [01/Sep/2022:15:40:14 -0700] "GET /Utagoe/2022Summer/2022082709Band.JPG HTTP/1.1" 200 132981 "https://nobbycosmic.com/Utagoe/2022Summer/Utagoe202208.htm" "Mozilla/5.0 (iPhone; CPU iPhone OS 12_5_5 like Mac OS X) AppleWebKit/605.1.15 (KHTML, like Gecko) Version/12.1.2 Mobile/15E148 Safari/604.1" "nobbycosmic.com"
67.71.248.155 - - [01/Sep/2022:15:40:15 -0700] "GET /Utagoe/2022Summer/2022082712Songs.JPG HTTP/1.1" 200 128747 "https://nobbycosmic.com/Utagoe/2022Summer/Utagoe202208.htm" "Mozilla/5.0 (iPhone; CPU iPhone OS 12_5_5 like Mac OS X) AppleWebKit/605.1.15 (KHTML, like Gecko) Version/12.1.2 Mobile/15E148 Safari/604.1" "nobbycosmic.com"
67.71.248.155 - - [01/Sep/2022:15:40:15 -0700] "GET /Utagoe/2022Summer/2022082713Songs.JPG HTTP/1.1" 200 147773 "https://nobbycosmic.com/Utagoe/2022Summer/Utagoe202208.htm" "Mozilla/5.0 (iPhone; CPU iPhone OS 12_5_5 like Mac OS X) AppleWebKit/605.1.15 (KHTML, like Gecko) Version/12.1.2 Mobile/15E148 Safari/604.1" "nobbycosmic.com"
20.185.244.56 - - [01/Sep/2022:15:46:50 -0700] "POST / HTTP/1.1" 200 3158 "-" "Mozilla/5.0 (Linux; U; Android 4.4.2; en-US; HM NOTE 1W Build/KOT49H) AppleWebKit/534.30 (KHTML, like Gecko) Version/4.0 UCBrowser/11.0.5.850 U3/0.8.0 Mobile Safari/534.30" "nobbycosmic.com"
114.119.137.153 - - [01/Sep/2022:15:48:27 -0700] "GET /robots.txt HTTP/1.1" 200 75 "-" "Mozilla/5.0 (compatible;PetalBot;+https://webmaster.petalsearch.com/site/petalbot)" "nobbycosmic.com"
114.119.128.40 - - [01/Sep/2022:16:08:56 -0700] "GET /Utagoe HTTP/1.1" 301 1411 "https://nobbycosmic.com/Utagoe/60th?C=M%3BO%3DA" "Mozilla/5.0 (Linux; Android 7.0;) AppleWebKit/537.36 (KHTML, like Gecko) Mobile Safari/537.36 (compatible; PetalBot;+https://webmaster.petalsearch.com/site/petalbot)" "nobbycosmic.com"
114.119.128.40 - - [01/Sep/2022:16:08:57 -0700] "GET /Utagoe/ HTTP/1.1" 200 3337 "https://nobbycosmic.com/Utagoe/60th?C=M%3BO%3DA" "Mozilla/5.0 (Linux; Android 7.0;) AppleWebKit/537.36 (KHTML, like Gecko) Mobile Safari/537.36 (compatible; PetalBot;+https://webmaster.petalsearch.com/site/petalbot)" "nobbycosmic.com"
114.119.128.26 - - [01/Sep/2022:16:14:32 -0700] "GET /NJCA/NY08/Pictures/?C=N%3BO%3DD HTTP/1.1" 200 1381 "https://nobbycosmic.com/NJCA/NY08/Pictures/?C=D%3BO%3DA" "Mozilla/5.0 (Linux; Android 7.0;) AppleWebKit/537.36 (KHTML, like Gecko) Mobile Safari/537.36 (compatible; PetalBot;+https://webmaster.petalsearch.com/site/petalbot)" "nobbycosmic.com"
216.244.66.200 - - [01/Sep/2022:16:16:18 -0700] "GET /robots.txt HTTP/1.1" 200 61 "-" "Mozilla/5.0 (compatible; DotBot/1.2; +https://opensiteexplorer.org/dotbot; help@moz.com)" "nobbycosmic.com"
114.119.128.40 - - [01/Sep/2022:16:19:21 -0700] "GET /NJCA/NY10/Picture2?M=D HTTP/1.1" 301 1428 "https://nobbycosmic.com/NJCA/NY10/Picture2?M=A" "Mozilla/5.0 (Linux; Android 7.0;) AppleWebKit/537.36 (KHTML, like Gecko) Mobile Safari/537.36 (compatible; PetalBot;+https://webmaster.petalsearch.com/site/petalbot)" "nobbycosmic.com"
114.119.128.40 - - [01/Sep/2022:16:19:22 -0700] "GET /NJCA/NY10/Picture2/?M=D HTTP/1.1" 200 1295 "https://nobbycosmic.com/NJCA/NY10/Picture2?M=A" "Mozilla/5.0 (Linux; Android 7.0;) AppleWebKit/537.36 (KHTML, like Gecko) Mobile Safari/537.36 (compatible; PetalBot;+https://webmaster.petalsearch.com/site/petalbot)" "nobbycosmic.com"
66.249.79.71 - - [01/Sep/2022:16:24:54 -0700] "GET /NJCA/NJCAad2011.jpg HTTP/1.1" 200 89662 "-" "Googlebot-Image/1.0" "nobbycosmic.com"
114.119.128.26 - - [01/Sep/2022:16:30:20 -0700] "GET /NJCA/NY11/Pictures?N=A HTTP/1.1" 301 1428 "https://nobbycosmic.com/NJCA/NY11/Pictures?D=D" "Mozilla/5.0 (Linux; Android 7.0;) AppleWebKit/537.36 (KHTML, like Gecko) Mobile Safari/537.36 (compatible; PetalBot;+https://webmaster.petalsearch.com/site/petalbot)" "nobbycosmic.com"
114.119.128.26 - - [01/Sep/2022:16:30:20 -0700] "GET /NJCA/NY11/Pictures/?N=A HTTP/1.1" 200 1862 "https://nobbycosmic.com/NJCA/NY11/Pictures?D=D" "Mozilla/5.0 (Linux; Android 7.0;) AppleWebKit/537.36 (KHTML, like Gecko) Mobile Safari/537.36 (compatible; PetalBot;+https://webmaster.petalsearch.com/site/petalbot)" "nobbycosmic.com"
114.119.128.40 - - [01/Sep/2022:16:46:28 -0700] "GET /Utagoe/Ueno2013 HTTP/1.1" 301 1419 "-" "Mozilla/5.0 (Linux; Android 7.0;) AppleWebKit/537.36 (KHTML, like Gecko) Mobile Safari/537.36 (compatible; PetalBot;+https://webmaster.petalsearch.com/site/petalbot)" "nobbycosmic.com"
114.119.128.40 - - [01/Sep/2022:16:46:28 -0700] "GET /Utagoe/Ueno2013/ HTTP/1.1" 200 443 "-" "Mozilla/5.0 (Linux; Android 7.0;) AppleWebKit/537.36 (KHTML, like Gecko) Mobile Safari/537.36 (compatible; PetalBot;+https://webmaster.petalsearch.com/site/petalbot)" "nobbycosmic.com"
66.249.79.77 - - [01/Sep/2022:16:55:22 -0700] "GET /NJCA/0813_gaimu_01.jpg HTTP/1.1" 200 37913 "-" "Googlebot-Image/1.0" "nobbycosmic.com"
40.77.167.98 - - [01/Sep/2022:17:25:46 -0700] "GET /robots.txt HTTP/1.1" 200 75 "-" "Mozilla/5.0 (compatible; bingbot/2.0; +http://www.bing.com/bingbot.htm)" "nobbycosmic.com"
157.55.39.37 - - [01/Sep/2022:17:25:50 -0700] "GET /Utagoe/Shinjuku2007/Shinjuku18.jpg HTTP/1.1" 200 15411 "-" "Mozilla/5.0 (compatible; bingbot/2.0; +http://www.bing.com/bingbot.htm)" "nobbycosmic.com"
54.149.13.177 - - [01/Sep/2022:17:30:53 -0700] "GET /Utagoe/2022Summer/Utagoe202208.htm HTTP/1.1" 200 6849 "-" "Mozilla/5.0 (Windows NT 6.1; Win64; x64) AppleWebKit/537.36 (KHTML, like Gecko) Chrome/72.0.3626.109 Safari/537.36" "nobbycosmic.com"
52.194.65.86 - - [01/Sep/2022:17:30:57 -0700] "GET /Utagoe/2022Summer/Utagoe202208.htm HTTP/1.1" 200 2832 "-" "Mozilla/5.0 (Windows NT 10.0; Win64; x64) AppleWebKit/537.36 (KHTML, like Gecko) Chrome/83.0.4103.61 Safari/537.36" "nobbycosmic.com"
3.83.156.96 - - [01/Sep/2022:17:32:15 -0700] "GET /Utagoe/2022Summer/Utagoe202208.htm HTTP/1.1" 200 6849 "-" "Mozilla/5.0 (Windows NT 6.1; Win64; x64) AppleWebKit/537.36 (KHTML, like Gecko) Chrome/72.0.3626.109 Safari/537.36" "nobbycosmic.com"
114.119.128.40 - - [01/Sep/2022:17:36:07 -0700] "GET /NJCA/BBQ06?S=A HTTP/1.1" 301 1423 "https://nobbycosmic.com/NJCA/BBQ06?D=D" "Mozilla/5.0 (Linux; Android 7.0;) AppleWebKit/537.36 (KHTML, like Gecko) Mobile Safari/537.36 (compatible; PetalBot;+https://webmaster.petalsearch.com/site/petalbot)" "nobbycosmic.com"
114.119.128.40 - - [01/Sep/2022:17:36:08 -0700] "GET /NJCA/BBQ06/?S=A HTTP/1.1" 200 996 "https://nobbycosmic.com/NJCA/BBQ06?D=D" "Mozilla/5.0 (Linux; Android 7.0;) AppleWebKit/537.36 (KHTML, like Gecko) Mobile Safari/537.36 (compatible; PetalBot;+https://webmaster.petalsearch.com/site/petalbot)" "nobbycosmic.com"
104.47.59.254 - - [01/Sep/2022:17:39:10 -0700] "HEAD /Utagoe/2022Summer/Utagoe202208.htm HTTP/1.1" 200 - "-" "-" "nobbycosmic.com"
189.6.209.193 - - [01/Sep/2022:17:39:12 -0700] "GET /Utagoe/2022Summer/Utagoe202208.htm HTTP/1.1" 200 2832 "-" "Mozilla/5.0 (Windows NT 10.0; Win64; x64) AppleWebKit/537.36 (KHTML, like Gecko) Chrome/104.0.5112.102 Safari/537.36 Edg/104.0.1293.70 OpenWave/97.4.6443.44" "nobbycosmic.com"
189.6.209.193 - - [01/Sep/2022:17:39:13 -0700] "GET /Utagoe/2022Summer/2022082701Sun.jpg HTTP/1.1" 200 43206 "https://nobbycosmic.com/Utagoe/2022Summer/Utagoe202208.htm" "Mozilla/5.0 (Windows NT 10.0; Win64; x64) AppleWebKit/537.36 (KHTML, like Gecko) Chrome/104.0.5112.102 Safari/537.36 Edg/104.0.1293.70 OpenWave/97.4.6443.44" "nobbycosmic.com"
189.6.209.193 - - [01/Sep/2022:17:39:13 -0700] "GET /Utagoe/2022Summer/2022082702BlueSky.jpg HTTP/1.1" 200 30483 "https://nobbycosmic.com/Utagoe/2022Summer/Utagoe202208.htm" "Mozilla/5.0 (Windows NT 10.0; Win64; x64) AppleWebKit/537.36 (KHTML, like Gecko) Chrome/104.0.5112.102 Safari/537.36 Edg/104.0.1293.70 OpenWave/97.4.6443.44" "nobbycosmic.com"
189.6.209.193 - - [01/Sep/2022:17:39:13 -0700] "GET /Utagoe/2022Summer/2022082703Tree.JPG HTTP/1.1" 200 130838 "https://nobbycosmic.com/Utagoe/2022Summer/Utagoe202208.htm" "Mozilla/5.0 (Windows NT 10.0; Win64; x64) AppleWebKit/537.36 (KHTML, like Gecko) Chrome/104.0.5112.102 Safari/537.36 Edg/104.0.1293.70 OpenWave/97.4.6443.44" "nobbycosmic.com"
189.6.209.193 - - [01/Sep/2022:17:39:13 -0700] "GET /Utagoe/2022Summer/2022082704Tree.jpg HTTP/1.1" 200 107210 "https://nobbycosmic.com/Utagoe/2022Summer/Utagoe202208.htm" "Mozilla/5.0 (Windows NT 10.0; Win64; x64) AppleWebKit/537.36 (KHTML, like Gecko) Chrome/104.0.5112.102 Safari/537.36 Edg/104.0.1293.70 OpenWave/97.4.6443.44" "nobbycosmic.com"
189.6.209.193 - - [01/Sep/2022:17:39:13 -0700] "GET /Utagoe/2022Summer/2022082705Prep.jpg HTTP/1.1" 200 83979 "https://nobbycosmic.com/Utagoe/2022Summer/Utagoe202208.htm" "Mozilla/5.0 (Windows NT 10.0; Win64; x64) AppleWebKit/537.36 (KHTML, like Gecko) Chrome/104.0.5112.102 Safari/537.36 Edg/104.0.1293.70 OpenWave/97.4.6443.44" "nobbycosmic.com"
189.6.209.193 - - [01/Sep/2022:17:39:13 -0700] "GET /Utagoe/2022Summer/2022082706Prep.jpg HTTP/1.1" 200 129100 "https://nobbycosmic.com/Utagoe/2022Summer/Utagoe202208.htm" "Mozilla/5.0 (Windows NT 10.0; Win64; x64) AppleWebKit/537.36 (KHTML, like Gecko) Chrome/104.0.5112.102 Safari/537.36 Edg/104.0.1293.70 OpenWave/97.4.6443.44" "nobbycosmic.com"
189.6.209.193 - - [01/Sep/2022:17:39:14 -0700] "GET /Utagoe/2022Summer/2022082708Session.JPG HTTP/1.1" 200 133126 "https://nobbycosmic.com/Utagoe/2022Summer/Utagoe202208.htm" "Mozilla/5.0 (Windows NT 10.0; Win64; x64) AppleWebKit/537.36 (KHTML, like Gecko) Chrome/104.0.5112.102 Safari/537.36 Edg/104.0.1293.70 OpenWave/97.4.6443.44" "nobbycosmic.com"
189.6.209.193 - - [01/Sep/2022:17:39:14 -0700] "GET /Utagoe/2022Summer/2022082707Session.JPG HTTP/1.1" 200 148214 "https://nobbycosmic.com/Utagoe/2022Summer/Utagoe202208.htm" "Mozilla/5.0 (Windows NT 10.0; Win64; x64) AppleWebKit/537.36 (KHTML, like Gecko) Chrome/104.0.5112.102 Safari/537.36 Edg/104.0.1293.70 OpenWave/97.4.6443.44" "nobbycosmic.com"
189.6.209.193 - - [01/Sep/2022:17:39:15 -0700] "GET /Utagoe/2022Summer/2022082710Band.JPG HTTP/1.1" 200 139648 "https://nobbycosmic.com/Utagoe/2022Summer/Utagoe202208.htm" "Mozilla/5.0 (Windows NT 10.0; Win64; x64) AppleWebKit/537.36 (KHTML, like Gecko) Chrome/104.0.5112.102 Safari/537.36 Edg/104.0.1293.70 OpenWave/97.4.6443.44" "nobbycosmic.com"
189.6.209.193 - - [01/Sep/2022:17:39:15 -0700] "GET /Utagoe/2022Summer/2022082709Band.JPG HTTP/1.1" 200 132981 "https://nobbycosmic.com/Utagoe/2022Summer/Utagoe202208.htm" "Mozilla/5.0 (Windows NT 10.0; Win64; x64) AppleWebKit/537.36 (KHTML, like Gecko) Chrome/104.0.5112.102 Safari/537.36 Edg/104.0.1293.70 OpenWave/97.4.6443.44" "nobbycosmic.com"
189.6.209.193 - - [01/Sep/2022:17:39:15 -0700] "GET /Utagoe/2022Summer/2022082710Lunch.JPG HTTP/1.1" 200 148867 "https://nobbycosmic.com/Utagoe/2022Summer/Utagoe202208.htm" "Mozilla/5.0 (Windows NT 10.0; Win64; x64) AppleWebKit/537.36 (KHTML, like Gecko) Chrome/104.0.5112.102 Safari/537.36 Edg/104.0.1293.70 OpenWave/97.4.6443.44" "nobbycosmic.com"
189.6.209.193 - - [01/Sep/2022:17:39:15 -0700] "GET /Utagoe/2022Summer/2022082711Lunch.JPG HTTP/1.1" 200 137587 "https://nobbycosmic.com/Utagoe/2022Summer/Utagoe202208.htm" "Mozilla/5.0 (Windows NT 10.0; Win64; x64) AppleWebKit/537.36 (KHTML, like Gecko) Chrome/104.0.5112.102 Safari/537.36 Edg/104.0.1293.70 OpenWave/97.4.6443.44" "nobbycosmic.com"
189.6.209.193 - - [01/Sep/2022:17:39:15 -0700] "GET /Utagoe/2022Summer/2022082712Songs.JPG HTTP/1.1" 200 128747 "https://nobbycosmic.com/Utagoe/2022Summer/Utagoe202208.htm" "Mozilla/5.0 (Windows NT 10.0; Win64; x64) AppleWebKit/537.36 (KHTML, like Gecko) Chrome/104.0.5112.102 Safari/537.36 Edg/104.0.1293.70 OpenWave/97.4.6443.44" "nobbycosmic.com"
189.6.209.193 - - [01/Sep/2022:17:39:16 -0700] "GET /Utagoe/2022Summer/2022082713Songs.JPG HTTP/1.1" 200 147773 "https://nobbycosmic.com/Utagoe/2022Summer/Utagoe202208.htm" "Mozilla/5.0 (Windows NT 10.0; Win64; x64) AppleWebKit/537.36 (KHTML, like Gecko) Chrome/104.0.5112.102 Safari/537.36 Edg/104.0.1293.70 OpenWave/97.4.6443.44" "nobbycosmic.com"
189.6.209.193 - - [01/Sep/2022:17:39:18 -0700] "GET /favicon.ico HTTP/1.1" 404 88 "https://nobbycosmic.com/Utagoe/2022Summer/Utagoe202208.htm" "Mozilla/5.0 (Windows NT 10.0; Win64; x64) AppleWebKit/537.36 (KHTML, like Gecko) Chrome/104.0.5112.102 Safari/537.36 Edg/104.0.1293.70 OpenWave/97.4.6443.44" "nobbycosmic.com"
40.94.25.177 - - [01/Sep/2022:17:39:21 -0700] "GET /Utagoe/2022Summer/Utagoe202208.htm HTTP/1.1" 200 2832 "-" "Mozilla/5.0 (Windows NT 10.0; Win64; x64) AppleWebKit/537.36 (KHTML, like Gecko) Chrome/101.0.4951.54 Safari/537.36" "nobbycosmic.com"
40.94.25.177 - - [01/Sep/2022:17:39:22 -0700] "GET /Utagoe/2022Summer/2022082701Sun.jpg HTTP/1.1" 200 43206 "https://nobbycosmic.com/Utagoe/2022Summer/Utagoe202208.htm" "Mozilla/5.0 (Windows NT 10.0; Win64; x64) AppleWebKit/537.36 (KHTML, like Gecko) Chrome/101.0.4951.54 Safari/537.36" "nobbycosmic.com"
40.94.25.208 - - [01/Sep/2022:17:39:22 -0700] "GET /Utagoe/2022Summer/2022082702BlueSky.jpg HTTP/1.1" 200 30483 "https://nobbycosmic.com/Utagoe/2022Summer/Utagoe202208.htm" "Mozilla/5.0 (Windows NT 10.0; Win64; x64) AppleWebKit/537.36 (KHTML, like Gecko) Chrome/101.0.4951.54 Safari/537.36" "nobbycosmic.com"
40.94.25.177 - - [01/Sep/2022:17:39:22 -0700] "GET /Utagoe/2022Summer/2022082703Tree.JPG HTTP/1.1" 200 130838 "https://nobbycosmic.com/Utagoe/2022Summer/Utagoe202208.htm" "Mozilla/5.0 (Windows NT 10.0; Win64; x64) AppleWebKit/537.36 (KHTML, like Gecko) Chrome/101.0.4951.54 Safari/537.36" "nobbycosmic.com"
40.94.25.208 - - [01/Sep/2022:17:39:22 -0700] "GET /Utagoe/2022Summer/2022082704Tree.jpg HTTP/1.1" 200 107210 "https://nobbycosmic.com/Utagoe/2022Summer/Utagoe202208.htm" "Mozilla/5.0 (Windows NT 10.0; Win64; x64) AppleWebKit/537.36 (KHTML, like Gecko) Chrome/101.0.4951.54 Safari/537.36" "nobbycosmic.com"
40.94.25.171 - - [01/Sep/2022:17:39:22 -0700] "GET /Utagoe/2022Summer/2022082705Prep.jpg HTTP/1.1" 200 83979 "https://nobbycosmic.com/Utagoe/2022Summer/Utagoe202208.htm" "Mozilla/5.0 (Windows NT 10.0; Win64; x64) AppleWebKit/537.36 (KHTML, like Gecko) Chrome/101.0.4951.54 Safari/537.36" "nobbycosmic.com"
40.94.25.177 - - [01/Sep/2022:17:39:22 -0700] "GET /Utagoe/2022Summer/2022082706Prep.jpg HTTP/1.1" 200 129100 "https://nobbycosmic.com/Utagoe/2022Summer/Utagoe202208.htm" "Mozilla/5.0 (Windows NT 10.0; Win64; x64) AppleWebKit/537.36 (KHTML, like Gecko) Chrome/101.0.4951.54 Safari/537.36" "nobbycosmic.com"
40.94.25.216 - - [01/Sep/2022:17:39:22 -0700] "GET /Utagoe/2022Summer/2022082707Session.JPG HTTP/1.1" 200 148214 "https://nobbycosmic.com/Utagoe/2022Summer/Utagoe202208.htm" "Mozilla/5.0 (Windows NT 10.0; Win64; x64) AppleWebKit/537.36 (KHTML, like Gecko) Chrome/101.0.4951.54 Safari/537.36" "nobbycosmic.com"
40.94.25.223 - - [01/Sep/2022:17:39:22 -0700] "GET /Utagoe/2022Summer/2022082708Session.JPG HTTP/1.1" 200 133126 "https://nobbycosmic.com/Utagoe/2022Summer/Utagoe202208.htm" "Mozilla/5.0 (Windows NT 10.0; Win64; x64) AppleWebKit/537.36 (KHTML, like Gecko) Chrome/101.0.4951.54 Safari/537.36" "nobbycosmic.com"
40.94.25.177 - - [01/Sep/2022:17:39:22 -0700] "GET /Utagoe/2022Summer/2022082710Band.JPG HTTP/1.1" 200 139648 "https://nobbycosmic.com/Utagoe/2022Summer/Utagoe202208.htm" "Mozilla/5.0 (Windows NT 10.0; Win64; x64) AppleWebKit/537.36 (KHTML, like Gecko) Chrome/101.0.4951.54 Safari/537.36" "nobbycosmic.com"
40.94.25.177 - - [01/Sep/2022:17:39:22 -0700] "GET /Utagoe/2022Summer/2022082710Lunch.JPG HTTP/1.1" 200 148867 "https://nobbycosmic.com/Utagoe/2022Summer/Utagoe202208.htm" "Mozilla/5.0 (Windows NT 10.0; Win64; x64) AppleWebKit/537.36 (KHTML, like Gecko) Chrome/101.0.4951.54 Safari/537.36" "nobbycosmic.com"
40.94.25.171 - - [01/Sep/2022:17:39:22 -0700] "GET /Utagoe/2022Summer/2022082713Songs.JPG HTTP/1.1" 200 147773 "https://nobbycosmic.com/Utagoe/2022Summer/Utagoe202208.htm" "Mozilla/5.0 (Windows NT 10.0; Win64; x64) AppleWebKit/537.36 (KHTML, like Gecko) Chrome/101.0.4951.54 Safari/537.36" "nobbycosmic.com"
40.94.25.208 - - [01/Sep/2022:17:39:23 -0700] "GET /Utagoe/2022Summer/2022082711Lunch.JPG HTTP/1.1" 200 137587 "https://nobbycosmic.com/Utagoe/2022Summer/Utagoe202208.htm" "Mozilla/5.0 (Windows NT 10.0; Win64; x64) AppleWebKit/537.36 (KHTML, like Gecko) Chrome/101.0.4951.54 Safari/537.36" "nobbycosmic.com"
