61.86.136.12 - - [03/Sep/2022:17:15:48 -0700] "GET /Utagoe/2022Summer/2022082710Lunch.JPG HTTP/1.1" 200 148867 "https://nobbycosmic.com/Utagoe/2022Summer/Utagoe202208.htm" "Mozilla/5.0 (Windows NT 10.0; Win64; x64) AppleWebKit/537.36 (KHTML, like Gecko) Chrome/104.0.5112.102 Safari/537.36 Edg/104.0.1293.70" "nobbycosmic.com"
61.86.136.12 - - [03/Sep/2022:17:15:48 -0700] "GET /Utagoe/2022Summer/2022082709Band.JPG HTTP/1.1" 200 132981 "https://nobbycosmic.com/Utagoe/2022Summer/Utagoe202208.htm" "Mozilla/5.0 (Windows NT 10.0; Win64; x64) AppleWebKit/537.36 (KHTML, like Gecko) Chrome/104.0.5112.102 Safari/537.36 Edg/104.0.1293.70" "nobbycosmic.com"
61.86.136.12 - - [03/Sep/2022:17:15:48 -0700] "GET /Utagoe/2022Summer/2022082708Session.JPG HTTP/1.1" 200 133126 "https://nobbycosmic.com/Utagoe/2022Summer/Utagoe202208.htm" "Mozilla/5.0 (Windows NT 10.0; Win64; x64) AppleWebKit/537.36 (KHTML, like Gecko) Chrome/104.0.5112.102 Safari/537.36 Edg/104.0.1293.70" "nobbycosmic.com"
61.86.136.12 - - [03/Sep/2022:17:15:48 -0700] "GET /Utagoe/2022Summer/2022082712Songs.JPG HTTP/1.1" 200 128747 "https://nobbycosmic.com/Utagoe/2022Summer/Utagoe202208.htm" "Mozilla/5.0 (Windows NT 10.0; Win64; x64) AppleWebKit/537.36 (KHTML, like Gecko) Chrome/104.0.5112.102 Safari/537.36 Edg/104.0.1293.70" "nobbycosmic.com"
61.86.136.12 - - [03/Sep/2022:17:15:48 -0700] "GET /Utagoe/2022Summer/2022082707Session.JPG HTTP/1.1" 200 148214 "https://nobbycosmic.com/Utagoe/2022Summer/Utagoe202208.htm" "Mozilla/5.0 (Windows NT 10.0; Win64; x64) AppleWebKit/537.36 (KHTML, like Gecko) Chrome/104.0.5112.102 Safari/537.36 Edg/104.0.1293.70" "nobbycosmic.com"
61.86.136.12 - - [03/Sep/2022:17:15:48 -0700] "GET /Utagoe/2022Summer/2022082713Songs.JPG HTTP/1.1" 200 147773 "https://nobbycosmic.com/Utagoe/2022Summer/Utagoe202208.htm" "Mozilla/5.0 (Windows NT 10.0; Win64; x64) AppleWebKit/537.36 (KHTML, like Gecko) Chrome/104.0.5112.102 Safari/537.36 Edg/104.0.1293.70" "nobbycosmic.com"
61.86.136.12 - - [03/Sep/2022:17:15:49 -0700] "GET /Utagoe/2022Summer/2022082710Band.JPG HTTP/1.1" 200 139648 "https://nobbycosmic.com/Utagoe/2022Summer/Utagoe202208.htm" "Mozilla/5.0 (Windows NT 10.0; Win64; x64) AppleWebKit/537.36 (KHTML, like Gecko) Chrome/104.0.5112.102 Safari/537.36 Edg/104.0.1293.70" "nobbycosmic.com"
61.86.136.12 - - [03/Sep/2022:17:15:49 -0700] "GET /Utagoe/2022Summer/2022082711Lunch.JPG HTTP/1.1" 200 137587 "https://nobbycosmic.com/Utagoe/2022Summer/Utagoe202208.htm" "Mozilla/5.0 (Windows NT 10.0; Win64; x64) AppleWebKit/537.36 (KHTML, like Gecko) Chrome/104.0.5112.102 Safari/537.36 Edg/104.0.1293.70" "nobbycosmic.com"
61.86.136.12 - - [03/Sep/2022:17:15:49 -0700] "GET /Utagoe/2022Summer/2022082703Tree.JPG HTTP/1.1" 200 130838 "https://nobbycosmic.com/Utagoe/2022Summer/Utagoe202208.htm" "Mozilla/5.0 (Windows NT 10.0; Win64; x64) AppleWebKit/537.36 (KHTML, like Gecko) Chrome/104.0.5112.102 Safari/537.36 Edg/104.0.1293.70" "nobbycosmic.com"
61.86.136.12 - - [03/Sep/2022:17:15:50 -0700] "GET /Utagoe/2022Summer/2022082704Tree.jpg HTTP/1.1" 200 107210 "https://nobbycosmic.com/Utagoe/2022Summer/Utagoe202208.htm" "Mozilla/5.0 (Windows NT 10.0; Win64; x64) AppleWebKit/537.36 (KHTML, like Gecko) Chrome/104.0.5112.102 Safari/537.36 Edg/104.0.1293.70" "nobbycosmic.com"
61.86.136.12 - - [03/Sep/2022:17:15:50 -0700] "GET /Utagoe/2022Summer/2022082705Prep.jpg HTTP/1.1" 200 83979 "https://nobbycosmic.com/Utagoe/2022Summer/Utagoe202208.htm" "Mozilla/5.0 (Windows NT 10.0; Win64; x64) AppleWebKit/537.36 (KHTML, like Gecko) Chrome/104.0.5112.102 Safari/537.36 Edg/104.0.1293.70" "nobbycosmic.com"
61.86.136.12 - - [03/Sep/2022:17:15:50 -0700] "GET /Utagoe/2022Summer/2022082706Prep.jpg HTTP/1.1" 200 129100 "https://nobbycosmic.com/Utagoe/2022Summer/Utagoe202208.htm" "Mozilla/5.0 (Windows NT 10.0; Win64; x64) AppleWebKit/537.36 (KHTML, like Gecko) Chrome/104.0.5112.102 Safari/537.36 Edg/104.0.1293.70" "nobbycosmic.com"
61.86.136.12 - - [03/Sep/2022:17:15:51 -0700] "GET /favicon.ico HTTP/1.1" 404 88 "https://nobbycosmic.com/Utagoe/2022Summer/Utagoe202208.htm" "Mozilla/5.0 (Windows NT 10.0; Win64; x64) AppleWebKit/537.36 (KHTML, like Gecko) Chrome/104.0.5112.102 Safari/537.36 Edg/104.0.1293.70" "nobbycosmic.com"
216.244.66.200 - - [03/Sep/2022:17:27:53 -0700] "GET /robots.txt HTTP/1.1" 200 61 "-" "Mozilla/5.0 (compatible; DotBot/1.2; +https://opensiteexplorer.org/dotbot; help@moz.com)" "nobbycosmic.com"
70.30.91.55 - - [03/Sep/2022:17:41:26 -0700] "GET /favicon.ico HTTP/1.1" 404 88 "https://nobbycosmic.com/BabyTalks/BTFLeaf.pdf" "Mozilla/5.0 (iPhone; CPU iPhone OS 15_6_1 like Mac OS X) AppleWebKit/605.1.15 (KHTML, like Gecko) Version/15.6.1 Mobile/15E148 Safari/604.1" "nobbycosmic.com"
114.119.128.26 - - [03/Sep/2022:17:48:55 -0700] "GET /Card/Card03 HTTP/1.1" 301 1414 "https://nobbycosmic.com/Card?C=D%3BO%3DA" "Mozilla/5.0 (Linux; Android 7.0;) AppleWebKit/537.36 (KHTML, like Gecko) Mobile Safari/537.36 (compatible; PetalBot;+https://webmaster.petalsearch.com/site/petalbot)" "nobbycosmic.com"
114.119.128.26 - - [03/Sep/2022:17:49:03 -0700] "GET /Card/Card03/ HTTP/1.1" 200 446 "https://nobbycosmic.com/Card?C=D%3BO%3DA" "Mozilla/5.0 (Linux; Android 7.0;) AppleWebKit/537.36 (KHTML, like Gecko) Mobile Safari/537.36 (compatible; PetalBot;+https://webmaster.petalsearch.com/site/petalbot)" "nobbycosmic.com"
133.32.218.12 - - [03/Sep/2022:17:53:00 -0700] "GET /Utagoe/2022Summer/Utagoe202208.htm HTTP/1.1" 200 2832 "-" "Mozilla/5.0 (iPhone; CPU iPhone OS 15_6_1 like Mac OS X) AppleWebKit/605.1.15 (KHTML, like Gecko) Version/15.6.1 Mobile/15E148 Safari/604.1" "nobbycosmic.com"
133.32.218.12 - - [03/Sep/2022:17:53:00 -0700] "GET /Utagoe/2022Summer/2022082701Sun.jpg HTTP/1.1" 200 43206 "https://nobbycosmic.com/Utagoe/2022Summer/Utagoe202208.htm" "Mozilla/5.0 (iPhone; CPU iPhone OS 15_6_1 like Mac OS X) AppleWebKit/605.1.15 (KHTML, like Gecko) Version/15.6.1 Mobile/15E148 Safari/604.1" "nobbycosmic.com"
133.32.218.12 - - [03/Sep/2022:17:53:00 -0700] "GET /Utagoe/2022Summer/2022082712Songs.JPG HTTP/1.1" 200 128747 "https://nobbycosmic.com/Utagoe/2022Summer/Utagoe202208.htm" "Mozilla/5.0 (iPhone; CPU iPhone OS 15_6_1 like Mac OS X) AppleWebKit/605.1.15 (KHTML, like Gecko) Version/15.6.1 Mobile/15E148 Safari/604.1" "nobbycosmic.com"
133.32.218.12 - - [03/Sep/2022:17:53:00 -0700] "GET /Utagoe/2022Summer/2022082702BlueSky.jpg HTTP/1.1" 200 30483 "https://nobbycosmic.com/Utagoe/2022Summer/Utagoe202208.htm" "Mozilla/5.0 (iPhone; CPU iPhone OS 15_6_1 like Mac OS X) AppleWebKit/605.1.15 (KHTML, like Gecko) Version/15.6.1 Mobile/15E148 Safari/604.1" "nobbycosmic.com"
133.32.218.12 - - [03/Sep/2022:17:53:00 -0700] "GET /Utagoe/2022Summer/2022082709Band.JPG HTTP/1.1" 200 132981 "https://nobbycosmic.com/Utagoe/2022Summer/Utagoe202208.htm" "Mozilla/5.0 (iPhone; CPU iPhone OS 15_6_1 like Mac OS X) AppleWebKit/605.1.15 (KHTML, like Gecko) Version/15.6.1 Mobile/15E148 Safari/604.1" "nobbycosmic.com"
133.32.218.12 - - [03/Sep/2022:17:53:00 -0700] "GET /Utagoe/2022Summer/2022082703Tree.JPG HTTP/1.1" 200 130838 "https://nobbycosmic.com/Utagoe/2022Summer/Utagoe202208.htm" "Mozilla/5.0 (iPhone; CPU iPhone OS 15_6_1 like Mac OS X) AppleWebKit/605.1.15 (KHTML, like Gecko) Version/15.6.1 Mobile/15E148 Safari/604.1" "nobbycosmic.com"
133.32.218.12 - - [03/Sep/2022:17:53:00 -0700] "GET /Utagoe/2022Summer/2022082706Prep.jpg HTTP/1.1" 200 129100 "https://nobbycosmic.com/Utagoe/2022Summer/Utagoe202208.htm" "Mozilla/5.0 (iPhone; CPU iPhone OS 15_6_1 like Mac OS X) AppleWebKit/605.1.15 (KHTML, like Gecko) Version/15.6.1 Mobile/15E148 Safari/604.1" "nobbycosmic.com"
133.32.218.12 - - [03/Sep/2022:17:53:00 -0700] "GET /Utagoe/2022Summer/2022082707Session.JPG HTTP/1.1" 200 148214 "https://nobbycosmic.com/Utagoe/2022Summer/Utagoe202208.htm" "Mozilla/5.0 (iPhone; CPU iPhone OS 15_6_1 like Mac OS X) AppleWebKit/605.1.15 (KHTML, like Gecko) Version/15.6.1 Mobile/15E148 Safari/604.1" "nobbycosmic.com"
133.32.218.12 - - [03/Sep/2022:17:53:01 -0700] "GET /Utagoe/2022Summer/2022082705Prep.jpg HTTP/1.1" 200 83979 "https://nobbycosmic.com/Utagoe/2022Summer/Utagoe202208.htm" "Mozilla/5.0 (iPhone; CPU iPhone OS 15_6_1 like Mac OS X) AppleWebKit/605.1.15 (KHTML, like Gecko) Version/15.6.1 Mobile/15E148 Safari/604.1" "nobbycosmic.com"
133.32.218.12 - - [03/Sep/2022:17:53:01 -0700] "GET /Utagoe/2022Summer/2022082711Lunch.JPG HTTP/1.1" 200 137587 "https://nobbycosmic.com/Utagoe/2022Summer/Utagoe202208.htm" "Mozilla/5.0 (iPhone; CPU iPhone OS 15_6_1 like Mac OS X) AppleWebKit/605.1.15 (KHTML, like Gecko) Version/15.6.1 Mobile/15E148 Safari/604.1" "nobbycosmic.com"
133.32.218.12 - - [03/Sep/2022:17:53:01 -0700] "GET /Utagoe/2022Summer/2022082708Session.JPG HTTP/1.1" 200 133126 "https://nobbycosmic.com/Utagoe/2022Summer/Utagoe202208.htm" "Mozilla/5.0 (iPhone; CPU iPhone OS 15_6_1 like Mac OS X) AppleWebKit/605.1.15 (KHTML, like Gecko) Version/15.6.1 Mobile/15E148 Safari/604.1" "nobbycosmic.com"
133.32.218.12 - - [03/Sep/2022:17:53:01 -0700] "GET /Utagoe/2022Summer/2022082713Songs.JPG HTTP/1.1" 200 147773 "https://nobbycosmic.com/Utagoe/2022Summer/Utagoe202208.htm" "Mozilla/5.0 (iPhone; CPU iPhone OS 15_6_1 like Mac OS X) AppleWebKit/605.1.15 (KHTML, like Gecko) Version/15.6.1 Mobile/15E148 Safari/604.1" "nobbycosmic.com"
133.32.218.12 - - [03/Sep/2022:17:53:01 -0700] "GET /Utagoe/2022Summer/2022082710Band.JPG HTTP/1.1" 200 139648 "https://nobbycosmic.com/Utagoe/2022Summer/Utagoe202208.htm" "Mozilla/5.0 (iPhone; CPU iPhone OS 15_6_1 like Mac OS X) AppleWebKit/605.1.15 (KHTML, like Gecko) Version/15.6.1 Mobile/15E148 Safari/604.1" "nobbycosmic.com"
133.32.218.12 - - [03/Sep/2022:17:53:01 -0700] "GET /Utagoe/2022Summer/2022082710Lunch.JPG HTTP/1.1" 200 148867 "https://nobbycosmic.com/Utagoe/2022Summer/Utagoe202208.htm" "Mozilla/5.0 (iPhone; CPU iPhone OS 15_6_1 like Mac OS X) AppleWebKit/605.1.15 (KHTML, like Gecko) Version/15.6.1 Mobile/15E148 Safari/604.1" "nobbycosmic.com"
133.32.218.12 - - [03/Sep/2022:17:53:01 -0700] "GET /Utagoe/2022Summer/2022082704Tree.jpg HTTP/1.1" 200 107210 "https://nobbycosmic.com/Utagoe/2022Summer/Utagoe202208.htm" "Mozilla/5.0 (iPhone; CPU iPhone OS 15_6_1 like Mac OS X) AppleWebKit/605.1.15 (KHTML, like Gecko) Version/15.6.1 Mobile/15E148 Safari/604.1" "nobbycosmic.com"
18.236.153.241 - - [03/Sep/2022:18:02:43 -0700] "GET /BabyTalks/GoogleAccountInstruction.pdf HTTP/1.1" 200 299490 "-" "Mozilla/5.0 (Windows NT 6.1; Win64; x64) AppleWebKit/537.36 (KHTML, like Gecko) Chrome/72.0.3626.109 Safari/537.36" "nobbycosmic.com"
52.43.14.192 - - [03/Sep/2022:18:04:01 -0700] "GET /BabyTalks/FTFRule.htm HTTP/1.1" 200 6326 "-" "Mozilla/5.0 (Windows NT 6.1; Win64; x64) AppleWebKit/537.36 (KHTML, like Gecko) Chrome/72.0.3626.109 Safari/537.36" "nobbycosmic.com"
40.77.167.98 - - [03/Sep/2022:18:10:49 -0700] "GET /robots.txt HTTP/1.1" 200 75 "-" "Mozilla/5.0 (compatible; bingbot/2.0; +http://www.bing.com/bingbot.htm)" "nobbycosmic.com"
184.146.63.192 - - [03/Sep/2022:18:10:50 -0700] "GET /BabyTalks/BTList.htm HTTP/1.1" 200 10238 "-" "Mozilla/5.0 (iPhone; CPU iPhone OS 15_6_1 like Mac OS X) AppleWebKit/605.1.15 (KHTML, like Gecko) Version/15.6.1 Mobile/15E148 Safari/604.1" "nobbycosmic.com"
184.146.63.192 - - [03/Sep/2022:18:10:50 -0700] "GET /apple-touch-icon-120x120-precomposed.png HTTP/1.1" 404 88 "-" "MobileSafari/8613.3.9.0.16 CFNetwork/1335.0.3 Darwin/21.6.0" "nobbycosmic.com"
184.146.63.192 - - [03/Sep/2022:18:10:51 -0700] "GET /apple-touch-icon-120x120.png HTTP/1.1" 404 88 "-" "MobileSafari/8613.3.9.0.16 CFNetwork/1335.0.3 Darwin/21.6.0" "nobbycosmic.com"
184.146.63.192 - - [03/Sep/2022:18:10:51 -0700] "GET /apple-touch-icon-precomposed.png HTTP/1.1" 404 88 "-" "MobileSafari/8613.3.9.0.16 CFNetwork/1335.0.3 Darwin/21.6.0" "nobbycosmic.com"
184.146.63.192 - - [03/Sep/2022:18:10:51 -0700] "GET /apple-touch-icon.png HTTP/1.1" 404 88 "-" "MobileSafari/8613.3.9.0.16 CFNetwork/1335.0.3 Darwin/21.6.0" "nobbycosmic.com"
184.146.63.192 - - [03/Sep/2022:18:10:51 -0700] "GET /favicon.ico HTTP/1.1" 404 88 "-" "MobileSafari/8613.3.9.0.16 CFNetwork/1335.0.3 Darwin/21.6.0" "nobbycosmic.com"
184.146.63.192 - - [03/Sep/2022:18:10:51 -0700] "GET /apple-touch-icon-120x120-precomposed.png HTTP/1.1" 404 88 "-" "MobileSafari/8613.3.9.0.16 CFNetwork/1335.0.3 Darwin/21.6.0" "nobbycosmic.com"
184.146.63.192 - - [03/Sep/2022:18:10:51 -0700] "GET /apple-touch-icon-120x120.png HTTP/1.1" 404 88 "-" "MobileSafari/8613.3.9.0.16 CFNetwork/1335.0.3 Darwin/21.6.0" "nobbycosmic.com"
184.146.63.192 - - [03/Sep/2022:18:10:51 -0700] "GET /apple-touch-icon-precomposed.png HTTP/1.1" 404 88 "-" "MobileSafari/8613.3.9.0.16 CFNetwork/1335.0.3 Darwin/21.6.0" "nobbycosmic.com"
184.146.63.192 - - [03/Sep/2022:18:10:51 -0700] "GET /apple-touch-icon.png HTTP/1.1" 404 88 "-" "MobileSafari/8613.3.9.0.16 CFNetwork/1335.0.3 Darwin/21.6.0" "nobbycosmic.com"
184.146.63.192 - - [03/Sep/2022:18:10:51 -0700] "GET /favicon.ico HTTP/1.1" 404 88 "-" "MobileSafari/8613.3.9.0.16 CFNetwork/1335.0.3 Darwin/21.6.0" "nobbycosmic.com"
157.55.39.163 - - [03/Sep/2022:18:10:57 -0700] "GET /Post/JF202010222.pdf HTTP/1.1" 404 88 "-" "Mozilla/5.0 (compatible; bingbot/2.0; +http://www.bing.com/bingbot.htm)" "nobbycosmic.com"
114.119.128.40 - - [03/Sep/2022:18:14:07 -0700] "GET /NJCA/NY07/?C=M%3BO%3DA HTTP/1.1" 200 530 "https://nobbycosmic.com/NJCA/NY07?N=A" "Mozilla/5.0 (Linux; Android 7.0;) AppleWebKit/537.36 (KHTML, like Gecko) Mobile Safari/537.36 (compatible; PetalBot;+https://webmaster.petalsearch.com/site/petalbot)" "nobbycosmic.com"
216.244.66.200 - - [03/Sep/2022:18:15:26 -0700] "GET /robots.txt HTTP/1.1" 200 61 "-" "Mozilla/5.0 (compatible; DotBot/1.2; +https://opensiteexplorer.org/dotbot; help@moz.com)" "nobbycosmic.com"
51.222.253.8 - - [03/Sep/2022:18:51:45 -0700] "GET /robots.txt HTTP/1.1" 200 75 "-" "Mozilla/5.0 (compatible; AhrefsBot/7.0; +http://ahrefs.com/robot/)" "nobbycosmic.com"
216.244.66.200 - - [03/Sep/2022:19:02:19 -0700] "GET /robots.txt HTTP/1.1" 200 61 "-" "Mozilla/5.0 (compatible; DotBot/1.2; +https://opensiteexplorer.org/dotbot; help@moz.com)" "nobbycosmic.com"
167.114.77.4 - - [03/Sep/2022:19:03:27 -0700] "GET /adminer.php HTTP/1.1" 404 88 "-" "Screaming Frog SEO Spider/16.7" "nobbycosmic.com"
114.119.128.40 - - [03/Sep/2022:19:10:04 -0700] "GET /Utagoe/Shinjuku2007Schedule.pdf HTTP/1.1" 200 109933 "https://nobbycosmic.com/Utagoe" "Mozilla/5.0 (Linux; Android 7.0;) AppleWebKit/537.36 (KHTML, like Gecko) Mobile Safari/537.36 (compatible; PetalBot;+https://webmaster.petalsearch.com/site/petalbot)" "nobbycosmic.com"
114.119.128.26 - - [03/Sep/2022:19:11:58 -0700] "GET /Card/Card17/?C=N%3BO%3DD HTTP/1.1" 200 490 "https://nobbycosmic.com/Card/Card17/?C=M%3BO%3DA" "Mozilla/5.0 (Linux; Android 7.0;) AppleWebKit/537.36 (KHTML, like Gecko) Mobile Safari/537.36 (compatible; PetalBot;+https://webmaster.petalsearch.com/site/petalbot)" "nobbycosmic.com"
99.238.70.34 - - [03/Sep/2022:19:19:54 -0700] "GET /Utagoe/2022Summer/Utagoe202208.htm HTTP/1.1" 200 2832 "-" "Mozilla/5.0 (iPad; CPU OS 15_6_1 like Mac OS X) AppleWebKit/605.1.15 (KHTML, like Gecko) Version/15.6.1 Mobile/15E148 Safari/604.1" "nobbycosmic.com"
99.238.70.34 - - [03/Sep/2022:19:19:55 -0700] "GET /Utagoe/2022Summer/2022082710Lunch.JPG HTTP/1.1" 304 - "https://nobbycosmic.com/Utagoe/2022Summer/Utagoe202208.htm" "Mozilla/5.0 (iPad; CPU OS 15_6_1 like Mac OS X) AppleWebKit/605.1.15 (KHTML, like Gecko) Version/15.6.1 Mobile/15E148 Safari/604.1" "nobbycosmic.com"
99.238.70.34 - - [03/Sep/2022:19:19:55 -0700] "GET /Utagoe/2022Summer/2022082711Lunch.JPG HTTP/1.1" 304 - "https://nobbycosmic.com/Utagoe/2022Summer/Utagoe202208.htm" "Mozilla/5.0 (iPad; CPU OS 15_6_1 like Mac OS X) AppleWebKit/605.1.15 (KHTML, like Gecko) Version/15.6.1 Mobile/15E148 Safari/604.1" "nobbycosmic.com"
99.238.70.34 - - [03/Sep/2022:19:19:55 -0700] "GET /Utagoe/2022Summer/2022082708Session.JPG HTTP/1.1" 304 - "https://nobbycosmic.com/Utagoe/2022Summer/Utagoe202208.htm" "Mozilla/5.0 (iPad; CPU OS 15_6_1 like Mac OS X) AppleWebKit/605.1.15 (KHTML, like Gecko) Version/15.6.1 Mobile/15E148 Safari/604.1" "nobbycosmic.com"
99.238.70.34 - - [03/Sep/2022:19:19:55 -0700] "GET /Utagoe/2022Summer/2022082703Tree.JPG HTTP/1.1" 304 - "https://nobbycosmic.com/Utagoe/2022Summer/Utagoe202208.htm" "Mozilla/5.0 (iPad; CPU OS 15_6_1 like Mac OS X) AppleWebKit/605.1.15 (KHTML, like Gecko) Version/15.6.1 Mobile/15E148 Safari/604.1" "nobbycosmic.com"
99.238.70.34 - - [03/Sep/2022:19:19:55 -0700] "GET /Utagoe/2022Summer/2022082710Band.JPG HTTP/1.1" 304 - "https://nobbycosmic.com/Utagoe/2022Summer/Utagoe202208.htm" "Mozilla/5.0 (iPad; CPU OS 15_6_1 like Mac OS X) AppleWebKit/605.1.15 (KHTML, like Gecko) Version/15.6.1 Mobile/15E148 Safari/604.1" "nobbycosmic.com"
99.238.70.34 - - [03/Sep/2022:19:19:55 -0700] "GET /Utagoe/2022Summer/2022082707Session.JPG HTTP/1.1" 304 - "https://nobbycosmic.com/Utagoe/2022Summer/Utagoe202208.htm" "Mozilla/5.0 (iPad; CPU OS 15_6_1 like Mac OS X) AppleWebKit/605.1.15 (KHTML, like Gecko) Version/15.6.1 Mobile/15E148 Safari/604.1" "nobbycosmic.com"
99.238.70.34 - - [03/Sep/2022:19:19:55 -0700] "GET /Utagoe/2022Summer/2022082709Band.JPG HTTP/1.1" 304 - "https://nobbycosmic.com/Utagoe/2022Summer/Utagoe202208.htm" "Mozilla/5.0 (iPad; CPU OS 15_6_1 like Mac OS X) AppleWebKit/605.1.15 (KHTML, like Gecko) Version/15.6.1 Mobile/15E148 Safari/604.1" "nobbycosmic.com"
99.238.70.34 - - [03/Sep/2022:19:19:55 -0700] "GET /Utagoe/2022Summer/2022082713Songs.JPG HTTP/1.1" 304 - "https://nobbycosmic.com/Utagoe/2022Summer/Utagoe202208.htm" "Mozilla/5.0 (iPad; CPU OS 15_6_1 like Mac OS X) AppleWebKit/605.1.15 (KHTML, like Gecko) Version/15.6.1 Mobile/15E148 Safari/604.1" "nobbycosmic.com"
99.238.70.34 - - [03/Sep/2022:19:19:55 -0700] "GET /Utagoe/2022Summer/2022082712Songs.JPG HTTP/1.1" 304 - "https://nobbycosmic.com/Utagoe/2022Summer/Utagoe202208.htm" "Mozilla/5.0 (iPad; CPU OS 15_6_1 like Mac OS X) AppleWebKit/605.1.15 (KHTML, like Gecko) Version/15.6.1 Mobile/15E148 Safari/604.1" "nobbycosmic.com"
99.238.70.34 - - [03/Sep/2022:19:19:55 -0700] "GET /Utagoe/2022Summer/Utagoe202208.htm HTTP/1.1" 200 2832 "-" "Mozilla/5.0 (iPad; CPU OS 15_6_1 like Mac OS X) AppleWebKit/605.1.15 (KHTML, like Gecko) Version/15.6.1 Mobile/15E148 Safari/604.1" "nobbycosmic.com"
99.238.70.34 - - [03/Sep/2022:19:19:57 -0700] "GET /Utagoe/2022Summer/Utagoe202208.htm HTTP/1.1" 200 2832 "-" "Mozilla/5.0 (iPad; CPU OS 15_6_1 like Mac OS X) AppleWebKit/605.1.15 (KHTML, like Gecko) Version/15.6.1 Mobile/15E148 Safari/604.1" "nobbycosmic.com"
99.238.70.34 - - [03/Sep/2022:19:20:01 -0700] "GET /Utagoe/2022Summer/Utagoe202208.htm HTTP/1.1" 200 2832 "-" "Mozilla/5.0 (iPad; CPU OS 15_6_1 like Mac OS X) AppleWebKit/605.1.15 (KHTML, like Gecko) Version/15.6.1 Mobile/15E148 Safari/604.1" "nobbycosmic.com"
157.55.39.36 - - [03/Sep/2022:19:42:07 -0700] "GET /Utagoe/2020Winter/Utagoe202002.htm HTTP/1.1" 200 2351 "-" "Mozilla/5.0 (compatible; bingbot/2.0; +http://www.bing.com/bingbot.htm)" "nobbycosmic.com"
64.231.236.206 - - [03/Sep/2022:19:46:30 -0700] "GET /BabyTalks/BTList.htm HTTP/1.1" 200 10238 "-" "Mozilla/5.0 (Linux; Android 10; VOG-L04 Build/HUAWEIVOG-L04; wv) AppleWebKit/537.36 (KHTML, like Gecko) Version/4.0 Chrome/104.0.5112.97 Mobile Safari/537.36 EdgW/1.0" "nobbycosmic.com"
64.231.236.206 - - [03/Sep/2022:19:46:30 -0700] "GET /BabyTalks/BTFBanner1.jpg HTTP/1.1" 200 9524 "https://nobbycosmic.com/BabyTalks/BTList.htm" "Mozilla/5.0 (Linux; Android 10; VOG-L04 Build/HUAWEIVOG-L04; wv) AppleWebKit/537.36 (KHTML, like Gecko) Version/4.0 Chrome/104.0.5112.97 Mobile Safari/537.36 EdgW/1.0" "nobbycosmic.com"
64.231.236.206 - - [03/Sep/2022:19:46:30 -0700] "GET /BabyTalks/Group.jpg HTTP/1.1" 200 54379 "https://nobbycosmic.com/BabyTalks/BTList.htm" "Mozilla/5.0 (Linux; Android 10; VOG-L04 Build/HUAWEIVOG-L04; wv) AppleWebKit/537.36 (KHTML, like Gecko) Version/4.0 Chrome/104.0.5112.97 Mobile Safari/537.36 EdgW/1.0" "nobbycosmic.com"
64.231.236.206 - - [03/Sep/2022:19:46:30 -0700] "GET /BabyTalks/hiyoko.gif HTTP/1.1" 200 10361 "https://nobbycosmic.com/BabyTalks/BTList.htm" "Mozilla/5.0 (Linux; Android 10; VOG-L04 Build/HUAWEIVOG-L04; wv) AppleWebKit/537.36 (KHTML, like Gecko) Version/4.0 Chrome/104.0.5112.97 Mobile Safari/537.36 EdgW/1.0" "nobbycosmic.com"
64.231.236.206 - - [03/Sep/2022:19:46:30 -0700] "GET /BabyTalks/blue_next.gif HTTP/1.1" 200 138 "https://nobbycosmic.com/BabyTalks/BTList.htm" "Mozilla/5.0 (Linux; Android 10; VOG-L04 Build/HUAWEIVOG-L04; wv) AppleWebKit/537.36 (KHTML, like Gecko) Version/4.0 Chrome/104.0.5112.97 Mobile Safari/537.36 EdgW/1.0" "nobbycosmic.com"
64.231.236.206 - - [03/Sep/2022:19:46:30 -0700] "GET /BabyTalks/BTFBanner2.jpg HTTP/1.1" 200 4273 "https://nobbycosmic.com/BabyTalks/BTList.htm" "Mozilla/5.0 (Linux; Android 10; VOG-L04 Build/HUAWEIVOG-L04; wv) AppleWebKit/537.36 (KHTML, like Gecko) Version/4.0 Chrome/104.0.5112.97 Mobile Safari/537.36 EdgW/1.0" "nobbycosmic.com"
64.231.236.206 - - [03/Sep/2022:19:46:30 -0700] "GET /BabyTalks/SakuraMark2.jpg HTTP/1.1" 200 933 "https://nobbycosmic.com/BabyTalks/BTList.htm" "Mozilla/5.0 (Linux; Android 10; VOG-L04 Build/HUAWEIVOG-L04; wv) AppleWebKit/537.36 (KHTML, like Gecko) Version/4.0 Chrome/104.0.5112.97 Mobile Safari/537.36 EdgW/1.0" "nobbycosmic.com"
64.231.236.206 - - [03/Sep/2022:19:46:30 -0700] "GET /BabyTalks/FTFMemberDistChart.jpg HTTP/1.1" 200 61359 "https://nobbycosmic.com/BabyTalks/BTList.htm" "Mozilla/5.0 (Linux; Android 10; VOG-L04 Build/HUAWEIVOG-L04; wv) AppleWebKit/537.36 (KHTML, like Gecko) Version/4.0 Chrome/104.0.5112.97 Mobile Safari/537.36 EdgW/1.0" "nobbycosmic.com"
64.231.236.206 - - [03/Sep/2022:19:46:30 -0700] "GET /favicon.ico HTTP/1.1" 404 88 "https://nobbycosmic.com/BabyTalks/BTList.htm" "Mozilla/5.0 (Linux; Android 10; VOG-L04 Build/HUAWEIVOG-L04; wv) AppleWebKit/537.36 (KHTML, like Gecko) Version/4.0 Chrome/104.0.5112.97 Mobile Safari/537.36 EdgW/1.0" "nobbycosmic.com"
64.231.236.206 - - [03/Sep/2022:19:46:52 -0700] "GET /BabyTalks/FTFMember/Content.htm HTTP/1.1" 401 90 "https://nobbycosmic.com/BabyTalks/BTList.htm" "Mozilla/5.0 (Linux; Android 10; VOG-L04 Build/HUAWEIVOG-L04; wv) AppleWebKit/537.36 (KHTML, like Gecko) Version/4.0 Chrome/104.0.5112.97 Mobile Safari/537.36 EdgW/1.0" "nobbycosmic.com"
72.137.59.230 - - [03/Sep/2022:19:47:07 -0700] "GET /BabyTalks/BTList.htm HTTP/1.1" 200 10238 "-" "Mozilla/5.0 (Windows NT 10.0; Win64; x64) AppleWebKit/537.36 (KHTML, like Gecko) Chrome/105.0.0.0 Safari/537.36" "nobbycosmic.com"
72.137.59.230 - - [03/Sep/2022:19:47:08 -0700] "GET /BabyTalks/BTFBanner1.jpg HTTP/1.1" 200 9524 "https://nobbycosmic.com/BabyTalks/BTList.htm" "Mozilla/5.0 (Windows NT 10.0; Win64; x64) AppleWebKit/537.36 (KHTML, like Gecko) Chrome/105.0.0.0 Safari/537.36" "nobbycosmic.com"
72.137.59.230 - - [03/Sep/2022:19:47:08 -0700] "GET /BabyTalks/hiyoko.gif HTTP/1.1" 200 10361 "https://nobbycosmic.com/BabyTalks/BTList.htm" "Mozilla/5.0 (Windows NT 10.0; Win64; x64) AppleWebKit/537.36 (KHTML, like Gecko) Chrome/105.0.0.0 Safari/537.36" "nobbycosmic.com"
72.137.59.230 - - [03/Sep/2022:19:47:08 -0700] "GET /BabyTalks/Group.jpg HTTP/1.1" 200 54379 "https://nobbycosmic.com/BabyTalks/BTList.htm" "Mozilla/5.0 (Windows NT 10.0; Win64; x64) AppleWebKit/537.36 (KHTML, like Gecko) Chrome/105.0.0.0 Safari/537.36" "nobbycosmic.com"
72.137.59.230 - - [03/Sep/2022:19:47:08 -0700] "GET /BabyTalks/BTFBanner2.jpg HTTP/1.1" 200 4273 "https://nobbycosmic.com/BabyTalks/BTList.htm" "Mozilla/5.0 (Windows NT 10.0; Win64; x64) AppleWebKit/537.36 (KHTML, like Gecko) Chrome/105.0.0.0 Safari/537.36" "nobbycosmic.com"
72.137.59.230 - - [03/Sep/2022:19:47:08 -0700] "GET /BabyTalks/blue_next.gif HTTP/1.1" 200 138 "https://nobbycosmic.com/BabyTalks/BTList.htm" "Mozilla/5.0 (Windows NT 10.0; Win64; x64) AppleWebKit/537.36 (KHTML, like Gecko) Chrome/105.0.0.0 Safari/537.36" "nobbycosmic.com"
72.137.59.230 - - [03/Sep/2022:19:47:08 -0700] "GET /BabyTalks/SakuraMark2.jpg HTTP/1.1" 200 933 "https://nobbycosmic.com/BabyTalks/BTList.htm" "Mozilla/5.0 (Windows NT 10.0; Win64; x64) AppleWebKit/537.36 (KHTML, like Gecko) Chrome/105.0.0.0 Safari/537.36" "nobbycosmic.com"
72.137.59.230 - - [03/Sep/2022:19:47:08 -0700] "GET /BabyTalks/FTFMemberDistChart.jpg HTTP/1.1" 200 61359 "https://nobbycosmic.com/BabyTalks/BTList.htm" "Mozilla/5.0 (Windows NT 10.0; Win64; x64) AppleWebKit/537.36 (KHTML, like Gecko) Chrome/105.0.0.0 Safari/537.36" "nobbycosmic.com"
72.137.59.230 - - [03/Sep/2022:19:47:09 -0700] "GET /favicon.ico HTTP/1.1" 404 88 "https://nobbycosmic.com/BabyTalks/BTList.htm" "Mozilla/5.0 (Windows NT 10.0; Win64; x64) AppleWebKit/537.36 (KHTML, like Gecko) Chrome/105.0.0.0 Safari/537.36" "nobbycosmic.com"
72.137.59.230 - - [03/Sep/2022:19:47:14 -0700] "GET /BabyTalks/FTFMember/Content.htm HTTP/1.1" 401 90 "https://nobbycosmic.com/BabyTalks/BTList.htm" "Mozilla/5.0 (Windows NT 10.0; Win64; x64) AppleWebKit/537.36 (KHTML, like Gecko) Chrome/105.0.0.0 Safari/537.36" "nobbycosmic.com"
72.137.59.230 - FTF [03/Sep/2022:19:47:22 -0700] "GET /BabyTalks/FTFMember/Content.htm HTTP/1.1" 200 6659 "https://nobbycosmic.com/BabyTalks/BTList.htm" "Mozilla/5.0 (Windows NT 10.0; Win64; x64) AppleWebKit/537.36 (KHTML, like Gecko) Chrome/105.0.0.0 Safari/537.36" "nobbycosmic.com"
72.137.59.230 - FTF [03/Sep/2022:19:47:23 -0700] "GET /BabyTalks/FTFMember/hiyoko.gif HTTP/1.1" 200 10361 "https://nobbycosmic.com/BabyTalks/FTFMember/Content.htm" "Mozilla/5.0 (Windows NT 10.0; Win64; x64) AppleWebKit/537.36 (KHTML, like Gecko) Chrome/105.0.0.0 Safari/537.36" "nobbycosmic.com"
72.137.59.230 - FTF [03/Sep/2022:19:47:45 -0700] "GET /BabyTalks/FTFMember/Prenatal.htm HTTP/1.1" 200 4264 "https://nobbycosmic.com/BabyTalks/FTFMember/Content.htm" "Mozilla/5.0 (Windows NT 10.0; Win64; x64) AppleWebKit/537.36 (KHTML, like Gecko) Chrome/105.0.0.0 Safari/537.36" "nobbycosmic.com"
72.137.59.230 - FTF [03/Sep/2022:19:48:13 -0700] "GET /BabyTalks/FTFMember/Name.htm HTTP/1.1" 200 2803 "https://nobbycosmic.com/BabyTalks/FTFMember/Content.htm" "Mozilla/5.0 (Windows NT 10.0; Win64; x64) AppleWebKit/537.36 (KHTML, like Gecko) Chrome/105.0.0.0 Safari/537.36" "nobbycosmic.com"
216.244.66.200 - - [03/Sep/2022:19:49:21 -0700] "GET /robots.txt HTTP/1.1" 200 61 "-" "Mozilla/5.0 (compatible; DotBot/1.2; +https://opensiteexplorer.org/dotbot; help@moz.com)" "nobbycosmic.com"
149.5.224.209 - - [03/Sep/2022:20:13:09 -0700] "GET /Temp/JF201208234.jpg HTTP/1.1" 404 73 "-" "-" "nobbycosmic.com"
157.55.39.36 - - [03/Sep/2022:20:20:10 -0700] "GET /NJCA/BBQ09/Serve2.jpg HTTP/1.1" 200 123188 "-" "Mozilla/5.0 (compatible; bingbot/2.0; +http://www.bing.com/bingbot.htm)" "nobbycosmic.com"
114.119.128.40 - - [03/Sep/2022:20:23:37 -0700] "GET /NJCA/BBQ02?C=N%3BO%3DD HTTP/1.1" 301 1432 "https://nobbycosmic.com/NJCA/BBQ02?C=D%3BO%3DA" "Mozilla/5.0 (Linux; Android 7.0;) AppleWebKit/537.36 (KHTML, like Gecko) Mobile Safari/537.36 (compatible; PetalBot;+https://webmaster.petalsearch.com/site/petalbot)" "nobbycosmic.com"
114.119.128.40 - - [03/Sep/2022:20:23:44 -0700] "GET /NJCA/BBQ02/?C=N%3BO%3DD HTTP/1.1" 200 798 "https://nobbycosmic.com/NJCA/BBQ02?C=D%3BO%3DA" "Mozilla/5.0 (Linux; Android 7.0;) AppleWebKit/537.36 (KHTML, like Gecko) Mobile Safari/537.36 (compatible; PetalBot;+https://webmaster.petalsearch.com/site/petalbot)" "nobbycosmic.com"
58.183.92.14 - - [03/Sep/2022:20:34:21 -0700] "GET /NJCA/NJCAPamphlet2009.pdf HTTP/1.1" 200 138786 "https://nobbycosmic.com/" "Mozilla/5.0 (Windows NT 10.0; Win64; x64; rv:104.0) Gecko/20100101 Firefox/104.0" "nobbycosmic.com"
58.183.92.14 - - [03/Sep/2022:20:34:23 -0700] "GET /favicon.ico HTTP/1.1" 404 88 "https://nobbycosmic.com/" "Mozilla/5.0 (Windows NT 10.0; Win64; x64; rv:104.0) Gecko/20100101 Firefox/104.0" "nobbycosmic.com"
58.183.92.14 - - [03/Sep/2022:20:34:23 -0700] "GET /NJCA/NJCAPamphlet2009.pdf HTTP/1.1" 206 7714 "https://nobbycosmic.com/" "Mozilla/5.0 (Windows NT 10.0; Win64; x64; rv:104.0) Gecko/20100101 Firefox/104.0" "nobbycosmic.com"
216.244.66.200 - - [03/Sep/2022:20:37:05 -0700] "GET /robots.txt HTTP/1.1" 200 61 "-" "Mozilla/5.0 (compatible; DotBot/1.2; +https://opensiteexplorer.org/dotbot; help@moz.com)" "nobbycosmic.com"
114.119.128.40 - - [03/Sep/2022:20:40:04 -0700] "GET /Utagoe/Nostalgia?C=N%3BO%3DD HTTP/1.1" 301 1432 "https://nobbycosmic.com/Utagoe/Nostalgia?C=D%3BO%3DA" "Mozilla/5.0 (Linux; Android 7.0;) AppleWebKit/537.36 (KHTML, like Gecko) Mobile Safari/537.36 (compatible; PetalBot;+https://webmaster.petalsearch.com/site/petalbot)" "nobbycosmic.com"
114.119.128.40 - - [03/Sep/2022:20:40:15 -0700] "GET /Utagoe/Nostalgia/?C=N%3BO%3DD HTTP/1.1" 200 459 "https://nobbycosmic.com/Utagoe/Nostalgia?C=D%3BO%3DA" "Mozilla/5.0 (Linux; Android 7.0;) AppleWebKit/537.36 (KHTML, like Gecko) Mobile Safari/537.36 (compatible; PetalBot;+https://webmaster.petalsearch.com/site/petalbot)" "nobbycosmic.com"
157.55.39.36 - - [03/Sep/2022:20:45:03 -0700] "GET /Post/JF20190808.pdf HTTP/1.1" 404 88 "-" "Mozilla/5.0 (compatible; bingbot/2.0; +http://www.bing.com/bingbot.htm)" "nobbycosmic.com"
114.119.128.40 - - [03/Sep/2022:20:57:34 -0700] "GET /Utagoe/0705.htm HTTP/1.1" 200 3905 "https://nobbycosmic.com/Utagoe" "Mozilla/5.0 (Linux; Android 7.0;) AppleWebKit/537.36 (KHTML, like Gecko) Mobile Safari/537.36 (compatible; PetalBot;+https://webmaster.petalsearch.com/site/petalbot)" "nobbycosmic.com"
114.119.128.26 - - [03/Sep/2022:21:13:50 -0700] "GET /NJCA/AGM08/NJCAAGM08.pdf HTTP/1.1" 200 365192 "https://nobbycosmic.com/NJCA/AGM08/?C=S%3BO%3DA" "Mozilla/5.0 (Linux; Android 7.0;) AppleWebKit/537.36 (KHTML, like Gecko) Mobile Safari/537.36 (compatible; PetalBot;+https://webmaster.petalsearch.com/site/petalbot)" "nobbycosmic.com"
114.119.128.26 - - [03/Sep/2022:21:15:29 -0700] "GET /NJCA/NY08?C=D%3BO%3DA HTTP/1.1" 301 1430 "https://nobbycosmic.com/NJCA/NY08?S=A" "Mozilla/5.0 (Linux; Android 7.0;) AppleWebKit/537.36 (KHTML, like Gecko) Mobile Safari/537.36 (compatible; PetalBot;+https://webmaster.petalsearch.com/site/petalbot)" "nobbycosmic.com"
114.119.128.26 - - [03/Sep/2022:21:15:34 -0700] "GET /NJCA/NY08/?C=D%3BO%3DA HTTP/1.1" 200 776 "https://nobbycosmic.com/NJCA/NY08?S=A" "Mozilla/5.0 (Linux; Android 7.0;) AppleWebKit/537.36 (KHTML, like Gecko) Mobile Safari/537.36 (compatible; PetalBot;+https://webmaster.petalsearch.com/site/petalbot)" "nobbycosmic.com"
114.119.128.26 - - [03/Sep/2022:21:17:50 -0700] "GET /NJCA/Document?D=A HTTP/1.1" 301 1420 "https://nobbycosmic.com/NJCA/Document?M=D" "Mozilla/5.0 (Linux; Android 7.0;) AppleWebKit/537.36 (KHTML, like Gecko) Mobile Safari/537.36 (compatible; PetalBot;+https://webmaster.petalsearch.com/site/petalbot)" "nobbycosmic.com"
114.119.128.26 - - [03/Sep/2022:21:17:58 -0700] "GET /NJCA/Document/?D=A HTTP/1.1" 200 1525 "https://nobbycosmic.com/NJCA/Document?M=D" "Mozilla/5.0 (Linux; Android 7.0;) AppleWebKit/537.36 (KHTML, like Gecko) Mobile Safari/537.36 (compatible; PetalBot;+https://webmaster.petalsearch.com/site/petalbot)" "nobbycosmic.com"
216.244.66.200 - - [03/Sep/2022:21:25:04 -0700] "GET /robots.txt HTTP/1.1" 200 61 "-" "Mozilla/5.0 (compatible; DotBot/1.2; +https://opensiteexplorer.org/dotbot; help@moz.com)" "nobbycosmic.com"
114.119.128.40 - - [03/Sep/2022:21:29:17 -0700] "GET /Utagoe/Ueno2013/?C=D%3BO%3DA HTTP/1.1" 200 443 "https://nobbycosmic.com/Utagoe/Ueno2013?C=D%3BO%3DA" "Mozilla/5.0 (Linux; Android 7.0;) AppleWebKit/537.36 (KHTML, like Gecko) Mobile Safari/537.36 (compatible; PetalBot;+https://webmaster.petalsearch.com/site/petalbot)" "nobbycosmic.com"
177.154.223.5 - - [03/Sep/2022:21:32:33 -0700] "GET /Utagoe/2022Summer/Utagoe202208.htm HTTP/1.1" 200 2832 "-" "Mozilla/5.0 (Windows NT 10.0; Win64; x64) AppleWebKit/537.36 (KHTML, like Gecko) Chrome/103.0.0.0 Safari/537.36" "nobbycosmic.com"
177.154.223.5 - - [03/Sep/2022:21:32:35 -0700] "GET /Utagoe/2022Summer/2022082702BlueSky.jpg HTTP/1.1" 200 30483 "https://nobbycosmic.com/Utagoe/2022Summer/Utagoe202208.htm" "Mozilla/5.0 (Windows NT 10.0; Win64; x64) AppleWebKit/537.36 (KHTML, like Gecko) Chrome/103.0.0.0 Safari/537.36" "nobbycosmic.com"
177.154.223.5 - - [03/Sep/2022:21:32:35 -0700] "GET /Utagoe/2022Summer/2022082705Prep.jpg HTTP/1.1" 200 83979 "https://nobbycosmic.com/Utagoe/2022Summer/Utagoe202208.htm" "Mozilla/5.0 (Windows NT 10.0; Win64; x64) AppleWebKit/537.36 (KHTML, like Gecko) Chrome/103.0.0.0 Safari/537.36" "nobbycosmic.com"
177.154.223.5 - - [03/Sep/2022:21:32:35 -0700] "GET /Utagoe/2022Summer/2022082704Tree.jpg HTTP/1.1" 200 107210 "https://nobbycosmic.com/Utagoe/2022Summer/Utagoe202208.htm" "Mozilla/5.0 (Windows NT 10.0; Win64; x64) AppleWebKit/537.36 (KHTML, like Gecko) Chrome/103.0.0.0 Safari/537.36" "nobbycosmic.com"
177.154.223.5 - - [03/Sep/2022:21:32:35 -0700] "GET /Utagoe/2022Summer/2022082701Sun.jpg HTTP/1.1" 200 43206 "https://nobbycosmic.com/Utagoe/2022Summer/Utagoe202208.htm" "Mozilla/5.0 (Windows NT 10.0; Win64; x64) AppleWebKit/537.36 (KHTML, like Gecko) Chrome/103.0.0.0 Safari/537.36" "nobbycosmic.com"
177.154.223.5 - - [03/Sep/2022:21:32:35 -0700] "GET /Utagoe/2022Summer/2022082706Prep.jpg HTTP/1.1" 200 129100 "https://nobbycosmic.com/Utagoe/2022Summer/Utagoe202208.htm" "Mozilla/5.0 (Windows NT 10.0; Win64; x64) AppleWebKit/537.36 (KHTML, like Gecko) Chrome/103.0.0.0 Safari/537.36" "nobbycosmic.com"
177.154.223.5 - - [03/Sep/2022:21:32:35 -0700] "GET /Utagoe/2022Summer/2022082703Tree.JPG HTTP/1.1" 200 130838 "https://nobbycosmic.com/Utagoe/2022Summer/Utagoe202208.htm" "Mozilla/5.0 (Windows NT 10.0; Win64; x64) AppleWebKit/537.36 (KHTML, like Gecko) Chrome/103.0.0.0 Safari/537.36" "nobbycosmic.com"
177.154.223.5 - - [03/Sep/2022:21:32:37 -0700] "GET /Utagoe/2022Summer/2022082708Session.JPG HTTP/1.1" 200 133126 "https://nobbycosmic.com/Utagoe/2022Summer/Utagoe202208.htm" "Mozilla/5.0 (Windows NT 10.0; Win64; x64) AppleWebKit/537.36 (KHTML, like Gecko) Chrome/103.0.0.0 Safari/537.36" "nobbycosmic.com"
177.154.223.5 - - [03/Sep/2022:21:32:37 -0700] "GET /Utagoe/2022Summer/2022082707Session.JPG HTTP/1.1" 200 148214 "https://nobbycosmic.com/Utagoe/2022Summer/Utagoe202208.htm" "Mozilla/5.0 (Windows NT 10.0; Win64; x64) AppleWebKit/537.36 (KHTML, like Gecko) Chrome/103.0.0.0 Safari/537.36" "nobbycosmic.com"
177.154.223.5 - - [03/Sep/2022:21:32:37 -0700] "GET /Utagoe/2022Summer/2022082710Band.JPG HTTP/1.1" 200 139648 "https://nobbycosmic.com/Utagoe/2022Summer/Utagoe202208.htm" "Mozilla/5.0 (Windows NT 10.0; Win64; x64) AppleWebKit/537.36 (KHTML, like Gecko) Chrome/103.0.0.0 Safari/537.36" "nobbycosmic.com"
177.154.223.5 - - [03/Sep/2022:21:32:37 -0700] "GET /Utagoe/2022Summer/2022082710Lunch.JPG HTTP/1.1" 200 148867 "https://nobbycosmic.com/Utagoe/2022Summer/Utagoe202208.htm" "Mozilla/5.0 (Windows NT 10.0; Win64; x64) AppleWebKit/537.36 (KHTML, like Gecko) Chrome/103.0.0.0 Safari/537.36" "nobbycosmic.com"
177.154.223.5 - - [03/Sep/2022:21:32:38 -0700] "GET /Utagoe/2022Summer/2022082711Lunch.JPG HTTP/1.1" 200 137587 "https://nobbycosmic.com/Utagoe/2022Summer/Utagoe202208.htm" "Mozilla/5.0 (Windows NT 10.0; Win64; x64) AppleWebKit/537.36 (KHTML, like Gecko) Chrome/103.0.0.0 Safari/537.36" "nobbycosmic.com"
177.154.223.5 - - [03/Sep/2022:21:32:39 -0700] "GET /Utagoe/2022Summer/2022082709Band.JPG HTTP/1.1" 200 132981 "https://nobbycosmic.com/Utagoe/2022Summer/Utagoe202208.htm" "Mozilla/5.0 (Windows NT 10.0; Win64; x64) AppleWebKit/537.36 (KHTML, like Gecko) Chrome/103.0.0.0 Safari/537.36" "nobbycosmic.com"
177.154.223.5 - - [03/Sep/2022:21:32:39 -0700] "GET /Utagoe/2022Summer/2022082713Songs.JPG HTTP/1.1" 200 147773 "https://nobbycosmic.com/Utagoe/2022Summer/Utagoe202208.htm" "Mozilla/5.0 (Windows NT 10.0; Win64; x64) AppleWebKit/537.36 (KHTML, like Gecko) Chrome/103.0.0.0 Safari/537.36" "nobbycosmic.com"
177.154.223.5 - - [03/Sep/2022:21:32:39 -0700] "GET /Utagoe/2022Summer/2022082712Songs.JPG HTTP/1.1" 200 128747 "https://nobbycosmic.com/Utagoe/2022Summer/Utagoe202208.htm" "Mozilla/5.0 (Windows NT 10.0; Win64; x64) AppleWebKit/537.36 (KHTML, like Gecko) Chrome/103.0.0.0 Safari/537.36" "nobbycosmic.com"
177.154.223.5 - - [03/Sep/2022:21:32:43 -0700] "GET /Utagoe/2021SummerMori/Combined1.pdf HTTP/1.1" 200 147216 "https://nobbycosmic.com/Utagoe/2022Summer/Utagoe202208.htm" "Mozilla/5.0 (Windows NT 10.0; Win64; x64) AppleWebKit/537.36 (KHTML, like Gecko) Chrome/103.0.0.0 Safari/537.36" "nobbycosmic.com"
194.38.20.161 - - [03/Sep/2022:21:35:34 -0700] "GET /wp-content/plugins/wp-file-manager-pro/lib/php/connector.minimal.php HTTP/1.1" 404 73 "-" "ALittle Client" "nobbycosmic.com"
157.55.39.36 - - [03/Sep/2022:21:37:09 -0700] "GET /Post/JF202112102.pdf HTTP/1.1" 304 - "-" "Mozilla/5.0 (compatible; bingbot/2.0; +http://www.bing.com/bingbot.htm)" "nobbycosmic.com"
114.119.128.40 - - [03/Sep/2022:21:39:17 -0700] "GET /Card/Card99?C=D%3BO%3DA HTTP/1.1" 301 1428 "https://nobbycosmic.com/Card/Card99?C=N%3BO%3DD" "Mozilla/5.0 (Linux; Android 7.0;) AppleWebKit/537.36 (KHTML, like Gecko) Mobile Safari/537.36 (compatible; PetalBot;+https://webmaster.petalsearch.com/site/petalbot)" "nobbycosmic.com"
114.119.128.40 - - [03/Sep/2022:21:39:23 -0700] "GET /Card/Card99/?C=D%3BO%3DA HTTP/1.1" 200 455 "https://nobbycosmic.com/Card/Card99?C=N%3BO%3DD" "Mozilla/5.0 (Linux; Android 7.0;) AppleWebKit/537.36 (KHTML, like Gecko) Mobile Safari/537.36 (compatible; PetalBot;+https://webmaster.petalsearch.com/site/petalbot)" "nobbycosmic.com"
157.55.39.36 - - [03/Sep/2022:21:43:09 -0700] "GET /NJCA/AGM06/?C=D;O=A HTTP/1.1" 200 395 "-" "Mozilla/5.0 (compatible; bingbot/2.0; +http://www.bing.com/bingbot.htm)" "nobbycosmic.com"
114.119.128.26 - - [03/Sep/2022:21:54:36 -0700] "GET /Card/Card02/?C=S%3BO%3DA HTTP/1.1" 200 460 "https://nobbycosmic.com/Card/Card02" "Mozilla/5.0 (Linux; Android 7.0;) AppleWebKit/537.36 (KHTML, like Gecko) Mobile Safari/537.36 (compatible; PetalBot;+https://webmaster.petalsearch.com/site/petalbot)" "nobbycosmic.com"
114.119.128.40 - - [03/Sep/2022:22:02:51 -0700] "GET /NJCA/Document/NJCAKimonoRentalForm.xlsx HTTP/1.1" 200 35461 "https://nobbycosmic.com/NJCA/Document?D=D" "Mozilla/5.0 (Linux; Android 7.0;) AppleWebKit/537.36 (KHTML, like Gecko) Mobile Safari/537.36 (compatible; PetalBot;+https://webmaster.petalsearch.com/site/petalbot)" "nobbycosmic.com"
120.41.45.194 - - [03/Sep/2022:22:09:31 -0700] "GET / HTTP/1.1" 200 3158 "http://www.nobbycosmic.com" "Mozilla/5.0 (iPhone; CPU iPhone OS 13_2_3 like Mac OS X) AppleWebKit/605.1.15 (KHTML, like Gecko) Version/13.0.3 Mobile/15E148 Safari/604.1" "www.nobbycosmic.com"
157.55.39.163 - - [03/Sep/2022:22:14:21 -0700] "GET /post/2022%20job%20posting,%20m@h%20homemaker.pdf HTTP/1.1" 404 88 "-" "Mozilla/5.0 (compatible; bingbot/2.0; +http://www.bing.com/bingbot.htm)" "nobbycosmic.com"
114.119.128.40 - - [03/Sep/2022:22:17:43 -0700] "GET /NJCA/Document/HBRRayForm.pdf HTTP/1.1" 200 46268 "https://nobbycosmic.com/NJCA/Document?D=D" "Mozilla/5.0 (Linux; Android 7.0;) AppleWebKit/537.36 (KHTML, like Gecko) Mobile Safari/537.36 (compatible; PetalBot;+https://webmaster.petalsearch.com/site/petalbot)" "nobbycosmic.com"
114.119.128.26 - - [03/Sep/2022:22:22:20 -0700] "GET /NJCA/NY11?C=D%3BO%3DA HTTP/1.1" 301 1430 "https://nobbycosmic.com/NJCA/NY11?C=N%3BO%3DD" "Mozilla/5.0 (Linux; Android 7.0;) AppleWebKit/537.36 (KHTML, like Gecko) Mobile Safari/537.36 (compatible; PetalBot;+https://webmaster.petalsearch.com/site/petalbot)" "nobbycosmic.com"
114.119.128.26 - - [03/Sep/2022:22:22:34 -0700] "GET /NJCA/NY11/?C=D%3BO%3DA HTTP/1.1" 200 855 "https://nobbycosmic.com/NJCA/NY11?C=N%3BO%3DD" "Mozilla/5.0 (Linux; Android 7.0;) AppleWebKit/537.36 (KHTML, like Gecko) Mobile Safari/537.36 (compatible; PetalBot;+https://webmaster.petalsearch.com/site/petalbot)" "nobbycosmic.com"
157.55.39.163 - - [03/Sep/2022:22:30:06 -0700] "GET /Utagoe/Nostalgia/ HTTP/1.1" 200 459 "-" "Mozilla/5.0 (compatible; bingbot/2.0; +http://www.bing.com/bingbot.htm)" "nobbycosmic.com"
216.244.66.200 - - [03/Sep/2022:22:32:50 -0700] "GET /robots.txt HTTP/1.1" 200 61 "-" "Mozilla/5.0 (compatible; DotBot/1.2; +https://opensiteexplorer.org/dotbot; help@moz.com)" "nobbycosmic.com"
157.55.39.163 - - [03/Sep/2022:22:33:16 -0700] "GET /Post/FINAL_HD_2021_Flyer3_EN-JP.pdf HTTP/1.1" 304 - "-" "Mozilla/5.0 (compatible; bingbot/2.0; +http://www.bing.com/bingbot.htm)" "nobbycosmic.com"
157.55.39.37 - - [03/Sep/2022:22:35:44 -0700] "GET /Post/JSS202107251.pdf HTTP/1.1" 404 88 "-" "Mozilla/5.0 (compatible; bingbot/2.0; +http://www.bing.com/bingbot.htm)" "www.nobbycosmic.com"
114.119.128.40 - - [03/Sep/2022:22:44:51 -0700] "GET /NJCA/NY07/Pictures?N=A HTTP/1.1" 301 1428 "https://nobbycosmic.com/NJCA/NY07/Pictures?M=D" "Mozilla/5.0 (Linux; Android 7.0;) AppleWebKit/537.36 (KHTML, like Gecko) Mobile Safari/537.36 (compatible; PetalBot;+https://webmaster.petalsearch.com/site/petalbot)" "nobbycosmic.com"
114.119.128.40 - - [03/Sep/2022:22:44:58 -0700] "GET /NJCA/NY07/Pictures/?N=A HTTP/1.1" 200 1114 "https://nobbycosmic.com/NJCA/NY07/Pictures?M=D" "Mozilla/5.0 (Linux; Android 7.0;) AppleWebKit/537.36 (KHTML, like Gecko) Mobile Safari/537.36 (compatible; PetalBot;+https://webmaster.petalsearch.com/site/petalbot)" "nobbycosmic.com"
157.55.39.37 - - [03/Sep/2022:22:45:45 -0700] "GET /Post/JSS202107251.pdf HTTP/1.1" 404 88 "-" "Mozilla/5.0 (compatible; bingbot/2.0; +http://www.bing.com/bingbot.htm)" "www.nobbycosmic.com"
114.119.128.26 - - [03/Sep/2022:22:50:11 -0700] "GET /NJCA/AGM09?S=A HTTP/1.1" 301 1423 "https://nobbycosmic.com/NJCA/AGM09?S=D" "Mozilla/5.0 (Linux; Android 7.0;) AppleWebKit/537.36 (KHTML, like Gecko) Mobile Safari/537.36 (compatible; PetalBot;+https://webmaster.petalsearch.com/site/petalbot)" "nobbycosmic.com"
114.119.128.26 - - [03/Sep/2022:22:50:15 -0700] "GET /NJCA/AGM09/?S=A HTTP/1.1" 200 473 "https://nobbycosmic.com/NJCA/AGM09?S=D" "Mozilla/5.0 (Linux; Android 7.0;) AppleWebKit/537.36 (KHTML, like Gecko) Mobile Safari/537.36 (compatible; PetalBot;+https://webmaster.petalsearch.com/site/petalbot)" "nobbycosmic.com"
135.181.213.220 - - [03/Sep/2022:22:52:56 -0700] "GET /robots.txt HTTP/1.1" 200 61 "-" "Mozilla/5.0 (compatible; MJ12bot/v1.4.8; http://mj12bot.com/)" "nobbycosmic.com"
135.181.213.220 - - [03/Sep/2022:22:53:00 -0700] "GET /Utagoe/Wakamono/%E5%A1%ABtagoe.htm%22 HTTP/1.1" 404 88 "-" "Mozilla/5.0 (compatible; MJ12bot/v1.4.8; http://mj12bot.com/)" "nobbycosmic.com"
135.181.213.220 - - [03/Sep/2022:22:53:02 -0700] "GET /Utagoe/Wakamono/%E5%A1%ABtagoe.htm%22 HTTP/1.1" 404 88 "-" "Mozilla/5.0 (compatible; MJ12bot/v1.4.8; http://mj12bot.com/)" "nobbycosmic.com"
135.181.213.220 - - [03/Sep/2022:22:53:03 -0700] "GET /Utagoe/%E2%80%9CUtagoe.htm%22 HTTP/1.1" 404 88 "-" "Mozilla/5.0 (compatible; MJ12bot/v1.4.8; http://mj12bot.com/)" "nobbycosmic.com"
135.181.213.220 - - [03/Sep/2022:22:53:07 -0700] "GET /Utagoe/%E5%A1%ABtagoe.htm%22 HTTP/1.1" 404 88 "-" "Mozilla/5.0 (compatible; MJ12bot/v1.4.8; http://mj12bot.com/)" "nobbycosmic.com"
135.181.213.220 - - [03/Sep/2022:22:53:08 -0700] "GET /Utagoe/%E5%A1%ABtagoe.htm%22 HTTP/1.1" 404 88 "-" "Mozilla/5.0 (compatible; MJ12bot/v1.4.8; http://mj12bot.com/)" "nobbycosmic.com"
114.119.128.26 - - [03/Sep/2022:22:56:48 -0700] "GET /JCCC/JCCC20201001.pdf HTTP/1.1" 200 90215 "https://nobbycosmic.com/JCCC/?C=M%3BO%3DA" "Mozilla/5.0 (Linux; Android 7.0;) AppleWebKit/537.36 (KHTML, like Gecko) Mobile Safari/537.36 (compatible; PetalBot;+https://webmaster.petalsearch.com/site/petalbot)" "nobbycosmic.com"
157.55.39.36 - - [03/Sep/2022:23:13:16 -0700] "GET /Post/JF20201001.pdf HTTP/1.1" 404 88 "-" "Mozilla/5.0 (compatible; bingbot/2.0; +http://www.bing.com/bingbot.htm)" "www.nobbycosmic.com"
216.244.66.200 - - [03/Sep/2022:23:33:23 -0700] "GET /robots.txt HTTP/1.1" 200 61 "-" "Mozilla/5.0 (compatible; DotBot/1.2; +https://opensiteexplorer.org/dotbot; help@moz.com)" "nobbycosmic.com"
114.119.128.26 - - [03/Sep/2022:23:33:49 -0700] "GET /NJCA/BBQ07/Pictures?N=A HTTP/1.1" 301 1430 "https://nobbycosmic.com/NJCA/BBQ07/Pictures?S=D" "Mozilla/5.0 (Linux; Android 7.0;) AppleWebKit/537.36 (KHTML, like Gecko) Mobile Safari/537.36 (compatible; PetalBot;+https://webmaster.petalsearch.com/site/petalbot)" "nobbycosmic.com"
114.119.128.26 - - [03/Sep/2022:23:33:56 -0700] "GET /NJCA/BBQ07/Pictures/?N=A HTTP/1.1" 200 918 "https://nobbycosmic.com/NJCA/BBQ07/Pictures?S=D" "Mozilla/5.0 (Linux; Android 7.0;) AppleWebKit/537.36 (KHTML, like Gecko) Mobile Safari/537.36 (compatible; PetalBot;+https://webmaster.petalsearch.com/site/petalbot)" "nobbycosmic.com"
114.119.128.40 - - [03/Sep/2022:23:38:09 -0700] "GET /NJCA/NY12?M=A HTTP/1.1" 301 1421 "https://nobbycosmic.com/NJCA/NY12?S=D" "Mozilla/5.0 (Linux; Android 7.0;) AppleWebKit/537.36 (KHTML, like Gecko) Mobile Safari/537.36 (compatible; PetalBot;+https://webmaster.petalsearch.com/site/petalbot)" "nobbycosmic.com"
114.119.128.40 - - [03/Sep/2022:23:38:15 -0700] "GET /NJCA/NY12/?M=A HTTP/1.1" 200 716 "https://nobbycosmic.com/NJCA/NY12?S=D" "Mozilla/5.0 (Linux; Android 7.0;) AppleWebKit/537.36 (KHTML, like Gecko) Mobile Safari/537.36 (compatible; PetalBot;+https://webmaster.petalsearch.com/site/petalbot)" "nobbycosmic.com"
216.244.66.200 - - [04/Sep/2022:00:20:30 -0700] "GET /robots.txt HTTP/1.1" 200 61 "-" "Mozilla/5.0 (compatible; DotBot/1.2; +https://opensiteexplorer.org/dotbot; help@moz.com)" "nobbycosmic.com"
114.119.128.26 - - [04/Sep/2022:00:24:00 -0700] "GET /Utagoe/Shinjuku2007/?C=S%3BO%3DA HTTP/1.1" 200 1199 "https://nobbycosmic.com/Utagoe/Shinjuku2007/?C=M%3BO%3DA" "Mozilla/5.0 (Linux; Android 7.0;) AppleWebKit/537.36 (KHTML, like Gecko) Mobile Safari/537.36 (compatible; PetalBot;+https://webmaster.petalsearch.com/site/petalbot)" "nobbycosmic.com"
114.119.142.247 - - [04/Sep/2022:00:29:17 -0700] "GET /robots.txt HTTP/1.1" 200 75 "-" "Mozilla/5.0 (compatible;PetalBot;+https://webmaster.petalsearch.com/site/petalbot)" "nobbycosmic.com"
114.119.128.40 - - [04/Sep/2022:00:34:27 -0700] "GET /Card/Card02?C=D%3BO%3DA HTTP/1.1" 301 1427 "https://nobbycosmic.com/Card/Card02" "Mozilla/5.0 (Linux; Android 7.0;) AppleWebKit/537.36 (KHTML, like Gecko) Mobile Safari/537.36 (compatible; PetalBot;+https://webmaster.petalsearch.com/site/petalbot)" "nobbycosmic.com"
114.119.128.40 - - [04/Sep/2022:00:34:32 -0700] "GET /Card/Card02/?C=D%3BO%3DA HTTP/1.1" 200 460 "https://nobbycosmic.com/Card/Card02" "Mozilla/5.0 (Linux; Android 7.0;) AppleWebKit/537.36 (KHTML, like Gecko) Mobile Safari/537.36 (compatible; PetalBot;+https://webmaster.petalsearch.com/site/petalbot)" "nobbycosmic.com"
40.77.167.23 - - [04/Sep/2022:00:42:21 -0700] "GET /Temp/JoyofChristmas2011.pdf HTTP/1.1" 404 88 "-" "Mozilla/5.0 (compatible; bingbot/2.0; +http://www.bing.com/bingbot.htm)" "nobbycosmic.com"
114.119.128.40 - - [04/Sep/2022:00:46:10 -0700] "GET /Utagoe/Kaneko/?C=D%3BO%3DA HTTP/1.1" 200 470 "https://nobbycosmic.com/Utagoe/Kaneko/?C=N%3BO%3DD" "Mozilla/5.0 (Linux; Android 7.0;) AppleWebKit/537.36 (KHTML, like Gecko) Mobile Safari/537.36 (compatible; PetalBot;+https://webmaster.petalsearch.com/site/petalbot)" "nobbycosmic.com"
216.244.66.200 - - [04/Sep/2022:01:08:26 -0700] "GET /robots.txt HTTP/1.1" 200 61 "-" "Mozilla/5.0 (compatible; DotBot/1.2; +https://opensiteexplorer.org/dotbot; help@moz.com)" "nobbycosmic.com"
176.57.184.241 - - [04/Sep/2022:01:13:11 -0700] "GET /wp-login.php HTTP/1.1" 404 88 "http://nobbycosmic.com/wp-login.php" "Mozilla/5.0 (Windows NT 10.0; Win64; x64rv:95.0) Gecko/20100101 Firefox/95.0" "nobbycosmic.com"
51.222.253.4 - - [04/Sep/2022:01:20:43 -0700] "GET /robots.txt HTTP/1.1" 200 75 "-" "Mozilla/5.0 (compatible; AhrefsBot/7.0; +http://ahrefs.com/robot/)" "www.nobbycosmic.com"
51.222.253.18 - - [04/Sep/2022:01:20:45 -0700] "GET / HTTP/1.1" 200 3158 "-" "Mozilla/5.0 (compatible; AhrefsBot/7.0; +http://ahrefs.com/robot/)" "www.nobbycosmic.com"
40.77.167.47 - - [04/Sep/2022:01:27:24 -0700] "GET /Temp/Kwansei_en.pdf HTTP/1.1" 404 88 "-" "Mozilla/5.0 (compatible; bingbot/2.0; +http://www.bing.com/bingbot.htm)" "nobbycosmic.com"
114.119.128.40 - - [04/Sep/2022:01:47:44 -0700] "GET /NJCA/Volunteer/?C=N%3BO%3DD HTTP/1.1" 200 427 "https://nobbycosmic.com/NJCA/Volunteer?C=M%3BO%3DA" "Mozilla/5.0 (Linux; Android 7.0;) AppleWebKit/537.36 (KHTML, like Gecko) Mobile Safari/537.36 (compatible; PetalBot;+https://webmaster.petalsearch.com/site/petalbot)" "nobbycosmic.com"
61.124.99.140 - - [04/Sep/2022:01:52:06 -0700] "GET /Utagoe/2022Summer/Utagoe202208.htm HTTP/1.1" 304 - "-" "Mozilla/5.0 (Windows NT 10.0; Win64; x64) AppleWebKit/537.36 (KHTML, like Gecko) Chrome/105.0.0.0 Safari/537.36 Edg/105.0.1343.25" "nobbycosmic.com"
61.124.99.140 - - [04/Sep/2022:01:52:06 -0700] "GET /Utagoe/2022Summer/2022082703Tree.JPG HTTP/1.1" 304 - "https://nobbycosmic.com/Utagoe/2022Summer/Utagoe202208.htm" "Mozilla/5.0 (Windows NT 10.0; Win64; x64) AppleWebKit/537.36 (KHTML, like Gecko) Chrome/105.0.0.0 Safari/537.36 Edg/105.0.1343.25" "nobbycosmic.com"
61.124.99.140 - - [04/Sep/2022:01:52:07 -0700] "GET /Utagoe/2022Summer/2022082708Session.JPG HTTP/1.1" 304 - "https://nobbycosmic.com/Utagoe/2022Summer/Utagoe202208.htm" "Mozilla/5.0 (Windows NT 10.0; Win64; x64) AppleWebKit/537.36 (KHTML, like Gecko) Chrome/105.0.0.0 Safari/537.36 Edg/105.0.1343.25" "nobbycosmic.com"
61.124.99.140 - - [04/Sep/2022:01:52:07 -0700] "GET /Utagoe/2022Summer/2022082711Lunch.JPG HTTP/1.1" 304 - "https://nobbycosmic.com/Utagoe/2022Summer/Utagoe202208.htm" "Mozilla/5.0 (Windows NT 10.0; Win64; x64) AppleWebKit/537.36 (KHTML, like Gecko) Chrome/105.0.0.0 Safari/537.36 Edg/105.0.1343.25" "nobbycosmic.com"
61.124.99.140 - - [04/Sep/2022:01:52:07 -0700] "GET /Utagoe/2022Summer/2022082707Session.JPG HTTP/1.1" 304 - "https://nobbycosmic.com/Utagoe/2022Summer/Utagoe202208.htm" "Mozilla/5.0 (Windows NT 10.0; Win64; x64) AppleWebKit/537.36 (KHTML, like Gecko) Chrome/105.0.0.0 Safari/537.36 Edg/105.0.1343.25" "nobbycosmic.com"
