72.141.58.143 - - [09/Sep/2022:15:51:53 -0700] "GET /favicon.ico HTTP/1.1" 404 88 "https://nobbycosmic.com/BabyTalks/BTList.htm" "Mozilla/5.0 (Linux; Android 12; SAMSUNG SM-N975W) AppleWebKit/537.36 (KHTML, like Gecko) SamsungBrowser/18.0 Chrome/99.0.4844.88 Mobile Safari/537.36" "nobbycosmic.com"
72.141.58.143 - - [09/Sep/2022:15:52:05 -0700] "GET /BabyTalks/FTFMember/Content.htm HTTP/1.1" 401 90 "https://nobbycosmic.com/BabyTalks/BTList.htm" "Mozilla/5.0 (Linux; Android 12; SAMSUNG SM-N975W) AppleWebKit/537.36 (KHTML, like Gecko) SamsungBrowser/18.0 Chrome/99.0.4844.88 Mobile Safari/537.36" "nobbycosmic.com"
72.141.58.143 - FTF [09/Sep/2022:15:52:09 -0700] "GET /BabyTalks/FTFMember/Content.htm HTTP/1.1" 401 90 "https://nobbycosmic.com/BabyTalks/BTList.htm" "Mozilla/5.0 (Linux; Android 12; SAMSUNG SM-N975W) AppleWebKit/537.36 (KHTML, like Gecko) SamsungBrowser/18.0 Chrome/99.0.4844.88 Mobile Safari/537.36" "nobbycosmic.com"
220.181.108.166 - - [09/Sep/2022:15:52:14 -0700] "GET /NJCA/NJCAPamphlet2010E.pdf HTTP/1.1" 304 - "-" "Mozilla/5.0 (compatible; Baiduspider/2.0; +http://www.baidu.com/search/spider.html)" "nobbycosmic.com"
116.179.33.81 - - [09/Sep/2022:15:52:15 -0700] "GET /robots.txt HTTP/1.1" 200 75 "-" "Mozilla/5.0 (Windows NT 10.0; WOW64) AppleWebKit/537.36 (KHTML, like Gecko) Chrome/48.0.2564.116 Safari/537.36" "nobbycosmic.com"
116.179.33.148 - - [09/Sep/2022:15:52:16 -0700] "GET /robots.txt HTTP/1.1" 200 75 "-" "Mozilla/5.0 (Windows NT 10.0; WOW64) AppleWebKit/537.36 (KHTML, like Gecko) Chrome/48.0.2564.116 Safari/537.36" "nobbycosmic.com"
72.141.58.143 - FTF [09/Sep/2022:15:52:27 -0700] "GET /BabyTalks/FTFMember/Content.htm HTTP/1.1" 200 6659 "https://nobbycosmic.com/BabyTalks/BTList.htm" "Mozilla/5.0 (Linux; Android 12; SAMSUNG SM-N975W) AppleWebKit/537.36 (KHTML, like Gecko) SamsungBrowser/18.0 Chrome/99.0.4844.88 Mobile Safari/537.36" "nobbycosmic.com"
72.141.58.143 - FTF [09/Sep/2022:15:52:27 -0700] "GET /BabyTalks/FTFMember/hiyoko.gif HTTP/1.1" 200 10361 "https://nobbycosmic.com/BabyTalks/FTFMember/Content.htm" "Mozilla/5.0 (Linux; Android 12; SAMSUNG SM-N975W) AppleWebKit/537.36 (KHTML, like Gecko) SamsungBrowser/18.0 Chrome/99.0.4844.88 Mobile Safari/537.36" "nobbycosmic.com"
72.141.58.143 - FTF [09/Sep/2022:15:53:10 -0700] "GET /BabyTalks/FTFMember/Custom.htm HTTP/1.1" 200 5900 "https://nobbycosmic.com/BabyTalks/FTFMember/Content.htm" "Mozilla/5.0 (Linux; Android 12; SAMSUNG SM-N975W) AppleWebKit/537.36 (KHTML, like Gecko) SamsungBrowser/18.0 Chrome/99.0.4844.88 Mobile Safari/537.36" "nobbycosmic.com"
72.141.58.143 - FTF [09/Sep/2022:15:54:05 -0700] "GET /BabyTalks/FTFMember/Passport.htm HTTP/1.1" 200 18157 "https://nobbycosmic.com/BabyTalks/FTFMember/Content.htm" "Mozilla/5.0 (Linux; Android 12; SAMSUNG SM-N975W) AppleWebKit/537.36 (KHTML, like Gecko) SamsungBrowser/18.0 Chrome/99.0.4844.88 Mobile Safari/537.36" "nobbycosmic.com"
20.127.153.232 - - [09/Sep/2022:15:55:46 -0700] "GET / HTTP/1.1" 200 10838 "-" "Mozilla/5.0 (Windows NT 10.0; Win64; x64) AppleWebKit/537.36 (KHTML, like Gecko) Chrome/78.0.3904.108 Safari/537.36" "nobbycosmic.com"
20.127.153.232 - - [09/Sep/2022:15:55:46 -0700] "GET //wp-includes/wlwmanifest.xml HTTP/1.1" 404 73 "-" "Mozilla/5.0 (Windows NT 10.0; Win64; x64) AppleWebKit/537.36 (KHTML, like Gecko) Chrome/78.0.3904.108 Safari/537.36" "nobbycosmic.com"
20.127.153.232 - - [09/Sep/2022:15:55:47 -0700] "GET / HTTP/1.1" 200 10838 "-" "Mozilla/5.0 (Windows NT 10.0; Win64; x64) AppleWebKit/537.36 (KHTML, like Gecko) Chrome/78.0.3904.108 Safari/537.36" "nobbycosmic.com"
20.127.153.232 - - [09/Sep/2022:15:55:47 -0700] "GET //blog/wp-includes/wlwmanifest.xml HTTP/1.1" 404 73 "-" "Mozilla/5.0 (Windows NT 10.0; Win64; x64) AppleWebKit/537.36 (KHTML, like Gecko) Chrome/78.0.3904.108 Safari/537.36" "nobbycosmic.com"
20.127.153.232 - - [09/Sep/2022:15:55:47 -0700] "GET //web/wp-includes/wlwmanifest.xml HTTP/1.1" 404 73 "-" "Mozilla/5.0 (Windows NT 10.0; Win64; x64) AppleWebKit/537.36 (KHTML, like Gecko) Chrome/78.0.3904.108 Safari/537.36" "nobbycosmic.com"
20.127.153.232 - - [09/Sep/2022:15:55:48 -0700] "GET //wordpress/wp-includes/wlwmanifest.xml HTTP/1.1" 404 73 "-" "Mozilla/5.0 (Windows NT 10.0; Win64; x64) AppleWebKit/537.36 (KHTML, like Gecko) Chrome/78.0.3904.108 Safari/537.36" "nobbycosmic.com"
20.127.153.232 - - [09/Sep/2022:15:55:48 -0700] "GET //website/wp-includes/wlwmanifest.xml HTTP/1.1" 404 73 "-" "Mozilla/5.0 (Windows NT 10.0; Win64; x64) AppleWebKit/537.36 (KHTML, like Gecko) Chrome/78.0.3904.108 Safari/537.36" "nobbycosmic.com"
20.127.153.232 - - [09/Sep/2022:15:55:48 -0700] "GET //wp/wp-includes/wlwmanifest.xml HTTP/1.1" 404 73 "-" "Mozilla/5.0 (Windows NT 10.0; Win64; x64) AppleWebKit/537.36 (KHTML, like Gecko) Chrome/78.0.3904.108 Safari/537.36" "nobbycosmic.com"
20.127.153.232 - - [09/Sep/2022:15:55:48 -0700] "GET //news/wp-includes/wlwmanifest.xml HTTP/1.1" 404 73 "-" "Mozilla/5.0 (Windows NT 10.0; Win64; x64) AppleWebKit/537.36 (KHTML, like Gecko) Chrome/78.0.3904.108 Safari/537.36" "nobbycosmic.com"
20.127.153.232 - - [09/Sep/2022:15:55:49 -0700] "GET //2018/wp-includes/wlwmanifest.xml HTTP/1.1" 404 73 "-" "Mozilla/5.0 (Windows NT 10.0; Win64; x64) AppleWebKit/537.36 (KHTML, like Gecko) Chrome/78.0.3904.108 Safari/537.36" "nobbycosmic.com"
20.127.153.232 - - [09/Sep/2022:15:55:49 -0700] "GET //2019/wp-includes/wlwmanifest.xml HTTP/1.1" 404 73 "-" "Mozilla/5.0 (Windows NT 10.0; Win64; x64) AppleWebKit/537.36 (KHTML, like Gecko) Chrome/78.0.3904.108 Safari/537.36" "nobbycosmic.com"
20.127.153.232 - - [09/Sep/2022:15:55:49 -0700] "GET //shop/wp-includes/wlwmanifest.xml HTTP/1.1" 404 73 "-" "Mozilla/5.0 (Windows NT 10.0; Win64; x64) AppleWebKit/537.36 (KHTML, like Gecko) Chrome/78.0.3904.108 Safari/537.36" "nobbycosmic.com"
20.127.153.232 - - [09/Sep/2022:15:55:50 -0700] "GET //wp1/wp-includes/wlwmanifest.xml HTTP/1.1" 404 73 "-" "Mozilla/5.0 (Windows NT 10.0; Win64; x64) AppleWebKit/537.36 (KHTML, like Gecko) Chrome/78.0.3904.108 Safari/537.36" "nobbycosmic.com"
20.127.153.232 - - [09/Sep/2022:15:55:50 -0700] "GET //test/wp-includes/wlwmanifest.xml HTTP/1.1" 404 73 "-" "Mozilla/5.0 (Windows NT 10.0; Win64; x64) AppleWebKit/537.36 (KHTML, like Gecko) Chrome/78.0.3904.108 Safari/537.36" "nobbycosmic.com"
20.127.153.232 - - [09/Sep/2022:15:55:50 -0700] "GET //media/wp-includes/wlwmanifest.xml HTTP/1.1" 404 73 "-" "Mozilla/5.0 (Windows NT 10.0; Win64; x64) AppleWebKit/537.36 (KHTML, like Gecko) Chrome/78.0.3904.108 Safari/537.36" "nobbycosmic.com"
20.127.153.232 - - [09/Sep/2022:15:55:51 -0700] "GET //wp2/wp-includes/wlwmanifest.xml HTTP/1.1" 404 73 "-" "Mozilla/5.0 (Windows NT 10.0; Win64; x64) AppleWebKit/537.36 (KHTML, like Gecko) Chrome/78.0.3904.108 Safari/537.36" "nobbycosmic.com"
20.127.153.232 - - [09/Sep/2022:15:55:51 -0700] "GET //site/wp-includes/wlwmanifest.xml HTTP/1.1" 404 73 "-" "Mozilla/5.0 (Windows NT 10.0; Win64; x64) AppleWebKit/537.36 (KHTML, like Gecko) Chrome/78.0.3904.108 Safari/537.36" "nobbycosmic.com"
20.127.153.232 - - [09/Sep/2022:15:55:51 -0700] "GET //cms/wp-includes/wlwmanifest.xml HTTP/1.1" 404 73 "-" "Mozilla/5.0 (Windows NT 10.0; Win64; x64) AppleWebKit/537.36 (KHTML, like Gecko) Chrome/78.0.3904.108 Safari/537.36" "nobbycosmic.com"
20.127.153.232 - - [09/Sep/2022:15:55:51 -0700] "GET //sito/wp-includes/wlwmanifest.xml HTTP/1.1" 404 73 "-" "Mozilla/5.0 (Windows NT 10.0; Win64; x64) AppleWebKit/537.36 (KHTML, like Gecko) Chrome/78.0.3904.108 Safari/537.36" "nobbycosmic.com"
185.191.171.38 - - [09/Sep/2022:15:57:46 -0700] "GET /robots.txt HTTP/1.1" 200 75 "-" "Mozilla/5.0 (compatible; SemrushBot/7~bl; +http://www.semrush.com/bot.html)" "nobbycosmic.com"
185.191.171.5 - - [09/Sep/2022:15:57:47 -0700] "GET /NJCA/NY12/PicturePages/NYP122.htm HTTP/1.1" 200 1317 "-" "Mozilla/5.0 (compatible; SemrushBot/7~bl; +http://www.semrush.com/bot.html)" "nobbycosmic.com"
216.244.66.200 - - [09/Sep/2022:16:05:17 -0700] "GET /NJCA/BBQ09/BBQStr9.htm HTTP/1.1" 200 58378 "-" "Mozilla/5.0 (compatible; DotBot/1.2; +https://opensiteexplorer.org/dotbot; help@moz.com)" "nobbycosmic.com"
147.78.47.233 - - [09/Sep/2022:16:27:28 -0700] "GET /wp-login.php HTTP/1.1" 404 88 "http://nobbycosmic.com/wp-login.php" "Mozilla/5.0 (Windows NT 10.0; Win64; x64) AppleWebKit/537.36 (KHTML, like Gecko) Chrome/64.0.3282.140 Safari/537.36 Edge/18.17763" "nobbycosmic.com"
157.55.39.184 - - [09/Sep/2022:16:28:10 -0700] "GET /Post/JF202102061.pdf HTTP/1.1" 404 88 "-" "Mozilla/5.0 (compatible; bingbot/2.0; +http://www.bing.com/bingbot.htm)" "nobbycosmic.com"
65.92.155.208 - - [09/Sep/2022:16:33:18 -0700] "GET /Utagoe/2022Summer/Utagoe202208.htm HTTP/1.1" 304 - "https://torontonikkeiforum.forumotion.com/" "Mozilla/5.0 (Windows NT 10.0; Win64; x64; rv:104.0) Gecko/20100101 Firefox/104.0" "nobbycosmic.com"
65.92.155.208 - - [09/Sep/2022:16:33:18 -0700] "GET /Utagoe/2022Summer/2022082701Sun.jpg HTTP/1.1" 200 43206 "https://nobbycosmic.com/Utagoe/2022Summer/Utagoe202208.htm" "Mozilla/5.0 (Windows NT 10.0; Win64; x64; rv:104.0) Gecko/20100101 Firefox/104.0" "nobbycosmic.com"
65.92.155.208 - - [09/Sep/2022:16:33:18 -0700] "GET /Utagoe/2022Summer/2022082703Tree.JPG HTTP/1.1" 304 - "https://nobbycosmic.com/Utagoe/2022Summer/Utagoe202208.htm" "Mozilla/5.0 (Windows NT 10.0; Win64; x64; rv:104.0) Gecko/20100101 Firefox/104.0" "nobbycosmic.com"
65.92.155.208 - - [09/Sep/2022:16:33:18 -0700] "GET /Utagoe/2022Summer/2022082706Prep.jpg HTTP/1.1" 304 - "https://nobbycosmic.com/Utagoe/2022Summer/Utagoe202208.htm" "Mozilla/5.0 (Windows NT 10.0; Win64; x64; rv:104.0) Gecko/20100101 Firefox/104.0" "nobbycosmic.com"
65.92.155.208 - - [09/Sep/2022:16:33:18 -0700] "GET /Utagoe/2022Summer/2022082704Tree.jpg HTTP/1.1" 304 - "https://nobbycosmic.com/Utagoe/2022Summer/Utagoe202208.htm" "Mozilla/5.0 (Windows NT 10.0; Win64; x64; rv:104.0) Gecko/20100101 Firefox/104.0" "nobbycosmic.com"
65.92.155.208 - - [09/Sep/2022:16:33:18 -0700] "GET /Utagoe/2022Summer/2022082705Prep.jpg HTTP/1.1" 304 - "https://nobbycosmic.com/Utagoe/2022Summer/Utagoe202208.htm" "Mozilla/5.0 (Windows NT 10.0; Win64; x64; rv:104.0) Gecko/20100101 Firefox/104.0" "nobbycosmic.com"
65.92.155.208 - - [09/Sep/2022:16:33:18 -0700] "GET /Utagoe/2022Summer/2022082708Session.JPG HTTP/1.1" 304 - "https://nobbycosmic.com/Utagoe/2022Summer/Utagoe202208.htm" "Mozilla/5.0 (Windows NT 10.0; Win64; x64; rv:104.0) Gecko/20100101 Firefox/104.0" "nobbycosmic.com"
65.92.155.208 - - [09/Sep/2022:16:33:18 -0700] "GET /Utagoe/2022Summer/2022082707Session.JPG HTTP/1.1" 304 - "https://nobbycosmic.com/Utagoe/2022Summer/Utagoe202208.htm" "Mozilla/5.0 (Windows NT 10.0; Win64; x64; rv:104.0) Gecko/20100101 Firefox/104.0" "nobbycosmic.com"
65.92.155.208 - - [09/Sep/2022:16:33:18 -0700] "GET /Utagoe/2022Summer/2022082710Band.JPG HTTP/1.1" 304 - "https://nobbycosmic.com/Utagoe/2022Summer/Utagoe202208.htm" "Mozilla/5.0 (Windows NT 10.0; Win64; x64; rv:104.0) Gecko/20100101 Firefox/104.0" "nobbycosmic.com"
65.92.155.208 - - [09/Sep/2022:16:33:18 -0700] "GET /Utagoe/2022Summer/2022082709Band.JPG HTTP/1.1" 304 - "https://nobbycosmic.com/Utagoe/2022Summer/Utagoe202208.htm" "Mozilla/5.0 (Windows NT 10.0; Win64; x64; rv:104.0) Gecko/20100101 Firefox/104.0" "nobbycosmic.com"
65.92.155.208 - - [09/Sep/2022:16:33:18 -0700] "GET /Utagoe/2022Summer/2022082710Lunch.JPG HTTP/1.1" 304 - "https://nobbycosmic.com/Utagoe/2022Summer/Utagoe202208.htm" "Mozilla/5.0 (Windows NT 10.0; Win64; x64; rv:104.0) Gecko/20100101 Firefox/104.0" "nobbycosmic.com"
65.92.155.208 - - [09/Sep/2022:16:33:18 -0700] "GET /Utagoe/2022Summer/2022082702BlueSky.jpg HTTP/1.1" 200 30483 "https://nobbycosmic.com/Utagoe/2022Summer/Utagoe202208.htm" "Mozilla/5.0 (Windows NT 10.0; Win64; x64; rv:104.0) Gecko/20100101 Firefox/104.0" "nobbycosmic.com"
65.92.155.208 - - [09/Sep/2022:16:33:18 -0700] "GET /Utagoe/2022Summer/2022082711Lunch.JPG HTTP/1.1" 304 - "https://nobbycosmic.com/Utagoe/2022Summer/Utagoe202208.htm" "Mozilla/5.0 (Windows NT 10.0; Win64; x64; rv:104.0) Gecko/20100101 Firefox/104.0" "nobbycosmic.com"
65.92.155.208 - - [09/Sep/2022:16:33:18 -0700] "GET /Utagoe/2022Summer/2022082712Songs.JPG HTTP/1.1" 304 - "https://nobbycosmic.com/Utagoe/2022Summer/Utagoe202208.htm" "Mozilla/5.0 (Windows NT 10.0; Win64; x64; rv:104.0) Gecko/20100101 Firefox/104.0" "nobbycosmic.com"
65.92.155.208 - - [09/Sep/2022:16:33:18 -0700] "GET /Utagoe/2022Summer/2022082713Songs.JPG HTTP/1.1" 304 - "https://nobbycosmic.com/Utagoe/2022Summer/Utagoe202208.htm" "Mozilla/5.0 (Windows NT 10.0; Win64; x64; rv:104.0) Gecko/20100101 Firefox/104.0" "nobbycosmic.com"
216.244.66.200 - - [09/Sep/2022:16:38:25 -0700] "GET /robots.txt HTTP/1.1" 200 61 "-" "Mozilla/5.0 (compatible; DotBot/1.2; +https://opensiteexplorer.org/dotbot; help@moz.com)" "nobbycosmic.com"
72.141.58.143 - FTF [09/Sep/2022:16:42:51 -0700] "GET /BabyTalks/FTFMember/BBSick3.htm HTTP/1.1" 200 11749 "https://nobbycosmic.com/BabyTalks/FTFMember/Content.htm" "Mozilla/5.0 (Linux; Android 12; SAMSUNG SM-N975W) AppleWebKit/537.36 (KHTML, like Gecko) SamsungBrowser/18.0 Chrome/99.0.4844.88 Mobile Safari/537.36" "nobbycosmic.com"
104.157.130.150 - - [09/Sep/2022:16:54:49 -0700] "GET /BabyTalks/FTFMember/MemberLists/FTFMemberListABC.htm HTTP/1.1" 401 90 "-" "Mozilla/5.0 (Windows NT 10.0; Win64; x64) AppleWebKit/537.36 (KHTML, like Gecko) Chrome/105.0.0.0 Safari/537.36" "nobbycosmic.com"
104.157.130.150 - FTF [09/Sep/2022:16:54:59 -0700] "GET /BabyTalks/FTFMember/MemberLists/FTFMemberListABC.htm HTTP/1.1" 200 64178 "-" "Mozilla/5.0 (Windows NT 10.0; Win64; x64) AppleWebKit/537.36 (KHTML, like Gecko) Chrome/105.0.0.0 Safari/537.36" "nobbycosmic.com"
104.157.130.150 - FTF [09/Sep/2022:16:56:15 -0700] "GET /BabyTalks/FTFMember/MemberLists/FTFMemberListPCD.htm HTTP/1.1" 200 63018 "-" "Mozilla/5.0 (Windows NT 10.0; Win64; x64) AppleWebKit/537.36 (KHTML, like Gecko) Chrome/105.0.0.0 Safari/537.36" "nobbycosmic.com"
104.157.130.150 - - [09/Sep/2022:16:58:46 -0700] "GET /BabyTalks/BTList.htm HTTP/1.1" 200 10238 "-" "Mozilla/5.0 (Windows NT 10.0; Win64; x64) AppleWebKit/537.36 (KHTML, like Gecko) Chrome/105.0.0.0 Safari/537.36" "nobbycosmic.com"
104.157.130.150 - - [09/Sep/2022:16:58:46 -0700] "GET /BabyTalks/BTFBanner1.jpg HTTP/1.1" 304 - "https://nobbycosmic.com/BabyTalks/BTList.htm" "Mozilla/5.0 (Windows NT 10.0; Win64; x64) AppleWebKit/537.36 (KHTML, like Gecko) Chrome/105.0.0.0 Safari/537.36" "nobbycosmic.com"
104.157.130.150 - - [09/Sep/2022:16:58:46 -0700] "GET /BabyTalks/hiyoko.gif HTTP/1.1" 304 - "https://nobbycosmic.com/BabyTalks/BTList.htm" "Mozilla/5.0 (Windows NT 10.0; Win64; x64) AppleWebKit/537.36 (KHTML, like Gecko) Chrome/105.0.0.0 Safari/537.36" "nobbycosmic.com"
104.157.130.150 - - [09/Sep/2022:16:58:46 -0700] "GET /BabyTalks/blue_next.gif HTTP/1.1" 304 - "https://nobbycosmic.com/BabyTalks/BTList.htm" "Mozilla/5.0 (Windows NT 10.0; Win64; x64) AppleWebKit/537.36 (KHTML, like Gecko) Chrome/105.0.0.0 Safari/537.36" "nobbycosmic.com"
104.157.130.150 - - [09/Sep/2022:16:58:46 -0700] "GET /BabyTalks/Group.jpg HTTP/1.1" 304 - "https://nobbycosmic.com/BabyTalks/BTList.htm" "Mozilla/5.0 (Windows NT 10.0; Win64; x64) AppleWebKit/537.36 (KHTML, like Gecko) Chrome/105.0.0.0 Safari/537.36" "nobbycosmic.com"
104.157.130.150 - - [09/Sep/2022:16:58:46 -0700] "GET /BabyTalks/SakuraMark2.jpg HTTP/1.1" 304 - "https://nobbycosmic.com/BabyTalks/BTList.htm" "Mozilla/5.0 (Windows NT 10.0; Win64; x64) AppleWebKit/537.36 (KHTML, like Gecko) Chrome/105.0.0.0 Safari/537.36" "nobbycosmic.com"
104.157.130.150 - - [09/Sep/2022:16:58:46 -0700] "GET /BabyTalks/BTFBanner2.jpg HTTP/1.1" 304 - "https://nobbycosmic.com/BabyTalks/BTList.htm" "Mozilla/5.0 (Windows NT 10.0; Win64; x64) AppleWebKit/537.36 (KHTML, like Gecko) Chrome/105.0.0.0 Safari/537.36" "nobbycosmic.com"
104.157.130.150 - - [09/Sep/2022:16:58:46 -0700] "GET /BabyTalks/FTFMemberDistChart.jpg HTTP/1.1" 304 - "https://nobbycosmic.com/BabyTalks/BTList.htm" "Mozilla/5.0 (Windows NT 10.0; Win64; x64) AppleWebKit/537.36 (KHTML, like Gecko) Chrome/105.0.0.0 Safari/537.36" "nobbycosmic.com"
216.244.66.200 - - [09/Sep/2022:17:30:05 -0700] "GET /robots.txt HTTP/1.1" 200 61 "-" "Mozilla/5.0 (compatible; DotBot/1.2; +https://opensiteexplorer.org/dotbot; help@moz.com)" "nobbycosmic.com"
185.191.171.4 - - [09/Sep/2022:17:54:13 -0700] "GET /robots.txt HTTP/1.1" 200 75 "-" "Mozilla/5.0 (compatible; SemrushBot/7~bl; +http://www.semrush.com/bot.html)" "nobbycosmic.com"
185.191.171.9 - - [09/Sep/2022:17:54:16 -0700] "GET /NJCA/NY10/NYP100.htm HTTP/1.1" 200 1564 "-" "Mozilla/5.0 (compatible; SemrushBot/7~bl; +http://www.semrush.com/bot.html)" "nobbycosmic.com"
157.55.39.184 - - [09/Sep/2022:17:54:28 -0700] "GET /Homepage/Tickets/Ticket2/TicketA01.jpg HTTP/1.1" 200 22471 "-" "Mozilla/5.0 (compatible; bingbot/2.0; +http://www.bing.com/bingbot.htm)" "nobbycosmic.com"
216.244.66.200 - - [09/Sep/2022:18:21:53 -0700] "GET /robots.txt HTTP/1.1" 200 61 "-" "Mozilla/5.0 (compatible; DotBot/1.2; +https://opensiteexplorer.org/dotbot; help@moz.com)" "nobbycosmic.com"
142.126.192.183 - - [09/Sep/2022:18:39:26 -0700] "GET / HTTP/1.1" 200 3158 "-" "Mozilla/5.0 (Macintosh; Intel Mac OS X 10_15_7) AppleWebKit/605.1.15 (KHTML, like Gecko) Version/15.6.1 Safari/605.1.15" "nobbycosmic.com"
157.55.39.184 - - [09/Sep/2022:18:48:04 -0700] "GET /BabyTalks/SPF/?C=D;O=D HTTP/1.1" 200 500 "-" "Mozilla/5.0 (compatible; bingbot/2.0; +http://www.bing.com/bingbot.htm)" "nobbycosmic.com"
40.77.167.96 - - [09/Sep/2022:19:05:53 -0700] "GET /robots.txt HTTP/1.1" 200 75 "-" "Mozilla/5.0 (compatible; bingbot/2.0; +http://www.bing.com/bingbot.htm)" "nobbycosmic.com"
216.244.66.200 - - [09/Sep/2022:19:14:10 -0700] "GET /robots.txt HTTP/1.1" 200 61 "-" "Mozilla/5.0 (compatible; DotBot/1.2; +https://opensiteexplorer.org/dotbot; help@moz.com)" "nobbycosmic.com"
157.55.39.184 - - [09/Sep/2022:19:23:48 -0700] "GET /Utagoe/Ueno2009/ HTTP/1.1" 200 602 "-" "Mozilla/5.0 (compatible; bingbot/2.0; +http://www.bing.com/bingbot.htm)" "www.nobbycosmic.com"
207.46.13.30 - - [09/Sep/2022:19:35:02 -0700] "GET /Temp/JF20180314.pdf HTTP/1.1" 404 88 "-" "Mozilla/5.0 (compatible; bingbot/2.0; +http://www.bing.com/bingbot.htm)" "nobbycosmic.com"
216.244.66.200 - - [09/Sep/2022:20:05:43 -0700] "GET /robots.txt HTTP/1.1" 200 61 "-" "Mozilla/5.0 (compatible; DotBot/1.2; +https://opensiteexplorer.org/dotbot; help@moz.com)" "nobbycosmic.com"
99.240.162.29 - - [09/Sep/2022:20:06:51 -0700] "GET /BabyTalks/BTList.htm HTTP/1.1" 200 10238 "http://www.e-maple.net/" "Mozilla/5.0 (Linux; Android 12; SM-F711W) AppleWebKit/537.36 (KHTML, like Gecko) Chrome/105.0.0.0 Mobile Safari/537.36" "nobbycosmic.com"
99.240.162.29 - - [09/Sep/2022:20:06:51 -0700] "GET /BabyTalks/BTFBanner1.jpg HTTP/1.1" 200 9524 "https://nobbycosmic.com/BabyTalks/BTList.htm" "Mozilla/5.0 (Linux; Android 12; SM-F711W) AppleWebKit/537.36 (KHTML, like Gecko) Chrome/105.0.0.0 Mobile Safari/537.36" "nobbycosmic.com"
99.240.162.29 - - [09/Sep/2022:20:06:52 -0700] "GET /BabyTalks/hiyoko.gif HTTP/1.1" 200 10361 "https://nobbycosmic.com/BabyTalks/BTList.htm" "Mozilla/5.0 (Linux; Android 12; SM-F711W) AppleWebKit/537.36 (KHTML, like Gecko) Chrome/105.0.0.0 Mobile Safari/537.36" "nobbycosmic.com"
99.240.162.29 - - [09/Sep/2022:20:06:52 -0700] "GET /BabyTalks/Group.jpg HTTP/1.1" 200 54379 "https://nobbycosmic.com/BabyTalks/BTList.htm" "Mozilla/5.0 (Linux; Android 12; SM-F711W) AppleWebKit/537.36 (KHTML, like Gecko) Chrome/105.0.0.0 Mobile Safari/537.36" "nobbycosmic.com"
99.240.162.29 - - [09/Sep/2022:20:06:52 -0700] "GET /BabyTalks/BTFBanner2.jpg HTTP/1.1" 200 4273 "https://nobbycosmic.com/BabyTalks/BTList.htm" "Mozilla/5.0 (Linux; Android 12; SM-F711W) AppleWebKit/537.36 (KHTML, like Gecko) Chrome/105.0.0.0 Mobile Safari/537.36" "nobbycosmic.com"
99.240.162.29 - - [09/Sep/2022:20:06:52 -0700] "GET /BabyTalks/blue_next.gif HTTP/1.1" 200 138 "https://nobbycosmic.com/BabyTalks/BTList.htm" "Mozilla/5.0 (Linux; Android 12; SM-F711W) AppleWebKit/537.36 (KHTML, like Gecko) Chrome/105.0.0.0 Mobile Safari/537.36" "nobbycosmic.com"
99.240.162.29 - - [09/Sep/2022:20:06:52 -0700] "GET /BabyTalks/SakuraMark2.jpg HTTP/1.1" 200 933 "https://nobbycosmic.com/BabyTalks/BTList.htm" "Mozilla/5.0 (Linux; Android 12; SM-F711W) AppleWebKit/537.36 (KHTML, like Gecko) Chrome/105.0.0.0 Mobile Safari/537.36" "nobbycosmic.com"
99.240.162.29 - - [09/Sep/2022:20:06:52 -0700] "GET /BabyTalks/FTFMemberDistChart.jpg HTTP/1.1" 200 61359 "https://nobbycosmic.com/BabyTalks/BTList.htm" "Mozilla/5.0 (Linux; Android 12; SM-F711W) AppleWebKit/537.36 (KHTML, like Gecko) Chrome/105.0.0.0 Mobile Safari/537.36" "nobbycosmic.com"
99.240.162.29 - - [09/Sep/2022:20:06:52 -0700] "GET /favicon.ico HTTP/1.1" 404 88 "https://nobbycosmic.com/BabyTalks/BTList.htm" "Mozilla/5.0 (Linux; Android 12; SM-F711W) AppleWebKit/537.36 (KHTML, like Gecko) Chrome/105.0.0.0 Mobile Safari/537.36" "nobbycosmic.com"
204.12.197.234 - - [09/Sep/2022:20:15:51 -0700] "GET /robots.txt HTTP/1.1" 200 61 "-" "Mozilla/5.0 (compatible; MJ12bot/v1.4.8; http://mj12bot.com/)" "nobbycosmic.com"
204.12.197.234 - - [09/Sep/2022:20:16:04 -0700] "GET /Utagoe/Wakamono/%E5%A1%ABtagoe.htm%22 HTTP/1.1" 404 88 "-" "Mozilla/5.0 (compatible; MJ12bot/v1.4.8; http://mj12bot.com/)" "nobbycosmic.com"
204.12.197.234 - - [09/Sep/2022:20:16:20 -0700] "GET /Utagoe/Wakamono/%E5%A1%ABtagoe.htm%22 HTTP/1.1" 404 88 "-" "Mozilla/5.0 (compatible; MJ12bot/v1.4.8; http://mj12bot.com/)" "nobbycosmic.com"
204.12.197.234 - - [09/Sep/2022:20:16:26 -0700] "GET /Utagoe/%E2%80%9CUtagoe.htm%22 HTTP/1.1" 404 88 "-" "Mozilla/5.0 (compatible; MJ12bot/v1.4.8; http://mj12bot.com/)" "nobbycosmic.com"
204.12.197.234 - - [09/Sep/2022:20:16:44 -0700] "GET /Utagoe/%E5%A1%ABtagoe.htm%22 HTTP/1.1" 404 88 "-" "Mozilla/5.0 (compatible; MJ12bot/v1.4.8; http://mj12bot.com/)" "nobbycosmic.com"
204.12.197.234 - - [09/Sep/2022:20:16:54 -0700] "GET /Utagoe/%E5%A1%ABtagoe.htm%22 HTTP/1.1" 404 88 "-" "Mozilla/5.0 (compatible; MJ12bot/v1.4.8; http://mj12bot.com/)" "nobbycosmic.com"
157.55.39.183 - - [09/Sep/2022:20:20:40 -0700] "GET /Post/JF20200304.pdf HTTP/1.1" 404 88 "-" "Mozilla/5.0 (compatible; bingbot/2.0; +http://www.bing.com/bingbot.htm)" "nobbycosmic.com"
157.55.39.183 - - [09/Sep/2022:20:39:02 -0700] "GET /Homepage/Tickets/Ticket2/Ticket215.jpg HTTP/1.1" 200 23197 "-" "Mozilla/5.0 (compatible; bingbot/2.0; +http://www.bing.com/bingbot.htm)" "nobbycosmic.com"
216.244.66.200 - - [09/Sep/2022:20:57:47 -0700] "GET /robots.txt HTTP/1.1" 200 61 "-" "Mozilla/5.0 (compatible; DotBot/1.2; +https://opensiteexplorer.org/dotbot; help@moz.com)" "nobbycosmic.com"
51.222.253.15 - - [09/Sep/2022:21:03:40 -0700] "GET /robots.txt HTTP/1.1" 200 75 "-" "Mozilla/5.0 (compatible; AhrefsBot/7.0; +http://ahrefs.com/robot/)" "nobbycosmic.com"
185.191.171.44 - - [09/Sep/2022:21:07:14 -0700] "GET /robots.txt HTTP/1.1" 200 75 "-" "Mozilla/5.0 (compatible; SemrushBot/7~bl; +http://www.semrush.com/bot.html)" "nobbycosmic.com"
185.191.171.42 - - [09/Sep/2022:21:07:15 -0700] "GET /contact_us HTTP/1.1" 200 6311 "-" "Mozilla/5.0 (compatible; SemrushBot/7~bl; +http://www.semrush.com/bot.html)" "nobbycosmic.com"
66.249.82.157 - - [09/Sep/2022:21:19:49 -0700] "GET /BabyTalks/Group.jpg HTTP/1.1" 200 54379 "-" "Mozilla/5.0 (Windows NT 5.1; rv:11.0) Gecko Firefox/11.0 (via ggpht.com GoogleImageProxy)" "nobbycosmic.com"
191.101.31.13 - - [09/Sep/2022:21:43:24 -0700] "GET / HTTP/1.1" 200 10838 "https://nobbycosmic.com/" "Mozilla/5.0 (Windows NT 6.1; Win64; x64) AppleWebKit/537.36 (KHTML, like Gecko) Chrome/90.0.4427.0 Safari/537.36" "nobbycosmic.com"
191.101.31.13 - - [09/Sep/2022:21:43:25 -0700] "GET /contact_us HTTP/1.1" 200 23325 "https://nobbycosmic.com/contact_us" "Mozilla/5.0 (Windows NT 6.1; Win64; x64) AppleWebKit/537.36 (KHTML, like Gecko) Chrome/90.0.4427.0 Safari/537.36" "nobbycosmic.com"
184.145.27.239 - - [09/Sep/2022:21:48:11 -0700] "GET /BabyTalks/BTList.htm HTTP/1.1" 200 10238 "-" "Mozilla/5.0 (iPhone; CPU iPhone OS 15_6_1 like Mac OS X) AppleWebKit/605.1.15 (KHTML, like Gecko) Version/15.6.1 Mobile/15E148 Safari/604.1" "nobbycosmic.com"
184.145.27.239 - - [09/Sep/2022:21:48:11 -0700] "GET /BabyTalks/BTFBanner1.jpg HTTP/1.1" 200 9524 "https://nobbycosmic.com/BabyTalks/BTList.htm" "Mozilla/5.0 (iPhone; CPU iPhone OS 15_6_1 like Mac OS X) AppleWebKit/605.1.15 (KHTML, like Gecko) Version/15.6.1 Mobile/15E148 Safari/604.1" "nobbycosmic.com"
184.145.27.239 - - [09/Sep/2022:21:48:11 -0700] "GET /BabyTalks/hiyoko.gif HTTP/1.1" 200 10361 "https://nobbycosmic.com/BabyTalks/BTList.htm" "Mozilla/5.0 (iPhone; CPU iPhone OS 15_6_1 like Mac OS X) AppleWebKit/605.1.15 (KHTML, like Gecko) Version/15.6.1 Mobile/15E148 Safari/604.1" "nobbycosmic.com"
184.145.27.239 - - [09/Sep/2022:21:48:11 -0700] "GET /BabyTalks/Group.jpg HTTP/1.1" 200 54379 "https://nobbycosmic.com/BabyTalks/BTList.htm" "Mozilla/5.0 (iPhone; CPU iPhone OS 15_6_1 like Mac OS X) AppleWebKit/605.1.15 (KHTML, like Gecko) Version/15.6.1 Mobile/15E148 Safari/604.1" "nobbycosmic.com"
184.145.27.239 - - [09/Sep/2022:21:48:11 -0700] "GET /BabyTalks/BTFBanner2.jpg HTTP/1.1" 200 4273 "https://nobbycosmic.com/BabyTalks/BTList.htm" "Mozilla/5.0 (iPhone; CPU iPhone OS 15_6_1 like Mac OS X) AppleWebKit/605.1.15 (KHTML, like Gecko) Version/15.6.1 Mobile/15E148 Safari/604.1" "nobbycosmic.com"
184.145.27.239 - - [09/Sep/2022:21:48:11 -0700] "GET /BabyTalks/blue_next.gif HTTP/1.1" 200 138 "https://nobbycosmic.com/BabyTalks/BTList.htm" "Mozilla/5.0 (iPhone; CPU iPhone OS 15_6_1 like Mac OS X) AppleWebKit/605.1.15 (KHTML, like Gecko) Version/15.6.1 Mobile/15E148 Safari/604.1" "nobbycosmic.com"
184.145.27.239 - - [09/Sep/2022:21:48:11 -0700] "GET /BabyTalks/SakuraMark2.jpg HTTP/1.1" 200 933 "https://nobbycosmic.com/BabyTalks/BTList.htm" "Mozilla/5.0 (iPhone; CPU iPhone OS 15_6_1 like Mac OS X) AppleWebKit/605.1.15 (KHTML, like Gecko) Version/15.6.1 Mobile/15E148 Safari/604.1" "nobbycosmic.com"
184.145.27.239 - - [09/Sep/2022:21:48:11 -0700] "GET /BabyTalks/FTFMemberDistChart.jpg HTTP/1.1" 200 61359 "https://nobbycosmic.com/BabyTalks/BTList.htm" "Mozilla/5.0 (iPhone; CPU iPhone OS 15_6_1 like Mac OS X) AppleWebKit/605.1.15 (KHTML, like Gecko) Version/15.6.1 Mobile/15E148 Safari/604.1" "nobbycosmic.com"
184.145.27.239 - - [09/Sep/2022:21:48:12 -0700] "GET /favicon.ico HTTP/1.1" 404 88 "https://nobbycosmic.com/BabyTalks/BTList.htm" "Mozilla/5.0 (iPhone; CPU iPhone OS 15_6_1 like Mac OS X) AppleWebKit/605.1.15 (KHTML, like Gecko) Version/15.6.1 Mobile/15E148 Safari/604.1" "nobbycosmic.com"
216.244.66.200 - - [09/Sep/2022:21:49:28 -0700] "GET /robots.txt HTTP/1.1" 200 61 "-" "Mozilla/5.0 (compatible; DotBot/1.2; +https://opensiteexplorer.org/dotbot; help@moz.com)" "nobbycosmic.com"
136.243.220.214 - - [09/Sep/2022:22:35:30 -0700] "GET /robots.txt HTTP/1.1" 200 75 "-" "Mozilla/5.0 (compatible; DataForSeoBot/1.0; +https://dataforseo.com/dataforseo-bot)" "nobbycosmic.com"
216.244.66.200 - - [09/Sep/2022:22:42:04 -0700] "GET /robots.txt HTTP/1.1" 200 61 "-" "Mozilla/5.0 (compatible; DotBot/1.2; +https://opensiteexplorer.org/dotbot; help@moz.com)" "nobbycosmic.com"
136.243.77.239 - - [09/Sep/2022:22:46:34 -0700] "GET / HTTP/1.1" 200 3158 "-" "python-requests/2.27.1" "nobbycosmic.com"
157.55.39.182 - - [09/Sep/2022:22:47:01 -0700] "GET /NJCA/AGM11/NJCA_AGM2012.pdf HTTP/1.1" 304 - "-" "Mozilla/5.0 (compatible; bingbot/2.0; +http://www.bing.com/bingbot.htm)" "nobbycosmic.com"
20.25.144.67 - - [09/Sep/2022:22:56:56 -0700] "GET /dup-installer/main.installer.php HTTP/1.1" 404 88 "http://nobbycosmic.com/dup-installer/main.installer.php" "-" "nobbycosmic.com"
99.227.174.73 - - [09/Sep/2022:22:57:04 -0700] "GET /favicon.ico HTTP/1.1" 404 88 "https://nobbycosmic.com/Post/JF202209081.pdf" "Mozilla/5.0 (Macintosh; Intel Mac OS X 10_15_7) AppleWebKit/537.36 (KHTML, like Gecko) Chrome/105.0.0.0 Safari/537.36" "nobbycosmic.com"
99.227.174.73 - - [09/Sep/2022:22:57:04 -0700] "GET /Post/JF202209081.pdf HTTP/1.1" 200 19490561 "https://torontonikkeiforum.forumotion.com/" "Mozilla/5.0 (Macintosh; Intel Mac OS X 10_15_7) AppleWebKit/537.36 (KHTML, like Gecko) Chrome/105.0.0.0 Safari/537.36" "nobbycosmic.com"
40.77.167.96 - - [09/Sep/2022:23:03:58 -0700] "GET /robots.txt HTTP/1.1" 200 75 "-" "Mozilla/5.0 (compatible; bingbot/2.0; +http://www.bing.com/bingbot.htm)" "nobbycosmic.com"
157.55.39.182 - - [09/Sep/2022:23:04:01 -0700] "GET /Homepage/Tickets/Ticket2/Ticket203.jpg HTTP/1.1" 200 23982 "-" "Mozilla/5.0 (compatible; bingbot/2.0; +http://www.bing.com/bingbot.htm)" "nobbycosmic.com"
42.236.10.79 - - [09/Sep/2022:23:17:55 -0700] "GET /NJCA/NY09/Pictures/Prepudon.JPG HTTP/1.1" 200 45933 "https://nobbycosmic.com/NJCA/NY09/NYP090.htm" "Mozilla/5.0 (compatible; MSIE 9.0; Windows NT 6.1; Trident/5.0)" "nobbycosmic.com"
42.236.10.81 - - [09/Sep/2022:23:17:57 -0700] "GET /NJCA/NY09/Pictures/Ftf1.jpg HTTP/1.1" 200 47894 "https://nobbycosmic.com/NJCA/NY09/NYP090.htm" "Mozilla/5.0 (compatible; MSIE 9.0; Windows NT 6.1; Trident/5.0)" "nobbycosmic.com"
42.236.10.71 - - [09/Sep/2022:23:26:06 -0700] "GET /Utagoe/2018Winter/UtagoeWinter20183.JPG HTTP/1.1" 200 96377 "https://nobbycosmic.com/Utagoe/2018Winter/Utagoe201802.htm" "Mozilla/5.0 (compatible; MSIE 9.0; Windows NT 6.1; Trident/5.0)" "nobbycosmic.com"
51.222.253.3 - - [09/Sep/2022:23:31:18 -0700] "GET / HTTP/1.1" 200 3158 "-" "Mozilla/5.0 (compatible; AhrefsBot/7.0; +http://ahrefs.com/robot/)" "nobbycosmic.com"
216.244.66.200 - - [09/Sep/2022:23:32:39 -0700] "GET /robots.txt HTTP/1.1" 200 61 "-" "Mozilla/5.0 (compatible; DotBot/1.2; +https://opensiteexplorer.org/dotbot; help@moz.com)" "nobbycosmic.com"
42.236.10.100 - - [09/Sep/2022:23:59:34 -0700] "GET /Utagoe/2015Fall/Utagoe201511145.jpg HTTP/1.1" 200 58184 "https://nobbycosmic.com/Utagoe/2015Fall/Utagoe201511.htm" "Mozilla/5.0 (compatible; MSIE 9.0; Windows NT 6.1; Trident/5.0)" "nobbycosmic.com"
42.236.10.109 - - [09/Sep/2022:23:59:35 -0700] "GET /NJCA/NY09/Pictures/Ajc.jpg HTTP/1.1" 200 33081 "https://nobbycosmic.com/NJCA/NY09/NYP090.htm" "Mozilla/5.0 (compatible; MSIE 9.0; Windows NT 6.1; Trident/5.0)" "nobbycosmic.com"
42.236.44.35 - - [10/Sep/2022:00:01:32 -0700] "GET /NJCA/NY09/Pictures/Ajc2.jpg HTTP/1.1" 200 42613 "https://nobbycosmic.com/NJCA/NY09/NYP090.htm" "Mozilla/5.0 (compatible; MSIE 9.0; Windows NT 6.1; Trident/5.0)" "nobbycosmic.com"
42.236.44.15 - - [10/Sep/2022:00:18:07 -0700] "GET /NJCA/NY09/Pictures/Prep4.JPG HTTP/1.1" 200 43935 "https://nobbycosmic.com/NJCA/NY09/NYP090.htm" "Mozilla/5.0 (compatible; MSIE 9.0; Windows NT 6.1; Trident/5.0)" "nobbycosmic.com"
40.77.167.96 - - [10/Sep/2022:00:19:04 -0700] "GET /robots.txt HTTP/1.1" 200 75 "-" "Mozilla/5.0 (compatible; bingbot/2.0; +http://www.bing.com/bingbot.htm)" "nobbycosmic.com"
207.46.13.30 - - [10/Sep/2022:00:19:09 -0700] "GET /NJCA/Transfer/AGMReportInstruction.doc HTTP/1.1" 304 - "-" "Mozilla/5.0 (compatible; bingbot/2.0; +http://www.bing.com/bingbot.htm)" "nobbycosmic.com"
216.244.66.200 - - [10/Sep/2022:00:23:43 -0700] "GET /robots.txt HTTP/1.1" 200 61 "-" "Mozilla/5.0 (compatible; DotBot/1.2; +https://opensiteexplorer.org/dotbot; help@moz.com)" "nobbycosmic.com"
207.46.13.34 - - [10/Sep/2022:00:25:21 -0700] "GET /Post/JF202011051.pdf HTTP/1.1" 404 88 "-" "Mozilla/5.0 (compatible; bingbot/2.0; +http://www.bing.com/bingbot.htm)" "www.nobbycosmic.com"
167.71.176.250 - - [10/Sep/2022:00:33:37 -0700] "GET / HTTP/1.1" 200 10838 "-" "Mozilla/5.0 (compatible; NetcraftSurveyAgent/1.0; +info@netcraft.com)" "www.nobbycosmic.com"
42.236.44.35 - - [10/Sep/2022:00:53:32 -0700] "GET /NJCA/NY09/Pictures/Prep1.JPG HTTP/1.1" 200 44016 "https://nobbycosmic.com/NJCA/NY09/NYP090.htm" "Mozilla/5.0 (compatible; MSIE 9.0; Windows NT 6.1; Trident/5.0)" "nobbycosmic.com"
42.236.10.77 - - [10/Sep/2022:00:57:10 -0700] "GET /Utagoe/2015Fall/Utagoe201511146.jpg HTTP/1.1" 200 31885 "https://nobbycosmic.com/Utagoe/2015Fall/Utagoe201511.htm" "Mozilla/5.0 (compatible; MSIE 9.0; Windows NT 6.1; Trident/5.0)" "nobbycosmic.com"
51.222.253.1 - - [10/Sep/2022:01:06:30 -0700] "GET /robots.txt HTTP/1.1" 200 75 "-" "Mozilla/5.0 (compatible; AhrefsBot/7.0; +http://ahrefs.com/robot/)" "nobbycosmic.com"
216.244.66.200 - - [10/Sep/2022:01:13:48 -0700] "GET /robots.txt HTTP/1.1" 200 61 "-" "Mozilla/5.0 (compatible; DotBot/1.2; +https://opensiteexplorer.org/dotbot; help@moz.com)" "nobbycosmic.com"
42.236.10.89 - - [10/Sep/2022:01:19:07 -0700] "GET /NJCA/NY09/Pictures/Prep2.JPG HTTP/1.1" 200 31142 "https://nobbycosmic.com/NJCA/NY09/NYP090.htm" "Mozilla/5.0 (compatible; MSIE 9.0; Windows NT 6.1; Trident/5.0)" "nobbycosmic.com"
157.55.39.183 - - [10/Sep/2022:01:24:09 -0700] "GET /BabyTalks/FTFMember/Content.htm HTTP/1.1" 401 90 "-" "Mozilla/5.0 (compatible; bingbot/2.0; +http://www.bing.com/bingbot.htm)" "nobbycosmic.com"
157.55.39.182 - - [10/Sep/2022:01:41:26 -0700] "GET /Homepage/Tickets/Ticket2/TicketA26.jpg HTTP/1.1" 200 21303 "-" "Mozilla/5.0 (compatible; bingbot/2.0; +http://www.bing.com/bingbot.htm)" "nobbycosmic.com"
42.236.10.121 - - [10/Sep/2022:01:43:05 -0700] "GET /NJCA/NY09/Pictures/Ftf2.jpg HTTP/1.1" 200 56364 "https://nobbycosmic.com/NJCA/NY09/NYP090.htm" "Mozilla/5.0 (compatible; MSIE 9.0; Windows NT 6.1; Trident/5.0)" "nobbycosmic.com"
42.236.10.91 - - [10/Sep/2022:01:47:42 -0700] "GET /Utagoe/2015Fall/Utagoe201511141.jpg HTTP/1.1" 200 59525 "https://nobbycosmic.com/Utagoe/2015Fall/Utagoe201511.htm" "Mozilla/5.0 (compatible; MSIE 9.0; Windows NT 6.1; Trident/5.0)" "nobbycosmic.com"
42.236.44.25 - - [10/Sep/2022:01:50:18 -0700] "GET /NJCA/NY09/Pictures/Recep1.JPG HTTP/1.1" 200 40653 "https://nobbycosmic.com/NJCA/NY09/NYP090.htm" "Mozilla/5.0 (compatible; MSIE 9.0; Windows NT 6.1; Trident/5.0)" "nobbycosmic.com"
157.55.39.182 - - [10/Sep/2022:01:59:17 -0700] "GET /NJCA/BBQ10/Reception4.jpg HTTP/1.1" 200 30279 "-" "Mozilla/5.0 (compatible; bingbot/2.0; +http://www.bing.com/bingbot.htm)" "nobbycosmic.com"
216.244.66.200 - - [10/Sep/2022:02:04:57 -0700] "GET /robots.txt HTTP/1.1" 200 61 "-" "Mozilla/5.0 (compatible; DotBot/1.2; +https://opensiteexplorer.org/dotbot; help@moz.com)" "nobbycosmic.com"
42.236.44.17 - - [10/Sep/2022:02:05:17 -0700] "GET /NJCA/NY09/Pictures/Prep3.JPG HTTP/1.1" 200 58972 "https://nobbycosmic.com/NJCA/NY09/NYP090.htm" "Mozilla/5.0 (compatible; MSIE 9.0; Windows NT 6.1; Trident/5.0)" "nobbycosmic.com"
42.236.10.121 - - [10/Sep/2022:02:12:41 -0700] "GET /Utagoe/2018Winter/UtagoeWinter20184.JPG HTTP/1.1" 200 107094 "https://nobbycosmic.com/Utagoe/2018Winter/Utagoe201802.htm" "Mozilla/5.0 (compatible; MSIE 9.0; Windows NT 6.1; Trident/5.0)" "nobbycosmic.com"
42.236.44.15 - - [10/Sep/2022:02:15:28 -0700] "GET /NJCA/NY09/Pictures/Kimono1.JPG HTTP/1.1" 200 14961 "https://nobbycosmic.com/NJCA/NY09/NYP090.htm" "Mozilla/5.0 (compatible; MSIE 9.0; Windows NT 6.1; Trident/5.0)" "nobbycosmic.com"
42.236.44.15 - - [10/Sep/2022:02:15:29 -0700] "GET /NJCA/NY09/Pictures/Prepjinja.JPG HTTP/1.1" 200 40685 "https://nobbycosmic.com/NJCA/NY09/NYP090.htm" "Mozilla/5.0 (compatible; MSIE 9.0; Windows NT 6.1; Trident/5.0)" "nobbycosmic.com"
157.55.39.183 - - [10/Sep/2022:02:16:35 -0700] "GET /post/jss202208281.pdf HTTP/1.1" 404 88 "-" "Mozilla/5.0 (compatible; bingbot/2.0; +http://www.bing.com/bingbot.htm)" "nobbycosmic.com"
157.55.39.182 - - [10/Sep/2022:02:24:12 -0700] "GET /Post/JF202108271.pdf HTTP/1.1" 404 88 "-" "Mozilla/5.0 (compatible; bingbot/2.0; +http://www.bing.com/bingbot.htm)" "nobbycosmic.com"
42.236.44.34 - - [10/Sep/2022:02:26:26 -0700] "GET /Utagoe/2015Fall/Utagoe201511143.jpg HTTP/1.1" 200 64121 "https://nobbycosmic.com/Utagoe/2015Fall/Utagoe201511.htm" "Mozilla/5.0 (compatible; MSIE 9.0; Windows NT 6.1; Trident/5.0)" "nobbycosmic.com"
114.119.129.4 - - [10/Sep/2022:02:30:38 -0700] "GET /robots.txt HTTP/1.1" 200 75 "-" "Mozilla/5.0 (compatible;PetalBot;+https://webmaster.petalsearch.com/site/petalbot)" "www.nobbycosmic.com"
157.55.39.182 - - [10/Sep/2022:02:34:01 -0700] "GET /NJCA/NY11/JCCCFloorNY2011.pdf HTTP/1.1" 200 301784 "-" "Mozilla/5.0 (compatible; bingbot/2.0; +http://www.bing.com/bingbot.htm)" "www.nobbycosmic.com"
42.236.44.25 - - [10/Sep/2022:02:43:17 -0700] "GET /NJCA/NY09/Pictures/Recep2.JPG HTTP/1.1" 200 43564 "https://nobbycosmic.com/NJCA/NY09/NYP090.htm" "Mozilla/5.0 (compatible; MSIE 9.0; Windows NT 6.1; Trident/5.0)" "nobbycosmic.com"
42.236.44.32 - - [10/Sep/2022:02:50:30 -0700] "GET /Utagoe/2015Fall/Utagoe201511144.jpg HTTP/1.1" 200 60374 "https://nobbycosmic.com/Utagoe/2015Fall/Utagoe201511.htm" "Mozilla/5.0 (compatible; MSIE 9.0; Windows NT 6.1; Trident/5.0)" "nobbycosmic.com"
42.236.10.105 - - [10/Sep/2022:02:51:05 -0700] "GET /Utagoe/2015Fall/Utagoe201511142.jpg HTTP/1.1" 200 50809 "https://nobbycosmic.com/Utagoe/2015Fall/Utagoe201511.htm" "Mozilla/5.0 (compatible; MSIE 9.0; Windows NT 6.1; Trident/5.0)" "nobbycosmic.com"
216.244.66.200 - - [10/Sep/2022:02:56:45 -0700] "GET /robots.txt HTTP/1.1" 200 61 "-" "Mozilla/5.0 (compatible; DotBot/1.2; +https://opensiteexplorer.org/dotbot; help@moz.com)" "nobbycosmic.com"
42.236.10.122 - - [10/Sep/2022:03:05:25 -0700] "GET /Utagoe/2018Winter/UtagoeWinter20181.JPG HTTP/1.1" 200 93020 "https://nobbycosmic.com/Utagoe/2018Winter/Utagoe201802.htm" "Mozilla/5.0 (compatible; MSIE 9.0; Windows NT 6.1; Trident/5.0)" "nobbycosmic.com"
17.121.115.1 - - [10/Sep/2022:03:08:46 -0700] "GET /robots.txt HTTP/1.1" 200 75 "-" "Mozilla/5.0 (Macintosh; Intel Mac OS X 10_15_5) AppleWebKit/605.1.15 (KHTML, like Gecko) Version/13.1.1 Safari/605.1.15 (Applebot/0.1; +http://www.apple.com/go/applebot)" "nobbycosmic.com"
17.121.115.1 - - [10/Sep/2022:03:08:46 -0700] "GET /Temp/OMNIlogo.jpg HTTP/1.1" 404 88 "-" "Mozilla/5.0 (Macintosh; Intel Mac OS X 10_15_5) AppleWebKit/605.1.15 (KHTML, like Gecko) Version/13.1.1 Safari/605.1.15 (Applebot/0.1; +http://www.apple.com/go/applebot)" "nobbycosmic.com"
42.236.10.122 - - [10/Sep/2022:03:16:30 -0700] "GET /Utagoe/2018Winter/UtagoeWinter20185.JPG HTTP/1.1" 200 107932 "https://nobbycosmic.com/Utagoe/2018Winter/Utagoe201802.htm" "Mozilla/5.0 (compatible; MSIE 9.0; Windows NT 6.1; Trident/5.0)" "nobbycosmic.com"
157.55.39.184 - - [10/Sep/2022:03:18:21 -0700] "GET /Post/JF20200903.pdf HTTP/1.1" 404 88 "-" "Mozilla/5.0 (compatible; bingbot/2.0; +http://www.bing.com/bingbot.htm)" "nobbycosmic.com"
42.236.10.105 - - [10/Sep/2022:03:26:39 -0700] "GET /NJCA/NY09/Pictures/80thlogo.jpg HTTP/1.1" 200 2028 "https://nobbycosmic.com/NJCA/NY09/NYP090.htm" "Mozilla/5.0 (compatible; MSIE 9.0; Windows NT 6.1; Trident/5.0)" "nobbycosmic.com"
138.246.253.24 - - [10/Sep/2022:03:35:13 -0700] "GET /robots.txt HTTP/1.1" 200 61 "-" "Mozilla/5.0 (Windows NT 10.0; Win64; x64) AppleWebKit/537.36 (KHTML, like Gecko) Chrome/103.0.5060.134 Safari/537.36" "nobbycosmic.com"
185.191.171.17 - - [10/Sep/2022:03:36:03 -0700] "GET /robots.txt HTTP/1.1" 200 75 "-" "Mozilla/5.0 (compatible; SemrushBot/7~bl; +http://www.semrush.com/bot.html)" "nobbycosmic.com"
185.191.171.25 - - [10/Sep/2022:03:36:03 -0700] "GET /Utagoe/0811.htm HTTP/1.1" 200 2934 "-" "Mozilla/5.0 (compatible; SemrushBot/7~bl; +http://www.semrush.com/bot.html)" "nobbycosmic.com"
42.236.44.36 - - [10/Sep/2022:03:44:53 -0700] "GET /Utagoe/2018Winter/UtagoeWinter20182.JPG HTTP/1.1" 200 91507 "https://nobbycosmic.com/Utagoe/2018Winter/Utagoe201802.htm" "Mozilla/5.0 (compatible; MSIE 9.0; Windows NT 6.1; Trident/5.0)" "nobbycosmic.com"
216.244.66.200 - - [10/Sep/2022:03:48:17 -0700] "GET /robots.txt HTTP/1.1" 200 61 "-" "Mozilla/5.0 (compatible; DotBot/1.2; +https://opensiteexplorer.org/dotbot; help@moz.com)" "nobbycosmic.com"
42.236.10.79 - - [10/Sep/2022:03:48:32 -0700] "GET /NJCA/NY09/Pictures/Prepjinja2.JPG HTTP/1.1" 200 43178 "https://nobbycosmic.com/NJCA/NY09/NYP090.htm" "Mozilla/5.0 (compatible; MSIE 9.0; Windows NT 6.1; Trident/5.0)" "nobbycosmic.com"
216.244.66.200 - - [10/Sep/2022:04:39:49 -0700] "GET /robots.txt HTTP/1.1" 200 61 "-" "Mozilla/5.0 (compatible; DotBot/1.2; +https://opensiteexplorer.org/dotbot; help@moz.com)" "nobbycosmic.com"
216.244.66.200 - - [10/Sep/2022:04:39:49 -0700] "GET /robots.txt HTTP/1.1" 200 61 "-" "Mozilla/5.0 (compatible; DotBot/1.2; +https://opensiteexplorer.org/dotbot; help@moz.com)" "www.nobbycosmic.com"
157.55.39.183 - - [10/Sep/2022:04:50:37 -0700] "GET /Utagoe/HeritageModel.pdf HTTP/1.1" 200 45876 "-" "Mozilla/5.0 (compatible; bingbot/2.0; +http://www.bing.com/bingbot.htm)" "www.nobbycosmic.com"
185.191.171.17 - - [10/Sep/2022:04:53:52 -0700] "GET /robots.txt HTTP/1.1" 200 75 "-" "Mozilla/5.0 (compatible; SemrushBot/7~bl; +http://www.semrush.com/bot.html)" "nobbycosmic.com"
185.191.171.35 - - [10/Sep/2022:04:53:53 -0700] "GET /home HTTP/1.1" 200 3157 "-" "Mozilla/5.0 (compatible; SemrushBot/7~bl; +http://www.semrush.com/bot.html)" "nobbycosmic.com"
51.222.253.2 - - [10/Sep/2022:04:57:30 -0700] "GET /home HTTP/1.1" 200 3157 "-" "Mozilla/5.0 (compatible; AhrefsBot/7.0; +http://ahrefs.com/robot/)" "nobbycosmic.com"
40.89.165.57 - - [10/Sep/2022:05:21:25 -0700] "GET / HTTP/1.1" 200 10838 "-" "Mozilla/5.0 (Windows NT 10.0; Win64; x64) AppleWebKit/537.36 (KHTML, like Gecko) Chrome/95.0.4638.69 Safari/537.36" "nobbycosmic.com"
40.89.165.57 - - [10/Sep/2022:05:21:26 -0700] "GET //feed/ HTTP/1.1" 404 73 "-" "Mozilla/5.0 (Windows NT 10.0; Win64; x64) AppleWebKit/537.36 (KHTML, like Gecko) Chrome/95.0.4638.69 Safari/537.36" "nobbycosmic.com"
40.89.165.57 - - [10/Sep/2022:05:21:27 -0700] "GET //blog/wp-includes/wlwmanifest.xml HTTP/1.1" 404 73 "-" "Mozilla/5.0 (Windows NT 10.0; Win64; x64) AppleWebKit/537.36 (KHTML, like Gecko) Chrome/95.0.4638.69 Safari/537.36" "nobbycosmic.com"
40.89.165.57 - - [10/Sep/2022:05:21:28 -0700] "GET //web/wp-includes/wlwmanifest.xml HTTP/1.1" 404 73 "-" "Mozilla/5.0 (Windows NT 10.0; Win64; x64) AppleWebKit/537.36 (KHTML, like Gecko) Chrome/95.0.4638.69 Safari/537.36" "nobbycosmic.com"
40.89.165.57 - - [10/Sep/2022:05:21:28 -0700] "GET //wordpress/wp-includes/wlwmanifest.xml HTTP/1.1" 404 73 "-" "Mozilla/5.0 (Windows NT 10.0; Win64; x64) AppleWebKit/537.36 (KHTML, like Gecko) Chrome/95.0.4638.69 Safari/537.36" "nobbycosmic.com"
40.89.165.57 - - [10/Sep/2022:05:21:29 -0700] "GET //wp/wp-includes/wlwmanifest.xml HTTP/1.1" 404 73 "-" "Mozilla/5.0 (Windows NT 10.0; Win64; x64) AppleWebKit/537.36 (KHTML, like Gecko) Chrome/95.0.4638.69 Safari/537.36" "nobbycosmic.com"
40.89.165.57 - - [10/Sep/2022:05:21:29 -0700] "GET //2019/wp-includes/wlwmanifest.xml HTTP/1.1" 404 73 "-" "Mozilla/5.0 (Windows NT 10.0; Win64; x64) AppleWebKit/537.36 (KHTML, like Gecko) Chrome/95.0.4638.69 Safari/537.36" "nobbycosmic.com"
40.89.165.57 - - [10/Sep/2022:05:21:30 -0700] "GET //2021/wp-includes/wlwmanifest.xml HTTP/1.1" 404 73 "-" "Mozilla/5.0 (Windows NT 10.0; Win64; x64) AppleWebKit/537.36 (KHTML, like Gecko) Chrome/95.0.4638.69 Safari/537.36" "nobbycosmic.com"
40.89.165.57 - - [10/Sep/2022:05:21:31 -0700] "GET //wp1/wp-includes/wlwmanifest.xml HTTP/1.1" 404 73 "-" "Mozilla/5.0 (Windows NT 10.0; Win64; x64) AppleWebKit/537.36 (KHTML, like Gecko) Chrome/95.0.4638.69 Safari/537.36" "nobbycosmic.com"
40.89.165.57 - - [10/Sep/2022:05:21:31 -0700] "GET //test/wp-includes/wlwmanifest.xml HTTP/1.1" 404 73 "-" "Mozilla/5.0 (Windows NT 10.0; Win64; x64) AppleWebKit/537.36 (KHTML, like Gecko) Chrome/95.0.4638.69 Safari/537.36" "nobbycosmic.com"
40.89.165.57 - - [10/Sep/2022:05:21:32 -0700] "GET //cms/wp-includes/wlwmanifest.xml HTTP/1.1" 404 73 "-" "Mozilla/5.0 (Windows NT 10.0; Win64; x64) AppleWebKit/537.36 (KHTML, like Gecko) Chrome/95.0.4638.69 Safari/537.36" "nobbycosmic.com"
40.89.165.57 - - [10/Sep/2022:05:21:33 -0700] "GET / HTTP/1.1" 200 10838 "-" "Mozilla/5.0 (Windows NT 10.0; Win64; x64) AppleWebKit/537.36 (KHTML, like Gecko) Chrome/95.0.4638.69 Safari/537.36" "nobbycosmic.com"
40.89.165.57 - - [10/Sep/2022:05:21:34 -0700] "GET //feed/ HTTP/1.1" 404 73 "-" "Mozilla/5.0 (Windows NT 10.0; Win64; x64) AppleWebKit/537.36 (KHTML, like Gecko) Chrome/95.0.4638.69 Safari/537.36" "nobbycosmic.com"
40.89.165.57 - - [10/Sep/2022:05:21:35 -0700] "GET //blog/wp-includes/wlwmanifest.xml HTTP/1.1" 404 73 "-" "Mozilla/5.0 (Windows NT 10.0; Win64; x64) AppleWebKit/537.36 (KHTML, like Gecko) Chrome/95.0.4638.69 Safari/537.36" "nobbycosmic.com"
40.89.165.57 - - [10/Sep/2022:05:21:36 -0700] "GET //web/wp-includes/wlwmanifest.xml HTTP/1.1" 404 73 "-" "Mozilla/5.0 (Windows NT 10.0; Win64; x64) AppleWebKit/537.36 (KHTML, like Gecko) Chrome/95.0.4638.69 Safari/537.36" "nobbycosmic.com"
40.89.165.57 - - [10/Sep/2022:05:21:37 -0700] "GET //wp/wp-includes/wlwmanifest.xml HTTP/1.1" 404 73 "-" "Mozilla/5.0 (Windows NT 10.0; Win64; x64) AppleWebKit/537.36 (KHTML, like Gecko) Chrome/95.0.4638.69 Safari/537.36" "nobbycosmic.com"
40.89.165.57 - - [10/Sep/2022:05:21:37 -0700] "GET //2020/wp-includes/wlwmanifest.xml HTTP/1.1" 404 73 "-" "Mozilla/5.0 (Windows NT 10.0; Win64; x64) AppleWebKit/537.36 (KHTML, like Gecko) Chrome/95.0.4638.69 Safari/537.36" "nobbycosmic.com"
40.89.165.57 - - [10/Sep/2022:05:21:38 -0700] "GET //2019/wp-includes/wlwmanifest.xml HTTP/1.1" 404 73 "-" "Mozilla/5.0 (Windows NT 10.0; Win64; x64) AppleWebKit/537.36 (KHTML, like Gecko) Chrome/95.0.4638.69 Safari/537.36" "nobbycosmic.com"
40.89.165.57 - - [10/Sep/2022:05:21:39 -0700] "GET //shop/wp-includes/wlwmanifest.xml HTTP/1.1" 404 73 "-" "Mozilla/5.0 (Windows NT 10.0; Win64; x64) AppleWebKit/537.36 (KHTML, like Gecko) Chrome/95.0.4638.69 Safari/537.36" "nobbycosmic.com"
40.89.165.57 - - [10/Sep/2022:05:21:39 -0700] "GET //wp1/wp-includes/wlwmanifest.xml HTTP/1.1" 404 73 "-" "Mozilla/5.0 (Windows NT 10.0; Win64; x64) AppleWebKit/537.36 (KHTML, like Gecko) Chrome/95.0.4638.69 Safari/537.36" "nobbycosmic.com"
40.89.165.57 - - [10/Sep/2022:05:21:40 -0700] "GET //test/wp-includes/wlwmanifest.xml HTTP/1.1" 404 73 "-" "Mozilla/5.0 (Windows NT 10.0; Win64; x64) AppleWebKit/537.36 (KHTML, like Gecko) Chrome/95.0.4638.69 Safari/537.36" "nobbycosmic.com"
40.89.165.57 - - [10/Sep/2022:05:21:40 -0700] "GET //site/wp-includes/wlwmanifest.xml HTTP/1.1" 404 73 "-" "Mozilla/5.0 (Windows NT 10.0; Win64; x64) AppleWebKit/537.36 (KHTML, like Gecko) Chrome/95.0.4638.69 Safari/537.36" "nobbycosmic.com"
150.158.133.157 - - [10/Sep/2022:05:23:13 -0700] "GET /xmlrpc.php HTTP/1.1" 404 88 "-" "Mozilla/5.0 (Windows NT 6.1; WOW64; rv:45.0) Gecko/20100101 Firefox/45.0" "nobbycosmic.com"
157.55.39.183 - - [10/Sep/2022:05:24:31 -0700] "GET /Homepage/Tickets/Ticket2/TicketA27.jpg HTTP/1.1" 200 22441 "-" "Mozilla/5.0 (compatible; bingbot/2.0; +http://www.bing.com/bingbot.htm)" "nobbycosmic.com"
157.55.39.183 - - [10/Sep/2022:05:25:03 -0700] "GET /Utagoe/2017Spring/TomoshibiRi201705.pdf HTTP/1.1" 200 318579 "-" "Mozilla/5.0 (compatible; bingbot/2.0; +http://www.bing.com/bingbot.htm)" "nobbycosmic.com"
157.55.39.184 - - [10/Sep/2022:05:30:46 -0700] "GET /NJCA/BBQ99/?C=S;O=A HTTP/1.1" 200 652 "-" "Mozilla/5.0 (compatible; bingbot/2.0; +http://www.bing.com/bingbot.htm)" "nobbycosmic.com"
216.244.66.200 - - [10/Sep/2022:05:31:12 -0700] "GET /robots.txt HTTP/1.1" 200 61 "-" "Mozilla/5.0 (compatible; DotBot/1.2; +https://opensiteexplorer.org/dotbot; help@moz.com)" "nobbycosmic.com"
65.93.221.51 - - [10/Sep/2022:06:08:51 -0700] "GET /BabyTalks/FTFRule.htm HTTP/1.1" 200 2929 "-" "Mozilla/5.0 (Macintosh; Intel Mac OS X 10_15_6) AppleWebKit/605.1.15 (KHTML, like Gecko) Version/15.6.1 Safari/605.1.15" "nobbycosmic.com"
65.93.221.51 - - [10/Sep/2022:06:10:12 -0700] "GET /BabyTalks/PictureReduce.htm HTTP/1.1" 200 1514 "https://nobbycosmic.com/BabyTalks/FTFRule.htm" "Mozilla/5.0 (Macintosh; Intel Mac OS X 10_15_6) AppleWebKit/605.1.15 (KHTML, like Gecko) Version/15.6.1 Safari/605.1.15" "nobbycosmic.com"
65.93.221.51 - - [10/Sep/2022:06:10:24 -0700] "GET /apple-touch-icon-precomposed.png HTTP/1.1" 404 88 "-" "Mozilla/5.0 (Macintosh; Intel Mac OS X 10_11_1) AppleWebKit/601.2.4 (KHTML, like Gecko) Version/9.0.1 Safari/601.2.4 facebookexternalhit/1.1 Facebot Twitterbot/1.0" "nobbycosmic.com"
65.93.221.51 - - [10/Sep/2022:06:10:25 -0700] "GET /apple-touch-icon.png HTTP/1.1" 404 88 "-" "Mozilla/5.0 (Macintosh; Intel Mac OS X 10_11_1) AppleWebKit/601.2.4 (KHTML, like Gecko) Version/9.0.1 Safari/601.2.4 facebookexternalhit/1.1 Facebot Twitterbot/1.0" "nobbycosmic.com"
65.93.221.51 - - [10/Sep/2022:06:10:25 -0700] "GET /favicon.ico HTTP/1.1" 404 88 "-" "Mozilla/5.0 (Macintosh; Intel Mac OS X 10_11_1) AppleWebKit/601.2.4 (KHTML, like Gecko) Version/9.0.1 Safari/601.2.4 facebookexternalhit/1.1 Facebot Twitterbot/1.0" "nobbycosmic.com"
157.55.39.182 - - [10/Sep/2022:06:11:22 -0700] "GET /Temp/JF20170609.pdf HTTP/1.1" 404 88 "-" "Mozilla/5.0 (compatible; bingbot/2.0; +http://www.bing.com/bingbot.htm)" "www.nobbycosmic.com"
157.55.39.183 - - [10/Sep/2022:06:12:37 -0700] "GET /Utagoe/2014Spring/?C=D;O=A HTTP/1.1" 200 456 "-" "Mozilla/5.0 (compatible; bingbot/2.0; +http://www.bing.com/bingbot.htm)" "nobbycosmic.com"
65.93.221.51 - - [10/Sep/2022:06:15:02 -0700] "GET /BabyTalks/FTFRule.htm HTTP/1.1" 200 2929 "-" "Mozilla/5.0 (Macintosh; Intel Mac OS X 10_15_6) AppleWebKit/605.1.15 (KHTML, like Gecko) Version/15.6.1 Mobile/15E148 Safari/604.1" "nobbycosmic.com"
51.222.253.13 - - [10/Sep/2022:06:16:37 -0700] "GET /services HTTP/1.1" 200 2996 "-" "Mozilla/5.0 (compatible; AhrefsBot/7.0; +http://ahrefs.com/robot/)" "nobbycosmic.com"
99.225.145.25 - - [10/Sep/2022:06:17:03 -0700] "GET /BabyTalks/BTList.htm HTTP/1.1" 200 10238 "-" "Mozilla/5.0 (Macintosh; Intel Mac OS X 10_15_7) AppleWebKit/605.1.15 (KHTML, like Gecko) Version/15.6 Safari/605.1.15" "nobbycosmic.com"
99.225.145.25 - - [10/Sep/2022:06:17:04 -0700] "GET /BabyTalks/BTFBanner1.jpg HTTP/1.1" 200 9524 "https://nobbycosmic.com/BabyTalks/BTList.htm" "Mozilla/5.0 (Macintosh; Intel Mac OS X 10_15_7) AppleWebKit/605.1.15 (KHTML, like Gecko) Version/15.6 Safari/605.1.15" "nobbycosmic.com"
