61.124.99.140 - - [01/Sep/2022:04:28:56 -0700] "GET /Utagoe/2022Summer/2022082710Lunch.JPG HTTP/1.1" 200 148867 "https://nobbycosmic.com/Utagoe/2022Summer/Utagoe202208.htm" "Mozilla/5.0 (Windows NT 10.0; Win64; x64) AppleWebKit/537.36 (KHTML, like Gecko) Chrome/104.0.5112.102 Safari/537.36 Edg/104.0.1293.70" "nobbycosmic.com"
61.124.99.140 - - [01/Sep/2022:04:29:01 -0700] "GET /Utagoe/2022Summer/2022082711Lunch.JPG HTTP/1.1" 200 137587 "https://nobbycosmic.com/Utagoe/2022Summer/Utagoe202208.htm" "Mozilla/5.0 (Windows NT 10.0; Win64; x64) AppleWebKit/537.36 (KHTML, like Gecko) Chrome/104.0.5112.102 Safari/537.36 Edg/104.0.1293.70" "nobbycosmic.com"
61.124.99.140 - - [01/Sep/2022:04:29:01 -0700] "GET /Utagoe/2022Summer/2022082709Band.JPG HTTP/1.1" 200 132981 "https://nobbycosmic.com/Utagoe/2022Summer/Utagoe202208.htm" "Mozilla/5.0 (Windows NT 10.0; Win64; x64) AppleWebKit/537.36 (KHTML, like Gecko) Chrome/104.0.5112.102 Safari/537.36 Edg/104.0.1293.70" "nobbycosmic.com"
61.124.99.140 - - [01/Sep/2022:04:29:05 -0700] "GET /Utagoe/2022Summer/2022082710Band.JPG HTTP/1.1" 200 139648 "https://nobbycosmic.com/Utagoe/2022Summer/Utagoe202208.htm" "Mozilla/5.0 (Windows NT 10.0; Win64; x64) AppleWebKit/537.36 (KHTML, like Gecko) Chrome/104.0.5112.102 Safari/537.36 Edg/104.0.1293.70" "nobbycosmic.com"
61.124.99.140 - - [01/Sep/2022:04:29:06 -0700] "GET /Utagoe/2022Summer/2022082708Session.JPG HTTP/1.1" 200 133126 "https://nobbycosmic.com/Utagoe/2022Summer/Utagoe202208.htm" "Mozilla/5.0 (Windows NT 10.0; Win64; x64) AppleWebKit/537.36 (KHTML, like Gecko) Chrome/104.0.5112.102 Safari/537.36 Edg/104.0.1293.70" "nobbycosmic.com"
61.124.99.140 - - [01/Sep/2022:04:29:13 -0700] "GET /Utagoe/2022Summer/2022082713Songs.JPG HTTP/1.1" 200 147773 "https://nobbycosmic.com/Utagoe/2022Summer/Utagoe202208.htm" "Mozilla/5.0 (Windows NT 10.0; Win64; x64) AppleWebKit/537.36 (KHTML, like Gecko) Chrome/104.0.5112.102 Safari/537.36 Edg/104.0.1293.70" "nobbycosmic.com"
61.124.99.140 - - [01/Sep/2022:04:29:17 -0700] "GET /Utagoe/2022Summer/2022082712Songs.JPG HTTP/1.1" 200 128747 "https://nobbycosmic.com/Utagoe/2022Summer/Utagoe202208.htm" "Mozilla/5.0 (Windows NT 10.0; Win64; x64) AppleWebKit/537.36 (KHTML, like Gecko) Chrome/104.0.5112.102 Safari/537.36 Edg/104.0.1293.70" "nobbycosmic.com"
61.124.99.140 - - [01/Sep/2022:04:29:32 -0700] "GET /favicon.ico HTTP/1.1" 404 88 "https://nobbycosmic.com/Utagoe/2022Summer/Utagoe202208.htm" "Mozilla/5.0 (Windows NT 10.0; Win64; x64) AppleWebKit/537.36 (KHTML, like Gecko) Chrome/104.0.5112.102 Safari/537.36 Edg/104.0.1293.70" "nobbycosmic.com"
149.5.224.209 - - [01/Sep/2022:04:30:43 -0700] "GET /Temp/JF201105027.jpg HTTP/1.1" 404 73 "-" "-" "nobbycosmic.com"
114.119.128.40 - - [01/Sep/2022:04:35:50 -0700] "GET /NJCA/BBQ11?C=S%3BO%3DA HTTP/1.1" 301 1431 "https://nobbycosmic.com/NJCA/BBQ11?M=A" "Mozilla/5.0 (Linux; Android 7.0;) AppleWebKit/537.36 (KHTML, like Gecko) Mobile Safari/537.36 (compatible; PetalBot;+https://webmaster.petalsearch.com/site/petalbot)" "nobbycosmic.com"
114.119.128.40 - - [01/Sep/2022:04:35:51 -0700] "GET /NJCA/BBQ11/?C=S%3BO%3DA HTTP/1.1" 200 1906 "https://nobbycosmic.com/NJCA/BBQ11?M=A" "Mozilla/5.0 (Linux; Android 7.0;) AppleWebKit/537.36 (KHTML, like Gecko) Mobile Safari/537.36 (compatible; PetalBot;+https://webmaster.petalsearch.com/site/petalbot)" "nobbycosmic.com"
114.119.128.26 - - [01/Sep/2022:04:39:33 -0700] "GET /NJCA/AGM11/NJCA_AGM2012.pdf HTTP/1.1" 200 162199 "https://nobbycosmic.com/NJCA/AGM11/" "Mozilla/5.0 (Linux; Android 7.0;) AppleWebKit/537.36 (KHTML, like Gecko) Mobile Safari/537.36 (compatible; PetalBot;+https://webmaster.petalsearch.com/site/petalbot)" "nobbycosmic.com"
133.123.157.5 - - [01/Sep/2022:04:42:58 -0700] "GET /Utagoe/2022Summer/Utagoe202208.htm HTTP/1.1" 200 2832 "-" "Mozilla/5.0 (Windows NT 10.0; Win64; x64) AppleWebKit/537.36 (KHTML, like Gecko) Chrome/104.0.5112.102 Safari/537.36 Edg/104.0.1293.70" "nobbycosmic.com"
133.123.157.5 - - [01/Sep/2022:04:42:59 -0700] "GET /Utagoe/2022Summer/2022082701Sun.jpg HTTP/1.1" 200 43206 "https://nobbycosmic.com/Utagoe/2022Summer/Utagoe202208.htm" "Mozilla/5.0 (Windows NT 10.0; Win64; x64) AppleWebKit/537.36 (KHTML, like Gecko) Chrome/104.0.5112.102 Safari/537.36 Edg/104.0.1293.70" "nobbycosmic.com"
133.123.157.5 - - [01/Sep/2022:04:42:59 -0700] "GET /Utagoe/2022Summer/2022082703Tree.JPG HTTP/1.1" 200 130838 "https://nobbycosmic.com/Utagoe/2022Summer/Utagoe202208.htm" "Mozilla/5.0 (Windows NT 10.0; Win64; x64) AppleWebKit/537.36 (KHTML, like Gecko) Chrome/104.0.5112.102 Safari/537.36 Edg/104.0.1293.70" "nobbycosmic.com"
133.123.157.5 - - [01/Sep/2022:04:42:59 -0700] "GET /Utagoe/2022Summer/2022082702BlueSky.jpg HTTP/1.1" 200 30483 "https://nobbycosmic.com/Utagoe/2022Summer/Utagoe202208.htm" "Mozilla/5.0 (Windows NT 10.0; Win64; x64) AppleWebKit/537.36 (KHTML, like Gecko) Chrome/104.0.5112.102 Safari/537.36 Edg/104.0.1293.70" "nobbycosmic.com"
133.123.157.5 - - [01/Sep/2022:04:42:59 -0700] "GET /Utagoe/2022Summer/2022082712Songs.JPG HTTP/1.1" 200 128747 "https://nobbycosmic.com/Utagoe/2022Summer/Utagoe202208.htm" "Mozilla/5.0 (Windows NT 10.0; Win64; x64) AppleWebKit/537.36 (KHTML, like Gecko) Chrome/104.0.5112.102 Safari/537.36 Edg/104.0.1293.70" "nobbycosmic.com"
133.123.157.5 - - [01/Sep/2022:04:42:59 -0700] "GET /Utagoe/2022Summer/2022082713Songs.JPG HTTP/1.1" 200 147773 "https://nobbycosmic.com/Utagoe/2022Summer/Utagoe202208.htm" "Mozilla/5.0 (Windows NT 10.0; Win64; x64) AppleWebKit/537.36 (KHTML, like Gecko) Chrome/104.0.5112.102 Safari/537.36 Edg/104.0.1293.70" "nobbycosmic.com"
133.123.157.5 - - [01/Sep/2022:04:42:59 -0700] "GET /Utagoe/2022Summer/2022082707Session.JPG HTTP/1.1" 200 148214 "https://nobbycosmic.com/Utagoe/2022Summer/Utagoe202208.htm" "Mozilla/5.0 (Windows NT 10.0; Win64; x64) AppleWebKit/537.36 (KHTML, like Gecko) Chrome/104.0.5112.102 Safari/537.36 Edg/104.0.1293.70" "nobbycosmic.com"
133.123.157.5 - - [01/Sep/2022:04:42:59 -0700] "GET /Utagoe/2022Summer/2022082710Lunch.JPG HTTP/1.1" 200 148867 "https://nobbycosmic.com/Utagoe/2022Summer/Utagoe202208.htm" "Mozilla/5.0 (Windows NT 10.0; Win64; x64) AppleWebKit/537.36 (KHTML, like Gecko) Chrome/104.0.5112.102 Safari/537.36 Edg/104.0.1293.70" "nobbycosmic.com"
133.123.157.5 - - [01/Sep/2022:04:42:59 -0700] "GET /Utagoe/2022Summer/2022082708Session.JPG HTTP/1.1" 200 133126 "https://nobbycosmic.com/Utagoe/2022Summer/Utagoe202208.htm" "Mozilla/5.0 (Windows NT 10.0; Win64; x64) AppleWebKit/537.36 (KHTML, like Gecko) Chrome/104.0.5112.102 Safari/537.36 Edg/104.0.1293.70" "nobbycosmic.com"
133.123.157.5 - - [01/Sep/2022:04:43:00 -0700] "GET /Utagoe/2022Summer/2022082709Band.JPG HTTP/1.1" 200 132981 "https://nobbycosmic.com/Utagoe/2022Summer/Utagoe202208.htm" "Mozilla/5.0 (Windows NT 10.0; Win64; x64) AppleWebKit/537.36 (KHTML, like Gecko) Chrome/104.0.5112.102 Safari/537.36 Edg/104.0.1293.70" "nobbycosmic.com"
133.123.157.5 - - [01/Sep/2022:04:43:00 -0700] "GET /Utagoe/2022Summer/2022082710Band.JPG HTTP/1.1" 200 139648 "https://nobbycosmic.com/Utagoe/2022Summer/Utagoe202208.htm" "Mozilla/5.0 (Windows NT 10.0; Win64; x64) AppleWebKit/537.36 (KHTML, like Gecko) Chrome/104.0.5112.102 Safari/537.36 Edg/104.0.1293.70" "nobbycosmic.com"
133.123.157.5 - - [01/Sep/2022:04:43:01 -0700] "GET /Utagoe/2022Summer/2022082711Lunch.JPG HTTP/1.1" 200 137587 "https://nobbycosmic.com/Utagoe/2022Summer/Utagoe202208.htm" "Mozilla/5.0 (Windows NT 10.0; Win64; x64) AppleWebKit/537.36 (KHTML, like Gecko) Chrome/104.0.5112.102 Safari/537.36 Edg/104.0.1293.70" "nobbycosmic.com"
133.123.157.5 - - [01/Sep/2022:04:43:01 -0700] "GET /Utagoe/2022Summer/2022082704Tree.jpg HTTP/1.1" 200 107210 "https://nobbycosmic.com/Utagoe/2022Summer/Utagoe202208.htm" "Mozilla/5.0 (Windows NT 10.0; Win64; x64) AppleWebKit/537.36 (KHTML, like Gecko) Chrome/104.0.5112.102 Safari/537.36 Edg/104.0.1293.70" "nobbycosmic.com"
133.123.157.5 - - [01/Sep/2022:04:43:01 -0700] "GET /Utagoe/2022Summer/2022082705Prep.jpg HTTP/1.1" 200 83979 "https://nobbycosmic.com/Utagoe/2022Summer/Utagoe202208.htm" "Mozilla/5.0 (Windows NT 10.0; Win64; x64) AppleWebKit/537.36 (KHTML, like Gecko) Chrome/104.0.5112.102 Safari/537.36 Edg/104.0.1293.70" "nobbycosmic.com"
133.123.157.5 - - [01/Sep/2022:04:43:01 -0700] "GET /Utagoe/2022Summer/2022082706Prep.jpg HTTP/1.1" 200 129100 "https://nobbycosmic.com/Utagoe/2022Summer/Utagoe202208.htm" "Mozilla/5.0 (Windows NT 10.0; Win64; x64) AppleWebKit/537.36 (KHTML, like Gecko) Chrome/104.0.5112.102 Safari/537.36 Edg/104.0.1293.70" "nobbycosmic.com"
133.123.157.5 - - [01/Sep/2022:04:43:15 -0700] "GET /favicon.ico HTTP/1.1" 404 88 "https://nobbycosmic.com/Utagoe/2022Summer/Utagoe202208.htm" "Mozilla/5.0 (Windows NT 10.0; Win64; x64) AppleWebKit/537.36 (KHTML, like Gecko) Chrome/104.0.5112.102 Safari/537.36 Edg/104.0.1293.70" "nobbycosmic.com"
114.119.128.26 - - [01/Sep/2022:04:44:33 -0700] "GET /NJCA/AGM08/?C=S%3BO%3DA HTTP/1.1" 200 407 "https://nobbycosmic.com/NJCA/AGM08?D=D" "Mozilla/5.0 (Linux; Android 7.0;) AppleWebKit/537.36 (KHTML, like Gecko) Mobile Safari/537.36 (compatible; PetalBot;+https://webmaster.petalsearch.com/site/petalbot)" "nobbycosmic.com"
133.123.157.5 - - [01/Sep/2022:04:46:23 -0700] "GET /Utagoe/2021SummerMori/Combined1.pdf HTTP/1.1" 200 147216 "https://nobbycosmic.com/Utagoe/2022Summer/Utagoe202208.htm" "Mozilla/5.0 (Windows NT 10.0; Win64; x64) AppleWebKit/537.36 (KHTML, like Gecko) Chrome/104.0.5112.102 Safari/537.36 Edg/104.0.1293.70" "nobbycosmic.com"
38.64.243.15 - - [01/Sep/2022:04:46:46 -0700] "GET / HTTP/1.1" 200 3158 "-" "Mozilla/5.0 (iPhone; CPU iPhone OS 15_6 like Mac OS X) AppleWebKit/605.1.15 (KHTML, like Gecko) Version/15.6 Mobile/15E148 Safari/604.1" "nobbycosmic.com"
114.119.128.40 - - [01/Sep/2022:04:48:21 -0700] "GET /NJCA/NY12/PicturePages?D=A HTTP/1.1" 301 1430 "https://nobbycosmic.com/NJCA/NY12/PicturePages?S=D" "Mozilla/5.0 (Linux; Android 7.0;) AppleWebKit/537.36 (KHTML, like Gecko) Mobile Safari/537.36 (compatible; PetalBot;+https://webmaster.petalsearch.com/site/petalbot)" "nobbycosmic.com"
114.119.128.40 - - [01/Sep/2022:04:48:22 -0700] "GET /NJCA/NY12/PicturePages/?D=A HTTP/1.1" 200 1411 "https://nobbycosmic.com/NJCA/NY12/PicturePages?S=D" "Mozilla/5.0 (Linux; Android 7.0;) AppleWebKit/537.36 (KHTML, like Gecko) Mobile Safari/537.36 (compatible; PetalBot;+https://webmaster.petalsearch.com/site/petalbot)" "nobbycosmic.com"
114.119.128.26 - - [01/Sep/2022:04:53:19 -0700] "GET /JCCC/JCCC20201231.pdf HTTP/1.1" 200 877990 "https://nobbycosmic.com/JCCC/?C=M%3BO%3DA" "Mozilla/5.0 (Linux; Android 7.0;) AppleWebKit/537.36 (KHTML, like Gecko) Mobile Safari/537.36 (compatible; PetalBot;+https://webmaster.petalsearch.com/site/petalbot)" "nobbycosmic.com"
216.244.66.200 - - [01/Sep/2022:04:56:05 -0700] "GET /robots.txt HTTP/1.1" 200 61 "-" "Mozilla/5.0 (compatible; DotBot/1.2; +https://opensiteexplorer.org/dotbot; help@moz.com)" "nobbycosmic.com"
114.119.128.26 - - [01/Sep/2022:04:56:56 -0700] "GET /Card/Card04/Card04.htm HTTP/1.1" 200 721 "https://nobbycosmic.com/Card/Card04" "Mozilla/5.0 (Linux; Android 7.0;) AppleWebKit/537.36 (KHTML, like Gecko) Mobile Safari/537.36 (compatible; PetalBot;+https://webmaster.petalsearch.com/site/petalbot)" "nobbycosmic.com"
114.119.128.40 - - [01/Sep/2022:05:00:44 -0700] "GET /NJCA/Document/NJCARentalForm.doc HTTP/1.1" 200 113152 "https://nobbycosmic.com/NJCA/Document/" "Mozilla/5.0 (Linux; Android 7.0;) AppleWebKit/537.36 (KHTML, like Gecko) Mobile Safari/537.36 (compatible; PetalBot;+https://webmaster.petalsearch.com/site/petalbot)" "nobbycosmic.com"
114.119.128.26 - - [01/Sep/2022:05:05:30 -0700] "GET /Card/Card07/Card07.htm HTTP/1.1" 200 868 "https://nobbycosmic.com/Card/Card07" "Mozilla/5.0 (Linux; Android 7.0;) AppleWebKit/537.36 (KHTML, like Gecko) Mobile Safari/537.36 (compatible; PetalBot;+https://webmaster.petalsearch.com/site/petalbot)" "nobbycosmic.com"
114.119.128.26 - - [01/Sep/2022:05:09:19 -0700] "GET /NJCA?S=A HTTP/1.1" 301 1416 "https://nobbycosmic.com/NJCA?M=D" "Mozilla/5.0 (Linux; Android 7.0;) AppleWebKit/537.36 (KHTML, like Gecko) Mobile Safari/537.36 (compatible; PetalBot;+https://webmaster.petalsearch.com/site/petalbot)" "nobbycosmic.com"
114.119.128.26 - - [01/Sep/2022:05:09:26 -0700] "GET /NJCA/?S=A HTTP/1.1" 200 1569 "https://nobbycosmic.com/NJCA?M=D" "Mozilla/5.0 (Linux; Android 7.0;) AppleWebKit/537.36 (KHTML, like Gecko) Mobile Safari/537.36 (compatible; PetalBot;+https://webmaster.petalsearch.com/site/petalbot)" "nobbycosmic.com"
114.119.128.26 - - [01/Sep/2022:05:14:04 -0700] "GET /NJCA/NY10/NJCAApplication0.pdf HTTP/1.1" 200 54486 "https://nobbycosmic.com/NJCA/NY10/" "Mozilla/5.0 (Linux; Android 7.0;) AppleWebKit/537.36 (KHTML, like Gecko) Mobile Safari/537.36 (compatible; PetalBot;+https://webmaster.petalsearch.com/site/petalbot)" "nobbycosmic.com"
42.236.10.113 - - [01/Sep/2022:05:15:16 -0700] "GET / HTTP/1.1" 200 3158 "https://nobbycosmic.com/" "Mozilla/5.0 (Windows NT 6.1; WOW64) AppleWebKit/537.36 (KHTML, like Gecko) Chrome/50.0.2661.102 Safari/537.36; 360Spider" "nobbycosmic.com"
42.236.10.121 - - [01/Sep/2022:05:19:04 -0700] "GET / HTTP/1.1" 200 3158 "https://nobbycosmic.com/" "Mozilla/5.0 (Windows NT 6.1; WOW64) AppleWebKit/537.36 (KHTML, like Gecko) Chrome/50.0.2661.102 Safari/537.36; 360Spider" "nobbycosmic.com"
114.119.128.26 - - [01/Sep/2022:05:19:06 -0700] "GET /NJCA/Transfer?S=A HTTP/1.1" 301 1423 "https://nobbycosmic.com/NJCA/Transfer?M=D" "Mozilla/5.0 (Linux; Android 7.0;) AppleWebKit/537.36 (KHTML, like Gecko) Mobile Safari/537.36 (compatible; PetalBot;+https://webmaster.petalsearch.com/site/petalbot)" "nobbycosmic.com"
114.119.128.26 - - [01/Sep/2022:05:19:10 -0700] "GET /NJCA/Transfer/?S=A HTTP/1.1" 200 635 "https://nobbycosmic.com/NJCA/Transfer?M=D" "Mozilla/5.0 (Linux; Android 7.0;) AppleWebKit/537.36 (KHTML, like Gecko) Mobile Safari/537.36 (compatible; PetalBot;+https://webmaster.petalsearch.com/site/petalbot)" "nobbycosmic.com"
42.236.10.74 - - [01/Sep/2022:05:20:45 -0700] "GET / HTTP/1.1" 200 3158 "https://www.nobbycosmic.com/" "Mozilla/5.0 (Windows NT 6.1; WOW64) AppleWebKit/537.36 (KHTML, like Gecko) Chrome/50.0.2661.102 Safari/537.36; 360Spider" "www.nobbycosmic.com"
180.163.220.45 - - [01/Sep/2022:05:21:27 -0700] "GET / HTTP/1.1" 200 3158 "https://www.nobbycosmic.com/" "Mozilla/5.0 (Windows NT 6.1; WOW64) AppleWebKit/537.36 (KHTML, like Gecko) Chrome/50.0.2661.102 Safari/537.36; 360Spider" "www.nobbycosmic.com"
114.119.128.26 - - [01/Sep/2022:05:24:32 -0700] "GET /NJCA/NY11?C=M%3BO%3DA HTTP/1.1" 301 1430 "https://nobbycosmic.com/NJCA/NY11?C=N%3BO%3DD" "Mozilla/5.0 (Linux; Android 7.0;) AppleWebKit/537.36 (KHTML, like Gecko) Mobile Safari/537.36 (compatible; PetalBot;+https://webmaster.petalsearch.com/site/petalbot)" "nobbycosmic.com"
114.119.128.26 - - [01/Sep/2022:05:24:33 -0700] "GET /NJCA/NY11/?C=M%3BO%3DA HTTP/1.1" 200 855 "https://nobbycosmic.com/NJCA/NY11?C=N%3BO%3DD" "Mozilla/5.0 (Linux; Android 7.0;) AppleWebKit/537.36 (KHTML, like Gecko) Mobile Safari/537.36 (compatible; PetalBot;+https://webmaster.petalsearch.com/site/petalbot)" "nobbycosmic.com"
114.119.128.26 - - [01/Sep/2022:05:28:20 -0700] "GET /NJCA/BBQ10/BBQStr10V.htm HTTP/1.1" 200 2996 "https://nobbycosmic.com/NJCA/BBQ10/?C=M%3BO%3DA" "Mozilla/5.0 (Linux; Android 7.0;) AppleWebKit/537.36 (KHTML, like Gecko) Mobile Safari/537.36 (compatible; PetalBot;+https://webmaster.petalsearch.com/site/petalbot)" "nobbycosmic.com"
114.119.128.40 - - [01/Sep/2022:05:33:15 -0700] "GET /NJCA/BBQ11/?C=D%3BO%3DA HTTP/1.1" 200 1906 "https://nobbycosmic.com/NJCA/BBQ11?D=A" "Mozilla/5.0 (Linux; Android 7.0;) AppleWebKit/537.36 (KHTML, like Gecko) Mobile Safari/537.36 (compatible; PetalBot;+https://webmaster.petalsearch.com/site/petalbot)" "nobbycosmic.com"
114.119.128.40 - - [01/Sep/2022:05:37:02 -0700] "GET /Card/Card01/Card01.htm HTTP/1.1" 200 787 "https://nobbycosmic.com/Card/Card01/?C=M%3BO%3DA" "Mozilla/5.0 (Linux; Android 7.0;) AppleWebKit/537.36 (KHTML, like Gecko) Mobile Safari/537.36 (compatible; PetalBot;+https://webmaster.petalsearch.com/site/petalbot)" "nobbycosmic.com"
114.119.128.40 - - [01/Sep/2022:05:40:50 -0700] "GET /NJCA/NJCAByLaws.pdf HTTP/1.1" 200 112028 "https://nobbycosmic.com/NJCA?C=N%3BO%3DD" "Mozilla/5.0 (Linux; Android 7.0;) AppleWebKit/537.36 (KHTML, like Gecko) Mobile Safari/537.36 (compatible; PetalBot;+https://webmaster.petalsearch.com/site/petalbot)" "nobbycosmic.com"
216.244.66.200 - - [01/Sep/2022:05:43:19 -0700] "GET /robots.txt HTTP/1.1" 200 61 "-" "Mozilla/5.0 (compatible; DotBot/1.2; +https://opensiteexplorer.org/dotbot; help@moz.com)" "nobbycosmic.com"
114.119.128.26 - - [01/Sep/2022:05:45:45 -0700] "GET /NJCA HTTP/1.1" 301 1412 "https://nobbycosmic.com/NJCA/BBQ99?S=A" "Mozilla/5.0 (Linux; Android 7.0;) AppleWebKit/537.36 (KHTML, like Gecko) Mobile Safari/537.36 (compatible; PetalBot;+https://webmaster.petalsearch.com/site/petalbot)" "nobbycosmic.com"
114.119.128.26 - - [01/Sep/2022:05:45:46 -0700] "GET /NJCA/ HTTP/1.1" 200 1569 "https://nobbycosmic.com/NJCA/BBQ99?S=A" "Mozilla/5.0 (Linux; Android 7.0;) AppleWebKit/537.36 (KHTML, like Gecko) Mobile Safari/537.36 (compatible; PetalBot;+https://webmaster.petalsearch.com/site/petalbot)" "nobbycosmic.com"
114.119.128.26 - - [01/Sep/2022:05:49:32 -0700] "GET /Utagoe/2016Summer/Utagoe201608.htm HTTP/1.1" 200 4191 "https://www.nobbycosmic.com/Utagoe/Utagoe.htm" "Mozilla/5.0 (Linux; Android 7.0;) AppleWebKit/537.36 (KHTML, like Gecko) Mobile Safari/537.36 (compatible; PetalBot;+https://webmaster.petalsearch.com/site/petalbot)" "nobbycosmic.com"
114.119.128.40 - - [01/Sep/2022:05:54:28 -0700] "GET /Card/Card09/?C=D%3BO%3DA HTTP/1.1" 200 447 "https://nobbycosmic.com/Card/Card09" "Mozilla/5.0 (Linux; Android 7.0;) AppleWebKit/537.36 (KHTML, like Gecko) Mobile Safari/537.36 (compatible; PetalBot;+https://webmaster.petalsearch.com/site/petalbot)" "nobbycosmic.com"
114.119.128.40 - - [01/Sep/2022:05:58:15 -0700] "GET /Utagoe/0909.htm HTTP/1.1" 200 577 "https://nobbycosmic.com/Utagoe/" "Mozilla/5.0 (Linux; Android 7.0;) AppleWebKit/537.36 (KHTML, like Gecko) Mobile Safari/537.36 (compatible; PetalBot;+https://webmaster.petalsearch.com/site/petalbot)" "nobbycosmic.com"
114.119.128.26 - - [01/Sep/2022:06:02:07 -0700] "GET /NJCA/BBQ10/BBQPicture2010.htm HTTP/1.1" 200 2078 "https://nobbycosmic.com/NJCA/BBQ10/?C=M%3BO%3DA" "Mozilla/5.0 (Linux; Android 7.0;) AppleWebKit/537.36 (KHTML, like Gecko) Mobile Safari/537.36 (compatible; PetalBot;+https://webmaster.petalsearch.com/site/petalbot)" "nobbycosmic.com"
114.119.128.40 - - [01/Sep/2022:06:07:07 -0700] "GET /Card/Card98 HTTP/1.1" 301 1414 "https://nobbycosmic.com/Card?C=D%3BO%3DA" "Mozilla/5.0 (Linux; Android 7.0;) AppleWebKit/537.36 (KHTML, like Gecko) Mobile Safari/537.36 (compatible; PetalBot;+https://webmaster.petalsearch.com/site/petalbot)" "nobbycosmic.com"
114.119.128.40 - - [01/Sep/2022:06:07:08 -0700] "GET /Card/Card98/ HTTP/1.1" 200 440 "https://nobbycosmic.com/Card?C=D%3BO%3DA" "Mozilla/5.0 (Linux; Android 7.0;) AppleWebKit/537.36 (KHTML, like Gecko) Mobile Safari/537.36 (compatible; PetalBot;+https://webmaster.petalsearch.com/site/petalbot)" "nobbycosmic.com"
114.119.128.26 - - [01/Sep/2022:06:10:56 -0700] "GET /NJCA/Charity/UPDATED_Application_to_Register_a_Charity_-_Feb_5_2010.txt HTTP/1.1" 200 1382 "https://nobbycosmic.com/NJCA/Charity?M=D" "Mozilla/5.0 (Linux; Android 7.0;) AppleWebKit/537.36 (KHTML, like Gecko) Mobile Safari/537.36 (compatible; PetalBot;+https://webmaster.petalsearch.com/site/petalbot)" "nobbycosmic.com"
114.119.128.40 - - [01/Sep/2022:06:15:58 -0700] "GET /NJCA/BBQ99/?C=M%3BO%3DA HTTP/1.1" 200 644 "https://nobbycosmic.com/NJCA/BBQ99?N=A" "Mozilla/5.0 (Linux; Android 7.0;) AppleWebKit/537.36 (KHTML, like Gecko) Mobile Safari/537.36 (compatible; PetalBot;+https://webmaster.petalsearch.com/site/petalbot)" "nobbycosmic.com"
114.119.128.26 - - [01/Sep/2022:06:19:47 -0700] "GET /Utagoe/NYsongs?C=N%3BO%3DD HTTP/1.1" 301 1431 "https://nobbycosmic.com/Utagoe/NYsongs?C=M%3BO%3DA" "Mozilla/5.0 (Linux; Android 7.0;) AppleWebKit/537.36 (KHTML, like Gecko) Mobile Safari/537.36 (compatible; PetalBot;+https://webmaster.petalsearch.com/site/petalbot)" "nobbycosmic.com"
114.119.128.26 - - [01/Sep/2022:06:19:48 -0700] "GET /Utagoe/NYsongs/?C=N%3BO%3DD HTTP/1.1" 200 377 "https://nobbycosmic.com/Utagoe/NYsongs?C=M%3BO%3DA" "Mozilla/5.0 (Linux; Android 7.0;) AppleWebKit/537.36 (KHTML, like Gecko) Mobile Safari/537.36 (compatible; PetalBot;+https://webmaster.petalsearch.com/site/petalbot)" "nobbycosmic.com"
72.143.204.56 - - [01/Sep/2022:06:24:11 -0700] "GET /BabyTalks/BTList.htm HTTP/1.1" 200 10239 "-" "Mozilla/5.0 (iPhone; CPU iPhone OS 15_6_1 like Mac OS X) AppleWebKit/605.1.15 (KHTML, like Gecko) Mobile/15E148 Safari Line/12.13.0" "nobbycosmic.com"
72.143.204.56 - - [01/Sep/2022:06:24:12 -0700] "GET /BabyTalks/BTFBanner1.jpg HTTP/1.1" 200 9524 "https://nobbycosmic.com/BabyTalks/BTList.htm" "Mozilla/5.0 (iPhone; CPU iPhone OS 15_6_1 like Mac OS X) AppleWebKit/605.1.15 (KHTML, like Gecko) Mobile/15E148 Safari Line/12.13.0" "nobbycosmic.com"
72.143.204.56 - - [01/Sep/2022:06:24:12 -0700] "GET /BabyTalks/hiyoko.gif HTTP/1.1" 200 10361 "https://nobbycosmic.com/BabyTalks/BTList.htm" "Mozilla/5.0 (iPhone; CPU iPhone OS 15_6_1 like Mac OS X) AppleWebKit/605.1.15 (KHTML, like Gecko) Mobile/15E148 Safari Line/12.13.0" "nobbycosmic.com"
72.143.204.56 - - [01/Sep/2022:06:24:12 -0700] "GET /BabyTalks/Group.jpg HTTP/1.1" 200 54379 "https://nobbycosmic.com/BabyTalks/BTList.htm" "Mozilla/5.0 (iPhone; CPU iPhone OS 15_6_1 like Mac OS X) AppleWebKit/605.1.15 (KHTML, like Gecko) Mobile/15E148 Safari Line/12.13.0" "nobbycosmic.com"
72.143.204.56 - - [01/Sep/2022:06:24:12 -0700] "GET /BabyTalks/BTFBanner2.jpg HTTP/1.1" 200 4273 "https://nobbycosmic.com/BabyTalks/BTList.htm" "Mozilla/5.0 (iPhone; CPU iPhone OS 15_6_1 like Mac OS X) AppleWebKit/605.1.15 (KHTML, like Gecko) Mobile/15E148 Safari Line/12.13.0" "nobbycosmic.com"
72.143.204.56 - - [01/Sep/2022:06:24:12 -0700] "GET /BabyTalks/blue_next.gif HTTP/1.1" 200 138 "https://nobbycosmic.com/BabyTalks/BTList.htm" "Mozilla/5.0 (iPhone; CPU iPhone OS 15_6_1 like Mac OS X) AppleWebKit/605.1.15 (KHTML, like Gecko) Mobile/15E148 Safari Line/12.13.0" "nobbycosmic.com"
72.143.204.56 - - [01/Sep/2022:06:24:12 -0700] "GET /BabyTalks/SakuraMark2.jpg HTTP/1.1" 200 933 "https://nobbycosmic.com/BabyTalks/BTList.htm" "Mozilla/5.0 (iPhone; CPU iPhone OS 15_6_1 like Mac OS X) AppleWebKit/605.1.15 (KHTML, like Gecko) Mobile/15E148 Safari Line/12.13.0" "nobbycosmic.com"
72.143.204.56 - - [01/Sep/2022:06:24:12 -0700] "GET /BabyTalks/FTFMemberDistChart.jpg HTTP/1.1" 200 61359 "https://nobbycosmic.com/BabyTalks/BTList.htm" "Mozilla/5.0 (iPhone; CPU iPhone OS 15_6_1 like Mac OS X) AppleWebKit/605.1.15 (KHTML, like Gecko) Mobile/15E148 Safari Line/12.13.0" "nobbycosmic.com"
114.119.128.40 - - [01/Sep/2022:06:24:45 -0700] "GET /NJCA/AGM06?C=M%3BO%3DA HTTP/1.1" 301 1432 "https://nobbycosmic.com/NJCA/AGM06?D=D" "Mozilla/5.0 (Linux; Android 7.0;) AppleWebKit/537.36 (KHTML, like Gecko) Mobile Safari/537.36 (compatible; PetalBot;+https://webmaster.petalsearch.com/site/petalbot)" "nobbycosmic.com"
114.119.128.40 - - [01/Sep/2022:06:24:46 -0700] "GET /NJCA/AGM06/?C=M%3BO%3DA HTTP/1.1" 200 395 "https://nobbycosmic.com/NJCA/AGM06?D=D" "Mozilla/5.0 (Linux; Android 7.0;) AppleWebKit/537.36 (KHTML, like Gecko) Mobile Safari/537.36 (compatible; PetalBot;+https://webmaster.petalsearch.com/site/petalbot)" "nobbycosmic.com"
72.143.204.56 - - [01/Sep/2022:06:24:56 -0700] "GET /BabyTalks/BTList.htm HTTP/1.1" 200 10239 "-" "Mozilla/5.0 (iPhone; CPU iPhone OS 15_6_1 like Mac OS X) AppleWebKit/605.1.15 (KHTML, like Gecko) Version/15.6.1 Mobile/15E148 Safari/604.1" "nobbycosmic.com"
72.143.204.56 - - [01/Sep/2022:06:24:56 -0700] "GET /BabyTalks/BTFBanner2.jpg HTTP/1.1" 200 4273 "https://nobbycosmic.com/BabyTalks/BTList.htm" "Mozilla/5.0 (iPhone; CPU iPhone OS 15_6_1 like Mac OS X) AppleWebKit/605.1.15 (KHTML, like Gecko) Version/15.6.1 Mobile/15E148 Safari/604.1" "nobbycosmic.com"
72.143.204.56 - - [01/Sep/2022:06:24:56 -0700] "GET /BabyTalks/BTFBanner1.jpg HTTP/1.1" 200 9524 "https://nobbycosmic.com/BabyTalks/BTList.htm" "Mozilla/5.0 (iPhone; CPU iPhone OS 15_6_1 like Mac OS X) AppleWebKit/605.1.15 (KHTML, like Gecko) Version/15.6.1 Mobile/15E148 Safari/604.1" "nobbycosmic.com"
72.143.204.56 - - [01/Sep/2022:06:24:56 -0700] "GET /BabyTalks/hiyoko.gif HTTP/1.1" 200 10361 "https://nobbycosmic.com/BabyTalks/BTList.htm" "Mozilla/5.0 (iPhone; CPU iPhone OS 15_6_1 like Mac OS X) AppleWebKit/605.1.15 (KHTML, like Gecko) Version/15.6.1 Mobile/15E148 Safari/604.1" "nobbycosmic.com"
72.143.204.56 - - [01/Sep/2022:06:24:56 -0700] "GET /BabyTalks/Group.jpg HTTP/1.1" 200 54379 "https://nobbycosmic.com/BabyTalks/BTList.htm" "Mozilla/5.0 (iPhone; CPU iPhone OS 15_6_1 like Mac OS X) AppleWebKit/605.1.15 (KHTML, like Gecko) Version/15.6.1 Mobile/15E148 Safari/604.1" "nobbycosmic.com"
72.143.204.56 - - [01/Sep/2022:06:24:57 -0700] "GET /BabyTalks/blue_next.gif HTTP/1.1" 200 138 "https://nobbycosmic.com/BabyTalks/BTList.htm" "Mozilla/5.0 (iPhone; CPU iPhone OS 15_6_1 like Mac OS X) AppleWebKit/605.1.15 (KHTML, like Gecko) Version/15.6.1 Mobile/15E148 Safari/604.1" "nobbycosmic.com"
72.143.204.56 - - [01/Sep/2022:06:24:57 -0700] "GET /BabyTalks/SakuraMark2.jpg HTTP/1.1" 200 933 "https://nobbycosmic.com/BabyTalks/BTList.htm" "Mozilla/5.0 (iPhone; CPU iPhone OS 15_6_1 like Mac OS X) AppleWebKit/605.1.15 (KHTML, like Gecko) Version/15.6.1 Mobile/15E148 Safari/604.1" "nobbycosmic.com"
72.143.204.56 - - [01/Sep/2022:06:24:57 -0700] "GET /BabyTalks/FTFMemberDistChart.jpg HTTP/1.1" 200 61359 "https://nobbycosmic.com/BabyTalks/BTList.htm" "Mozilla/5.0 (iPhone; CPU iPhone OS 15_6_1 like Mac OS X) AppleWebKit/605.1.15 (KHTML, like Gecko) Version/15.6.1 Mobile/15E148 Safari/604.1" "nobbycosmic.com"
72.143.204.56 - - [01/Sep/2022:06:24:58 -0700] "GET /favicon.ico HTTP/1.1" 404 88 "https://nobbycosmic.com/BabyTalks/BTList.htm" "Mozilla/5.0 (iPhone; CPU iPhone OS 15_6_1 like Mac OS X) AppleWebKit/605.1.15 (KHTML, like Gecko) Version/15.6.1 Mobile/15E148 Safari/604.1" "nobbycosmic.com"
114.119.128.40 - - [01/Sep/2022:06:28:36 -0700] "GET /NJCA/NY08/Pictures/?C=S%3BO%3DA HTTP/1.1" 200 1381 "https://nobbycosmic.com/NJCA/NY08/Pictures?M=D" "Mozilla/5.0 (Linux; Android 7.0;) AppleWebKit/537.36 (KHTML, like Gecko) Mobile Safari/537.36 (compatible; PetalBot;+https://webmaster.petalsearch.com/site/petalbot)" "nobbycosmic.com"
216.244.66.200 - - [01/Sep/2022:06:30:19 -0700] "GET /robots.txt HTTP/1.1" 200 61 "-" "Mozilla/5.0 (compatible; DotBot/1.2; +https://opensiteexplorer.org/dotbot; help@moz.com)" "nobbycosmic.com"
114.119.128.26 - - [01/Sep/2022:06:32:31 -0700] "GET /NJCA/NY09/Pictures?N=A HTTP/1.1" 301 1428 "https://nobbycosmic.com/NJCA/NY09/Pictures?S=D" "Mozilla/5.0 (Linux; Android 7.0;) AppleWebKit/537.36 (KHTML, like Gecko) Mobile Safari/537.36 (compatible; PetalBot;+https://webmaster.petalsearch.com/site/petalbot)" "nobbycosmic.com"
114.119.128.26 - - [01/Sep/2022:06:32:31 -0700] "GET /NJCA/NY09/Pictures/?N=A HTTP/1.1" 200 1210 "https://nobbycosmic.com/NJCA/NY09/Pictures?S=D" "Mozilla/5.0 (Linux; Android 7.0;) AppleWebKit/537.36 (KHTML, like Gecko) Mobile Safari/537.36 (compatible; PetalBot;+https://webmaster.petalsearch.com/site/petalbot)" "nobbycosmic.com"
114.119.128.40 - - [01/Sep/2022:06:37:37 -0700] "GET /NJCA/BBQ07?C=M%3BO%3DA HTTP/1.1" 301 1432 "https://nobbycosmic.com/NJCA/BBQ07?M=D" "Mozilla/5.0 (Linux; Android 7.0;) AppleWebKit/537.36 (KHTML, like Gecko) Mobile Safari/537.36 (compatible; PetalBot;+https://webmaster.petalsearch.com/site/petalbot)" "nobbycosmic.com"
114.119.128.40 - - [01/Sep/2022:06:37:39 -0700] "GET /NJCA/BBQ07/?C=M%3BO%3DA HTTP/1.1" 200 601 "https://nobbycosmic.com/NJCA/BBQ07?M=D" "Mozilla/5.0 (Linux; Android 7.0;) AppleWebKit/537.36 (KHTML, like Gecko) Mobile Safari/537.36 (compatible; PetalBot;+https://webmaster.petalsearch.com/site/petalbot)" "nobbycosmic.com"
114.119.128.26 - - [01/Sep/2022:06:41:32 -0700] "GET /Utagoe/60th?C=N%3BO%3DD HTTP/1.1" 301 1429 "https://nobbycosmic.com/Utagoe/60th?C=D%3BO%3DA" "Mozilla/5.0 (Linux; Android 7.0;) AppleWebKit/537.36 (KHTML, like Gecko) Mobile Safari/537.36 (compatible; PetalBot;+https://webmaster.petalsearch.com/site/petalbot)" "nobbycosmic.com"
114.119.128.26 - - [01/Sep/2022:06:41:34 -0700] "GET /Utagoe/60th/?C=N%3BO%3DD HTTP/1.1" 200 488 "https://nobbycosmic.com/Utagoe/60th?C=D%3BO%3DA" "Mozilla/5.0 (Linux; Android 7.0;) AppleWebKit/537.36 (KHTML, like Gecko) Mobile Safari/537.36 (compatible; PetalBot;+https://webmaster.petalsearch.com/site/petalbot)" "nobbycosmic.com"
114.119.128.26 - - [01/Sep/2022:06:46:35 -0700] "GET /Card/Card04?C=S%3BO%3DA HTTP/1.1" 301 1427 "https://nobbycosmic.com/Card/Card04?C=D%3BO%3DA" "Mozilla/5.0 (Linux; Android 7.0;) AppleWebKit/537.36 (KHTML, like Gecko) Mobile Safari/537.36 (compatible; PetalBot;+https://webmaster.petalsearch.com/site/petalbot)" "nobbycosmic.com"
114.119.128.26 - - [01/Sep/2022:06:46:35 -0700] "GET /Card/Card04/?C=S%3BO%3DA HTTP/1.1" 200 450 "https://nobbycosmic.com/Card/Card04?C=D%3BO%3DA" "Mozilla/5.0 (Linux; Android 7.0;) AppleWebKit/537.36 (KHTML, like Gecko) Mobile Safari/537.36 (compatible; PetalBot;+https://webmaster.petalsearch.com/site/petalbot)" "nobbycosmic.com"
114.119.128.40 - - [01/Sep/2022:06:50:37 -0700] "GET /NJCA/AGM06?N=A HTTP/1.1" 301 1423 "https://nobbycosmic.com/NJCA/AGM06?N=D" "Mozilla/5.0 (Linux; Android 7.0;) AppleWebKit/537.36 (KHTML, like Gecko) Mobile Safari/537.36 (compatible; PetalBot;+https://webmaster.petalsearch.com/site/petalbot)" "nobbycosmic.com"
114.119.128.40 - - [01/Sep/2022:06:50:38 -0700] "GET /NJCA/AGM06/?N=A HTTP/1.1" 200 395 "https://nobbycosmic.com/NJCA/AGM06?N=D" "Mozilla/5.0 (Linux; Android 7.0;) AppleWebKit/537.36 (KHTML, like Gecko) Mobile Safari/537.36 (compatible; PetalBot;+https://webmaster.petalsearch.com/site/petalbot)" "nobbycosmic.com"
114.119.128.26 - - [01/Sep/2022:06:54:36 -0700] "GET /Utagoe/Shinjuku2007?C=M%3BO%3DA HTTP/1.1" 301 1437 "https://nobbycosmic.com/Utagoe/Shinjuku2007?C=N%3BO%3DD" "Mozilla/5.0 (Linux; Android 7.0;) AppleWebKit/537.36 (KHTML, like Gecko) Mobile Safari/537.36 (compatible; PetalBot;+https://webmaster.petalsearch.com/site/petalbot)" "nobbycosmic.com"
108.162.132.112 - - [01/Sep/2022:07:00:02 -0700] "GET /Utagoe/2022Summer/Utagoe202208.htm HTTP/1.1" 200 2832 "-" "Mozilla/5.0 (Windows NT 10.0; Win64; x64) AppleWebKit/537.36 (KHTML, like Gecko) Chrome/104.0.0.0 Safari/537.36" "nobbycosmic.com"
108.162.132.112 - - [01/Sep/2022:07:00:03 -0700] "GET /Utagoe/2022Summer/2022082701Sun.jpg HTTP/1.1" 200 43206 "https://nobbycosmic.com/Utagoe/2022Summer/Utagoe202208.htm" "Mozilla/5.0 (Windows NT 10.0; Win64; x64) AppleWebKit/537.36 (KHTML, like Gecko) Chrome/104.0.0.0 Safari/537.36" "nobbycosmic.com"
108.162.132.112 - - [01/Sep/2022:07:00:03 -0700] "GET /Utagoe/2022Summer/2022082703Tree.JPG HTTP/1.1" 200 130838 "https://nobbycosmic.com/Utagoe/2022Summer/Utagoe202208.htm" "Mozilla/5.0 (Windows NT 10.0; Win64; x64) AppleWebKit/537.36 (KHTML, like Gecko) Chrome/104.0.0.0 Safari/537.36" "nobbycosmic.com"
108.162.132.112 - - [01/Sep/2022:07:00:03 -0700] "GET /Utagoe/2022Summer/2022082704Tree.jpg HTTP/1.1" 200 107210 "https://nobbycosmic.com/Utagoe/2022Summer/Utagoe202208.htm" "Mozilla/5.0 (Windows NT 10.0; Win64; x64) AppleWebKit/537.36 (KHTML, like Gecko) Chrome/104.0.0.0 Safari/537.36" "nobbycosmic.com"
108.162.132.112 - - [01/Sep/2022:07:00:03 -0700] "GET /Utagoe/2022Summer/2022082705Prep.jpg HTTP/1.1" 200 83979 "https://nobbycosmic.com/Utagoe/2022Summer/Utagoe202208.htm" "Mozilla/5.0 (Windows NT 10.0; Win64; x64) AppleWebKit/537.36 (KHTML, like Gecko) Chrome/104.0.0.0 Safari/537.36" "nobbycosmic.com"
108.162.132.112 - - [01/Sep/2022:07:00:03 -0700] "GET /Utagoe/2022Summer/2022082706Prep.jpg HTTP/1.1" 200 129100 "https://nobbycosmic.com/Utagoe/2022Summer/Utagoe202208.htm" "Mozilla/5.0 (Windows NT 10.0; Win64; x64) AppleWebKit/537.36 (KHTML, like Gecko) Chrome/104.0.0.0 Safari/537.36" "nobbycosmic.com"
108.162.132.112 - - [01/Sep/2022:07:00:03 -0700] "GET /Utagoe/2022Summer/2022082702BlueSky.jpg HTTP/1.1" 200 30483 "https://nobbycosmic.com/Utagoe/2022Summer/Utagoe202208.htm" "Mozilla/5.0 (Windows NT 10.0; Win64; x64) AppleWebKit/537.36 (KHTML, like Gecko) Chrome/104.0.0.0 Safari/537.36" "nobbycosmic.com"
108.162.132.112 - - [01/Sep/2022:07:00:03 -0700] "GET /Utagoe/2022Summer/2022082712Songs.JPG HTTP/1.1" 200 128747 "https://nobbycosmic.com/Utagoe/2022Summer/Utagoe202208.htm" "Mozilla/5.0 (Windows NT 10.0; Win64; x64) AppleWebKit/537.36 (KHTML, like Gecko) Chrome/104.0.0.0 Safari/537.36" "nobbycosmic.com"
108.162.132.112 - - [01/Sep/2022:07:00:03 -0700] "GET /Utagoe/2022Summer/2022082713Songs.JPG HTTP/1.1" 200 147773 "https://nobbycosmic.com/Utagoe/2022Summer/Utagoe202208.htm" "Mozilla/5.0 (Windows NT 10.0; Win64; x64) AppleWebKit/537.36 (KHTML, like Gecko) Chrome/104.0.0.0 Safari/537.36" "nobbycosmic.com"
108.162.132.112 - - [01/Sep/2022:07:00:03 -0700] "GET /Utagoe/2022Summer/2022082711Lunch.JPG HTTP/1.1" 200 137587 "https://nobbycosmic.com/Utagoe/2022Summer/Utagoe202208.htm" "Mozilla/5.0 (Windows NT 10.0; Win64; x64) AppleWebKit/537.36 (KHTML, like Gecko) Chrome/104.0.0.0 Safari/537.36" "nobbycosmic.com"
108.162.132.112 - - [01/Sep/2022:07:00:03 -0700] "GET /Utagoe/2022Summer/2022082708Session.JPG HTTP/1.1" 200 133126 "https://nobbycosmic.com/Utagoe/2022Summer/Utagoe202208.htm" "Mozilla/5.0 (Windows NT 10.0; Win64; x64) AppleWebKit/537.36 (KHTML, like Gecko) Chrome/104.0.0.0 Safari/537.36" "nobbycosmic.com"
108.162.132.112 - - [01/Sep/2022:07:00:04 -0700] "GET /Utagoe/2022Summer/2022082710Band.JPG HTTP/1.1" 200 139648 "https://nobbycosmic.com/Utagoe/2022Summer/Utagoe202208.htm" "Mozilla/5.0 (Windows NT 10.0; Win64; x64) AppleWebKit/537.36 (KHTML, like Gecko) Chrome/104.0.0.0 Safari/537.36" "nobbycosmic.com"
108.162.132.112 - - [01/Sep/2022:07:00:04 -0700] "GET /Utagoe/2022Summer/2022082707Session.JPG HTTP/1.1" 200 148214 "https://nobbycosmic.com/Utagoe/2022Summer/Utagoe202208.htm" "Mozilla/5.0 (Windows NT 10.0; Win64; x64) AppleWebKit/537.36 (KHTML, like Gecko) Chrome/104.0.0.0 Safari/537.36" "nobbycosmic.com"
108.162.132.112 - - [01/Sep/2022:07:00:04 -0700] "GET /Utagoe/2022Summer/2022082709Band.JPG HTTP/1.1" 200 132981 "https://nobbycosmic.com/Utagoe/2022Summer/Utagoe202208.htm" "Mozilla/5.0 (Windows NT 10.0; Win64; x64) AppleWebKit/537.36 (KHTML, like Gecko) Chrome/104.0.0.0 Safari/537.36" "nobbycosmic.com"
108.162.132.112 - - [01/Sep/2022:07:00:04 -0700] "GET /Utagoe/2022Summer/2022082710Lunch.JPG HTTP/1.1" 200 148867 "https://nobbycosmic.com/Utagoe/2022Summer/Utagoe202208.htm" "Mozilla/5.0 (Windows NT 10.0; Win64; x64) AppleWebKit/537.36 (KHTML, like Gecko) Chrome/104.0.0.0 Safari/537.36" "nobbycosmic.com"
108.162.132.112 - - [01/Sep/2022:07:00:04 -0700] "GET /favicon.ico HTTP/1.1" 404 88 "https://nobbycosmic.com/Utagoe/2022Summer/Utagoe202208.htm" "Mozilla/5.0 (Windows NT 10.0; Win64; x64) AppleWebKit/537.36 (KHTML, like Gecko) Chrome/104.0.0.0 Safari/537.36" "nobbycosmic.com"
114.119.128.40 - - [01/Sep/2022:07:01:41 -0700] "GET /NJCA/AGM08 HTTP/1.1" 301 1418 "https://nobbycosmic.com/NJCA?M=A" "Mozilla/5.0 (Linux; Android 7.0;) AppleWebKit/537.36 (KHTML, like Gecko) Mobile Safari/537.36 (compatible; PetalBot;+https://webmaster.petalsearch.com/site/petalbot)" "nobbycosmic.com"
216.244.66.200 - - [01/Sep/2022:07:17:14 -0700] "GET /robots.txt HTTP/1.1" 200 61 "-" "Mozilla/5.0 (compatible; DotBot/1.2; +https://opensiteexplorer.org/dotbot; help@moz.com)" "nobbycosmic.com"
114.119.128.26 - - [01/Sep/2022:07:23:46 -0700] "GET /NJCA/BBQ10/JCCCFloorBBQ2010.pdf HTTP/1.1" 200 202551 "https://nobbycosmic.com/NJCA/BBQ10/?C=M%3BO%3DA" "Mozilla/5.0 (Linux; Android 7.0;) AppleWebKit/537.36 (KHTML, like Gecko) Mobile Safari/537.36 (compatible; PetalBot;+https://webmaster.petalsearch.com/site/petalbot)" "nobbycosmic.com"
1.192.195.5 - - [01/Sep/2022:07:30:00 -0700] "GET / HTTP/1.1" 200 3158 "https://nobbycosmic.com/" "Mozilla/5.0(compatible;MSIE9.0;WindowsNT6.1;Trident/5.0)" "nobbycosmic.com"
23.233.81.238 - - [01/Sep/2022:07:31:13 -0700] "GET /BabyTalks/FTFMember/MemberLists/FTFMemberListABC.htm HTTP/1.1" 401 90 "-" "Mozilla/5.0 (iPhone; CPU iPhone OS 15_6_1 like Mac OS X) AppleWebKit/605.1.15 (KHTML, like Gecko) Version/15.6.1 Mobile/15E148 Safari/604.1" "nobbycosmic.com"
23.233.81.238 - FTF [01/Sep/2022:07:31:27 -0700] "GET /BabyTalks/FTFMember/MemberLists/FTFMemberListABC.htm HTTP/1.1" 200 64106 "-" "Mozilla/5.0 (iPhone; CPU iPhone OS 15_6_1 like Mac OS X) AppleWebKit/605.1.15 (KHTML, like Gecko) Version/15.6.1 Mobile/15E148 Safari/604.1" "nobbycosmic.com"
114.119.128.26 - - [01/Sep/2022:07:44:21 -0700] "GET /Card?C=S%3BO%3DA HTTP/1.1" 301 1423 "https://nobbycosmic.com/Card" "Mozilla/5.0 (Linux; Android 7.0;) AppleWebKit/537.36 (KHTML, like Gecko) Mobile Safari/537.36 (compatible; PetalBot;+https://webmaster.petalsearch.com/site/petalbot)" "nobbycosmic.com"
114.119.128.26 - - [01/Sep/2022:07:44:22 -0700] "GET /Card/?C=S%3BO%3DA HTTP/1.1" 200 582 "https://nobbycosmic.com/Card" "Mozilla/5.0 (Linux; Android 7.0;) AppleWebKit/537.36 (KHTML, like Gecko) Mobile Safari/537.36 (compatible; PetalBot;+https://webmaster.petalsearch.com/site/petalbot)" "nobbycosmic.com"
203.10.99.174 - - [01/Sep/2022:07:56:09 -0700] "GET /BabyTalks/BTList.htm HTTP/1.1" 200 10239 "https://t.co/" "Mozilla/5.0 (iPhone; CPU iPhone OS 15_6 like Mac OS X) AppleWebKit/605.1.15 (KHTML, like Gecko) Version/15.6 Mobile/15E148 Safari/604.1" "nobbycosmic.com"
203.10.99.174 - - [01/Sep/2022:07:56:10 -0700] "GET /BabyTalks/hiyoko.gif HTTP/1.1" 200 10361 "https://nobbycosmic.com/BabyTalks/BTList.htm" "Mozilla/5.0 (iPhone; CPU iPhone OS 15_6 like Mac OS X) AppleWebKit/605.1.15 (KHTML, like Gecko) Version/15.6 Mobile/15E148 Safari/604.1" "nobbycosmic.com"
203.10.99.174 - - [01/Sep/2022:07:56:11 -0700] "GET /BabyTalks/BTFBanner1.jpg HTTP/1.1" 200 9524 "https://nobbycosmic.com/BabyTalks/BTList.htm" "Mozilla/5.0 (iPhone; CPU iPhone OS 15_6 like Mac OS X) AppleWebKit/605.1.15 (KHTML, like Gecko) Version/15.6 Mobile/15E148 Safari/604.1" "nobbycosmic.com"
203.10.99.174 - - [01/Sep/2022:07:56:11 -0700] "GET /BabyTalks/BTFBanner2.jpg HTTP/1.1" 200 4273 "https://nobbycosmic.com/BabyTalks/BTList.htm" "Mozilla/5.0 (iPhone; CPU iPhone OS 15_6 like Mac OS X) AppleWebKit/605.1.15 (KHTML, like Gecko) Version/15.6 Mobile/15E148 Safari/604.1" "nobbycosmic.com"
203.10.99.174 - - [01/Sep/2022:07:56:11 -0700] "GET /BabyTalks/Group.jpg HTTP/1.1" 200 54379 "https://nobbycosmic.com/BabyTalks/BTList.htm" "Mozilla/5.0 (iPhone; CPU iPhone OS 15_6 like Mac OS X) AppleWebKit/605.1.15 (KHTML, like Gecko) Version/15.6 Mobile/15E148 Safari/604.1" "nobbycosmic.com"
203.10.99.174 - - [01/Sep/2022:07:56:12 -0700] "GET /BabyTalks/blue_next.gif HTTP/1.1" 200 138 "https://nobbycosmic.com/BabyTalks/BTList.htm" "Mozilla/5.0 (iPhone; CPU iPhone OS 15_6 like Mac OS X) AppleWebKit/605.1.15 (KHTML, like Gecko) Version/15.6 Mobile/15E148 Safari/604.1" "nobbycosmic.com"
203.10.99.174 - - [01/Sep/2022:07:56:12 -0700] "GET /BabyTalks/SakuraMark2.jpg HTTP/1.1" 200 933 "https://nobbycosmic.com/BabyTalks/BTList.htm" "Mozilla/5.0 (iPhone; CPU iPhone OS 15_6 like Mac OS X) AppleWebKit/605.1.15 (KHTML, like Gecko) Version/15.6 Mobile/15E148 Safari/604.1" "nobbycosmic.com"
203.10.99.174 - - [01/Sep/2022:07:56:12 -0700] "GET /BabyTalks/FTFMemberDistChart.jpg HTTP/1.1" 200 61359 "https://nobbycosmic.com/BabyTalks/BTList.htm" "Mozilla/5.0 (iPhone; CPU iPhone OS 15_6 like Mac OS X) AppleWebKit/605.1.15 (KHTML, like Gecko) Version/15.6 Mobile/15E148 Safari/604.1" "nobbycosmic.com"
203.10.99.174 - - [01/Sep/2022:07:56:16 -0700] "GET /apple-touch-icon-precomposed.png HTTP/1.1" 404 88 "-" "Mozilla/5.0 (Macintosh; Intel Mac OS X 10_11_1) AppleWebKit/601.2.4 (KHTML, like Gecko) Version/9.0.1 Safari/601.2.4 facebookexternalhit/1.1 Facebot Twitterbot/1.0" "nobbycosmic.com"
203.10.99.174 - - [01/Sep/2022:07:56:17 -0700] "GET /favicon.ico HTTP/1.1" 404 88 "-" "Mozilla/5.0 (Macintosh; Intel Mac OS X 10_11_1) AppleWebKit/601.2.4 (KHTML, like Gecko) Version/9.0.1 Safari/601.2.4 facebookexternalhit/1.1 Facebot Twitterbot/1.0" "nobbycosmic.com"
203.10.99.174 - - [01/Sep/2022:07:56:17 -0700] "GET /apple-touch-icon.png HTTP/1.1" 404 88 "-" "Mozilla/5.0 (Macintosh; Intel Mac OS X 10_11_1) AppleWebKit/601.2.4 (KHTML, like Gecko) Version/9.0.1 Safari/601.2.4 facebookexternalhit/1.1 Facebot Twitterbot/1.0" "nobbycosmic.com"
216.244.66.200 - - [01/Sep/2022:08:03:47 -0700] "GET /robots.txt HTTP/1.1" 200 61 "-" "Mozilla/5.0 (compatible; DotBot/1.2; +https://opensiteexplorer.org/dotbot; help@moz.com)" "nobbycosmic.com"
147.92.179.107 - - [01/Sep/2022:08:05:54 -0700] "GET /BabyTalks/BTList.htm HTTP/1.1" 200 10239 "-" "facebookexternalhit/1.1;line-poker/1.0" "nobbycosmic.com"
147.92.179.107 - - [01/Sep/2022:08:05:54 -0700] "GET /BabyTalks/hiyoko.gif HTTP/1.1" 200 10361 "-" "facebookexternalhit/1.1;line-poker/1.0" "nobbycosmic.com"
147.92.179.107 - - [01/Sep/2022:08:05:54 -0700] "GET /BabyTalks/Group.jpg HTTP/1.1" 200 54379 "-" "facebookexternalhit/1.1;line-poker/1.0" "nobbycosmic.com"
147.92.179.107 - - [01/Sep/2022:08:05:54 -0700] "GET /BabyTalks/BTFBanner1.jpg HTTP/1.1" 200 9524 "-" "facebookexternalhit/1.1;line-poker/1.0" "nobbycosmic.com"
147.92.179.107 - - [01/Sep/2022:08:05:55 -0700] "GET /BabyTalks/blue_next.gif HTTP/1.1" 200 138 "-" "facebookexternalhit/1.1;line-poker/1.0" "nobbycosmic.com"
147.92.179.107 - - [01/Sep/2022:08:05:55 -0700] "GET /BabyTalks/BTFBanner2.jpg HTTP/1.1" 200 4273 "-" "facebookexternalhit/1.1;line-poker/1.0" "nobbycosmic.com"
147.92.179.107 - - [01/Sep/2022:08:05:56 -0700] "GET /BabyTalks/SakuraMark2.jpg HTTP/1.1" 200 933 "-" "facebookexternalhit/1.1;line-poker/1.0" "nobbycosmic.com"
147.92.179.107 - - [01/Sep/2022:08:05:56 -0700] "GET /BabyTalks/FTFMemberDistChart.jpg HTTP/1.1" 200 61359 "-" "facebookexternalhit/1.1;line-poker/1.0" "nobbycosmic.com"
147.92.179.107 - - [01/Sep/2022:08:05:57 -0700] "GET /BabyTalks/FTFMemberDistChart.jpg HTTP/1.1" 200 61359 "-" "facebookexternalhit/1.1;line-poker/1.0" "nobbycosmic.com"
23.233.81.238 - - [01/Sep/2022:08:24:30 -0700] "GET /BabyTalks/FTFMember/MemberLists/FTFMemberListABC.htm HTTP/1.1" 401 90 "-" "Mozilla/5.0 (iPhone; CPU iPhone OS 15_6_1 like Mac OS X) AppleWebKit/605.1.15 (KHTML, like Gecko) Version/15.6.1 Mobile/15E148 Safari/604.1" "nobbycosmic.com"
216.244.66.200 - - [01/Sep/2022:08:52:09 -0700] "GET /robots.txt HTTP/1.1" 200 61 "-" "Mozilla/5.0 (compatible; DotBot/1.2; +https://opensiteexplorer.org/dotbot; help@moz.com)" "nobbycosmic.com"
51.141.113.92 - - [01/Sep/2022:09:03:51 -0700] "GET /blog/wp-admin/setup-config.php?step=1 HTTP/1.1" 404 88 "-" "Mozilla/5.0 (Windows NT 6.1; Win64; x64; rv:25.0) Gecko/20100101 Firefox/25.0" "nobbycosmic.com"
51.141.113.92 - - [01/Sep/2022:09:03:56 -0700] "GET /wordpress/wp-admin/setup-config.php?step=1 HTTP/1.1" 404 88 "-" "Mozilla/5.0 (Windows NT 6.1; Win64; x64; rv:25.0) Gecko/20100101 Firefox/25.0" "nobbycosmic.com"
51.141.113.92 - - [01/Sep/2022:09:04:01 -0700] "GET /wp/wp-admin/setup-config.php?step=1 HTTP/1.1" 404 88 "-" "Mozilla/5.0 (Windows NT 6.1; Win64; x64; rv:25.0) Gecko/20100101 Firefox/25.0" "nobbycosmic.com"
51.141.113.92 - - [01/Sep/2022:09:04:05 -0700] "GET /wp-admin/setup-config.php?step=1 HTTP/1.1" 404 88 "-" "Mozilla/5.0 (Windows NT 6.1; Win64; x64; rv:25.0) Gecko/20100101 Firefox/25.0" "nobbycosmic.com"
51.141.113.92 - - [01/Sep/2022:09:04:09 -0700] "GET /news/wp-admin/setup-config.php?step=1 HTTP/1.1" 404 88 "-" "Mozilla/5.0 (Windows NT 6.1; Win64; x64; rv:25.0) Gecko/20100101 Firefox/25.0" "nobbycosmic.com"
51.141.113.92 - - [01/Sep/2022:09:04:13 -0700] "GET /site/wp-admin/setup-config.php?step=1 HTTP/1.1" 404 88 "-" "Mozilla/5.0 (Windows NT 6.1; Win64; x64; rv:25.0) Gecko/20100101 Firefox/25.0" "nobbycosmic.com"
51.141.113.92 - - [01/Sep/2022:09:04:18 -0700] "GET /test/wp-admin/setup-config.php?step=1 HTTP/1.1" 404 88 "-" "Mozilla/5.0 (Windows NT 6.1; Win64; x64; rv:25.0) Gecko/20100101 Firefox/25.0" "nobbycosmic.com"
40.77.167.23 - - [01/Sep/2022:09:14:50 -0700] "GET /Temp/JF20130918.pdf HTTP/1.1" 404 88 "-" "Mozilla/5.0 AppleWebKit/537.36 (KHTML, like Gecko; compatible; bingbot/2.0; +http://www.bing.com/bingbot.htm) Chrome/103.0.5060.134 Safari/537.36" "nobbycosmic.com"
66.249.79.71 - - [01/Sep/2022:09:31:17 -0700] "GET /Temp/JF20130906.pdf HTTP/1.1" 404 88 "-" "Googlebot/2.1 (+http://www.google.com/bot.html)" "nobbycosmic.com"
142.189.238.170 - - [01/Sep/2022:09:57:16 -0700] "GET /BabyTalks/BTList.htm HTTP/1.1" 200 10239 "-" "Mozilla/5.0 (iPhone; CPU iPhone OS 15_6_1 like Mac OS X) AppleWebKit/605.1.15 (KHTML, like Gecko) Version/15.6.1 Mobile/15E148 Safari/604.1" "nobbycosmic.com"
142.189.238.170 - - [01/Sep/2022:09:57:16 -0700] "GET /BabyTalks/BTFBanner1.jpg HTTP/1.1" 200 9524 "https://nobbycosmic.com/BabyTalks/BTList.htm" "Mozilla/5.0 (iPhone; CPU iPhone OS 15_6_1 like Mac OS X) AppleWebKit/605.1.15 (KHTML, like Gecko) Version/15.6.1 Mobile/15E148 Safari/604.1" "nobbycosmic.com"
142.189.238.170 - - [01/Sep/2022:09:57:16 -0700] "GET /BabyTalks/hiyoko.gif HTTP/1.1" 200 10361 "https://nobbycosmic.com/BabyTalks/BTList.htm" "Mozilla/5.0 (iPhone; CPU iPhone OS 15_6_1 like Mac OS X) AppleWebKit/605.1.15 (KHTML, like Gecko) Version/15.6.1 Mobile/15E148 Safari/604.1" "nobbycosmic.com"
142.189.238.170 - - [01/Sep/2022:09:57:16 -0700] "GET /BabyTalks/BTFBanner2.jpg HTTP/1.1" 200 4273 "https://nobbycosmic.com/BabyTalks/BTList.htm" "Mozilla/5.0 (iPhone; CPU iPhone OS 15_6_1 like Mac OS X) AppleWebKit/605.1.15 (KHTML, like Gecko) Version/15.6.1 Mobile/15E148 Safari/604.1" "nobbycosmic.com"
142.189.238.170 - - [01/Sep/2022:09:57:16 -0700] "GET /BabyTalks/Group.jpg HTTP/1.1" 200 54379 "https://nobbycosmic.com/BabyTalks/BTList.htm" "Mozilla/5.0 (iPhone; CPU iPhone OS 15_6_1 like Mac OS X) AppleWebKit/605.1.15 (KHTML, like Gecko) Version/15.6.1 Mobile/15E148 Safari/604.1" "nobbycosmic.com"
142.189.238.170 - - [01/Sep/2022:09:57:16 -0700] "GET /BabyTalks/blue_next.gif HTTP/1.1" 200 138 "https://nobbycosmic.com/BabyTalks/BTList.htm" "Mozilla/5.0 (iPhone; CPU iPhone OS 15_6_1 like Mac OS X) AppleWebKit/605.1.15 (KHTML, like Gecko) Version/15.6.1 Mobile/15E148 Safari/604.1" "nobbycosmic.com"
142.189.238.170 - - [01/Sep/2022:09:57:16 -0700] "GET /BabyTalks/SakuraMark2.jpg HTTP/1.1" 200 933 "https://nobbycosmic.com/BabyTalks/BTList.htm" "Mozilla/5.0 (iPhone; CPU iPhone OS 15_6_1 like Mac OS X) AppleWebKit/605.1.15 (KHTML, like Gecko) Version/15.6.1 Mobile/15E148 Safari/604.1" "nobbycosmic.com"
142.189.238.170 - - [01/Sep/2022:09:57:16 -0700] "GET /BabyTalks/FTFMemberDistChart.jpg HTTP/1.1" 200 61359 "https://nobbycosmic.com/BabyTalks/BTList.htm" "Mozilla/5.0 (iPhone; CPU iPhone OS 15_6_1 like Mac OS X) AppleWebKit/605.1.15 (KHTML, like Gecko) Version/15.6.1 Mobile/15E148 Safari/604.1" "nobbycosmic.com"
142.189.238.170 - - [01/Sep/2022:09:57:17 -0700] "GET /favicon.ico HTTP/1.1" 404 88 "https://nobbycosmic.com/BabyTalks/BTList.htm" "Mozilla/5.0 (iPhone; CPU iPhone OS 15_6_1 like Mac OS X) AppleWebKit/605.1.15 (KHTML, like Gecko) Version/15.6.1 Mobile/15E148 Safari/604.1" "nobbycosmic.com"
176.9.146.74 - - [01/Sep/2022:10:00:44 -0700] "GET / HTTP/1.1" 200 3158 "-" "Mozilla/5.0 (compatible; MegaIndex.ru/2.0; +http://megaindex.com/crawler)" "www.nobbycosmic.com"
176.9.146.74 - - [01/Sep/2022:10:00:47 -0700] "GET /robots.txt HTTP/1.1" 200 75 "-" "Mozilla/5.0 (compatible; MegaIndex.ru/2.0; +http://megaindex.com/crawler)" "www.nobbycosmic.com"
176.9.146.74 - - [01/Sep/2022:10:00:47 -0700] "GET /home HTTP/1.1" 200 3157 "-" "Mozilla/5.0 (compatible; MegaIndex.ru/2.0; +http://megaindex.com/crawler)" "www.nobbycosmic.com"
176.9.146.74 - - [01/Sep/2022:10:00:55 -0700] "GET /services HTTP/1.1" 200 2996 "-" "Mozilla/5.0 (compatible; MegaIndex.ru/2.0; +http://megaindex.com/crawler)" "www.nobbycosmic.com"
176.9.146.74 - - [01/Sep/2022:10:00:58 -0700] "GET /about_us HTTP/1.1" 200 2945 "-" "Mozilla/5.0 (compatible; MegaIndex.ru/2.0; +http://megaindex.com/crawler)" "www.nobbycosmic.com"
176.9.146.74 - - [01/Sep/2022:10:01:02 -0700] "GET /contact_us HTTP/1.1" 200 6311 "-" "Mozilla/5.0 (compatible; MegaIndex.ru/2.0; +http://megaindex.com/crawler)" "www.nobbycosmic.com"
216.244.66.200 - - [01/Sep/2022:10:08:15 -0700] "GET /robots.txt HTTP/1.1" 200 61 "-" "Mozilla/5.0 (compatible; DotBot/1.2; +https://opensiteexplorer.org/dotbot; help@moz.com)" "nobbycosmic.com"
107.161.177.10 - - [01/Sep/2022:10:14:31 -0700] "GET /wp-login.php HTTP/1.1" 404 88 "http://nobbycosmic.com/wp-login.php" "Mozilla/5.0 (Windows NT 10.0; Win64; x64rv:95.0) Gecko/20100101 Firefox/95.0" "nobbycosmic.com"
72.143.194.61 - - [01/Sep/2022:10:25:21 -0700] "GET /BabyTalks/BTList.htm HTTP/1.1" 200 10239 "-" "Mozilla/5.0 (iPhone; CPU iPhone OS 14_7_1 like Mac OS X) AppleWebKit/605.1.15 (KHTML, like Gecko) Mobile/15E148 Safari Line/11.12.1" "nobbycosmic.com"
72.143.194.61 - - [01/Sep/2022:10:25:21 -0700] "GET /BabyTalks/BTFBanner2.jpg HTTP/1.1" 200 4273 "https://nobbycosmic.com/BabyTalks/BTList.htm" "Mozilla/5.0 (iPhone; CPU iPhone OS 14_7_1 like Mac OS X) AppleWebKit/605.1.15 (KHTML, like Gecko) Mobile/15E148 Safari Line/11.12.1" "nobbycosmic.com"
72.143.194.61 - - [01/Sep/2022:10:25:21 -0700] "GET /BabyTalks/blue_next.gif HTTP/1.1" 200 138 "https://nobbycosmic.com/BabyTalks/BTList.htm" "Mozilla/5.0 (iPhone; CPU iPhone OS 14_7_1 like Mac OS X) AppleWebKit/605.1.15 (KHTML, like Gecko) Mobile/15E148 Safari Line/11.12.1" "nobbycosmic.com"
72.143.194.61 - - [01/Sep/2022:10:25:21 -0700] "GET /BabyTalks/BTFBanner1.jpg HTTP/1.1" 200 9524 "https://nobbycosmic.com/BabyTalks/BTList.htm" "Mozilla/5.0 (iPhone; CPU iPhone OS 14_7_1 like Mac OS X) AppleWebKit/605.1.15 (KHTML, like Gecko) Mobile/15E148 Safari Line/11.12.1" "nobbycosmic.com"
