114.119.128.26 - - [30/Oct/2022:17:27:47 -0700] "GET /NJCA/Document/NJCAItemRentalAgreement.pdf HTTP/1.1" 200 114319 "https://nobbycosmic.com/NJCA/Document?D=A" "Mozilla/5.0 (Linux; Android 7.0;) AppleWebKit/537.36 (KHTML, like Gecko) Mobile Safari/537.36 (compatible; PetalBot;+https://webmaster.petalsearch.com/site/petalbot)" "nobbycosmic.com"
114.119.128.253 - - [30/Oct/2022:17:29:14 -0700] "GET /Utagoe/Kaneko HTTP/1.1" 301 1417 "https://nobbycosmic.com/Utagoe" "Mozilla/5.0 (Linux; Android 7.0;) AppleWebKit/537.36 (KHTML, like Gecko) Mobile Safari/537.36 (compatible; PetalBot;+https://webmaster.petalsearch.com/site/petalbot)" "nobbycosmic.com"
114.119.128.253 - - [30/Oct/2022:17:29:15 -0700] "GET /Utagoe/Kaneko/ HTTP/1.1" 200 470 "https://nobbycosmic.com/Utagoe" "Mozilla/5.0 (Linux; Android 7.0;) AppleWebKit/537.36 (KHTML, like Gecko) Mobile Safari/537.36 (compatible; PetalBot;+https://webmaster.petalsearch.com/site/petalbot)" "nobbycosmic.com"
114.119.128.253 - - [30/Oct/2022:17:31:04 -0700] "GET /NJCA/NY12?N=D HTTP/1.1" 301 1421 "https://nobbycosmic.com/NJCA/NY12?N=A" "Mozilla/5.0 (Linux; Android 7.0;) AppleWebKit/537.36 (KHTML, like Gecko) Mobile Safari/537.36 (compatible; PetalBot;+https://webmaster.petalsearch.com/site/petalbot)" "nobbycosmic.com"
114.119.128.253 - - [30/Oct/2022:17:31:05 -0700] "GET /NJCA/NY12/?N=D HTTP/1.1" 200 716 "https://nobbycosmic.com/NJCA/NY12?N=A" "Mozilla/5.0 (Linux; Android 7.0;) AppleWebKit/537.36 (KHTML, like Gecko) Mobile Safari/537.36 (compatible; PetalBot;+https://webmaster.petalsearch.com/site/petalbot)" "nobbycosmic.com"
17.121.112.121 - - [30/Oct/2022:17:32:53 -0700] "GET /Utagoe/2020UtagoeKouyou/Utagoe202009.htm HTTP/1.1" 200 2428 "-" "Mozilla/5.0 (Macintosh; Intel Mac OS X 10_15_5) AppleWebKit/605.1.15 (KHTML, like Gecko) Version/13.1.1 Safari/605.1.15 (Applebot/0.1; +http://www.apple.com/go/applebot)" "nobbycosmic.com"
114.119.128.26 - - [30/Oct/2022:17:35:49 -0700] "GET /NJCA/BBQ98?N=D HTTP/1.1" 301 1423 "https://nobbycosmic.com/NJCA/BBQ98?N=A" "Mozilla/5.0 (Linux; Android 7.0;) AppleWebKit/537.36 (KHTML, like Gecko) Mobile Safari/537.36 (compatible; PetalBot;+https://webmaster.petalsearch.com/site/petalbot)" "nobbycosmic.com"
114.119.128.26 - - [30/Oct/2022:17:35:50 -0700] "GET /NJCA/BBQ98/?N=D HTTP/1.1" 200 635 "https://nobbycosmic.com/NJCA/BBQ98?N=A" "Mozilla/5.0 (Linux; Android 7.0;) AppleWebKit/537.36 (KHTML, like Gecko) Mobile Safari/537.36 (compatible; PetalBot;+https://webmaster.petalsearch.com/site/petalbot)" "nobbycosmic.com"
69.158.246.116 - - [30/Oct/2022:17:42:21 -0700] "GET /BabyTalks/BTList.htm HTTP/1.1" 200 10240 "-" "Mozilla/5.0 (iPhone; CPU iPhone OS 15_6_1 like Mac OS X) AppleWebKit/605.1.15 (KHTML, like Gecko) Version/15.6.1 Mobile/15E148 Safari/604.1" "nobbycosmic.com"
69.158.246.116 - - [30/Oct/2022:17:42:21 -0700] "GET /BabyTalks/BTFBanner1.jpg HTTP/1.1" 200 9524 "https://nobbycosmic.com/BabyTalks/BTList.htm" "Mozilla/5.0 (iPhone; CPU iPhone OS 15_6_1 like Mac OS X) AppleWebKit/605.1.15 (KHTML, like Gecko) Version/15.6.1 Mobile/15E148 Safari/604.1" "nobbycosmic.com"
69.158.246.116 - - [30/Oct/2022:17:42:21 -0700] "GET /BabyTalks/hiyoko.gif HTTP/1.1" 200 10361 "https://nobbycosmic.com/BabyTalks/BTList.htm" "Mozilla/5.0 (iPhone; CPU iPhone OS 15_6_1 like Mac OS X) AppleWebKit/605.1.15 (KHTML, like Gecko) Version/15.6.1 Mobile/15E148 Safari/604.1" "nobbycosmic.com"
69.158.246.116 - - [30/Oct/2022:17:42:21 -0700] "GET /BabyTalks/blue_next.gif HTTP/1.1" 200 138 "https://nobbycosmic.com/BabyTalks/BTList.htm" "Mozilla/5.0 (iPhone; CPU iPhone OS 15_6_1 like Mac OS X) AppleWebKit/605.1.15 (KHTML, like Gecko) Version/15.6.1 Mobile/15E148 Safari/604.1" "nobbycosmic.com"
69.158.246.116 - - [30/Oct/2022:17:42:21 -0700] "GET /BabyTalks/BTFBanner2.jpg HTTP/1.1" 200 4273 "https://nobbycosmic.com/BabyTalks/BTList.htm" "Mozilla/5.0 (iPhone; CPU iPhone OS 15_6_1 like Mac OS X) AppleWebKit/605.1.15 (KHTML, like Gecko) Version/15.6.1 Mobile/15E148 Safari/604.1" "nobbycosmic.com"
69.158.246.116 - - [30/Oct/2022:17:42:21 -0700] "GET /BabyTalks/Group.jpg HTTP/1.1" 200 54379 "https://nobbycosmic.com/BabyTalks/BTList.htm" "Mozilla/5.0 (iPhone; CPU iPhone OS 15_6_1 like Mac OS X) AppleWebKit/605.1.15 (KHTML, like Gecko) Version/15.6.1 Mobile/15E148 Safari/604.1" "nobbycosmic.com"
69.158.246.116 - - [30/Oct/2022:17:42:21 -0700] "GET /BabyTalks/FTFMemberDistChart.jpg HTTP/1.1" 200 61359 "https://nobbycosmic.com/BabyTalks/BTList.htm" "Mozilla/5.0 (iPhone; CPU iPhone OS 15_6_1 like Mac OS X) AppleWebKit/605.1.15 (KHTML, like Gecko) Version/15.6.1 Mobile/15E148 Safari/604.1" "nobbycosmic.com"
69.158.246.116 - - [30/Oct/2022:17:42:21 -0700] "GET /BabyTalks/SakuraMark2.jpg HTTP/1.1" 200 933 "https://nobbycosmic.com/BabyTalks/BTList.htm" "Mozilla/5.0 (iPhone; CPU iPhone OS 15_6_1 like Mac OS X) AppleWebKit/605.1.15 (KHTML, like Gecko) Version/15.6.1 Mobile/15E148 Safari/604.1" "nobbycosmic.com"
69.158.246.116 - - [30/Oct/2022:17:42:21 -0700] "GET /favicon.ico HTTP/1.1" 404 88 "https://nobbycosmic.com/BabyTalks/BTList.htm" "Mozilla/5.0 (iPhone; CPU iPhone OS 15_6_1 like Mac OS X) AppleWebKit/605.1.15 (KHTML, like Gecko) Version/15.6.1 Mobile/15E148 Safari/604.1" "nobbycosmic.com"
68.69.184.202 - - [30/Oct/2022:17:48:40 -0700] "GET /robots.txt HTTP/1.1" 200 75 "-" "got (https://github.com/sindresorhus/got)" "nobbycosmic.com"
68.69.184.202 - - [30/Oct/2022:17:48:41 -0700] "GET / HTTP/1.1" 200 3158 "-" "got (https://github.com/sindresorhus/got)" "nobbycosmic.com"
114.119.128.26 - - [30/Oct/2022:17:55:07 -0700] "GET /Card/Card19?C=D%3BO%3DA HTTP/1.1" 301 1427 "https://nobbycosmic.com/Card/Card19?C=N%3BO%3DD" "Mozilla/5.0 (Linux; Android 7.0;) AppleWebKit/537.36 (KHTML, like Gecko) Mobile Safari/537.36 (compatible; PetalBot;+https://webmaster.petalsearch.com/site/petalbot)" "nobbycosmic.com"
114.119.128.26 - - [30/Oct/2022:17:55:08 -0700] "GET /Card/Card19/?C=D%3BO%3DA HTTP/1.1" 200 531 "https://nobbycosmic.com/Card/Card19?C=N%3BO%3DD" "Mozilla/5.0 (Linux; Android 7.0;) AppleWebKit/537.36 (KHTML, like Gecko) Mobile Safari/537.36 (compatible; PetalBot;+https://webmaster.petalsearch.com/site/petalbot)" "nobbycosmic.com"
114.119.128.253 - - [30/Oct/2022:18:05:08 -0700] "GET /Card/Card2020 HTTP/1.1" 301 1416 "https://nobbycosmic.com/Card?C=D%3BO%3DA" "Mozilla/5.0 (Linux; Android 7.0;) AppleWebKit/537.36 (KHTML, like Gecko) Mobile Safari/537.36 (compatible; PetalBot;+https://webmaster.petalsearch.com/site/petalbot)" "nobbycosmic.com"
114.119.128.253 - - [30/Oct/2022:18:05:11 -0700] "GET /Card/Card2020/ HTTP/1.1" 200 502 "https://nobbycosmic.com/Card?C=D%3BO%3DA" "Mozilla/5.0 (Linux; Android 7.0;) AppleWebKit/537.36 (KHTML, like Gecko) Mobile Safari/537.36 (compatible; PetalBot;+https://webmaster.petalsearch.com/site/petalbot)" "nobbycosmic.com"
114.119.128.26 - - [30/Oct/2022:18:23:19 -0700] "GET /Utagoe/2014Winter/utagoe201402.htm HTTP/1.1" 200 3251 "https://www.nobbycosmic.com/Utagoe/Utagoe.htm" "Mozilla/5.0 (Linux; Android 7.0;) AppleWebKit/537.36 (KHTML, like Gecko) Mobile Safari/537.36 (compatible; PetalBot;+https://webmaster.petalsearch.com/site/petalbot)" "nobbycosmic.com"
17.121.113.105 - - [30/Oct/2022:18:28:49 -0700] "GET /Utagoe/10/10th.htm HTTP/1.1" 200 4125 "-" "Mozilla/5.0 (Macintosh; Intel Mac OS X 10_15_5) AppleWebKit/605.1.15 (KHTML, like Gecko) Version/13.1.1 Safari/605.1.15 (Applebot/0.1; +http://www.apple.com/go/applebot)" "nobbycosmic.com"
99.240.156.116 - - [30/Oct/2022:18:29:17 -0700] "GET /BabyTalks/BTList.htm HTTP/1.1" 200 10240 "-" "Mozilla/5.0 (iPhone; CPU iPhone OS 15_6 like Mac OS X) AppleWebKit/605.1.15 (KHTML, like Gecko) Version/15.6 Mobile/15E148 Safari/604.1" "nobbycosmic.com"
99.240.156.116 - - [30/Oct/2022:18:29:17 -0700] "GET /BabyTalks/BTFBanner1.jpg HTTP/1.1" 200 9524 "https://nobbycosmic.com/BabyTalks/BTList.htm" "Mozilla/5.0 (iPhone; CPU iPhone OS 15_6 like Mac OS X) AppleWebKit/605.1.15 (KHTML, like Gecko) Version/15.6 Mobile/15E148 Safari/604.1" "nobbycosmic.com"
99.240.156.116 - - [30/Oct/2022:18:29:17 -0700] "GET /BabyTalks/hiyoko.gif HTTP/1.1" 200 10361 "https://nobbycosmic.com/BabyTalks/BTList.htm" "Mozilla/5.0 (iPhone; CPU iPhone OS 15_6 like Mac OS X) AppleWebKit/605.1.15 (KHTML, like Gecko) Version/15.6 Mobile/15E148 Safari/604.1" "nobbycosmic.com"
99.240.156.116 - - [30/Oct/2022:18:29:17 -0700] "GET /BabyTalks/FTFMemberDistChart.jpg HTTP/1.1" 200 61359 "https://nobbycosmic.com/BabyTalks/BTList.htm" "Mozilla/5.0 (iPhone; CPU iPhone OS 15_6 like Mac OS X) AppleWebKit/605.1.15 (KHTML, like Gecko) Version/15.6 Mobile/15E148 Safari/604.1" "nobbycosmic.com"
99.240.156.116 - - [30/Oct/2022:18:29:17 -0700] "GET /BabyTalks/Group.jpg HTTP/1.1" 200 54379 "https://nobbycosmic.com/BabyTalks/BTList.htm" "Mozilla/5.0 (iPhone; CPU iPhone OS 15_6 like Mac OS X) AppleWebKit/605.1.15 (KHTML, like Gecko) Version/15.6 Mobile/15E148 Safari/604.1" "nobbycosmic.com"
99.240.156.116 - - [30/Oct/2022:18:29:17 -0700] "GET /BabyTalks/SakuraMark2.jpg HTTP/1.1" 200 933 "https://nobbycosmic.com/BabyTalks/BTList.htm" "Mozilla/5.0 (iPhone; CPU iPhone OS 15_6 like Mac OS X) AppleWebKit/605.1.15 (KHTML, like Gecko) Version/15.6 Mobile/15E148 Safari/604.1" "nobbycosmic.com"
99.240.156.116 - - [30/Oct/2022:18:29:17 -0700] "GET /BabyTalks/blue_next.gif HTTP/1.1" 200 138 "https://nobbycosmic.com/BabyTalks/BTList.htm" "Mozilla/5.0 (iPhone; CPU iPhone OS 15_6 like Mac OS X) AppleWebKit/605.1.15 (KHTML, like Gecko) Version/15.6 Mobile/15E148 Safari/604.1" "nobbycosmic.com"
99.240.156.116 - - [30/Oct/2022:18:29:17 -0700] "GET /BabyTalks/BTFBanner2.jpg HTTP/1.1" 200 4273 "https://nobbycosmic.com/BabyTalks/BTList.htm" "Mozilla/5.0 (iPhone; CPU iPhone OS 15_6 like Mac OS X) AppleWebKit/605.1.15 (KHTML, like Gecko) Version/15.6 Mobile/15E148 Safari/604.1" "nobbycosmic.com"
114.119.128.26 - - [30/Oct/2022:18:37:48 -0700] "GET /NJCA/AGM09/JCCCAGM2009-2.pdf HTTP/1.1" 200 32098 "https://nobbycosmic.com/NJCA/AGM09?M=D" "Mozilla/5.0 (Linux; Android 7.0;) AppleWebKit/537.36 (KHTML, like Gecko) Mobile Safari/537.36 (compatible; PetalBot;+https://webmaster.petalsearch.com/site/petalbot)" "nobbycosmic.com"
114.119.128.37 - - [30/Oct/2022:18:40:14 -0700] "GET /NJCA/AGM10?S=A HTTP/1.1" 301 1422 "https://nobbycosmic.com/NJCA/AGM10?D=D" "Mozilla/5.0 (Linux; Android 7.0;) AppleWebKit/537.36 (KHTML, like Gecko) Mobile Safari/537.36 (compatible; PetalBot;+https://webmaster.petalsearch.com/site/petalbot)" "nobbycosmic.com"
114.119.128.37 - - [30/Oct/2022:18:40:15 -0700] "GET /NJCA/AGM10/?S=A HTTP/1.1" 200 432 "https://nobbycosmic.com/NJCA/AGM10?D=D" "Mozilla/5.0 (Linux; Android 7.0;) AppleWebKit/537.36 (KHTML, like Gecko) Mobile Safari/537.36 (compatible; PetalBot;+https://webmaster.petalsearch.com/site/petalbot)" "nobbycosmic.com"
126.156.217.137 - - [30/Oct/2022:18:51:25 -0700] "GET /BabyTalks/BTList.htm HTTP/1.1" 200 10240 "https://groups.google.com/" "Mozilla/5.0 (Windows NT 10.0; Win64; x64) AppleWebKit/537.36 (KHTML, like Gecko) Chrome/106.0.0.0 Safari/537.36" "nobbycosmic.com"
126.156.217.137 - - [30/Oct/2022:18:51:26 -0700] "GET /BabyTalks/hiyoko.gif HTTP/1.1" 200 10361 "https://nobbycosmic.com/BabyTalks/BTList.htm" "Mozilla/5.0 (Windows NT 10.0; Win64; x64) AppleWebKit/537.36 (KHTML, like Gecko) Chrome/106.0.0.0 Safari/537.36" "nobbycosmic.com"
126.156.217.137 - - [30/Oct/2022:18:51:26 -0700] "GET /BabyTalks/BTFBanner1.jpg HTTP/1.1" 200 9524 "https://nobbycosmic.com/BabyTalks/BTList.htm" "Mozilla/5.0 (Windows NT 10.0; Win64; x64) AppleWebKit/537.36 (KHTML, like Gecko) Chrome/106.0.0.0 Safari/537.36" "nobbycosmic.com"
126.156.217.137 - - [30/Oct/2022:18:51:26 -0700] "GET /BabyTalks/Group.jpg HTTP/1.1" 200 54379 "https://nobbycosmic.com/BabyTalks/BTList.htm" "Mozilla/5.0 (Windows NT 10.0; Win64; x64) AppleWebKit/537.36 (KHTML, like Gecko) Chrome/106.0.0.0 Safari/537.36" "nobbycosmic.com"
126.156.217.137 - - [30/Oct/2022:18:51:26 -0700] "GET /BabyTalks/BTFBanner2.jpg HTTP/1.1" 200 4273 "https://nobbycosmic.com/BabyTalks/BTList.htm" "Mozilla/5.0 (Windows NT 10.0; Win64; x64) AppleWebKit/537.36 (KHTML, like Gecko) Chrome/106.0.0.0 Safari/537.36" "nobbycosmic.com"
126.156.217.137 - - [30/Oct/2022:18:51:26 -0700] "GET /BabyTalks/blue_next.gif HTTP/1.1" 200 138 "https://nobbycosmic.com/BabyTalks/BTList.htm" "Mozilla/5.0 (Windows NT 10.0; Win64; x64) AppleWebKit/537.36 (KHTML, like Gecko) Chrome/106.0.0.0 Safari/537.36" "nobbycosmic.com"
126.156.217.137 - - [30/Oct/2022:18:51:26 -0700] "GET /BabyTalks/SakuraMark2.jpg HTTP/1.1" 200 933 "https://nobbycosmic.com/BabyTalks/BTList.htm" "Mozilla/5.0 (Windows NT 10.0; Win64; x64) AppleWebKit/537.36 (KHTML, like Gecko) Chrome/106.0.0.0 Safari/537.36" "nobbycosmic.com"
126.156.217.137 - - [30/Oct/2022:18:51:26 -0700] "GET /BabyTalks/FTFMemberDistChart.jpg HTTP/1.1" 200 61359 "https://nobbycosmic.com/BabyTalks/BTList.htm" "Mozilla/5.0 (Windows NT 10.0; Win64; x64) AppleWebKit/537.36 (KHTML, like Gecko) Chrome/106.0.0.0 Safari/537.36" "nobbycosmic.com"
126.156.217.137 - - [30/Oct/2022:18:51:28 -0700] "GET /favicon.ico HTTP/1.1" 404 88 "https://nobbycosmic.com/BabyTalks/BTList.htm" "Mozilla/5.0 (Windows NT 10.0; Win64; x64) AppleWebKit/537.36 (KHTML, like Gecko) Chrome/106.0.0.0 Safari/537.36" "nobbycosmic.com"
126.156.217.137 - - [30/Oct/2022:18:52:04 -0700] "GET /BabyTalks/FTFMember/Content.htm HTTP/1.1" 401 90 "https://nobbycosmic.com/BabyTalks/BTList.htm" "Mozilla/5.0 (Windows NT 10.0; Win64; x64) AppleWebKit/537.36 (KHTML, like Gecko) Chrome/106.0.0.0 Safari/537.36" "nobbycosmic.com"
126.156.217.137 - FTF [30/Oct/2022:18:52:06 -0700] "GET /BabyTalks/FTFMember/Content.htm HTTP/1.1" 200 6676 "https://nobbycosmic.com/BabyTalks/BTList.htm" "Mozilla/5.0 (Windows NT 10.0; Win64; x64) AppleWebKit/537.36 (KHTML, like Gecko) Chrome/106.0.0.0 Safari/537.36" "nobbycosmic.com"
126.156.217.137 - FTF [30/Oct/2022:18:52:07 -0700] "GET /BabyTalks/FTFMember/hiyoko.gif HTTP/1.1" 200 10361 "https://nobbycosmic.com/BabyTalks/FTFMember/Content.htm" "Mozilla/5.0 (Windows NT 10.0; Win64; x64) AppleWebKit/537.36 (KHTML, like Gecko) Chrome/106.0.0.0 Safari/537.36" "nobbycosmic.com"
126.156.217.137 - FTF [30/Oct/2022:18:52:21 -0700] "GET /BabyTalks/FTFMember/JPension.htm HTTP/1.1" 200 2736 "https://nobbycosmic.com/BabyTalks/FTFMember/Content.htm" "Mozilla/5.0 (Windows NT 10.0; Win64; x64) AppleWebKit/537.36 (KHTML, like Gecko) Chrome/106.0.0.0 Safari/537.36" "nobbycosmic.com"
114.119.128.26 - - [30/Oct/2022:18:52:22 -0700] "GET /NJCA/Signs/?C=M%3BO%3DA HTTP/1.1" 200 633 "https://nobbycosmic.com/NJCA/Signs/?C=D%3BO%3DA" "Mozilla/5.0 (Linux; Android 7.0;) AppleWebKit/537.36 (KHTML, like Gecko) Mobile Safari/537.36 (compatible; PetalBot;+https://webmaster.petalsearch.com/site/petalbot)" "nobbycosmic.com"
173.252.83.21 - - [30/Oct/2022:18:53:46 -0700] "GET /BTFBanner1.jpg HTTP/1.1" 404 73 "-" "facebookexternalhit/1.1 (+http://www.facebook.com/externalhit_uatext.php)" "nobbycosmic.com"
114.119.128.253 - - [30/Oct/2022:18:57:10 -0700] "GET /NJCA/BBQ09?D=A HTTP/1.1" 301 1423 "https://nobbycosmic.com/NJCA/BBQ09?S=D" "Mozilla/5.0 (Linux; Android 7.0;) AppleWebKit/537.36 (KHTML, like Gecko) Mobile Safari/537.36 (compatible; PetalBot;+https://webmaster.petalsearch.com/site/petalbot)" "nobbycosmic.com"
114.119.128.253 - - [30/Oct/2022:18:57:11 -0700] "GET /NJCA/BBQ09/?D=A HTTP/1.1" 200 1271 "https://nobbycosmic.com/NJCA/BBQ09?S=D" "Mozilla/5.0 (Linux; Android 7.0;) AppleWebKit/537.36 (KHTML, like Gecko) Mobile Safari/537.36 (compatible; PetalBot;+https://webmaster.petalsearch.com/site/petalbot)" "nobbycosmic.com"
114.119.128.253 - - [30/Oct/2022:19:03:49 -0700] "GET /NJCA/?C=D%3BO%3DA HTTP/1.1" 200 1569 "https://nobbycosmic.com/NJCA?M=A" "Mozilla/5.0 (Linux; Android 7.0;) AppleWebKit/537.36 (KHTML, like Gecko) Mobile Safari/537.36 (compatible; PetalBot;+https://webmaster.petalsearch.com/site/petalbot)" "nobbycosmic.com"
114.119.128.253 - - [30/Oct/2022:19:05:15 -0700] "GET /Card/?C=D%3BO%3DA HTTP/1.1" 200 582 "https://nobbycosmic.com/Card?C=D%3BO%3DA" "Mozilla/5.0 (Linux; Android 7.0;) AppleWebKit/537.36 (KHTML, like Gecko) Mobile Safari/537.36 (compatible; PetalBot;+https://webmaster.petalsearch.com/site/petalbot)" "nobbycosmic.com"
114.119.128.26 - - [30/Oct/2022:19:08:18 -0700] "GET /Card/Card00/Card00.htm HTTP/1.1" 200 809 "https://nobbycosmic.com/Card/Card00?C=S%3BO%3DA" "Mozilla/5.0 (Linux; Android 7.0;) AppleWebKit/537.36 (KHTML, like Gecko) Mobile Safari/537.36 (compatible; PetalBot;+https://webmaster.petalsearch.com/site/petalbot)" "nobbycosmic.com"
114.119.128.253 - - [30/Oct/2022:19:10:41 -0700] "GET /NJCA/NY12?C=N%3BO%3DD HTTP/1.1" 301 1430 "https://nobbycosmic.com/NJCA/NY12?C=D%3BO%3DA" "Mozilla/5.0 (Linux; Android 7.0;) AppleWebKit/537.36 (KHTML, like Gecko) Mobile Safari/537.36 (compatible; PetalBot;+https://webmaster.petalsearch.com/site/petalbot)" "nobbycosmic.com"
114.119.128.253 - - [30/Oct/2022:19:10:41 -0700] "GET /NJCA/NY12/?C=N%3BO%3DD HTTP/1.1" 200 716 "https://nobbycosmic.com/NJCA/NY12?C=D%3BO%3DA" "Mozilla/5.0 (Linux; Android 7.0;) AppleWebKit/537.36 (KHTML, like Gecko) Mobile Safari/537.36 (compatible; PetalBot;+https://webmaster.petalsearch.com/site/petalbot)" "nobbycosmic.com"
114.119.128.253 - - [30/Oct/2022:19:12:09 -0700] "GET /NJCA/BBQ09/NJCABBQLeaf2009.pdf HTTP/1.1" 200 178065 "https://nobbycosmic.com/NJCA/BBQ09?C=S%3BO%3DA" "Mozilla/5.0 (Linux; Android 7.0;) AppleWebKit/537.36 (KHTML, like Gecko) Mobile Safari/537.36 (compatible; PetalBot;+https://webmaster.petalsearch.com/site/petalbot)" "nobbycosmic.com"
114.119.128.26 - - [30/Oct/2022:19:14:01 -0700] "GET /BabyTalks/FTFRule.htm HTTP/1.1" 200 2929 "http://nobbycosmic.com/BabyTalks/BTList.htm" "Mozilla/5.0 (Linux; Android 7.0;) AppleWebKit/537.36 (KHTML, like Gecko) Mobile Safari/537.36 (compatible; PetalBot;+https://webmaster.petalsearch.com/site/petalbot)" "nobbycosmic.com"
114.119.128.253 - - [30/Oct/2022:19:16:57 -0700] "GET /Card/Card2020/Ecard2020.htm HTTP/1.1" 200 786 "https://nobbycosmic.com/Card/Card2020?C=S%3BO%3DA" "Mozilla/5.0 (Linux; Android 7.0;) AppleWebKit/537.36 (KHTML, like Gecko) Mobile Safari/537.36 (compatible; PetalBot;+https://webmaster.petalsearch.com/site/petalbot)" "nobbycosmic.com"
114.119.128.253 - - [30/Oct/2022:19:18:52 -0700] "GET /Utagoe/2005May/0505.htm HTTP/1.1" 200 3622 "https://www.nobbycosmic.com/Utagoe/Utagoe.htm" "Mozilla/5.0 (Linux; Android 7.0;) AppleWebKit/537.36 (KHTML, like Gecko) Mobile Safari/537.36 (compatible; PetalBot;+https://webmaster.petalsearch.com/site/petalbot)" "nobbycosmic.com"
157.55.39.190 - - [30/Oct/2022:19:25:19 -0700] "GET /Homepage/Tickets/JRMS/JRMS.htm HTTP/1.1" 200 806 "-" "Mozilla/5.0 AppleWebKit/537.36 (KHTML, like Gecko; compatible; bingbot/2.0; +http://www.bing.com/bingbot.htm) Chrome/103.0.5060.134 Safari/537.36" "nobbycosmic.com"
114.119.128.253 - - [30/Oct/2022:19:31:12 -0700] "GET /NJCA/BBQ08/Pictures/ HTTP/1.1" 200 774 "https://nobbycosmic.com/NJCA/BBQ08?N=D" "Mozilla/5.0 (Linux; Android 7.0;) AppleWebKit/537.36 (KHTML, like Gecko) Mobile Safari/537.36 (compatible; PetalBot;+https://webmaster.petalsearch.com/site/petalbot)" "nobbycosmic.com"
114.119.128.253 - - [30/Oct/2022:19:32:41 -0700] "GET /Utagoe/ConsulUtagoe/ HTTP/1.1" 200 559 "https://nobbycosmic.com/Utagoe/?C=S%3BO%3DA" "Mozilla/5.0 (Linux; Android 7.0;) AppleWebKit/537.36 (KHTML, like Gecko) Mobile Safari/537.36 (compatible; PetalBot;+https://webmaster.petalsearch.com/site/petalbot)" "nobbycosmic.com"
114.119.128.253 - - [30/Oct/2022:19:38:46 -0700] "GET /NJCA/NY07/?C=D%3BO%3DA HTTP/1.1" 200 530 "https://nobbycosmic.com/NJCA/NY07?S=D" "Mozilla/5.0 (Linux; Android 7.0;) AppleWebKit/537.36 (KHTML, like Gecko) Mobile Safari/537.36 (compatible; PetalBot;+https://webmaster.petalsearch.com/site/petalbot)" "nobbycosmic.com"
114.119.128.34 - - [30/Oct/2022:19:43:21 -0700] "GET /NJCA/Document?C=D%3BO%3DA HTTP/1.1" 301 1429 "https://nobbycosmic.com/NJCA/Document?D=D" "Mozilla/5.0 (Linux; Android 7.0;) AppleWebKit/537.36 (KHTML, like Gecko) Mobile Safari/537.36 (compatible; PetalBot;+https://webmaster.petalsearch.com/site/petalbot)" "nobbycosmic.com"
114.119.128.34 - - [30/Oct/2022:19:43:22 -0700] "GET /NJCA/Document/?C=D%3BO%3DA HTTP/1.1" 200 1525 "https://nobbycosmic.com/NJCA/Document?D=D" "Mozilla/5.0 (Linux; Android 7.0;) AppleWebKit/537.36 (KHTML, like Gecko) Mobile Safari/537.36 (compatible; PetalBot;+https://webmaster.petalsearch.com/site/petalbot)" "nobbycosmic.com"
114.119.128.26 - - [30/Oct/2022:19:45:02 -0700] "GET /NJCA/BBQ08/Pictures/?C=S%3BO%3DA HTTP/1.1" 200 774 "https://nobbycosmic.com/NJCA/BBQ08/Pictures?C=N%3BO%3DD" "Mozilla/5.0 (Linux; Android 7.0;) AppleWebKit/537.36 (KHTML, like Gecko) Mobile Safari/537.36 (compatible; PetalBot;+https://webmaster.petalsearch.com/site/petalbot)" "nobbycosmic.com"
51.222.253.17 - - [30/Oct/2022:19:53:31 -0700] "GET /robots.txt HTTP/1.1" 200 75 "-" "Mozilla/5.0 (compatible; AhrefsBot/7.0; +http://ahrefs.com/robot/)" "nobbycosmic.com"
114.119.128.253 - - [30/Oct/2022:20:00:29 -0700] "GET /NJCA/NY09?D=A HTTP/1.1" 301 1421 "https://nobbycosmic.com/NJCA/NY09?S=D" "Mozilla/5.0 (Linux; Android 7.0;) AppleWebKit/537.36 (KHTML, like Gecko) Mobile Safari/537.36 (compatible; PetalBot;+https://webmaster.petalsearch.com/site/petalbot)" "nobbycosmic.com"
114.119.128.253 - - [30/Oct/2022:20:00:30 -0700] "GET /NJCA/NY09/?D=A HTTP/1.1" 200 856 "https://nobbycosmic.com/NJCA/NY09?S=D" "Mozilla/5.0 (Linux; Android 7.0;) AppleWebKit/537.36 (KHTML, like Gecko) Mobile Safari/537.36 (compatible; PetalBot;+https://webmaster.petalsearch.com/site/petalbot)" "nobbycosmic.com"
114.119.128.26 - - [30/Oct/2022:20:28:22 -0700] "GET /Utagoe/Ueno2013?C=M%3BO%3DA HTTP/1.1" 301 1432 "https://nobbycosmic.com/Utagoe/Ueno2013?C=N%3BO%3DD" "Mozilla/5.0 (Linux; Android 7.0;) AppleWebKit/537.36 (KHTML, like Gecko) Mobile Safari/537.36 (compatible; PetalBot;+https://webmaster.petalsearch.com/site/petalbot)" "nobbycosmic.com"
114.119.128.26 - - [30/Oct/2022:20:28:23 -0700] "GET /Utagoe/Ueno2013/?C=M%3BO%3DA HTTP/1.1" 200 443 "https://nobbycosmic.com/Utagoe/Ueno2013?C=N%3BO%3DD" "Mozilla/5.0 (Linux; Android 7.0;) AppleWebKit/537.36 (KHTML, like Gecko) Mobile Safari/537.36 (compatible; PetalBot;+https://webmaster.petalsearch.com/site/petalbot)" "nobbycosmic.com"
114.119.128.253 - - [30/Oct/2022:20:34:34 -0700] "GET /NJCA/NY11?C=S%3BO%3DA HTTP/1.1" 301 1430 "https://nobbycosmic.com/NJCA/NY11?C=N%3BO%3DD" "Mozilla/5.0 (Linux; Android 7.0;) AppleWebKit/537.36 (KHTML, like Gecko) Mobile Safari/537.36 (compatible; PetalBot;+https://webmaster.petalsearch.com/site/petalbot)" "nobbycosmic.com"
114.119.128.253 - - [30/Oct/2022:20:34:34 -0700] "GET /NJCA/NY11/?C=S%3BO%3DA HTTP/1.1" 200 855 "https://nobbycosmic.com/NJCA/NY11?C=N%3BO%3DD" "Mozilla/5.0 (Linux; Android 7.0;) AppleWebKit/537.36 (KHTML, like Gecko) Mobile Safari/537.36 (compatible; PetalBot;+https://webmaster.petalsearch.com/site/petalbot)" "nobbycosmic.com"
40.77.167.74 - - [30/Oct/2022:20:51:38 -0700] "GET /Temp/JF20140530.pdf HTTP/1.1" 404 88 "-" "Mozilla/5.0 (compatible; bingbot/2.0; +http://www.bing.com/bingbot.htm)" "nobbycosmic.com"
54.36.148.234 - - [30/Oct/2022:21:35:01 -0700] "GET /robots.txt HTTP/1.1" 200 75 "-" "Mozilla/5.0 (compatible; AhrefsBot/7.0; +http://ahrefs.com/robot/)" "www.nobbycosmic.com"
157.55.39.190 - - [30/Oct/2022:22:27:37 -0700] "GET /Post/JF202012032.pdf HTTP/1.1" 404 88 "-" "Mozilla/5.0 (compatible; bingbot/2.0; +http://www.bing.com/bingbot.htm)" "www.nobbycosmic.com"
157.55.39.93 - - [30/Oct/2022:22:56:15 -0700] "GET /Temp/ShinkikaiGolf2018Registration.pdf HTTP/1.1" 404 88 "-" "Mozilla/5.0 AppleWebKit/537.36 (KHTML, like Gecko; compatible; bingbot/2.0; +http://www.bing.com/bingbot.htm) Chrome/103.0.5060.134 Safari/537.36" "www.nobbycosmic.com"
94.198.43.10 - - [30/Oct/2022:23:17:55 -0700] "POST / HTTP/1.1" 200 3158 "-" "Mozilla/5.0 (Linux; U; Android 4.4.2; en-US; HM NOTE 1W Build/KOT49H) AppleWebKit/534.30 (KHTML, like Gecko) Version/4.0 UCBrowser/11.0.5.850 U3/0.8.0 Mobile Safari/534.30" "nobbycosmic.com"
94.198.43.10 - - [30/Oct/2022:23:18:06 -0700] "GET /vendor/phpunit/phpunit/src/Util/PHP/eval-stdin.php HTTP/1.1" 404 88 "-" "python-requests/2.27.1" "nobbycosmic.com"
220.211.186.150 - - [30/Oct/2022:23:30:09 -0700] "GET / HTTP/1.1" 200 3158 "-" "Mozilla/5.0 (iPhone; CPU iPhone OS 15_6_1 like Mac OS X) AppleWebKit/605.1.15 (KHTML, like Gecko) Version/15.6.1 Mobile/15E148 Safari/604.1" "nobbycosmic.com"
220.211.186.150 - - [30/Oct/2022:23:30:14 -0700] "GET / HTTP/1.1" 200 3158 "-" "Mozilla/5.0 (iPhone; CPU iPhone OS 15_6_1 like Mac OS X) AppleWebKit/605.1.15 (KHTML, like Gecko) Version/15.6.1 Mobile/15E148 Safari/604.1" "nobbycosmic.com"
42.236.10.105 - - [30/Oct/2022:23:55:25 -0700] "GET / HTTP/1.1" 200 3158 "https://nobbycosmic.com/" "Mozilla/5.0 (Windows NT 6.1; WOW64) AppleWebKit/537.36 (KHTML, like Gecko) Chrome/50.0.2661.102 Safari/537.36; 360Spider" "nobbycosmic.com"
20.14.83.250 - - [31/Oct/2022:00:05:03 -0700] "GET /wp-content/themes/seotheme/db.php?u HTTP/1.1" 404 88 "http://nobbycosmic.com//wp-content/themes/seotheme/db.php?u" "Go-http-client/2.0" "nobbycosmic.com"
207.46.13.197 - - [31/Oct/2022:00:34:01 -0700] "GET /BabyTalks/BTList.htm HTTP/1.1" 200 10240 "-" "Mozilla/5.0 (compatible; bingbot/2.0; +http://www.bing.com/bingbot.htm)" "nobbycosmic.com"
157.55.39.64 - - [31/Oct/2022:00:38:43 -0700] "GET /BabyTalks/FTFMember/Content.htm HTTP/1.1" 401 90 "-" "Mozilla/5.0 AppleWebKit/537.36 (KHTML, like Gecko; compatible; bingbot/2.0; +http://www.bing.com/bingbot.htm) Chrome/103.0.5060.134 Safari/537.36" "nobbycosmic.com"
126.156.223.62 - - [31/Oct/2022:00:59:34 -0700] "GET /BabyTalks/FTFMember/JPension.htm HTTP/1.1" 401 90 "https://nobbycosmic.com/BabyTalks/FTFMember/Content.htm" "Mozilla/5.0 (Windows NT 10.0; Win64; x64) AppleWebKit/537.36 (KHTML, like Gecko) Chrome/106.0.0.0 Safari/537.36" "nobbycosmic.com"
42.83.147.34 - - [31/Oct/2022:01:09:26 -0700] "GET / HTTP/1.1" 200 3158 "-" "Mozilla/5.0 (Windows NT 6.1; Win64; x64) AppleWebKit/537.36 (KHTML, like Gecko)Chrome/74.0.3729.169 Safari/537.36" "nobbycosmic.com"
114.119.128.253 - - [31/Oct/2022:01:43:20 -0700] "GET /NJCA/AGM06/?C=D%3BO%3DA HTTP/1.1" 200 395 "https://nobbycosmic.com/NJCA/AGM06?S=D" "Mozilla/5.0 (Linux; Android 7.0;) AppleWebKit/537.36 (KHTML, like Gecko) Mobile Safari/537.36 (compatible; PetalBot;+https://webmaster.petalsearch.com/site/petalbot)" "nobbycosmic.com"
114.119.128.26 - - [31/Oct/2022:01:44:46 -0700] "GET /NJCA/Temp?S=D HTTP/1.1" 301 1420 "https://nobbycosmic.com/NJCA/Temp?S=A" "Mozilla/5.0 (Linux; Android 7.0;) AppleWebKit/537.36 (KHTML, like Gecko) Mobile Safari/537.36 (compatible; PetalBot;+https://webmaster.petalsearch.com/site/petalbot)" "nobbycosmic.com"
114.119.128.26 - - [31/Oct/2022:01:44:46 -0700] "GET /NJCA/Temp/?S=D HTTP/1.1" 200 404 "https://nobbycosmic.com/NJCA/Temp?S=A" "Mozilla/5.0 (Linux; Android 7.0;) AppleWebKit/537.36 (KHTML, like Gecko) Mobile Safari/537.36 (compatible; PetalBot;+https://webmaster.petalsearch.com/site/petalbot)" "nobbycosmic.com"
114.119.128.26 - - [31/Oct/2022:01:46:12 -0700] "GET /NJCA/AGM09/NJCAAGM09.pdf HTTP/1.1" 200 631514 "https://nobbycosmic.com/NJCA/AGM09?M=D" "Mozilla/5.0 (Linux; Android 7.0;) AppleWebKit/537.36 (KHTML, like Gecko) Mobile Safari/537.36 (compatible; PetalBot;+https://webmaster.petalsearch.com/site/petalbot)" "nobbycosmic.com"
114.119.128.26 - - [31/Oct/2022:01:53:50 -0700] "GET /Utagoe/Ueno2013?C=D%3BO%3DA HTTP/1.1" 301 1432 "https://nobbycosmic.com/Utagoe/Ueno2013?C=N%3BO%3DD" "Mozilla/5.0 (Linux; Android 7.0;) AppleWebKit/537.36 (KHTML, like Gecko) Mobile Safari/537.36 (compatible; PetalBot;+https://webmaster.petalsearch.com/site/petalbot)" "nobbycosmic.com"
114.119.128.26 - - [31/Oct/2022:01:53:51 -0700] "GET /Utagoe/Ueno2013/?C=D%3BO%3DA HTTP/1.1" 200 443 "https://nobbycosmic.com/Utagoe/Ueno2013?C=N%3BO%3DD" "Mozilla/5.0 (Linux; Android 7.0;) AppleWebKit/537.36 (KHTML, like Gecko) Mobile Safari/537.36 (compatible; PetalBot;+https://webmaster.petalsearch.com/site/petalbot)" "nobbycosmic.com"
114.119.128.26 - - [31/Oct/2022:02:05:23 -0700] "GET /NJCA/NY11/Pictures?M=A HTTP/1.1" 301 1428 "https://nobbycosmic.com/NJCA/NY11/Pictures?D=D" "Mozilla/5.0 (Linux; Android 7.0;) AppleWebKit/537.36 (KHTML, like Gecko) Mobile Safari/537.36 (compatible; PetalBot;+https://webmaster.petalsearch.com/site/petalbot)" "nobbycosmic.com"
114.119.128.26 - - [31/Oct/2022:02:05:24 -0700] "GET /NJCA/NY11/Pictures/?M=A HTTP/1.1" 200 1862 "https://nobbycosmic.com/NJCA/NY11/Pictures?D=D" "Mozilla/5.0 (Linux; Android 7.0;) AppleWebKit/537.36 (KHTML, like Gecko) Mobile Safari/537.36 (compatible; PetalBot;+https://webmaster.petalsearch.com/site/petalbot)" "nobbycosmic.com"
114.119.128.253 - - [31/Oct/2022:02:29:53 -0700] "GET /NJCA/BBQ02/BBQmap2.htm HTTP/1.1" 200 317 "https://nobbycosmic.com/NJCA/BBQ02/?C=D%3BO%3DA" "Mozilla/5.0 (Linux; Android 7.0;) AppleWebKit/537.36 (KHTML, like Gecko) Mobile Safari/537.36 (compatible; PetalBot;+https://webmaster.petalsearch.com/site/petalbot)" "nobbycosmic.com"
114.119.128.253 - - [31/Oct/2022:02:43:36 -0700] "GET /Utagoe/SongBooks?C=N%3BO%3DD HTTP/1.1" 301 1433 "https://nobbycosmic.com/Utagoe/SongBooks?C=D%3BO%3DA" "Mozilla/5.0 (Linux; Android 7.0;) AppleWebKit/537.36 (KHTML, like Gecko) Mobile Safari/537.36 (compatible; PetalBot;+https://webmaster.petalsearch.com/site/petalbot)" "nobbycosmic.com"
114.119.128.253 - - [31/Oct/2022:02:43:40 -0700] "GET /Utagoe/SongBooks/?C=N%3BO%3DD HTTP/1.1" 200 562 "https://nobbycosmic.com/Utagoe/SongBooks?C=D%3BO%3DA" "Mozilla/5.0 (Linux; Android 7.0;) AppleWebKit/537.36 (KHTML, like Gecko) Mobile Safari/537.36 (compatible; PetalBot;+https://webmaster.petalsearch.com/site/petalbot)" "nobbycosmic.com"
114.119.128.253 - - [31/Oct/2022:02:52:38 -0700] "GET /NJCA/Temp?C=S%3BO%3DA HTTP/1.1" 301 1429 "https://nobbycosmic.com/NJCA/Temp?D=A" "Mozilla/5.0 (Linux; Android 7.0;) AppleWebKit/537.36 (KHTML, like Gecko) Mobile Safari/537.36 (compatible; PetalBot;+https://webmaster.petalsearch.com/site/petalbot)" "nobbycosmic.com"
114.119.128.253 - - [31/Oct/2022:02:52:38 -0700] "GET /NJCA/Temp/?C=S%3BO%3DA HTTP/1.1" 200 404 "https://nobbycosmic.com/NJCA/Temp?D=A" "Mozilla/5.0 (Linux; Android 7.0;) AppleWebKit/537.36 (KHTML, like Gecko) Mobile Safari/537.36 (compatible; PetalBot;+https://webmaster.petalsearch.com/site/petalbot)" "nobbycosmic.com"
126.156.223.62 - FTF [31/Oct/2022:03:20:47 -0700] "GET /BabyTalks/FTFMember/JPension.htm HTTP/1.1" 200 2736 "https://nobbycosmic.com/BabyTalks/FTFMember/Content.htm" "Mozilla/5.0 (Windows NT 10.0; Win64; x64) AppleWebKit/537.36 (KHTML, like Gecko) Chrome/106.0.0.0 Safari/537.36" "nobbycosmic.com"
126.156.223.62 - - [31/Oct/2022:03:20:48 -0700] "GET /favicon.ico HTTP/1.1" 404 88 "https://nobbycosmic.com/BabyTalks/FTFMember/JPension.htm" "Mozilla/5.0 (Windows NT 10.0; Win64; x64) AppleWebKit/537.36 (KHTML, like Gecko) Chrome/106.0.0.0 Safari/537.36" "nobbycosmic.com"
114.119.128.26 - - [31/Oct/2022:03:23:45 -0700] "GET /NJCA/Document?D=A HTTP/1.1" 301 1420 "https://nobbycosmic.com/NJCA/Document?M=D" "Mozilla/5.0 (Linux; Android 7.0;) AppleWebKit/537.36 (KHTML, like Gecko) Mobile Safari/537.36 (compatible; PetalBot;+https://webmaster.petalsearch.com/site/petalbot)" "nobbycosmic.com"
114.119.128.26 - - [31/Oct/2022:03:23:46 -0700] "GET /NJCA/Document/?D=A HTTP/1.1" 200 1525 "https://nobbycosmic.com/NJCA/Document?M=D" "Mozilla/5.0 (Linux; Android 7.0;) AppleWebKit/537.36 (KHTML, like Gecko) Mobile Safari/537.36 (compatible; PetalBot;+https://webmaster.petalsearch.com/site/petalbot)" "nobbycosmic.com"
114.119.128.26 - - [31/Oct/2022:03:27:05 -0700] "GET /contact_us HTTP/1.1" 200 6311 "https://nobbycosmic.com/" "Mozilla/5.0 (Linux; Android 7.0;) AppleWebKit/537.36 (KHTML, like Gecko) Mobile Safari/537.36 (compatible; PetalBot;+https://webmaster.petalsearch.com/site/petalbot)" "nobbycosmic.com"
114.119.128.26 - - [31/Oct/2022:03:32:06 -0700] "GET /NJCA/NY11/Pictures?C=M%3BO%3DA HTTP/1.1" 301 1437 "https://nobbycosmic.com/NJCA/NY11/Pictures?C=D%3BO%3DA" "Mozilla/5.0 (Linux; Android 7.0;) AppleWebKit/537.36 (KHTML, like Gecko) Mobile Safari/537.36 (compatible; PetalBot;+https://webmaster.petalsearch.com/site/petalbot)" "nobbycosmic.com"
114.119.128.26 - - [31/Oct/2022:03:32:06 -0700] "GET /NJCA/NY11/Pictures/?C=M%3BO%3DA HTTP/1.1" 200 1862 "https://nobbycosmic.com/NJCA/NY11/Pictures?C=D%3BO%3DA" "Mozilla/5.0 (Linux; Android 7.0;) AppleWebKit/537.36 (KHTML, like Gecko) Mobile Safari/537.36 (compatible; PetalBot;+https://webmaster.petalsearch.com/site/petalbot)" "nobbycosmic.com"
114.119.128.26 - - [31/Oct/2022:03:36:10 -0700] "GET /NJCA/Signs?D=D HTTP/1.1" 301 1420 "https://nobbycosmic.com/NJCA/Signs?D=A" "Mozilla/5.0 (Linux; Android 7.0;) AppleWebKit/537.36 (KHTML, like Gecko) Mobile Safari/537.36 (compatible; PetalBot;+https://webmaster.petalsearch.com/site/petalbot)" "nobbycosmic.com"
114.119.128.26 - - [31/Oct/2022:03:36:11 -0700] "GET /NJCA/Signs/?D=D HTTP/1.1" 200 633 "https://nobbycosmic.com/NJCA/Signs?D=A" "Mozilla/5.0 (Linux; Android 7.0;) AppleWebKit/537.36 (KHTML, like Gecko) Mobile Safari/537.36 (compatible; PetalBot;+https://webmaster.petalsearch.com/site/petalbot)" "nobbycosmic.com"
114.119.128.26 - - [31/Oct/2022:03:57:51 -0700] "GET /Utagoe?C=M%3BO%3DA HTTP/1.1" 301 1425 "https://nobbycosmic.com/Utagoe" "Mozilla/5.0 (Linux; Android 7.0;) AppleWebKit/537.36 (KHTML, like Gecko) Mobile Safari/537.36 (compatible; PetalBot;+https://webmaster.petalsearch.com/site/petalbot)" "nobbycosmic.com"
114.119.128.26 - - [31/Oct/2022:03:57:53 -0700] "GET /Utagoe/?C=M%3BO%3DA HTTP/1.1" 200 3339 "https://nobbycosmic.com/Utagoe" "Mozilla/5.0 (Linux; Android 7.0;) AppleWebKit/537.36 (KHTML, like Gecko) Mobile Safari/537.36 (compatible; PetalBot;+https://webmaster.petalsearch.com/site/petalbot)" "nobbycosmic.com"
114.119.128.253 - - [31/Oct/2022:04:01:08 -0700] "GET /NJCA/AGM06/?C=S%3BO%3DA HTTP/1.1" 200 395 "https://nobbycosmic.com/NJCA/AGM06?S=D" "Mozilla/5.0 (Linux; Android 7.0;) AppleWebKit/537.36 (KHTML, like Gecko) Mobile Safari/537.36 (compatible; PetalBot;+https://webmaster.petalsearch.com/site/petalbot)" "nobbycosmic.com"
114.119.128.26 - - [31/Oct/2022:04:02:34 -0700] "GET /NJCA/JCCC/JCCCNJCARoomFee.pdf HTTP/1.1" 200 62925 "https://nobbycosmic.com/NJCA/JCCC?N=D" "Mozilla/5.0 (Linux; Android 7.0;) AppleWebKit/537.36 (KHTML, like Gecko) Mobile Safari/537.36 (compatible; PetalBot;+https://webmaster.petalsearch.com/site/petalbot)" "nobbycosmic.com"
114.119.128.253 - - [31/Oct/2022:04:04:34 -0700] "GET /NJCA/AGM09?C=D%3BO%3DA HTTP/1.1" 301 1432 "https://nobbycosmic.com/NJCA/AGM09?N=A" "Mozilla/5.0 (Linux; Android 7.0;) AppleWebKit/537.36 (KHTML, like Gecko) Mobile Safari/537.36 (compatible; PetalBot;+https://webmaster.petalsearch.com/site/petalbot)" "nobbycosmic.com"
114.119.128.253 - - [31/Oct/2022:04:04:35 -0700] "GET /NJCA/AGM09/?C=D%3BO%3DA HTTP/1.1" 200 473 "https://nobbycosmic.com/NJCA/AGM09?N=A" "Mozilla/5.0 (Linux; Android 7.0;) AppleWebKit/537.36 (KHTML, like Gecko) Mobile Safari/537.36 (compatible; PetalBot;+https://webmaster.petalsearch.com/site/petalbot)" "nobbycosmic.com"
114.119.128.26 - - [31/Oct/2022:04:12:57 -0700] "GET /Utagoe/0710.htm HTTP/1.1" 200 3273 "https://nobbycosmic.com/Utagoe/?C=S%3BO%3DA" "Mozilla/5.0 (Linux; Android 7.0;) AppleWebKit/537.36 (KHTML, like Gecko) Mobile Safari/537.36 (compatible; PetalBot;+https://webmaster.petalsearch.com/site/petalbot)" "nobbycosmic.com"
114.119.128.253 - - [31/Oct/2022:04:18:52 -0700] "GET /NJCA/NY07/Pictures?N=D HTTP/1.1" 301 1428 "https://nobbycosmic.com/NJCA/NY07/Pictures?N=A" "Mozilla/5.0 (Linux; Android 7.0;) AppleWebKit/537.36 (KHTML, like Gecko) Mobile Safari/537.36 (compatible; PetalBot;+https://webmaster.petalsearch.com/site/petalbot)" "nobbycosmic.com"
114.119.128.253 - - [31/Oct/2022:04:18:52 -0700] "GET /NJCA/NY07/Pictures/?N=D HTTP/1.1" 200 1114 "https://nobbycosmic.com/NJCA/NY07/Pictures?N=A" "Mozilla/5.0 (Linux; Android 7.0;) AppleWebKit/537.36 (KHTML, like Gecko) Mobile Safari/537.36 (compatible; PetalBot;+https://webmaster.petalsearch.com/site/petalbot)" "nobbycosmic.com"
17.121.112.215 - - [31/Oct/2022:04:19:50 -0700] "GET /robots.txt HTTP/1.1" 200 75 "-" "Mozilla/5.0 (Macintosh; Intel Mac OS X 10_15_5) AppleWebKit/605.1.15 (KHTML, like Gecko) Version/13.1.1 Safari/605.1.15 (Applebot/0.1; +http://www.apple.com/go/applebot)" "nobbycosmic.com"
17.121.112.215 - - [31/Oct/2022:04:19:50 -0700] "GET /home HTTP/1.1" 200 3157 "-" "Mozilla/5.0 (Macintosh; Intel Mac OS X 10_15_5) AppleWebKit/605.1.15 (KHTML, like Gecko) Version/13.1.1 Safari/605.1.15 (Applebot/0.1; +http://www.apple.com/go/applebot)" "nobbycosmic.com"
114.119.128.253 - - [31/Oct/2022:04:35:58 -0700] "GET /NJCA/Charity?S=D HTTP/1.1" 301 1422 "https://nobbycosmic.com/NJCA/Charity?S=A" "Mozilla/5.0 (Linux; Android 7.0;) AppleWebKit/537.36 (KHTML, like Gecko) Mobile Safari/537.36 (compatible; PetalBot;+https://webmaster.petalsearch.com/site/petalbot)" "nobbycosmic.com"
114.119.128.253 - - [31/Oct/2022:04:35:58 -0700] "GET /NJCA/Charity/?S=D HTTP/1.1" 200 502 "https://nobbycosmic.com/NJCA/Charity?S=A" "Mozilla/5.0 (Linux; Android 7.0;) AppleWebKit/537.36 (KHTML, like Gecko) Mobile Safari/537.36 (compatible; PetalBot;+https://webmaster.petalsearch.com/site/petalbot)" "nobbycosmic.com"
114.119.128.253 - - [31/Oct/2022:04:45:15 -0700] "GET /NJCA/AGM07?S=D HTTP/1.1" 301 1422 "https://nobbycosmic.com/NJCA/AGM07?S=A" "Mozilla/5.0 (Linux; Android 7.0;) AppleWebKit/537.36 (KHTML, like Gecko) Mobile Safari/537.36 (compatible; PetalBot;+https://webmaster.petalsearch.com/site/petalbot)" "nobbycosmic.com"
114.119.128.253 - - [31/Oct/2022:04:45:16 -0700] "GET /NJCA/AGM07/?S=D HTTP/1.1" 200 411 "https://nobbycosmic.com/NJCA/AGM07?S=A" "Mozilla/5.0 (Linux; Android 7.0;) AppleWebKit/537.36 (KHTML, like Gecko) Mobile Safari/537.36 (compatible; PetalBot;+https://webmaster.petalsearch.com/site/petalbot)" "nobbycosmic.com"
185.191.171.11 - - [31/Oct/2022:04:46:05 -0700] "GET /robots.txt HTTP/1.1" 200 75 "-" "Mozilla/5.0 (compatible; SemrushBot/7~bl; +http://www.semrush.com/bot.html)" "nobbycosmic.com"
185.191.171.45 - - [31/Oct/2022:04:46:06 -0700] "GET /Utagoe/0808.htm HTTP/1.1" 200 2600 "-" "Mozilla/5.0 (compatible; SemrushBot/7~bl; +http://www.semrush.com/bot.html)" "nobbycosmic.com"
35.245.188.175 - - [31/Oct/2022:04:54:38 -0700] "GET /Utagoe/Member/utalist.htm HTTP/1.1" 401 76 "-" "Mozilla/5.0 (Windows NT 6.1; WOW64; Trident/7.0; rv:11.0) like Gecko" "nobbycosmic.com"
35.245.188.175 - - [31/Oct/2022:04:54:38 -0700] "GET /Utagoe/Utagoe.htm HTTP/1.1" 200 14192 "-" "Mozilla/5.0 (Windows NT 6.1; WOW64; Trident/7.0; rv:11.0) like Gecko" "nobbycosmic.com"
35.245.82.188 - - [31/Oct/2022:04:54:38 -0700] "GET /Utagoe/Member/utalist.htm HTTP/1.1" 401 76 "-" "Mozilla/5.0 (Windows NT 6.1; WOW64; Trident/7.0; rv:11.0) like Gecko" "nobbycosmic.com"
114.119.128.26 - - [31/Oct/2022:04:54:57 -0700] "GET /Card/Card06?C=S%3BO%3DA HTTP/1.1" 301 1428 "https://nobbycosmic.com/Card/Card06?C=D%3BO%3DA" "Mozilla/5.0 (Linux; Android 7.0;) AppleWebKit/537.36 (KHTML, like Gecko) Mobile Safari/537.36 (compatible; PetalBot;+https://webmaster.petalsearch.com/site/petalbot)" "nobbycosmic.com"
114.119.128.26 - - [31/Oct/2022:04:54:58 -0700] "GET /Card/Card06/?C=S%3BO%3DA HTTP/1.1" 200 452 "https://nobbycosmic.com/Card/Card06?C=D%3BO%3DA" "Mozilla/5.0 (Linux; Android 7.0;) AppleWebKit/537.36 (KHTML, like Gecko) Mobile Safari/537.36 (compatible; PetalBot;+https://webmaster.petalsearch.com/site/petalbot)" "nobbycosmic.com"
114.119.128.26 - - [31/Oct/2022:04:56:35 -0700] "GET /NJCA/NJCAByLaw2009OriginalCO.doc HTTP/1.1" 200 136192 "https://nobbycosmic.com/NJCA?M=A" "Mozilla/5.0 (Linux; Android 7.0;) AppleWebKit/537.36 (KHTML, like Gecko) Mobile Safari/537.36 (compatible; PetalBot;+https://webmaster.petalsearch.com/site/petalbot)" "nobbycosmic.com"
114.119.128.26 - - [31/Oct/2022:04:58:46 -0700] "GET /Card/Card11/?C=S%3BO%3DA HTTP/1.1" 200 453 "https://nobbycosmic.com/Card/Card11/?C=D%3BO%3DA" "Mozilla/5.0 (Linux; Android 7.0;) AppleWebKit/537.36 (KHTML, like Gecko) Mobile Safari/537.36 (compatible; PetalBot;+https://webmaster.petalsearch.com/site/petalbot)" "nobbycosmic.com"
207.46.13.42 - - [31/Oct/2022:05:04:04 -0700] "GET /Temp/JF20130724.pdf HTTP/1.1" 404 88 "-" "Mozilla/5.0 AppleWebKit/537.36 (KHTML, like Gecko; compatible; bingbot/2.0; +http://www.bing.com/bingbot.htm) Chrome/103.0.5060.134 Safari/537.36" "nobbycosmic.com"
114.119.128.253 - - [31/Oct/2022:05:08:31 -0700] "GET /Card/Card19/googlef6465b701097bf56%20(3).html HTTP/1.1" 200 70 "https://nobbycosmic.com/Card/Card19" "Mozilla/5.0 (Linux; Android 7.0;) AppleWebKit/537.36 (KHTML, like Gecko) Mobile Safari/537.36 (compatible; PetalBot;+https://webmaster.petalsearch.com/site/petalbot)" "nobbycosmic.com"
2.47.39.221 - - [31/Oct/2022:05:09:38 -0700] "GET / HTTP/1.1" 200 10838 "-" "-" "nobbycosmic.com"
51.222.253.16 - - [31/Oct/2022:05:12:11 -0700] "GET /robots.txt HTTP/1.1" 200 75 "-" "Mozilla/5.0 (compatible; AhrefsBot/7.0; +http://ahrefs.com/robot/)" "nobbycosmic.com"
114.119.128.26 - - [31/Oct/2022:05:25:36 -0700] "GET /NJCA/BBQ98/ HTTP/1.1" 200 635 "https://nobbycosmic.com/NJCA?M=A" "Mozilla/5.0 (Linux; Android 7.0;) AppleWebKit/537.36 (KHTML, like Gecko) Mobile Safari/537.36 (compatible; PetalBot;+https://webmaster.petalsearch.com/site/petalbot)" "nobbycosmic.com"
219.105.121.78 - - [31/Oct/2022:06:11:51 -0700] "GET /BabyTalks/FTFMember/JPension.htm HTTP/1.1" 401 90 "https://nobbycosmic.com/BabyTalks/FTFMember/Content.htm" "Mozilla/5.0 (Windows NT 10.0; Win64; x64) AppleWebKit/537.36 (KHTML, like Gecko) Chrome/106.0.0.0 Safari/537.36" "nobbycosmic.com"
207.46.13.197 - - [31/Oct/2022:06:32:36 -0700] "GET /BabyTalks/BTList.htm HTTP/1.1" 200 10240 "-" "Mozilla/5.0 AppleWebKit/537.36 (KHTML, like Gecko; compatible; bingbot/2.0; +http://www.bing.com/bingbot.htm) Chrome/103.0.5060.134 Safari/537.36" "nobbycosmic.com"
207.46.13.197 - - [31/Oct/2022:06:35:49 -0700] "GET /BabyTalks/FTFMember/MemberLists/FTFMemberListABC.htm HTTP/1.1" 401 90 "-" "Mozilla/5.0 AppleWebKit/537.36 (KHTML, like Gecko; compatible; bingbot/2.0; +http://www.bing.com/bingbot.htm) Chrome/103.0.5060.134 Safari/537.36" "nobbycosmic.com"
40.77.167.96 - - [31/Oct/2022:06:48:42 -0700] "GET /robots.txt HTTP/1.1" 200 75 "-" "Mozilla/5.0 (compatible; bingbot/2.0; +http://www.bing.com/bingbot.htm)" "nobbycosmic.com"
114.119.128.253 - - [31/Oct/2022:07:03:38 -0700] "GET /NJCA/NJCAToy?M=A HTTP/1.1" 301 1420 "https://nobbycosmic.com/NJCA/NJCAToy?S=D" "Mozilla/5.0 (Linux; Android 7.0;) AppleWebKit/537.36 (KHTML, like Gecko) Mobile Safari/537.36 (compatible; PetalBot;+https://webmaster.petalsearch.com/site/petalbot)" "nobbycosmic.com"
114.119.128.253 - - [31/Oct/2022:07:03:39 -0700] "GET /NJCA/NJCAToy/?M=A HTTP/1.1" 200 848 "https://nobbycosmic.com/NJCA/NJCAToy?S=D" "Mozilla/5.0 (Linux; Android 7.0;) AppleWebKit/537.36 (KHTML, like Gecko) Mobile Safari/537.36 (compatible; PetalBot;+https://webmaster.petalsearch.com/site/petalbot)" "nobbycosmic.com"
17.121.114.45 - - [31/Oct/2022:07:19:22 -0700] "GET /Utagoe/0905.htm HTTP/1.1" 200 3026 "-" "Mozilla/5.0 (Macintosh; Intel Mac OS X 10_15_5) AppleWebKit/605.1.15 (KHTML, like Gecko) Version/13.1.1 Safari/605.1.15 (Applebot/0.1; +http://www.apple.com/go/applebot)" "nobbycosmic.com"
157.55.39.64 - - [31/Oct/2022:07:52:04 -0700] "GET /Post/JCCC202109021.pdf HTTP/1.1" 404 88 "-" "Mozilla/5.0 (compatible; bingbot/2.0; +http://www.bing.com/bingbot.htm)" "nobbycosmic.com"
157.55.39.93 - - [31/Oct/2022:08:07:39 -0700] "GET /Post/JF20191114.pdf HTTP/1.1" 404 88 "-" "Mozilla/5.0 (compatible; bingbot/2.0; +http://www.bing.com/bingbot.htm)" "www.nobbycosmic.com"
87.250.224.112 - - [31/Oct/2022:08:24:21 -0700] "GET /robots.txt HTTP/1.1" 200 61 "-" "Mozilla/5.0 (compatible; YandexBot/3.0; +http://yandex.com/bots)" "www.nobbycosmic.com"
5.255.253.175 - - [31/Oct/2022:08:24:29 -0700] "GET / HTTP/1.1" 200 3158 "-" "Mozilla/5.0 (compatible; YandexBot/3.0; +http://yandex.com/bots)" "www.nobbycosmic.com"
5.255.253.120 - - [31/Oct/2022:08:24:41 -0700] "GET /robots.txt HTTP/1.1" 200 61 "-" "Mozilla/5.0 (compatible; YandexBot/3.0; +http://yandex.com/bots)" "nobbycosmic.com"
87.250.224.48 - - [31/Oct/2022:08:24:48 -0700] "GET / HTTP/1.1" 200 3158 "-" "Mozilla/5.0 (compatible; YandexBot/3.0; +http://yandex.com/bots)" "nobbycosmic.com"
54.36.148.178 - - [31/Oct/2022:08:26:24 -0700] "GET /robots.txt HTTP/1.1" 200 75 "-" "Mozilla/5.0 (compatible; AhrefsBot/7.0; +http://ahrefs.com/robot/)" "nobbycosmic.com"
99.240.144.229 - - [31/Oct/2022:09:01:50 -0700] "GET /BabyTalks/BTList.htm HTTP/1.1" 200 10240 "-" "Mozilla/5.0 (iPhone; CPU iPhone OS 16_0 like Mac OS X) AppleWebKit/605.1.15 (KHTML, like Gecko) Mobile/15E148 Safari Line/12.17.1" "nobbycosmic.com"
99.240.144.229 - - [31/Oct/2022:09:02:40 -0700] "GET /BabyTalks/FTFMember/Events/YE05/YE05Picture.htm HTTP/1.1" 401 90 "-" "Mozilla/5.0 (iPhone; CPU iPhone OS 16_0 like Mac OS X) AppleWebKit/605.1.15 (KHTML, like Gecko) Mobile/15E148 Safari Line/12.17.1" "nobbycosmic.com"
114.119.128.253 - - [31/Oct/2022:09:13:16 -0700] "GET /Utagoe/CanadaUta201309.pdf HTTP/1.1" 200 4834197 "https://nobbycosmic.com/Utagoe/?C=S%3BO%3DA" "Mozilla/5.0 (Linux; Android 7.0;) AppleWebKit/537.36 (KHTML, like Gecko) Mobile Safari/537.36 (compatible; PetalBot;+https://webmaster.petalsearch.com/site/petalbot)" "nobbycosmic.com"
114.119.128.253 - - [31/Oct/2022:09:14:46 -0700] "GET /Card/Card15?C=M%3BO%3DA HTTP/1.1" 301 1427 "https://nobbycosmic.com/Card/Card15?C=D%3BO%3DA" "Mozilla/5.0 (Linux; Android 7.0;) AppleWebKit/537.36 (KHTML, like Gecko) Mobile Safari/537.36 (compatible; PetalBot;+https://webmaster.petalsearch.com/site/petalbot)" "nobbycosmic.com"
114.119.128.253 - - [31/Oct/2022:09:14:46 -0700] "GET /Card/Card15/?C=M%3BO%3DA HTTP/1.1" 200 516 "https://nobbycosmic.com/Card/Card15?C=D%3BO%3DA" "Mozilla/5.0 (Linux; Android 7.0;) AppleWebKit/537.36 (KHTML, like Gecko) Mobile Safari/537.36 (compatible; PetalBot;+https://webmaster.petalsearch.com/site/petalbot)" "nobbycosmic.com"
114.119.128.253 - - [31/Oct/2022:09:17:55 -0700] "GET /NJCA/NY10/Y2010JP.pdf HTTP/1.1" 200 1096583 "https://nobbycosmic.com/NJCA/NY10?C=N%3BO%3DD" "Mozilla/5.0 (Linux; Android 7.0;) AppleWebKit/537.36 (KHTML, like Gecko) Mobile Safari/537.36 (compatible; PetalBot;+https://webmaster.petalsearch.com/site/petalbot)" "nobbycosmic.com"
114.119.128.253 - - [31/Oct/2022:09:34:06 -0700] "GET /Utagoe/0111.htm HTTP/1.1" 200 1196 "https://nobbycosmic.com/Utagoe/?C=S%3BO%3DA" "Mozilla/5.0 (Linux; Android 7.0;) AppleWebKit/537.36 (KHTML, like Gecko) Mobile Safari/537.36 (compatible; PetalBot;+https://webmaster.petalsearch.com/site/petalbot)" "nobbycosmic.com"
51.222.253.20 - - [31/Oct/2022:09:38:44 -0700] "GET /robots.txt HTTP/1.1" 200 75 "-" "Mozilla/5.0 (compatible; AhrefsBot/7.0; +http://ahrefs.com/robot/)" "www.nobbycosmic.com"
114.119.128.26 - - [31/Oct/2022:09:50:12 -0700] "GET /Utagoe/NJCC?C=S%3BO%3DA HTTP/1.1" 301 1430 "https://nobbycosmic.com/Utagoe/NJCC?C=D%3BO%3DA" "Mozilla/5.0 (Linux; Android 7.0;) AppleWebKit/537.36 (KHTML, like Gecko) Mobile Safari/537.36 (compatible; PetalBot;+https://webmaster.petalsearch.com/site/petalbot)" "nobbycosmic.com"
114.119.128.26 - - [31/Oct/2022:09:50:13 -0700] "GET /Utagoe/NJCC/?C=S%3BO%3DA HTTP/1.1" 200 397 "https://nobbycosmic.com/Utagoe/NJCC?C=D%3BO%3DA" "Mozilla/5.0 (Linux; Android 7.0;) AppleWebKit/537.36 (KHTML, like Gecko) Mobile Safari/537.36 (compatible; PetalBot;+https://webmaster.petalsearch.com/site/petalbot)" "nobbycosmic.com"
114.119.128.253 - - [31/Oct/2022:09:53:02 -0700] "GET /NJCA/NY10/NJCANYBoothList2010.xls HTTP/1.1" 200 29696 "https://nobbycosmic.com/NJCA/NY10?C=N%3BO%3DD" "Mozilla/5.0 (Linux; Android 7.0;) AppleWebKit/537.36 (KHTML, like Gecko) Mobile Safari/537.36 (compatible; PetalBot;+https://webmaster.petalsearch.com/site/petalbot)" "nobbycosmic.com"
198.52.182.78 - - [31/Oct/2022:10:07:28 -0700] "GET /BabyTalks/BTList.htm HTTP/1.1" 200 10240 "-" "Mozilla/5.0 (Macintosh; Intel Mac OS X 10_15_7) AppleWebKit/537.36 (KHTML, like Gecko) Chrome/106.0.0.0 Safari/537.36" "nobbycosmic.com"
198.52.182.78 - - [31/Oct/2022:10:07:28 -0700] "GET /BabyTalks/BTFBanner1.jpg HTTP/1.1" 200 9524 "https://nobbycosmic.com/BabyTalks/BTList.htm" "Mozilla/5.0 (Macintosh; Intel Mac OS X 10_15_7) AppleWebKit/537.36 (KHTML, like Gecko) Chrome/106.0.0.0 Safari/537.36" "nobbycosmic.com"
198.52.182.78 - - [31/Oct/2022:10:07:28 -0700] "GET /BabyTalks/Group.jpg HTTP/1.1" 200 54379 "https://nobbycosmic.com/BabyTalks/BTList.htm" "Mozilla/5.0 (Macintosh; Intel Mac OS X 10_15_7) AppleWebKit/537.36 (KHTML, like Gecko) Chrome/106.0.0.0 Safari/537.36" "nobbycosmic.com"
198.52.182.78 - - [31/Oct/2022:10:07:28 -0700] "GET /BabyTalks/hiyoko.gif HTTP/1.1" 200 10361 "https://nobbycosmic.com/BabyTalks/BTList.htm" "Mozilla/5.0 (Macintosh; Intel Mac OS X 10_15_7) AppleWebKit/537.36 (KHTML, like Gecko) Chrome/106.0.0.0 Safari/537.36" "nobbycosmic.com"
198.52.182.78 - - [31/Oct/2022:10:07:28 -0700] "GET /BabyTalks/BTFBanner2.jpg HTTP/1.1" 200 4273 "https://nobbycosmic.com/BabyTalks/BTList.htm" "Mozilla/5.0 (Macintosh; Intel Mac OS X 10_15_7) AppleWebKit/537.36 (KHTML, like Gecko) Chrome/106.0.0.0 Safari/537.36" "nobbycosmic.com"
198.52.182.78 - - [31/Oct/2022:10:07:28 -0700] "GET /BabyTalks/blue_next.gif HTTP/1.1" 200 138 "https://nobbycosmic.com/BabyTalks/BTList.htm" "Mozilla/5.0 (Macintosh; Intel Mac OS X 10_15_7) AppleWebKit/537.36 (KHTML, like Gecko) Chrome/106.0.0.0 Safari/537.36" "nobbycosmic.com"
198.52.182.78 - - [31/Oct/2022:10:07:28 -0700] "GET /BabyTalks/SakuraMark2.jpg HTTP/1.1" 200 933 "https://nobbycosmic.com/BabyTalks/BTList.htm" "Mozilla/5.0 (Macintosh; Intel Mac OS X 10_15_7) AppleWebKit/537.36 (KHTML, like Gecko) Chrome/106.0.0.0 Safari/537.36" "nobbycosmic.com"
