24.150.210.42 - - [01/Jan/2023:19:30:57 -0800] "GET /BabyTalks/BTFBanner1.jpg HTTP/1.1" 200 9524 "https://nobbycosmic.com/BabyTalks/BTList.htm" "Mozilla/5.0 (Linux; Android 13; Pixel 7 Build/TQ2A.221216.001.A1; wv) AppleWebKit/537.36 (KHTML, like Gecko) Version/4.0 Chrome/108.0.5359.128 Mobile Safari/537.36 Line/12.21.1/IAB" "nobbycosmic.com"
24.150.210.42 - - [01/Jan/2023:19:30:57 -0800] "GET /BabyTalks/blue_next.gif HTTP/1.1" 200 138 "https://nobbycosmic.com/BabyTalks/BTList.htm" "Mozilla/5.0 (Linux; Android 13; Pixel 7 Build/TQ2A.221216.001.A1; wv) AppleWebKit/537.36 (KHTML, like Gecko) Version/4.0 Chrome/108.0.5359.128 Mobile Safari/537.36 Line/12.21.1/IAB" "nobbycosmic.com"
24.150.210.42 - - [01/Jan/2023:19:30:57 -0800] "GET /BabyTalks/Group.jpg HTTP/1.1" 200 54379 "https://nobbycosmic.com/BabyTalks/BTList.htm" "Mozilla/5.0 (Linux; Android 13; Pixel 7 Build/TQ2A.221216.001.A1; wv) AppleWebKit/537.36 (KHTML, like Gecko) Version/4.0 Chrome/108.0.5359.128 Mobile Safari/537.36 Line/12.21.1/IAB" "nobbycosmic.com"
24.150.210.42 - - [01/Jan/2023:19:30:57 -0800] "GET /BabyTalks/FTFMemberDistChart.jpg HTTP/1.1" 200 61359 "https://nobbycosmic.com/BabyTalks/BTList.htm" "Mozilla/5.0 (Linux; Android 13; Pixel 7 Build/TQ2A.221216.001.A1; wv) AppleWebKit/537.36 (KHTML, like Gecko) Version/4.0 Chrome/108.0.5359.128 Mobile Safari/537.36 Line/12.21.1/IAB" "nobbycosmic.com"
24.150.210.42 - - [01/Jan/2023:19:30:57 -0800] "GET /BabyTalks/SakuraMark2.jpg HTTP/1.1" 200 933 "https://nobbycosmic.com/BabyTalks/BTList.htm" "Mozilla/5.0 (Linux; Android 13; Pixel 7 Build/TQ2A.221216.001.A1; wv) AppleWebKit/537.36 (KHTML, like Gecko) Version/4.0 Chrome/108.0.5359.128 Mobile Safari/537.36 Line/12.21.1/IAB" "nobbycosmic.com"
24.150.210.42 - - [01/Jan/2023:19:30:57 -0800] "GET /BabyTalks/BTFBanner2.jpg HTTP/1.1" 200 4273 "https://nobbycosmic.com/BabyTalks/BTList.htm" "Mozilla/5.0 (Linux; Android 13; Pixel 7 Build/TQ2A.221216.001.A1; wv) AppleWebKit/537.36 (KHTML, like Gecko) Version/4.0 Chrome/108.0.5359.128 Mobile Safari/537.36 Line/12.21.1/IAB" "nobbycosmic.com"
24.150.210.42 - - [01/Jan/2023:19:31:06 -0800] "GET /favicon.ico HTTP/1.1" 404 88 "https://nobbycosmic.com/BabyTalks/BTList.htm" "Mozilla/5.0 (Linux; Android 13; Pixel 7 Build/TQ2A.221216.001.A1; wv) AppleWebKit/537.36 (KHTML, like Gecko) Version/4.0 Chrome/108.0.5359.128 Mobile Safari/537.36 Line/12.21.1/IAB" "nobbycosmic.com"
114.119.137.51 - - [01/Jan/2023:20:08:49 -0800] "GET /Card/Card16/?C=S%3BO%3DA HTTP/1.1" 200 492 "https://nobbycosmic.com/Card/Card16/" "Mozilla/5.0 (Linux; Android 7.0;) AppleWebKit/537.36 (KHTML, like Gecko) Mobile Safari/537.36 (compatible; PetalBot;+https://webmaster.petalsearch.com/site/petalbot)" "nobbycosmic.com"
99.249.189.66 - - [01/Jan/2023:20:09:56 -0800] "GET /BabyTalks/BTFLeaf.pdf HTTP/1.1" 200 187997 "https://www.google.com/" "Mozilla/5.0 (Windows NT 10.0; Win64; x64) AppleWebKit/537.36 (KHTML, like Gecko) Chrome/108.0.0.0 Safari/537.36" "nobbycosmic.com"
99.249.189.66 - - [01/Jan/2023:20:09:56 -0800] "GET /BabyTalks/BTFLeaf.pdf HTTP/1.1" 200 187997 "-" "Mozilla/5.0 (Windows NT 10.0; Win64; x64) AppleWebKit/537.36 (KHTML, like Gecko) Chrome/108.0.0.0 Safari/537.36" "nobbycosmic.com"
99.249.189.66 - - [01/Jan/2023:20:09:56 -0800] "GET /BabyTalks/BTFLeaf.pdf HTTP/1.1" 206 1025 "-" "Mozilla/5.0 (Windows NT 10.0; Win64; x64) AppleWebKit/537.36 (KHTML, like Gecko) Chrome/108.0.0.0 Safari/537.36" "nobbycosmic.com"
116.179.32.81 - - [01/Jan/2023:20:23:47 -0800] "GET /NJCA/NY12/NJCANewYearLeafletE.pdf HTTP/1.1" 200 479972 "-" "Mozilla/5.0 (compatible; Baiduspider/2.0; +http://www.baidu.com/search/spider.html)" "nobbycosmic.com"
116.179.33.17 - - [01/Jan/2023:20:23:48 -0800] "GET /robots.txt HTTP/1.1" 200 75 "-" "Mozilla/5.0 (Windows NT 10.0; WOW64) AppleWebKit/537.36 (KHTML, like Gecko) Chrome/48.0.2564.116 Safari/537.36" "nobbycosmic.com"
116.179.33.85 - - [01/Jan/2023:20:24:03 -0800] "GET /robots.txt HTTP/1.1" 200 75 "-" "Mozilla/5.0 (Windows NT 10.0; WOW64) AppleWebKit/537.36 (KHTML, like Gecko) Chrome/48.0.2564.116 Safari/537.36" "nobbycosmic.com"
114.119.136.120 - - [01/Jan/2023:20:28:33 -0800] "GET /NJCA/BBQ07/BBQMAP2007.pdf HTTP/1.1" 200 124530 "https://nobbycosmic.com/NJCA/BBQ07?N=A" "Mozilla/5.0 (Linux; Android 7.0;) AppleWebKit/537.36 (KHTML, like Gecko) Mobile Safari/537.36 (compatible; PetalBot;+https://webmaster.petalsearch.com/site/petalbot)" "nobbycosmic.com"
51.222.253.17 - - [01/Jan/2023:20:52:32 -0800] "GET / HTTP/1.1" 200 3158 "-" "Mozilla/5.0 (compatible; AhrefsBot/7.0; +http://ahrefs.com/robot/)" "nobbycosmic.com"
157.55.39.138 - - [01/Jan/2023:21:02:59 -0800] "GET /Utagoe/2017Summer/ HTTP/1.1" 200 489 "-" "Mozilla/5.0 (compatible; bingbot/2.0; +http://www.bing.com/bingbot.htm)" "nobbycosmic.com"
114.119.152.71 - - [01/Jan/2023:21:21:02 -0800] "GET /NJCA/BBQ98?C=N%3BO%3DD HTTP/1.1" 301 1432 "https://nobbycosmic.com/NJCA/BBQ98?M=D" "Mozilla/5.0 (Linux; Android 7.0;) AppleWebKit/537.36 (KHTML, like Gecko) Mobile Safari/537.36 (compatible; PetalBot;+https://webmaster.petalsearch.com/site/petalbot)" "nobbycosmic.com"
114.119.152.71 - - [01/Jan/2023:21:21:04 -0800] "GET /NJCA/BBQ98/?C=N%3BO%3DD HTTP/1.1" 200 635 "https://nobbycosmic.com/NJCA/BBQ98?M=D" "Mozilla/5.0 (Linux; Android 7.0;) AppleWebKit/537.36 (KHTML, like Gecko) Mobile Safari/537.36 (compatible; PetalBot;+https://webmaster.petalsearch.com/site/petalbot)" "nobbycosmic.com"
157.90.181.219 - - [01/Jan/2023:21:31:42 -0800] "GET /robots.txt HTTP/1.1" 200 75 "-" "Mozilla/5.0 (compatible; BLEXBot/1.0; +http://webmeup-crawler.com/)" "nobbycosmic.com"
157.90.181.219 - - [01/Jan/2023:21:31:47 -0800] "GET /BabyTalks/BTList.htm HTTP/1.1" 200 10238 "-" "Mozilla/5.0 (compatible; BLEXBot/1.0; +http://webmeup-crawler.com/)" "nobbycosmic.com"
157.90.181.219 - - [01/Jan/2023:21:31:51 -0800] "GET /robots.txt HTTP/1.1" 200 75 "-" "Mozilla/5.0 (compatible; BLEXBot/1.0; +http://webmeup-crawler.com/)" "nobbycosmic.com"
157.90.181.219 - - [01/Jan/2023:21:31:55 -0800] "GET /Utagoe/Utagoe.htm HTTP/1.1" 200 3921 "-" "Mozilla/5.0 (compatible; BLEXBot/1.0; +http://webmeup-crawler.com/)" "nobbycosmic.com"
157.55.39.226 - - [01/Jan/2023:21:35:55 -0800] "GET / HTTP/1.1" 200 3158 "-" "Mozilla/5.0 (compatible; bingbot/2.0; +http://www.bing.com/bingbot.htm)" "nobbycosmic.com"
157.55.39.50 - - [01/Jan/2023:21:45:51 -0800] "GET /Utagoe/Ueno2009/Tomoshibi200910.jpg HTTP/1.1" 200 71655 "-" "Mozilla/5.0 AppleWebKit/537.36 (KHTML, like Gecko; compatible; bingbot/2.0; +http://www.bing.com/bingbot.htm) Chrome/103.0.5060.134 Safari/537.36" "nobbycosmic.com"
185.191.171.9 - - [01/Jan/2023:22:33:33 -0800] "GET /robots.txt HTTP/1.1" 200 75 "-" "Mozilla/5.0 (compatible; SemrushBot/7~bl; +http://www.semrush.com/bot.html)" "nobbycosmic.com"
185.191.171.26 - - [01/Jan/2023:22:33:34 -0800] "GET / HTTP/1.1" 200 3158 "-" "Mozilla/5.0 (compatible; SemrushBot/7~bl; +http://www.semrush.com/bot.html)" "nobbycosmic.com"
103.101.225.11 - - [01/Jan/2023:23:24:04 -0800] "GET /wp-login.php HTTP/1.1" 404 88 "http://nobbycosmic.com/wp-login.php" "Mozilla/5.0 (Windows NT 10; Win64; x64; rv:75.0) Gecko/20100101 Firefox/75.0" "nobbycosmic.com"
51.222.253.16 - - [01/Jan/2023:23:41:13 -0800] "GET / HTTP/1.1" 200 3158 "-" "Mozilla/5.0 (compatible; AhrefsBot/7.0; +http://ahrefs.com/robot/)" "www.nobbycosmic.com"
157.55.39.138 - - [01/Jan/2023:23:50:47 -0800] "GET /Utagoe/2021SummerMori/COVID-19Selfdeclaration.pdf HTTP/1.1" 200 93990 "-" "Mozilla/5.0 (compatible; bingbot/2.0; +http://www.bing.com/bingbot.htm)" "nobbycosmic.com"
157.55.39.139 - - [02/Jan/2023:00:48:30 -0800] "GET /Utagoe/Utagoe.htm HTTP/1.1" 200 3921 "-" "Mozilla/5.0 AppleWebKit/537.36 (KHTML, like Gecko; compatible; bingbot/2.0; +http://www.bing.com/bingbot.htm) Chrome/103.0.5060.134 Safari/537.36" "nobbycosmic.com"
185.191.171.11 - - [02/Jan/2023:00:58:03 -0800] "GET /robots.txt HTTP/1.1" 200 75 "-" "Mozilla/5.0 (compatible; SemrushBot/7~bl; +http://www.semrush.com/bot.html)" "nobbycosmic.com"
185.191.171.3 - - [02/Jan/2023:00:58:03 -0800] "GET /NJCA/NY10/NYP10.htm HTTP/1.1" 200 1305 "-" "Mozilla/5.0 (compatible; SemrushBot/7~bl; +http://www.semrush.com/bot.html)" "nobbycosmic.com"
58.211.23.183 - - [02/Jan/2023:01:09:48 -0800] "GET /favicon.ico HTTP/1.1" 404 88 "-" "Dalvik/2.1.0 (Linux; U; Android 9.0; ZTE BA520 Build/MRA58K)" "nobbycosmic.com"
157.55.39.50 - - [02/Jan/2023:01:22:22 -0800] "GET /NJCA/BBQ10/NJCABBQLeaf2010J.pdf HTTP/1.1" 304 - "-" "Mozilla/5.0 (compatible; bingbot/2.0; +http://www.bing.com/bingbot.htm)" "nobbycosmic.com"
114.119.136.150 - - [02/Jan/2023:01:33:45 -0800] "GET /NJCA/Volunteer?D=A HTTP/1.1" 301 1424 "https://nobbycosmic.com/NJCA/Volunteer?D=D" "Mozilla/5.0 (Linux; Android 7.0;) AppleWebKit/537.36 (KHTML, like Gecko) Mobile Safari/537.36 (compatible; PetalBot;+https://webmaster.petalsearch.com/site/petalbot)" "nobbycosmic.com"
114.119.136.150 - - [02/Jan/2023:01:33:47 -0800] "GET /NJCA/Volunteer/?D=A HTTP/1.1" 200 427 "https://nobbycosmic.com/NJCA/Volunteer?D=D" "Mozilla/5.0 (Linux; Android 7.0;) AppleWebKit/537.36 (KHTML, like Gecko) Mobile Safari/537.36 (compatible; PetalBot;+https://webmaster.petalsearch.com/site/petalbot)" "nobbycosmic.com"
54.36.148.226 - - [02/Jan/2023:01:44:18 -0800] "GET /robots.txt HTTP/1.1" 200 75 "-" "Mozilla/5.0 (compatible; AhrefsBot/7.0; +http://ahrefs.com/robot/)" "www.nobbycosmic.com"
58.211.23.183 - - [02/Jan/2023:01:51:20 -0800] "GET /favicon.ico HTTP/1.1" 404 88 "-" "Dalvik/2.1.0 (Linux; U; Android 9.0; ZTE BA520 Build/MRA58K)" "nobbycosmic.com"
157.55.39.30 - - [02/Jan/2023:01:58:55 -0800] "GET /Temp/JF20160205.pdf HTTP/1.1" 404 88 "-" "Mozilla/5.0 AppleWebKit/537.36 (KHTML, like Gecko; compatible; bingbot/2.0; +http://www.bing.com/bingbot.htm) Chrome/103.0.5060.134 Safari/537.36" "nobbycosmic.com"
157.55.39.139 - - [02/Jan/2023:03:33:17 -0800] "GET /Utagoe/Utagoe.htm HTTP/1.1" 200 3921 "-" "Mozilla/5.0 (compatible; bingbot/2.0; +http://www.bing.com/bingbot.htm)" "nobbycosmic.com"
185.191.171.15 - - [02/Jan/2023:04:29:49 -0800] "GET /robots.txt HTTP/1.1" 200 75 "-" "Mozilla/5.0 (compatible; SemrushBot/7~bl; +http://www.semrush.com/bot.html)" "www.nobbycosmic.com"
185.191.171.3 - - [02/Jan/2023:04:29:49 -0800] "GET / HTTP/1.1" 200 3158 "-" "Mozilla/5.0 (compatible; SemrushBot/7~bl; +http://www.semrush.com/bot.html)" "www.nobbycosmic.com"
70.55.40.254 - - [02/Jan/2023:04:32:35 -0800] "GET /BabyTalks/BTList.htm HTTP/1.1" 200 10238 "http://www.e-maple.net/" "Mozilla/5.0 (iPhone; CPU iPhone OS 16_2 like Mac OS X) AppleWebKit/605.1.15 (KHTML, like Gecko) CriOS/108.0.5359.112 Mobile/15E148 Safari/604.1" "nobbycosmic.com"
70.55.40.254 - - [02/Jan/2023:04:32:37 -0800] "GET /favicon.ico HTTP/1.1" 404 88 "-" "Mozilla/5.0 (iPhone; CPU iPhone OS 16_2 like Mac OS X) AppleWebKit/605.1.15 (KHTML, like Gecko) CriOS/108.0.5359.112 Mobile/15E148 Safari/604.1" "nobbycosmic.com"
157.55.39.50 - - [02/Jan/2023:04:37:02 -0800] "GET /Utagoe/Shinjuku2007/Shinjuku20071.htm HTTP/1.1" 200 2027 "-" "Mozilla/5.0 (compatible; bingbot/2.0; +http://www.bing.com/bingbot.htm)" "nobbycosmic.com"
72.141.144.57 - - [02/Jan/2023:04:44:23 -0800] "GET / HTTP/1.1" 200 3158 "-" "Mozilla/5.0 (iPhone; CPU iPhone OS 14_8_1 like Mac OS X) AppleWebKit/605.1.15 (KHTML, like Gecko) Version/14.1.2 Mobile/15E148 Safari/604.1" "nobbycosmic.com"
157.55.39.226 - - [02/Jan/2023:04:45:08 -0800] "GET /BabyTalks/FTFMember/Content.htm HTTP/1.1" 401 90 "-" "Mozilla/5.0 (compatible; bingbot/2.0; +http://www.bing.com/bingbot.htm)" "nobbycosmic.com"
51.222.253.17 - - [02/Jan/2023:04:47:38 -0800] "GET /robots.txt HTTP/1.1" 200 75 "-" "Mozilla/5.0 (compatible; AhrefsBot/7.0; +http://ahrefs.com/robot/)" "nobbycosmic.com"
51.222.253.4 - - [02/Jan/2023:04:47:39 -0800] "GET /BabyTalks/BTList.htm HTTP/1.1" 200 10238 "-" "Mozilla/5.0 (compatible; AhrefsBot/7.0; +http://ahrefs.com/robot/)" "nobbycosmic.com"
51.222.253.2 - - [02/Jan/2023:04:47:42 -0800] "GET /BabyTalks/hiyoko.gif HTTP/1.1" 200 10361 "-" "Mozilla/5.0 (compatible; AhrefsBot/7.0; +http://ahrefs.com/robot/)" "nobbycosmic.com"
51.222.253.12 - - [02/Jan/2023:04:47:42 -0800] "GET /BabyTalks/BTFBanner1.jpg HTTP/1.1" 200 9524 "-" "Mozilla/5.0 (compatible; AhrefsBot/7.0; +http://ahrefs.com/robot/)" "nobbycosmic.com"
51.222.253.11 - - [02/Jan/2023:04:47:43 -0800] "GET /BabyTalks/FTFMemberDistChart.jpg HTTP/1.1" 200 61359 "-" "Mozilla/5.0 (compatible; AhrefsBot/7.0; +http://ahrefs.com/robot/)" "nobbycosmic.com"
51.222.253.19 - - [02/Jan/2023:04:47:45 -0800] "GET /BabyTalks/blue_next.gif HTTP/1.1" 200 138 "-" "Mozilla/5.0 (compatible; AhrefsBot/7.0; +http://ahrefs.com/robot/)" "nobbycosmic.com"
51.222.253.10 - - [02/Jan/2023:04:47:45 -0800] "GET /BabyTalks/BTList.htm HTTP/1.1" 200 10238 "-" "Mozilla/5.0 (compatible; AhrefsBot/7.0; +http://ahrefs.com/robot/)" "nobbycosmic.com"
51.222.253.10 - - [02/Jan/2023:04:47:46 -0800] "GET /BabyTalks/Group.jpg HTTP/1.1" 200 54379 "-" "Mozilla/5.0 (compatible; AhrefsBot/7.0; +http://ahrefs.com/robot/)" "nobbycosmic.com"
51.222.253.12 - - [02/Jan/2023:04:47:47 -0800] "GET /BabyTalks/SakuraMark2.jpg HTTP/1.1" 200 933 "-" "Mozilla/5.0 (compatible; AhrefsBot/7.0; +http://ahrefs.com/robot/)" "nobbycosmic.com"
157.55.39.54 - - [02/Jan/2023:05:02:41 -0800] "GET /robots.txt HTTP/1.1" 200 75 "-" "Mozilla/5.0 AppleWebKit/537.36 (KHTML, like Gecko; compatible; bingbot/2.0; +http://www.bing.com/bingbot.htm) Chrome/103.0.5060.134 Safari/537.36" "www.nobbycosmic.com"
40.77.167.25 - - [02/Jan/2023:05:02:52 -0800] "GET /Utagoe/2014Winter/?S=A HTTP/1.1" 200 465 "-" "Mozilla/5.0 AppleWebKit/537.36 (KHTML, like Gecko; compatible; bingbot/2.0; +http://www.bing.com/bingbot.htm) Chrome/103.0.5060.134 Safari/537.36" "www.nobbycosmic.com"
147.92.179.107 - - [02/Jan/2023:05:04:38 -0800] "GET /BabyTalks/BTFLeaf.pdf HTTP/1.1" 200 187997 "-" "facebookexternalhit/1.1;line-poker/1.0" "nobbycosmic.com"
157.55.39.138 - - [02/Jan/2023:05:34:40 -0800] "GET /NJCA/Document/AGMProxy.pdf HTTP/1.1" 200 60027 "-" "Mozilla/5.0 AppleWebKit/537.36 (KHTML, like Gecko; compatible; bingbot/2.0; +http://www.bing.com/bingbot.htm) Chrome/103.0.5060.134 Safari/537.36" "nobbycosmic.com"
35.245.188.175 - - [02/Jan/2023:06:28:02 -0800] "GET /BabyTalks/BTList.htm HTTP/1.1" 200 28321 "-" "Mozilla/5.0 (Windows NT 6.1; WOW64; Trident/7.0; rv:11.0) like Gecko" "nobbycosmic.com"
35.245.188.175 - - [02/Jan/2023:06:28:02 -0800] "GET /BabyTalks/FTFRule.htm HTTP/1.1" 200 6326 "-" "Mozilla/5.0 (Windows NT 6.1; WOW64; Trident/7.0; rv:11.0) like Gecko" "nobbycosmic.com"
58.211.23.183 - - [02/Jan/2023:06:41:54 -0800] "GET / HTTP/1.1" 200 3158 "-" "Dalvik/2.1.0 (Linux; U; Android 9.0; ZTE BA520 Build/MRA58K)" "nobbycosmic.com"
70.53.97.188 - - [02/Jan/2023:06:45:31 -0800] "GET /Post/JCCC202212191.pdf HTTP/1.1" 200 12176025 "https://torontonikkeiforum.forumotion.com/" "Mozilla/5.0 (iPhone; CPU iPhone OS 16_1_1 like Mac OS X) AppleWebKit/605.1.15 (KHTML, like Gecko) Version/16.1 Mobile/15E148 Safari/604.1" "nobbycosmic.com"
70.52.167.199 - - [02/Jan/2023:06:56:35 -0800] "GET /Post/JSS202212241.pdf HTTP/1.1" 200 599288 "https://torontonikkeiforum.forumotion.com/" "Mozilla/5.0 (Windows NT 10.0; Win64; x64) AppleWebKit/537.36 (KHTML, like Gecko) Chrome/108.0.0.0 Safari/537.36" "nobbycosmic.com"
70.52.167.199 - - [02/Jan/2023:06:56:35 -0800] "GET /favicon.ico HTTP/1.1" 404 88 "https://nobbycosmic.com/Post/JSS202212241.pdf" "Mozilla/5.0 (Windows NT 10.0; Win64; x64) AppleWebKit/537.36 (KHTML, like Gecko) Chrome/108.0.0.0 Safari/537.36" "nobbycosmic.com"
76.71.100.109 - - [02/Jan/2023:06:56:39 -0800] "GET /Post/JSS20201229.pdf HTTP/1.1" 404 88 "https://torontonikkeiforum.forumotion.com/" "Mozilla/5.0 (Windows NT 10.0; Win64; x64) AppleWebKit/537.36 (KHTML, like Gecko) Chrome/108.0.0.0 Safari/537.36" "nobbycosmic.com"
76.71.100.109 - - [02/Jan/2023:06:56:39 -0800] "GET /favicon.ico HTTP/1.1" 404 88 "https://nobbycosmic.com/Post/JSS20201229.pdf" "Mozilla/5.0 (Windows NT 10.0; Win64; x64) AppleWebKit/537.36 (KHTML, like Gecko) Chrome/108.0.0.0 Safari/537.36" "nobbycosmic.com"
35.245.188.175 - - [02/Jan/2023:07:05:14 -0800] "GET / HTTP/1.1" 200 10838 "-" "Mozilla/5.0 (Windows NT 6.1; WOW64; Trident/7.0; rv:11.0) like Gecko" "nobbycosmic.com"
40.77.167.25 - - [02/Jan/2023:07:26:46 -0800] "GET /Temp/JF20130807.pdf HTTP/1.1" 404 88 "-" "Mozilla/5.0 AppleWebKit/537.36 (KHTML, like Gecko; compatible; bingbot/2.0; +http://www.bing.com/bingbot.htm) Chrome/103.0.5060.134 Safari/537.36" "nobbycosmic.com"
184.164.2.21 - - [02/Jan/2023:07:40:27 -0800] "GET /BabyTalks/BTList.htm HTTP/1.1" 304 - "-" "Mozilla/5.0 (Windows NT 10.0; Win64; x64) AppleWebKit/537.36 (KHTML, like Gecko) Chrome/108.0.0.0 Safari/537.36" "nobbycosmic.com"
184.164.2.21 - - [02/Jan/2023:07:40:28 -0800] "GET /favicon.ico HTTP/1.1" 404 88 "https://nobbycosmic.com/BabyTalks/BTList.htm" "Mozilla/5.0 (Windows NT 10.0; Win64; x64) AppleWebKit/537.36 (KHTML, like Gecko) Chrome/108.0.0.0 Safari/537.36" "nobbycosmic.com"
35.185.241.102 - - [02/Jan/2023:07:40:28 -0800] "GET / HTTP/1.1" 200 10838 "-" "Mozilla/5.0 (Windows NT 6.1; WOW64; Trident/7.0; rv:11.0) like Gecko" "nobbycosmic.com"
184.164.2.21 - - [02/Jan/2023:07:40:34 -0800] "GET /BabyTalks/FTFMember/MemberLists/FTFMemberListPCD.htm HTTP/1.1" 401 90 "https://nobbycosmic.com/BabyTalks/BTList.htm" "Mozilla/5.0 (Windows NT 10.0; Win64; x64) AppleWebKit/537.36 (KHTML, like Gecko) Chrome/108.0.0.0 Safari/537.36" "nobbycosmic.com"
184.164.2.21 - FTF [02/Jan/2023:07:40:44 -0800] "GET /BabyTalks/FTFMember/MemberLists/FTFMemberListPCD.htm HTTP/1.1" 304 - "https://nobbycosmic.com/BabyTalks/BTList.htm" "Mozilla/5.0 (Windows NT 10.0; Win64; x64) AppleWebKit/537.36 (KHTML, like Gecko) Chrome/108.0.0.0 Safari/537.36" "nobbycosmic.com"
69.158.246.133 - - [02/Jan/2023:08:47:40 -0800] "GET /BabyTalks/BTList.htm HTTP/1.1" 200 10238 "-" "Mozilla/5.0 (iPhone; CPU iPhone OS 16_1 like Mac OS X) AppleWebKit/605.1.15 (KHTML, like Gecko) CriOS/108.0.5359.112 Mobile/15E148 Safari/604.1" "nobbycosmic.com"
69.158.246.133 - - [02/Jan/2023:08:47:41 -0800] "GET /BabyTalks/hiyoko.gif HTTP/1.1" 200 10361 "https://nobbycosmic.com/BabyTalks/BTList.htm" "Mozilla/5.0 (iPhone; CPU iPhone OS 16_1 like Mac OS X) AppleWebKit/605.1.15 (KHTML, like Gecko) CriOS/108.0.5359.112 Mobile/15E148 Safari/604.1" "nobbycosmic.com"
69.158.246.133 - - [02/Jan/2023:08:47:41 -0800] "GET /BabyTalks/BTFBanner1.jpg HTTP/1.1" 200 9524 "https://nobbycosmic.com/BabyTalks/BTList.htm" "Mozilla/5.0 (iPhone; CPU iPhone OS 16_1 like Mac OS X) AppleWebKit/605.1.15 (KHTML, like Gecko) CriOS/108.0.5359.112 Mobile/15E148 Safari/604.1" "nobbycosmic.com"
69.158.246.133 - - [02/Jan/2023:08:47:41 -0800] "GET /favicon.ico HTTP/1.1" 404 88 "-" "Mozilla/5.0 (iPhone; CPU iPhone OS 16_1 like Mac OS X) AppleWebKit/605.1.15 (KHTML, like Gecko) CriOS/108.0.5359.112 Mobile/15E148 Safari/604.1" "nobbycosmic.com"
69.158.246.133 - - [02/Jan/2023:08:47:41 -0800] "GET /BabyTalks/BTFBanner2.jpg HTTP/1.1" 200 4273 "https://nobbycosmic.com/BabyTalks/BTList.htm" "Mozilla/5.0 (iPhone; CPU iPhone OS 16_1 like Mac OS X) AppleWebKit/605.1.15 (KHTML, like Gecko) CriOS/108.0.5359.112 Mobile/15E148 Safari/604.1" "nobbycosmic.com"
69.158.246.133 - - [02/Jan/2023:08:47:41 -0800] "GET /BabyTalks/Group.jpg HTTP/1.1" 200 54379 "https://nobbycosmic.com/BabyTalks/BTList.htm" "Mozilla/5.0 (iPhone; CPU iPhone OS 16_1 like Mac OS X) AppleWebKit/605.1.15 (KHTML, like Gecko) CriOS/108.0.5359.112 Mobile/15E148 Safari/604.1" "nobbycosmic.com"
69.158.246.133 - - [02/Jan/2023:08:47:41 -0800] "GET /BabyTalks/blue_next.gif HTTP/1.1" 200 138 "https://nobbycosmic.com/BabyTalks/BTList.htm" "Mozilla/5.0 (iPhone; CPU iPhone OS 16_1 like Mac OS X) AppleWebKit/605.1.15 (KHTML, like Gecko) CriOS/108.0.5359.112 Mobile/15E148 Safari/604.1" "nobbycosmic.com"
69.158.246.133 - - [02/Jan/2023:08:47:41 -0800] "GET /BabyTalks/SakuraMark2.jpg HTTP/1.1" 200 933 "https://nobbycosmic.com/BabyTalks/BTList.htm" "Mozilla/5.0 (iPhone; CPU iPhone OS 16_1 like Mac OS X) AppleWebKit/605.1.15 (KHTML, like Gecko) CriOS/108.0.5359.112 Mobile/15E148 Safari/604.1" "nobbycosmic.com"
69.158.246.133 - - [02/Jan/2023:08:47:41 -0800] "GET /BabyTalks/FTFMemberDistChart.jpg HTTP/1.1" 200 61359 "https://nobbycosmic.com/BabyTalks/BTList.htm" "Mozilla/5.0 (iPhone; CPU iPhone OS 16_1 like Mac OS X) AppleWebKit/605.1.15 (KHTML, like Gecko) CriOS/108.0.5359.112 Mobile/15E148 Safari/604.1" "nobbycosmic.com"
149.5.224.145 - - [02/Jan/2023:09:05:21 -0800] "GET /Temp/JF201207061.jpg HTTP/1.1" 404 73 "-" "-" "nobbycosmic.com"
69.158.246.157 - - [02/Jan/2023:09:45:47 -0800] "GET /BabyTalks/FTFMember/MemberLists/FTFMemberListPCD.htm HTTP/1.1" 401 90 "https://nobbycosmic.com/BabyTalks/BTList.htm" "Mozilla/5.0 (iPhone; CPU iPhone OS 16_1 like Mac OS X) AppleWebKit/605.1.15 (KHTML, like Gecko) CriOS/108.0.5359.112 Mobile/15E148 Safari/604.1" "nobbycosmic.com"
69.158.246.157 - FTF [02/Jan/2023:09:46:13 -0800] "GET /BabyTalks/FTFMember/MemberLists/FTFMemberListPCD.htm HTTP/1.1" 200 63680 "https://nobbycosmic.com/BabyTalks/BTList.htm" "Mozilla/5.0 (iPhone; CPU iPhone OS 16_1 like Mac OS X) AppleWebKit/605.1.15 (KHTML, like Gecko) CriOS/108.0.5359.112 Mobile/15E148 Safari/604.1" "nobbycosmic.com"
51.222.253.2 - - [02/Jan/2023:10:10:35 -0800] "GET / HTTP/1.1" 200 3158 "-" "Mozilla/5.0 (compatible; AhrefsBot/7.0; +http://ahrefs.com/robot/)" "nobbycosmic.com"
147.78.47.249 - - [02/Jan/2023:10:21:49 -0800] "GET /_ignition/health-check/ HTTP/1.1" 404 88 "http://nobbycosmic.com/_ignition/health-check/" "Mozilla/5.0 (Windows NT 10.0; Win64; x64) AppleWebKit/537.36 (KHTML, like Gecko) Chrome/105.0.0.0 Safari/537.36" "nobbycosmic.com"
147.78.47.249 - - [02/Jan/2023:10:21:52 -0800] "GET /public/_ignition/health-check/ HTTP/1.1" 404 88 "http://nobbycosmic.com/public/_ignition/health-check/" "Mozilla/5.0 (Windows NT 10.0; Win64; x64) AppleWebKit/537.36 (KHTML, like Gecko) Chrome/105.0.0.0 Safari/537.36" "nobbycosmic.com"
147.78.47.249 - - [02/Jan/2023:10:21:54 -0800] "GET /wp-includes/wlwmanifest.xml HTTP/1.1" 404 88 "http://nobbycosmic.com/wp-includes/wlwmanifest.xml" "Mozilla/5.0 (Windows NT 10.0; Win64; x64) AppleWebKit/537.36 (KHTML, like Gecko) Chrome/105.0.0.0 Safari/537.36" "nobbycosmic.com"
157.55.39.30 - - [02/Jan/2023:10:50:06 -0800] "GET /Temp/2015Shinki-KaiCharityGolfInvitation.pdf HTTP/1.1" 404 88 "-" "Mozilla/5.0 AppleWebKit/537.36 (KHTML, like Gecko; compatible; bingbot/2.0; +http://www.bing.com/bingbot.htm) Chrome/103.0.5060.134 Safari/537.36" "nobbycosmic.com"
149.5.224.210 - - [02/Jan/2023:11:49:16 -0800] "GET /Temp/JF201208132.jpg HTTP/1.1" 404 73 "-" "-" "nobbycosmic.com"
184.164.2.21 - - [02/Jan/2023:12:13:46 -0800] "GET /BabyTalks/BTList.htm HTTP/1.1" 304 - "-" "Mozilla/5.0 (Windows NT 10.0; Win64; x64) AppleWebKit/537.36 (KHTML, like Gecko) Chrome/108.0.0.0 Safari/537.36" "nobbycosmic.com"
35.245.188.175 - - [02/Jan/2023:12:13:47 -0800] "GET / HTTP/1.1" 200 10838 "-" "Mozilla/5.0 (Windows NT 6.1; WOW64; Trident/7.0; rv:11.0) like Gecko" "nobbycosmic.com"
184.164.2.21 - - [02/Jan/2023:12:13:58 -0800] "GET /BabyTalks/BTList.htm HTTP/1.1" 304 - "-" "Mozilla/5.0 (Windows NT 10.0; Win64; x64) AppleWebKit/537.36 (KHTML, like Gecko) Chrome/108.0.0.0 Safari/537.36" "nobbycosmic.com"
184.164.2.21 - - [02/Jan/2023:12:14:24 -0800] "GET /BabyTalks/BTList.htm HTTP/1.1" 200 10238 "-" "Mozilla/5.0 (Windows NT 10.0; Win64; x64) AppleWebKit/537.36 (KHTML, like Gecko) Chrome/108.0.0.0 Safari/537.36" "nobbycosmic.com"
184.164.2.21 - - [02/Jan/2023:12:14:24 -0800] "GET /BabyTalks/hiyoko.gif HTTP/1.1" 200 10361 "https://nobbycosmic.com/BabyTalks/BTList.htm" "Mozilla/5.0 (Windows NT 10.0; Win64; x64) AppleWebKit/537.36 (KHTML, like Gecko) Chrome/108.0.0.0 Safari/537.36" "nobbycosmic.com"
184.164.2.21 - - [02/Jan/2023:12:14:24 -0800] "GET /BabyTalks/Group.jpg HTTP/1.1" 200 54379 "https://nobbycosmic.com/BabyTalks/BTList.htm" "Mozilla/5.0 (Windows NT 10.0; Win64; x64) AppleWebKit/537.36 (KHTML, like Gecko) Chrome/108.0.0.0 Safari/537.36" "nobbycosmic.com"
184.164.2.21 - - [02/Jan/2023:12:14:24 -0800] "GET /BabyTalks/blue_next.gif HTTP/1.1" 200 138 "https://nobbycosmic.com/BabyTalks/BTList.htm" "Mozilla/5.0 (Windows NT 10.0; Win64; x64) AppleWebKit/537.36 (KHTML, like Gecko) Chrome/108.0.0.0 Safari/537.36" "nobbycosmic.com"
184.164.2.21 - - [02/Jan/2023:12:14:24 -0800] "GET /BabyTalks/BTFBanner1.jpg HTTP/1.1" 200 9524 "https://nobbycosmic.com/BabyTalks/BTList.htm" "Mozilla/5.0 (Windows NT 10.0; Win64; x64) AppleWebKit/537.36 (KHTML, like Gecko) Chrome/108.0.0.0 Safari/537.36" "nobbycosmic.com"
184.164.2.21 - - [02/Jan/2023:12:14:24 -0800] "GET /BabyTalks/BTFBanner2.jpg HTTP/1.1" 200 4273 "https://nobbycosmic.com/BabyTalks/BTList.htm" "Mozilla/5.0 (Windows NT 10.0; Win64; x64) AppleWebKit/537.36 (KHTML, like Gecko) Chrome/108.0.0.0 Safari/537.36" "nobbycosmic.com"
184.164.2.21 - - [02/Jan/2023:12:14:24 -0800] "GET /BabyTalks/SakuraMark2.jpg HTTP/1.1" 200 933 "https://nobbycosmic.com/BabyTalks/BTList.htm" "Mozilla/5.0 (Windows NT 10.0; Win64; x64) AppleWebKit/537.36 (KHTML, like Gecko) Chrome/108.0.0.0 Safari/537.36" "nobbycosmic.com"
184.164.2.21 - - [02/Jan/2023:12:14:24 -0800] "GET /BabyTalks/FTFMemberDistChart.jpg HTTP/1.1" 200 57507 "https://nobbycosmic.com/BabyTalks/BTList.htm" "Mozilla/5.0 (Windows NT 10.0; Win64; x64) AppleWebKit/537.36 (KHTML, like Gecko) Chrome/108.0.0.0 Safari/537.36" "nobbycosmic.com"
24.150.90.57 - - [02/Jan/2023:12:16:05 -0800] "GET /Post/JSS202212241.pdf HTTP/1.1" 200 599288 "https://torontonikkeiforum.forumotion.com/" "Mozilla/5.0 (iPhone; CPU iPhone OS 16_0_2 like Mac OS X) AppleWebKit/605.1.15 (KHTML, like Gecko) Version/16.0 Mobile/15E148 Safari/604.1" "nobbycosmic.com"
24.150.90.57 - - [02/Jan/2023:12:16:07 -0800] "GET /favicon.ico HTTP/1.1" 404 88 "https://nobbycosmic.com/Post/JSS202212241.pdf" "Mozilla/5.0 (iPhone; CPU iPhone OS 16_0_2 like Mac OS X) AppleWebKit/605.1.15 (KHTML, like Gecko) Version/16.0 Mobile/15E148 Safari/604.1" "nobbycosmic.com"
184.164.2.21 - FTF [02/Jan/2023:12:16:23 -0800] "GET /BabyTalks/FTFMember/MemberLists/FTFMemberListABC.htm HTTP/1.1" 304 - "https://nobbycosmic.com/BabyTalks/BTList.htm" "Mozilla/5.0 (Windows NT 10.0; Win64; x64) AppleWebKit/537.36 (KHTML, like Gecko) Chrome/108.0.0.0 Safari/537.36" "nobbycosmic.com"
35.245.188.175 - - [02/Jan/2023:12:16:23 -0800] "GET / HTTP/1.1" 200 10838 "-" "Mozilla/5.0 (Windows NT 6.1; WOW64; Trident/7.0; rv:11.0) like Gecko" "nobbycosmic.com"
35.185.241.102 - - [02/Jan/2023:12:18:01 -0800] "GET / HTTP/1.1" 200 10838 "-" "Mozilla/5.0 (Windows NT 6.1; WOW64; Trident/7.0; rv:11.0) like Gecko" "nobbycosmic.com"
184.164.2.21 - FTF [02/Jan/2023:12:18:09 -0800] "GET /BabyTalks/FTFMember/MemberLists/FTFMemberListPCD.htm HTTP/1.1" 304 - "https://nobbycosmic.com/BabyTalks/BTList.htm" "Mozilla/5.0 (Windows NT 10.0; Win64; x64) AppleWebKit/537.36 (KHTML, like Gecko) Chrome/108.0.0.0 Safari/537.36" "nobbycosmic.com"
89.117.20.210 - - [02/Jan/2023:12:22:11 -0800] "HEAD /wordpress HTTP/1.1" 404 - "http://nobbycosmic.com/wordpress" "Mozilla/5.0 (Windows NT 10.0; Win64; x64) AppleWebKit/537.36 (KHTML, like Gecko) Chrome/74.0.3729.169 Safari/537.36" "nobbycosmic.com"
89.117.20.210 - - [02/Jan/2023:12:22:11 -0800] "HEAD / HTTP/1.1" 200 - "http://nobbycosmic.com/" "Mozilla/5.0 (Windows NT 10.0; Win64; x64) AppleWebKit/537.36 (KHTML, like Gecko) Chrome/74.0.3729.169 Safari/537.36" "nobbycosmic.com"
89.117.20.210 - - [02/Jan/2023:12:22:11 -0800] "HEAD /wp HTTP/1.1" 404 - "http://nobbycosmic.com/wp" "Mozilla/5.0 (Windows NT 10.0; Win64; x64) AppleWebKit/537.36 (KHTML, like Gecko) Chrome/74.0.3729.169 Safari/537.36" "nobbycosmic.com"
89.117.20.210 - - [02/Jan/2023:12:22:11 -0800] "HEAD /bc HTTP/1.1" 404 - "http://nobbycosmic.com/bc" "Mozilla/5.0 (Windows NT 10.0; Win64; x64) AppleWebKit/537.36 (KHTML, like Gecko) Chrome/74.0.3729.169 Safari/537.36" "nobbycosmic.com"
89.117.20.210 - - [02/Jan/2023:12:22:11 -0800] "HEAD /bk HTTP/1.1" 404 - "http://nobbycosmic.com/bk" "Mozilla/5.0 (Windows NT 10.0; Win64; x64) AppleWebKit/537.36 (KHTML, like Gecko) Chrome/74.0.3729.169 Safari/537.36" "nobbycosmic.com"
89.117.20.210 - - [02/Jan/2023:12:22:11 -0800] "HEAD /backup HTTP/1.1" 404 - "http://nobbycosmic.com/backup" "Mozilla/5.0 (Windows NT 10.0; Win64; x64) AppleWebKit/537.36 (KHTML, like Gecko) Chrome/74.0.3729.169 Safari/537.36" "nobbycosmic.com"
89.117.20.210 - - [02/Jan/2023:12:22:11 -0800] "HEAD /old HTTP/1.1" 404 - "http://nobbycosmic.com/old" "Mozilla/5.0 (Windows NT 10.0; Win64; x64) AppleWebKit/537.36 (KHTML, like Gecko) Chrome/74.0.3729.169 Safari/537.36" "nobbycosmic.com"
89.117.20.210 - - [02/Jan/2023:12:22:11 -0800] "HEAD /new HTTP/1.1" 404 - "http://nobbycosmic.com/new" "Mozilla/5.0 (Windows NT 10.0; Win64; x64) AppleWebKit/537.36 (KHTML, like Gecko) Chrome/74.0.3729.169 Safari/537.36" "nobbycosmic.com"
89.117.20.210 - - [02/Jan/2023:12:22:11 -0800] "HEAD /main HTTP/1.1" 404 - "http://nobbycosmic.com/main" "Mozilla/5.0 (Windows NT 10.0; Win64; x64) AppleWebKit/537.36 (KHTML, like Gecko) Chrome/74.0.3729.169 Safari/537.36" "nobbycosmic.com"
89.117.20.210 - - [02/Jan/2023:12:22:12 -0800] "HEAD /home HTTP/1.1" 200 - "http://nobbycosmic.com/home" "Mozilla/5.0 (Windows NT 10.0; Win64; x64) AppleWebKit/537.36 (KHTML, like Gecko) Chrome/74.0.3729.169 Safari/537.36" "nobbycosmic.com"
99.253.241.87 - - [02/Jan/2023:12:28:10 -0800] "GET /BabyTalks/BTList.htm HTTP/1.1" 200 10238 "http://www.e-maple.net/" "Mozilla/5.0 (iPhone; CPU iPhone OS 16_1 like Mac OS X) AppleWebKit/605.1.15 (KHTML, like Gecko) CriOS/108.0.5359.112 Mobile/15E148 Safari/604.1" "nobbycosmic.com"
99.253.241.87 - - [02/Jan/2023:12:28:10 -0800] "GET /BabyTalks/hiyoko.gif HTTP/1.1" 200 10361 "https://nobbycosmic.com/BabyTalks/BTList.htm" "Mozilla/5.0 (iPhone; CPU iPhone OS 16_1 like Mac OS X) AppleWebKit/605.1.15 (KHTML, like Gecko) CriOS/108.0.5359.112 Mobile/15E148 Safari/604.1" "nobbycosmic.com"
99.253.241.87 - - [02/Jan/2023:12:28:10 -0800] "GET /BabyTalks/BTFBanner1.jpg HTTP/1.1" 200 9524 "https://nobbycosmic.com/BabyTalks/BTList.htm" "Mozilla/5.0 (iPhone; CPU iPhone OS 16_1 like Mac OS X) AppleWebKit/605.1.15 (KHTML, like Gecko) CriOS/108.0.5359.112 Mobile/15E148 Safari/604.1" "nobbycosmic.com"
99.253.241.87 - - [02/Jan/2023:12:28:10 -0800] "GET /BabyTalks/Group.jpg HTTP/1.1" 200 54379 "https://nobbycosmic.com/BabyTalks/BTList.htm" "Mozilla/5.0 (iPhone; CPU iPhone OS 16_1 like Mac OS X) AppleWebKit/605.1.15 (KHTML, like Gecko) CriOS/108.0.5359.112 Mobile/15E148 Safari/604.1" "nobbycosmic.com"
99.253.241.87 - - [02/Jan/2023:12:28:10 -0800] "GET /BabyTalks/BTFBanner2.jpg HTTP/1.1" 200 4273 "https://nobbycosmic.com/BabyTalks/BTList.htm" "Mozilla/5.0 (iPhone; CPU iPhone OS 16_1 like Mac OS X) AppleWebKit/605.1.15 (KHTML, like Gecko) CriOS/108.0.5359.112 Mobile/15E148 Safari/604.1" "nobbycosmic.com"
99.253.241.87 - - [02/Jan/2023:12:28:10 -0800] "GET /BabyTalks/FTFMemberDistChart.jpg HTTP/1.1" 200 57507 "https://nobbycosmic.com/BabyTalks/BTList.htm" "Mozilla/5.0 (iPhone; CPU iPhone OS 16_1 like Mac OS X) AppleWebKit/605.1.15 (KHTML, like Gecko) CriOS/108.0.5359.112 Mobile/15E148 Safari/604.1" "nobbycosmic.com"
99.253.241.87 - - [02/Jan/2023:12:28:10 -0800] "GET /BabyTalks/SakuraMark2.jpg HTTP/1.1" 200 933 "https://nobbycosmic.com/BabyTalks/BTList.htm" "Mozilla/5.0 (iPhone; CPU iPhone OS 16_1 like Mac OS X) AppleWebKit/605.1.15 (KHTML, like Gecko) CriOS/108.0.5359.112 Mobile/15E148 Safari/604.1" "nobbycosmic.com"
99.253.241.87 - - [02/Jan/2023:12:28:10 -0800] "GET /BabyTalks/blue_next.gif HTTP/1.1" 200 138 "https://nobbycosmic.com/BabyTalks/BTList.htm" "Mozilla/5.0 (iPhone; CPU iPhone OS 16_1 like Mac OS X) AppleWebKit/605.1.15 (KHTML, like Gecko) CriOS/108.0.5359.112 Mobile/15E148 Safari/604.1" "nobbycosmic.com"
99.253.241.87 - - [02/Jan/2023:12:28:10 -0800] "GET /favicon.ico HTTP/1.1" 404 88 "-" "Mozilla/5.0 (iPhone; CPU iPhone OS 16_1 like Mac OS X) AppleWebKit/605.1.15 (KHTML, like Gecko) CriOS/108.0.5359.112 Mobile/15E148 Safari/604.1" "nobbycosmic.com"
72.140.209.180 - - [02/Jan/2023:12:38:41 -0800] "GET /BabyTalks/BTList.htm HTTP/1.1" 200 10238 "-" "Mozilla/5.0 (Macintosh; Intel Mac OS X 10_12_6) AppleWebKit/605.1.15 (KHTML, like Gecko)" "nobbycosmic.com"
72.140.209.180 - - [02/Jan/2023:12:38:42 -0800] "GET /apple-touch-icon-precomposed.png HTTP/1.1" 404 88 "-" "Safari/12607.3.10 CFNetwork/811.11 Darwin/16.7.0 (x86_64)" "nobbycosmic.com"
72.140.209.180 - - [02/Jan/2023:12:38:42 -0800] "GET /apple-touch-icon.png HTTP/1.1" 404 88 "-" "Safari/12607.3.10 CFNetwork/811.11 Darwin/16.7.0 (x86_64)" "nobbycosmic.com"
72.140.209.180 - - [02/Jan/2023:12:38:42 -0800] "GET /favicon.ico HTTP/1.1" 404 88 "-" "Safari/12607.3.10 CFNetwork/811.11 Darwin/16.7.0 (x86_64)" "nobbycosmic.com"
72.140.209.180 - - [02/Jan/2023:12:38:42 -0800] "GET /apple-touch-icon-precomposed.png HTTP/1.1" 404 88 "-" "Safari/12607.3.10 CFNetwork/811.11 Darwin/16.7.0 (x86_64)" "nobbycosmic.com"
72.140.209.180 - - [02/Jan/2023:12:38:42 -0800] "GET /apple-touch-icon.png HTTP/1.1" 404 88 "-" "Safari/12607.3.10 CFNetwork/811.11 Darwin/16.7.0 (x86_64)" "nobbycosmic.com"
72.140.209.180 - - [02/Jan/2023:12:38:42 -0800] "GET /favicon.ico HTTP/1.1" 404 88 "-" "Safari/12607.3.10 CFNetwork/811.11 Darwin/16.7.0 (x86_64)" "nobbycosmic.com"
72.140.209.180 - - [02/Jan/2023:12:38:42 -0800] "GET /BabyTalks/BTList.htm HTTP/1.1" 200 10238 "-" "Mozilla/5.0 (iPhone; CPU iPhone OS 12_1_3 like Mac OS X) AppleWebKit/605.1.15 (KHTML, like Gecko) Version/12.0 Mobile/15E148 Safari/604.1" "nobbycosmic.com"
72.140.209.180 - - [02/Jan/2023:12:38:43 -0800] "GET /apple-touch-icon-precomposed.png HTTP/1.1" 404 88 "-" "Safari/12607.3.10 CFNetwork/811.11 Darwin/16.7.0 (x86_64)" "nobbycosmic.com"
72.140.209.180 - - [02/Jan/2023:12:38:43 -0800] "GET /apple-touch-icon.png HTTP/1.1" 404 88 "-" "Safari/12607.3.10 CFNetwork/811.11 Darwin/16.7.0 (x86_64)" "nobbycosmic.com"
72.140.209.180 - - [02/Jan/2023:12:38:43 -0800] "GET /favicon.ico HTTP/1.1" 404 88 "-" "Safari/12607.3.10 CFNetwork/811.11 Darwin/16.7.0 (x86_64)" "nobbycosmic.com"
72.140.209.180 - - [02/Jan/2023:12:38:43 -0800] "GET /apple-touch-icon-precomposed.png HTTP/1.1" 404 88 "-" "Safari/12607.3.10 CFNetwork/811.11 Darwin/16.7.0 (x86_64)" "nobbycosmic.com"
72.140.209.180 - - [02/Jan/2023:12:38:43 -0800] "GET /apple-touch-icon.png HTTP/1.1" 404 88 "-" "Safari/12607.3.10 CFNetwork/811.11 Darwin/16.7.0 (x86_64)" "nobbycosmic.com"
72.140.209.180 - - [02/Jan/2023:12:38:44 -0800] "GET /favicon.ico HTTP/1.1" 404 88 "-" "Safari/12607.3.10 CFNetwork/811.11 Darwin/16.7.0 (x86_64)" "nobbycosmic.com"
51.222.253.11 - - [02/Jan/2023:12:58:06 -0800] "GET /robots.txt HTTP/1.1" 200 75 "-" "Mozilla/5.0 (compatible; AhrefsBot/7.0; +http://ahrefs.com/robot/)" "www.nobbycosmic.com"
51.222.253.4 - - [02/Jan/2023:12:58:08 -0800] "GET / HTTP/1.1" 200 3158 "-" "Mozilla/5.0 (compatible; AhrefsBot/7.0; +http://ahrefs.com/robot/)" "www.nobbycosmic.com"
114.119.137.195 - - [02/Jan/2023:13:00:05 -0800] "GET /NJCA/NY12/JCCCMapNY2012E.pdf HTTP/1.1" 200 118533 "https://nobbycosmic.com/NJCA/NY12?C=M%3BO%3DA" "Mozilla/5.0 (Linux; Android 7.0;) AppleWebKit/537.36 (KHTML, like Gecko) Mobile Safari/537.36 (compatible; PetalBot;+https://webmaster.petalsearch.com/site/petalbot)" "nobbycosmic.com"
114.119.133.211 - - [02/Jan/2023:13:09:48 -0800] "GET /NJCA/AGM10/NJCAByLawChange2011.pdf HTTP/1.1" 200 36021 "https://nobbycosmic.com/NJCA/AGM10?D=D" "Mozilla/5.0 (Linux; Android 7.0;) AppleWebKit/537.36 (KHTML, like Gecko) Mobile Safari/537.36 (compatible; PetalBot;+https://webmaster.petalsearch.com/site/petalbot)" "nobbycosmic.com"
157.55.39.50 - - [02/Jan/2023:13:22:52 -0800] "GET /NJCA/NY08/ HTTP/1.1" 200 776 "-" "Mozilla/5.0 (compatible; bingbot/2.0; +http://www.bing.com/bingbot.htm)" "nobbycosmic.com"
24.212.173.91 - - [02/Jan/2023:13:32:00 -0800] "GET /BabyTalks/BTList.htm HTTP/1.1" 200 10238 "-" "Mozilla/5.0 (X11; CrOS x86_64 14816.131.0) AppleWebKit/537.36 (KHTML, like Gecko) Chrome/103.0.0.0 Safari/537.36" "nobbycosmic.com"
24.212.173.91 - - [02/Jan/2023:13:32:01 -0800] "GET /BabyTalks/BTFBanner1.jpg HTTP/1.1" 200 9524 "https://nobbycosmic.com/BabyTalks/BTList.htm" "Mozilla/5.0 (X11; CrOS x86_64 14816.131.0) AppleWebKit/537.36 (KHTML, like Gecko) Chrome/103.0.0.0 Safari/537.36" "nobbycosmic.com"
24.212.173.91 - - [02/Jan/2023:13:32:01 -0800] "GET /BabyTalks/hiyoko.gif HTTP/1.1" 200 10361 "https://nobbycosmic.com/BabyTalks/BTList.htm" "Mozilla/5.0 (X11; CrOS x86_64 14816.131.0) AppleWebKit/537.36 (KHTML, like Gecko) Chrome/103.0.0.0 Safari/537.36" "nobbycosmic.com"
24.212.173.91 - - [02/Jan/2023:13:32:01 -0800] "GET /BabyTalks/Group.jpg HTTP/1.1" 200 54379 "https://nobbycosmic.com/BabyTalks/BTList.htm" "Mozilla/5.0 (X11; CrOS x86_64 14816.131.0) AppleWebKit/537.36 (KHTML, like Gecko) Chrome/103.0.0.0 Safari/537.36" "nobbycosmic.com"
24.212.173.91 - - [02/Jan/2023:13:32:01 -0800] "GET /BabyTalks/BTFBanner2.jpg HTTP/1.1" 200 4273 "https://nobbycosmic.com/BabyTalks/BTList.htm" "Mozilla/5.0 (X11; CrOS x86_64 14816.131.0) AppleWebKit/537.36 (KHTML, like Gecko) Chrome/103.0.0.0 Safari/537.36" "nobbycosmic.com"
24.212.173.91 - - [02/Jan/2023:13:32:01 -0800] "GET /BabyTalks/FTFMemberDistChart.jpg HTTP/1.1" 200 57507 "https://nobbycosmic.com/BabyTalks/BTList.htm" "Mozilla/5.0 (X11; CrOS x86_64 14816.131.0) AppleWebKit/537.36 (KHTML, like Gecko) Chrome/103.0.0.0 Safari/537.36" "nobbycosmic.com"
24.212.173.91 - - [02/Jan/2023:13:32:01 -0800] "GET /BabyTalks/SakuraMark2.jpg HTTP/1.1" 200 933 "https://nobbycosmic.com/BabyTalks/BTList.htm" "Mozilla/5.0 (X11; CrOS x86_64 14816.131.0) AppleWebKit/537.36 (KHTML, like Gecko) Chrome/103.0.0.0 Safari/537.36" "nobbycosmic.com"
24.212.173.91 - - [02/Jan/2023:13:32:01 -0800] "GET /BabyTalks/blue_next.gif HTTP/1.1" 200 138 "https://nobbycosmic.com/BabyTalks/BTList.htm" "Mozilla/5.0 (X11; CrOS x86_64 14816.131.0) AppleWebKit/537.36 (KHTML, like Gecko) Chrome/103.0.0.0 Safari/537.36" "nobbycosmic.com"
24.212.173.91 - - [02/Jan/2023:13:32:02 -0800] "GET /favicon.ico HTTP/1.1" 404 88 "https://nobbycosmic.com/BabyTalks/BTList.htm" "Mozilla/5.0 (X11; CrOS x86_64 14816.131.0) AppleWebKit/537.36 (KHTML, like Gecko) Chrome/103.0.0.0 Safari/537.36" "nobbycosmic.com"
24.212.173.91 - - [02/Jan/2023:13:32:24 -0800] "GET /BabyTalks/FTFMember/Content.htm HTTP/1.1" 401 90 "https://nobbycosmic.com/BabyTalks/BTList.htm" "Mozilla/5.0 (X11; CrOS x86_64 14816.131.0) AppleWebKit/537.36 (KHTML, like Gecko) Chrome/103.0.0.0 Safari/537.36" "nobbycosmic.com"
24.212.173.91 - FTF [02/Jan/2023:13:32:34 -0800] "GET /BabyTalks/FTFMember/Content.htm HTTP/1.1" 200 6676 "https://nobbycosmic.com/BabyTalks/BTList.htm" "Mozilla/5.0 (X11; CrOS x86_64 14816.131.0) AppleWebKit/537.36 (KHTML, like Gecko) Chrome/103.0.0.0 Safari/537.36" "nobbycosmic.com"
24.212.173.91 - FTF [02/Jan/2023:13:32:34 -0800] "GET /BabyTalks/FTFMember/hiyoko.gif HTTP/1.1" 200 10361 "https://nobbycosmic.com/BabyTalks/FTFMember/Content.htm" "Mozilla/5.0 (X11; CrOS x86_64 14816.131.0) AppleWebKit/537.36 (KHTML, like Gecko) Chrome/103.0.0.0 Safari/537.36" "nobbycosmic.com"
24.212.173.91 - - [02/Jan/2023:13:34:23 -0800] "GET /BabyTalks/FTFRule.htm HTTP/1.1" 200 2929 "-" "Mozilla/5.0 (X11; CrOS x86_64 14816.131.0) AppleWebKit/537.36 (KHTML, like Gecko) Chrome/103.0.0.0 Safari/537.36" "nobbycosmic.com"
72.140.209.180 - - [02/Jan/2023:13:41:33 -0800] "GET /BabyTalks/BTList.htm HTTP/1.1" 200 10238 "-" "Mozilla/5.0 (Macintosh; Intel Mac OS X 10_12_6) AppleWebKit/605.1.15 (KHTML, like Gecko)" "nobbycosmic.com"
72.140.209.180 - - [02/Jan/2023:13:41:33 -0800] "GET /apple-touch-icon-precomposed.png HTTP/1.1" 404 88 "-" "Safari/12607.3.10 CFNetwork/811.11 Darwin/16.7.0 (x86_64)" "nobbycosmic.com"
72.140.209.180 - - [02/Jan/2023:13:41:33 -0800] "GET /apple-touch-icon.png HTTP/1.1" 404 88 "-" "Safari/12607.3.10 CFNetwork/811.11 Darwin/16.7.0 (x86_64)" "nobbycosmic.com"
72.140.209.180 - - [02/Jan/2023:13:41:33 -0800] "GET /favicon.ico HTTP/1.1" 404 88 "-" "Safari/12607.3.10 CFNetwork/811.11 Darwin/16.7.0 (x86_64)" "nobbycosmic.com"
72.140.209.180 - - [02/Jan/2023:13:41:33 -0800] "GET /apple-touch-icon-precomposed.png HTTP/1.1" 404 88 "-" "Safari/12607.3.10 CFNetwork/811.11 Darwin/16.7.0 (x86_64)" "nobbycosmic.com"
72.140.209.180 - - [02/Jan/2023:13:41:33 -0800] "GET /apple-touch-icon.png HTTP/1.1" 404 88 "-" "Safari/12607.3.10 CFNetwork/811.11 Darwin/16.7.0 (x86_64)" "nobbycosmic.com"
72.140.209.180 - - [02/Jan/2023:13:41:33 -0800] "GET /favicon.ico HTTP/1.1" 404 88 "-" "Safari/12607.3.10 CFNetwork/811.11 Darwin/16.7.0 (x86_64)" "nobbycosmic.com"
72.140.209.180 - - [02/Jan/2023:13:41:33 -0800] "GET /BabyTalks/BTList.htm HTTP/1.1" 200 10238 "-" "Mozilla/5.0 (iPhone; CPU iPhone OS 12_1_3 like Mac OS X) AppleWebKit/605.1.15 (KHTML, like Gecko) Version/12.0 Mobile/15E148 Safari/604.1" "nobbycosmic.com"
72.140.209.180 - - [02/Jan/2023:13:41:34 -0800] "GET /apple-touch-icon-precomposed.png HTTP/1.1" 404 88 "-" "Safari/12607.3.10 CFNetwork/811.11 Darwin/16.7.0 (x86_64)" "nobbycosmic.com"
72.140.209.180 - - [02/Jan/2023:13:41:34 -0800] "GET /apple-touch-icon.png HTTP/1.1" 404 88 "-" "Safari/12607.3.10 CFNetwork/811.11 Darwin/16.7.0 (x86_64)" "nobbycosmic.com"
72.140.209.180 - - [02/Jan/2023:13:41:34 -0800] "GET /favicon.ico HTTP/1.1" 404 88 "-" "Safari/12607.3.10 CFNetwork/811.11 Darwin/16.7.0 (x86_64)" "nobbycosmic.com"
72.140.209.180 - - [02/Jan/2023:13:41:34 -0800] "GET /apple-touch-icon-precomposed.png HTTP/1.1" 404 88 "-" "Safari/12607.3.10 CFNetwork/811.11 Darwin/16.7.0 (x86_64)" "nobbycosmic.com"
72.140.209.180 - - [02/Jan/2023:13:41:34 -0800] "GET /apple-touch-icon.png HTTP/1.1" 404 88 "-" "Safari/12607.3.10 CFNetwork/811.11 Darwin/16.7.0 (x86_64)" "nobbycosmic.com"
72.140.209.180 - - [02/Jan/2023:13:41:34 -0800] "GET /favicon.ico HTTP/1.1" 404 88 "-" "Safari/12607.3.10 CFNetwork/811.11 Darwin/16.7.0 (x86_64)" "nobbycosmic.com"
194.38.20.161 - - [02/Jan/2023:13:53:54 -0800] "GET /chart/php-ofc-library/ofc_upload_image.php HTTP/1.1" 404 73 "-" "ALittle Client" "nobbycosmic.com"
114.119.136.72 - - [02/Jan/2023:14:17:02 -0800] "GET /NJCA/NJCAByLaws.doc HTTP/1.1" 200 83456 "https://nobbycosmic.com/NJCA?D=D" "Mozilla/5.0 (Linux; Android 7.0;) AppleWebKit/537.36 (KHTML, like Gecko) Mobile Safari/537.36 (compatible; PetalBot;+https://webmaster.petalsearch.com/site/petalbot)" "nobbycosmic.com"
114.119.148.255 - - [02/Jan/2023:15:45:36 -0800] "GET /NJCA/NJCATasks.doc HTTP/1.1" 200 39936 "https://nobbycosmic.com/NJCA?D=D" "Mozilla/5.0 (Linux; Android 7.0;) AppleWebKit/537.36 (KHTML, like Gecko) Mobile Safari/537.36 (compatible; PetalBot;+https://webmaster.petalsearch.com/site/petalbot)" "nobbycosmic.com"
173.35.46.16 - - [02/Jan/2023:15:56:06 -0800] "GET /BabyTalks/BTList.htm HTTP/1.1" 200 10238 "-" "Mozilla/5.0 (iPhone; CPU iPhone OS 16_2 like Mac OS X) AppleWebKit/605.1.15 (KHTML, like Gecko) Version/16.2 Mobile/15E148 Safari/604.1" "nobbycosmic.com"
173.35.46.16 - - [02/Jan/2023:15:56:07 -0800] "GET /BabyTalks/BTFBanner1.jpg HTTP/1.1" 200 9524 "https://nobbycosmic.com/BabyTalks/BTList.htm" "Mozilla/5.0 (iPhone; CPU iPhone OS 16_2 like Mac OS X) AppleWebKit/605.1.15 (KHTML, like Gecko) Version/16.2 Mobile/15E148 Safari/604.1" "nobbycosmic.com"
173.35.46.16 - - [02/Jan/2023:15:56:07 -0800] "GET /BabyTalks/hiyoko.gif HTTP/1.1" 200 10361 "https://nobbycosmic.com/BabyTalks/BTList.htm" "Mozilla/5.0 (iPhone; CPU iPhone OS 16_2 like Mac OS X) AppleWebKit/605.1.15 (KHTML, like Gecko) Version/16.2 Mobile/15E148 Safari/604.1" "nobbycosmic.com"
173.35.46.16 - - [02/Jan/2023:15:56:07 -0800] "GET /BabyTalks/BTFBanner2.jpg HTTP/1.1" 200 4273 "https://nobbycosmic.com/BabyTalks/BTList.htm" "Mozilla/5.0 (iPhone; CPU iPhone OS 16_2 like Mac OS X) AppleWebKit/605.1.15 (KHTML, like Gecko) Version/16.2 Mobile/15E148 Safari/604.1" "nobbycosmic.com"
173.35.46.16 - - [02/Jan/2023:15:56:07 -0800] "GET /BabyTalks/Group.jpg HTTP/1.1" 200 54379 "https://nobbycosmic.com/BabyTalks/BTList.htm" "Mozilla/5.0 (iPhone; CPU iPhone OS 16_2 like Mac OS X) AppleWebKit/605.1.15 (KHTML, like Gecko) Version/16.2 Mobile/15E148 Safari/604.1" "nobbycosmic.com"
173.35.46.16 - - [02/Jan/2023:15:56:07 -0800] "GET /BabyTalks/blue_next.gif HTTP/1.1" 200 138 "https://nobbycosmic.com/BabyTalks/BTList.htm" "Mozilla/5.0 (iPhone; CPU iPhone OS 16_2 like Mac OS X) AppleWebKit/605.1.15 (KHTML, like Gecko) Version/16.2 Mobile/15E148 Safari/604.1" "nobbycosmic.com"
173.35.46.16 - - [02/Jan/2023:15:56:07 -0800] "GET /BabyTalks/SakuraMark2.jpg HTTP/1.1" 200 933 "https://nobbycosmic.com/BabyTalks/BTList.htm" "Mozilla/5.0 (iPhone; CPU iPhone OS 16_2 like Mac OS X) AppleWebKit/605.1.15 (KHTML, like Gecko) Version/16.2 Mobile/15E148 Safari/604.1" "nobbycosmic.com"
173.35.46.16 - - [02/Jan/2023:15:56:07 -0800] "GET /BabyTalks/FTFMemberDistChart.jpg HTTP/1.1" 200 57507 "https://nobbycosmic.com/BabyTalks/BTList.htm" "Mozilla/5.0 (iPhone; CPU iPhone OS 16_2 like Mac OS X) AppleWebKit/605.1.15 (KHTML, like Gecko) Version/16.2 Mobile/15E148 Safari/604.1" "nobbycosmic.com"
157.55.39.138 - - [02/Jan/2023:15:57:49 -0800] "GET /Temp/JF20130524.pdf HTTP/1.1" 404 88 "-" "Mozilla/5.0 AppleWebKit/537.36 (KHTML, like Gecko; compatible; bingbot/2.0; +http://www.bing.com/bingbot.htm) Chrome/103.0.5060.134 Safari/537.36" "nobbycosmic.com"
114.119.135.224 - - [02/Jan/2023:16:28:49 -0800] "GET /robots.txt HTTP/1.1" 200 75 "-" "Mozilla/5.0 (compatible;PetalBot;+https://webmaster.petalsearch.com/site/petalbot)" "nobbycosmic.com"
114.119.151.1 - - [02/Jan/2023:16:44:02 -0800] "GET /robots.txt HTTP/1.1" 200 75 "-" "Mozilla/5.0 (compatible;PetalBot;+https://webmaster.petalsearch.com/site/petalbot)" "nobbycosmic.com"
173.35.46.16 - - [02/Jan/2023:17:08:52 -0800] "GET /BabyTalks/FTFRule.htm HTTP/1.1" 200 2929 "-" "Mozilla/5.0 (iPhone; CPU iPhone OS 16_2 like Mac OS X) AppleWebKit/605.1.15 (KHTML, like Gecko) Version/16.2 Mobile/15E148 Safari/604.1" "nobbycosmic.com"
173.35.46.16 - - [02/Jan/2023:17:11:30 -0800] "GET /BabyTalks/FTFMember/Content.htm HTTP/1.1" 401 90 "https://nobbycosmic.com/BabyTalks/BTList.htm" "Mozilla/5.0 (iPhone; CPU iPhone OS 16_2 like Mac OS X) AppleWebKit/605.1.15 (KHTML, like Gecko) Version/16.2 Mobile/15E148 Safari/604.1" "nobbycosmic.com"
173.35.46.16 - - [02/Jan/2023:17:11:51 -0800] "GET /BabyTalks/FTFMember/Events/YE019/Event0915.htm HTTP/1.1" 401 90 "-" "Mozilla/5.0 (iPhone; CPU iPhone OS 16_2 like Mac OS X) AppleWebKit/605.1.15 (KHTML, like Gecko) Version/16.2 Mobile/15E148 Safari/604.1" "nobbycosmic.com"
173.35.46.16 - - [02/Jan/2023:17:28:01 -0800] "GET /BabyTalks/FTFRule.htm HTTP/1.1" 200 2929 "-" "Mozilla/5.0 (iPhone; CPU iPhone OS 16_2 like Mac OS X) AppleWebKit/605.1.15 (KHTML, like Gecko) Version/16.2 Mobile/15E148 Safari/604.1" "nobbycosmic.com"
99.248.37.235 - - [02/Jan/2023:17:43:32 -0800] "GET /Post/JF202212241.pdf HTTP/1.1" 200 15779726 "https://torontonikkeiforum.forumotion.com/" "Mozilla/5.0 (iPhone; CPU iPhone OS 16_2 like Mac OS X) AppleWebKit/605.1.15 (KHTML, like Gecko) Version/16.2 Mobile/15E148 Safari/604.1" "nobbycosmic.com"
99.248.37.235 - - [02/Jan/2023:17:43:54 -0800] "GET /favicon.ico HTTP/1.1" 404 88 "https://nobbycosmic.com/Post/JF202212241.pdf" "Mozilla/5.0 (iPhone; CPU iPhone OS 16_2 like Mac OS X) AppleWebKit/605.1.15 (KHTML, like Gecko) Version/16.2 Mobile/15E148 Safari/604.1" "nobbycosmic.com"
157.55.39.226 - - [02/Jan/2023:17:57:43 -0800] "GET /Temp/JF20140829.pdf HTTP/1.1" 404 88 "-" "Mozilla/5.0 (compatible; bingbot/2.0; +http://www.bing.com/bingbot.htm)" "nobbycosmic.com"
51.222.253.2 - - [02/Jan/2023:17:59:56 -0800] "GET /home HTTP/1.1" 200 3157 "-" "Mozilla/5.0 (compatible; AhrefsBot/7.0; +http://ahrefs.com/robot/)" "www.nobbycosmic.com"
149.248.236.2 - - [02/Jan/2023:18:10:17 -0800] "GET /BabyTalks/BTList.htm HTTP/1.1" 200 10238 "-" "Mozilla/5.0 (Windows NT 10.0; Win64; x64) AppleWebKit/537.36 (KHTML, like Gecko) Chrome/108.0.0.0 Safari/537.36" "nobbycosmic.com"
149.248.236.2 - - [02/Jan/2023:18:10:17 -0800] "GET /BabyTalks/BTFBanner1.jpg HTTP/1.1" 200 9524 "https://nobbycosmic.com/BabyTalks/BTList.htm" "Mozilla/5.0 (Windows NT 10.0; Win64; x64) AppleWebKit/537.36 (KHTML, like Gecko) Chrome/108.0.0.0 Safari/537.36" "nobbycosmic.com"
149.248.236.2 - - [02/Jan/2023:18:10:17 -0800] "GET /BabyTalks/hiyoko.gif HTTP/1.1" 200 10361 "https://nobbycosmic.com/BabyTalks/BTList.htm" "Mozilla/5.0 (Windows NT 10.0; Win64; x64) AppleWebKit/537.36 (KHTML, like Gecko) Chrome/108.0.0.0 Safari/537.36" "nobbycosmic.com"
149.248.236.2 - - [02/Jan/2023:18:10:17 -0800] "GET /BabyTalks/BTFBanner2.jpg HTTP/1.1" 200 4273 "https://nobbycosmic.com/BabyTalks/BTList.htm" "Mozilla/5.0 (Windows NT 10.0; Win64; x64) AppleWebKit/537.36 (KHTML, like Gecko) Chrome/108.0.0.0 Safari/537.36" "nobbycosmic.com"
149.248.236.2 - - [02/Jan/2023:18:10:17 -0800] "GET /BabyTalks/blue_next.gif HTTP/1.1" 200 138 "https://nobbycosmic.com/BabyTalks/BTList.htm" "Mozilla/5.0 (Windows NT 10.0; Win64; x64) AppleWebKit/537.36 (KHTML, like Gecko) Chrome/108.0.0.0 Safari/537.36" "nobbycosmic.com"
149.248.236.2 - - [02/Jan/2023:18:10:17 -0800] "GET /BabyTalks/SakuraMark2.jpg HTTP/1.1" 200 933 "https://nobbycosmic.com/BabyTalks/BTList.htm" "Mozilla/5.0 (Windows NT 10.0; Win64; x64) AppleWebKit/537.36 (KHTML, like Gecko) Chrome/108.0.0.0 Safari/537.36" "nobbycosmic.com"
149.248.236.2 - - [02/Jan/2023:18:10:17 -0800] "GET /BabyTalks/FTFMemberDistChart.jpg HTTP/1.1" 200 57507 "https://nobbycosmic.com/BabyTalks/BTList.htm" "Mozilla/5.0 (Windows NT 10.0; Win64; x64) AppleWebKit/537.36 (KHTML, like Gecko) Chrome/108.0.0.0 Safari/537.36" "nobbycosmic.com"
149.248.236.2 - - [02/Jan/2023:18:10:17 -0800] "GET /BabyTalks/Group.jpg HTTP/1.1" 200 54379 "https://nobbycosmic.com/BabyTalks/BTList.htm" "Mozilla/5.0 (Windows NT 10.0; Win64; x64) AppleWebKit/537.36 (KHTML, like Gecko) Chrome/108.0.0.0 Safari/537.36" "nobbycosmic.com"
